--
-- Host: 127.0.0.1    Database: amerce
-- ------------------------------------------------------


--
-- Table structure for table `activations`
--

CREATE TABLE `activations` (
  `id` bigint unsigned NOT NULL AUTO_INCREMENT,
  `user_id` bigint unsigned NOT NULL,
  `code` varchar(120) COLLATE utf8mb4_unicode_ci NOT NULL,
  `completed` tinyint(1) NOT NULL DEFAULT '0',
  `completed_at` timestamp NULL DEFAULT NULL,
  `created_at` timestamp NULL DEFAULT NULL,
  `updated_at` timestamp NULL DEFAULT NULL,
  PRIMARY KEY (`id`),
  KEY `activations_user_id_index` (`user_id`)
) ENGINE=InnoDB AUTO_INCREMENT=2 DEFAULT CHARSET=utf8mb4 COLLATE=utf8mb4_unicode_ci;

--
-- Dumping data for table `activations`
--

INSERT INTO `activations` VALUES (1,1,'Pbcl2dJnpTdQrfDvjZAPmtTwKBg7PUMz',1,'2026-05-28 19:08:32','2026-05-28 19:08:32','2026-05-28 19:08:32');

--
-- Table structure for table `admin_notifications`
--

CREATE TABLE `admin_notifications` (
  `id` bigint unsigned NOT NULL AUTO_INCREMENT,
  `title` varchar(255) COLLATE utf8mb4_unicode_ci NOT NULL,
  `action_label` varchar(255) COLLATE utf8mb4_unicode_ci DEFAULT NULL,
  `action_url` varchar(255) COLLATE utf8mb4_unicode_ci DEFAULT NULL,
  `description` varchar(400) COLLATE utf8mb4_unicode_ci DEFAULT NULL,
  `read_at` timestamp NULL DEFAULT NULL,
  `created_at` timestamp NULL DEFAULT NULL,
  `updated_at` timestamp NULL DEFAULT NULL,
  `permission` varchar(255) COLLATE utf8mb4_unicode_ci DEFAULT NULL,
  PRIMARY KEY (`id`)
) ENGINE=InnoDB DEFAULT CHARSET=utf8mb4 COLLATE=utf8mb4_unicode_ci;

--
-- Dumping data for table `admin_notifications`
--


--
-- Table structure for table `ads_translations`
--

CREATE TABLE `ads_translations` (
  `lang_code` varchar(255) COLLATE utf8mb4_unicode_ci NOT NULL,
  `ads_id` bigint unsigned NOT NULL,
  `name` varchar(255) COLLATE utf8mb4_unicode_ci DEFAULT NULL,
  `image` varchar(255) COLLATE utf8mb4_unicode_ci DEFAULT NULL,
  `url` varchar(255) COLLATE utf8mb4_unicode_ci DEFAULT NULL,
  `tablet_image` varchar(255) COLLATE utf8mb4_unicode_ci DEFAULT NULL,
  `mobile_image` varchar(255) COLLATE utf8mb4_unicode_ci DEFAULT NULL,
  PRIMARY KEY (`lang_code`,`ads_id`)
) ENGINE=InnoDB DEFAULT CHARSET=utf8mb4 COLLATE=utf8mb4_unicode_ci;

--
-- Dumping data for table `ads_translations`
--


--
-- Table structure for table `announcements`
--

CREATE TABLE `announcements` (
  `id` bigint unsigned NOT NULL AUTO_INCREMENT,
  `name` varchar(255) COLLATE utf8mb4_unicode_ci NOT NULL,
  `content` text COLLATE utf8mb4_unicode_ci NOT NULL,
  `has_action` tinyint(1) NOT NULL DEFAULT '0',
  `action_label` varchar(60) COLLATE utf8mb4_unicode_ci DEFAULT NULL,
  `action_url` varchar(400) COLLATE utf8mb4_unicode_ci DEFAULT NULL,
  `action_open_new_tab` tinyint(1) NOT NULL DEFAULT '0',
  `dismissible` tinyint(1) NOT NULL DEFAULT '0',
  `start_date` datetime DEFAULT NULL,
  `end_date` datetime DEFAULT NULL,
  `is_active` tinyint(1) NOT NULL DEFAULT '1',
  `created_at` timestamp NULL DEFAULT NULL,
  `updated_at` timestamp NULL DEFAULT NULL,
  PRIMARY KEY (`id`)
) ENGINE=InnoDB DEFAULT CHARSET=utf8mb4 COLLATE=utf8mb4_unicode_ci;

--
-- Dumping data for table `announcements`
--


--
-- Table structure for table `announcements_translations`
--

CREATE TABLE `announcements_translations` (
  `lang_code` varchar(255) COLLATE utf8mb4_unicode_ci NOT NULL,
  `announcements_id` bigint unsigned NOT NULL,
  `content` text COLLATE utf8mb4_unicode_ci,
  `action_label` varchar(60) COLLATE utf8mb4_unicode_ci DEFAULT NULL,
  PRIMARY KEY (`lang_code`,`announcements_id`)
) ENGINE=InnoDB DEFAULT CHARSET=utf8mb4 COLLATE=utf8mb4_unicode_ci;

--
-- Dumping data for table `announcements_translations`
--


--
-- Table structure for table `audit_histories`
--

CREATE TABLE `audit_histories` (
  `id` bigint unsigned NOT NULL AUTO_INCREMENT,
  `user_id` bigint unsigned NOT NULL,
  `user_type` varchar(255) COLLATE utf8mb4_unicode_ci DEFAULT 'Botble\\ACL\\Models\\User',
  `module` varchar(60) COLLATE utf8mb4_unicode_ci NOT NULL,
  `request` longtext COLLATE utf8mb4_unicode_ci,
  `action` varchar(120) COLLATE utf8mb4_unicode_ci NOT NULL,
  `user_agent` text COLLATE utf8mb4_unicode_ci,
  `ip_address` varchar(45) COLLATE utf8mb4_unicode_ci DEFAULT NULL,
  `actor_id` bigint unsigned NOT NULL,
  `actor_type` varchar(255) COLLATE utf8mb4_unicode_ci DEFAULT 'Botble\\ACL\\Models\\User',
  `reference_id` bigint unsigned NOT NULL,
  `reference_name` varchar(255) COLLATE utf8mb4_unicode_ci NOT NULL,
  `type` varchar(20) COLLATE utf8mb4_unicode_ci NOT NULL,
  `created_at` timestamp NULL DEFAULT NULL,
  `updated_at` timestamp NULL DEFAULT NULL,
  PRIMARY KEY (`id`),
  KEY `audit_histories_user_id_index` (`user_id`),
  KEY `audit_histories_module_index` (`module`)
) ENGINE=InnoDB DEFAULT CHARSET=utf8mb4 COLLATE=utf8mb4_unicode_ci;

--
-- Dumping data for table `audit_histories`
--


--
-- Table structure for table `categories`
--

CREATE TABLE `categories` (
  `id` bigint unsigned NOT NULL AUTO_INCREMENT,
  `name` varchar(120) COLLATE utf8mb4_unicode_ci NOT NULL,
  `parent_id` bigint unsigned NOT NULL DEFAULT '0',
  `description` text COLLATE utf8mb4_unicode_ci,
  `status` varchar(60) COLLATE utf8mb4_unicode_ci NOT NULL DEFAULT 'published',
  `author_id` bigint unsigned DEFAULT NULL,
  `author_type` varchar(255) COLLATE utf8mb4_unicode_ci NOT NULL DEFAULT 'Botble\\ACL\\Models\\User',
  `icon` varchar(60) COLLATE utf8mb4_unicode_ci DEFAULT NULL,
  `order` int unsigned NOT NULL DEFAULT '0',
  `is_featured` tinyint NOT NULL DEFAULT '0',
  `is_default` tinyint unsigned NOT NULL DEFAULT '0',
  `created_at` timestamp NULL DEFAULT NULL,
  `updated_at` timestamp NULL DEFAULT NULL,
  PRIMARY KEY (`id`),
  KEY `categories_parent_id_index` (`parent_id`),
  KEY `categories_status_index` (`status`),
  KEY `categories_created_at_index` (`created_at`)
) ENGINE=InnoDB AUTO_INCREMENT=6 DEFAULT CHARSET=utf8mb4 COLLATE=utf8mb4_unicode_ci;

--
-- Dumping data for table `categories`
--

INSERT INTO `categories` VALUES (1,'Whole Foods',0,'Cooking, sourcing, and storing minimally processed foods that nourish.','published',1,'Botble\\ACL\\Models\\User',NULL,0,0,1,'2026-05-28 19:08:34','2026-05-28 19:08:34'),(2,'Superfoods',0,'Spirulina, chaga, and the plants with outsized nutritional density.','published',1,'Botble\\ACL\\Models\\User',NULL,0,1,0,'2026-05-28 19:08:34','2026-05-28 19:08:34'),(3,'Organic Living',0,'Reducing pesticide load, supporting regenerative growers, and small daily swaps.','published',1,'Botble\\ACL\\Models\\User',NULL,0,1,0,'2026-05-28 19:08:34','2026-05-28 19:08:34'),(4,'Recipes',0,'Plant-forward recipes built around seasonal, certified-organic ingredients.','published',1,'Botble\\ACL\\Models\\User',NULL,0,1,0,'2026-05-28 19:08:34','2026-05-28 19:08:34'),(5,'Nutrition Science',0,'Evidence-based nutrition without the hype — what current research actually shows.','published',1,'Botble\\ACL\\Models\\User',NULL,0,1,0,'2026-05-28 19:08:34','2026-05-28 19:08:34');

--
-- Table structure for table `categories_translations`
--

CREATE TABLE `categories_translations` (
  `lang_code` varchar(20) COLLATE utf8mb4_unicode_ci NOT NULL,
  `categories_id` bigint unsigned NOT NULL,
  `name` varchar(255) COLLATE utf8mb4_unicode_ci DEFAULT NULL,
  `description` text COLLATE utf8mb4_unicode_ci,
  PRIMARY KEY (`lang_code`,`categories_id`),
  KEY `idx_categories_trans_categories_id` (`categories_id`),
  KEY `idx_categories_trans_category_lang` (`categories_id`,`lang_code`)
) ENGINE=InnoDB DEFAULT CHARSET=utf8mb4 COLLATE=utf8mb4_unicode_ci;

--
-- Dumping data for table `categories_translations`
--

INSERT INTO `categories_translations` VALUES ('ar',1,'الأطعمة الكاملة','طهي ومصدر والحفاظ على الأطعمة المعالجة بالحد الأدنى التي تغذي الجسم.'),('ar',2,'سوبرفوودس','تتمتع السبيرولينا وفطر الشاجا والنباتات الأخرى بكثافة غذائية متميزة.'),('ar',3,'الحياة العضوية','قلل من المبيدات الحشرية، وادعم البستانيين المتجددين، وقم بإجراء تغييرات صغيرة كل يوم.'),('ar',4,'وصفات','تم بناء الصيغ النباتية حول المكونات العضوية الموسمية المعتمدة.'),('ar',5,'علوم التغذية','إن التغذية المبنية على الأدلة ليست مجرد مبالغة، وهو ما تظهره الأبحاث الحالية بالفعل.'),('fr',1,'Aliments entiers','Cuisinez, recherchez et conservez des aliments peu transformés qui nourrissent le corps.'),('fr',2,'Superaliments','La spiruline, les champignons chaga et autres plantes ont une densité nutritionnelle exceptionnelle.'),('fr',3,'Vie biologique','Réduisez les pesticides, soutenez les jardiniers régénérateurs et apportez de petits changements chaque jour.'),('fr',4,'Recettes','Les formules à base de plantes sont construites autour d\'ingrédients de saison certifiés biologiques.'),('fr',5,'Sciences de la nutrition','La nutrition fondée sur des données probantes n’est pas une mode, comme le montrent les recherches actuelles.'),('id',1,'Makanan Utuh','Masak, sumber, dan lestarikan makanan olahan minimal yang menyehatkan tubuh.'),('id',2,'Makanan super','Spirulina, jamur chaga dan tanaman lainnya memiliki kepadatan nutrisi yang luar biasa.'),('id',3,'Hidup Organik','Kurangi pestisida, dukung tukang kebun regeneratif, dan lakukan perubahan kecil setiap hari.'),('id',4,'Resep','Formula nabati dibuat berdasarkan bahan-bahan organik musiman dan bersertifikat.'),('id',5,'Ilmu Gizi','Nutrisi berbasis bukti bukanlah hal yang berlebihan – seperti yang ditunjukkan oleh penelitian saat ini.'),('tr',1,'Bütün Gıdalar','Vücudu besleyen minimum düzeyde işlenmiş gıdaları pişirin, kaynaklayın ve saklayın.'),('tr',2,'Süper gıdalar','Spirulina, chaga mantarları ve diğer bitkiler olağanüstü besin yoğunluğuna sahiptir.'),('tr',3,'Organik Yaşam','Pestisitleri azaltın, yenileyici bahçıvanları destekleyin ve her gün küçük değişiklikler yapın.'),('tr',4,'Tarifler','Bitki bazlı formüller mevsimsel, sertifikalı organik içeriklere dayanmaktadır.'),('tr',5,'Beslenme Bilimi','Kanıta dayalı beslenme abartılı bir şey değil; mevcut araştırmalar da bunu gösteriyor.'),('vi',1,'Thực phẩm toàn phần','Nấu nướng, tìm nguồn và bảo quản những thực phẩm ít qua chế biến giúp nuôi dưỡng cơ thể.'),('vi',2,'Siêu thực phẩm','Tảo spirulina, nấm chaga và những loại cây có mật độ dinh dưỡng vượt trội.'),('vi',3,'Sống hữu cơ','Giảm lượng thuốc trừ sâu, ủng hộ những nhà vườn tái sinh và những thay đổi nhỏ mỗi ngày.'),('vi',4,'Công thức nấu ăn','Những công thức thiên về thực vật được xây dựng quanh các nguyên liệu hữu cơ được chứng nhận, theo mùa.'),('vi',5,'Khoa học dinh dưỡng','Dinh dưỡng dựa trên bằng chứng không thổi phồng — điều mà nghiên cứu hiện tại thực sự cho thấy.');

--
-- Table structure for table `cities`
--

CREATE TABLE `cities` (
  `id` bigint unsigned NOT NULL AUTO_INCREMENT,
  `name` varchar(120) COLLATE utf8mb4_unicode_ci NOT NULL,
  `slug` varchar(120) COLLATE utf8mb4_unicode_ci DEFAULT NULL,
  `state_id` bigint unsigned DEFAULT NULL,
  `country_id` bigint unsigned DEFAULT NULL,
  `record_id` varchar(40) COLLATE utf8mb4_unicode_ci DEFAULT NULL,
  `order` tinyint NOT NULL DEFAULT '0',
  `image` varchar(255) COLLATE utf8mb4_unicode_ci DEFAULT NULL,
  `is_default` tinyint unsigned NOT NULL DEFAULT '0',
  `status` varchar(60) COLLATE utf8mb4_unicode_ci NOT NULL DEFAULT 'published',
  `created_at` timestamp NULL DEFAULT NULL,
  `updated_at` timestamp NULL DEFAULT NULL,
  `zip_code` varchar(20) COLLATE utf8mb4_unicode_ci DEFAULT NULL,
  PRIMARY KEY (`id`),
  UNIQUE KEY `cities_slug_unique` (`slug`),
  KEY `idx_cities_name` (`name`),
  KEY `idx_cities_state_status` (`state_id`,`status`),
  KEY `idx_cities_status` (`status`),
  KEY `idx_cities_state_id` (`state_id`)
) ENGINE=InnoDB DEFAULT CHARSET=utf8mb4 COLLATE=utf8mb4_unicode_ci;

--
-- Dumping data for table `cities`
--


--
-- Table structure for table `cities_translations`
--

CREATE TABLE `cities_translations` (
  `lang_code` varchar(20) COLLATE utf8mb4_unicode_ci NOT NULL,
  `cities_id` bigint unsigned NOT NULL,
  `name` varchar(120) COLLATE utf8mb4_unicode_ci DEFAULT NULL,
  `slug` varchar(120) COLLATE utf8mb4_unicode_ci DEFAULT NULL,
  PRIMARY KEY (`lang_code`,`cities_id`),
  KEY `idx_cities_trans_city_lang` (`cities_id`,`lang_code`),
  KEY `idx_cities_trans_name` (`name`),
  KEY `idx_cities_trans_cities_id` (`cities_id`)
) ENGINE=InnoDB DEFAULT CHARSET=utf8mb4 COLLATE=utf8mb4_unicode_ci;

--
-- Dumping data for table `cities_translations`
--


--
-- Table structure for table `contact_custom_field_options`
--

CREATE TABLE `contact_custom_field_options` (
  `id` bigint unsigned NOT NULL AUTO_INCREMENT,
  `custom_field_id` bigint unsigned NOT NULL,
  `label` varchar(255) COLLATE utf8mb4_unicode_ci DEFAULT NULL,
  `value` varchar(255) COLLATE utf8mb4_unicode_ci NOT NULL,
  `order` int NOT NULL DEFAULT '999',
  `created_at` timestamp NULL DEFAULT NULL,
  `updated_at` timestamp NULL DEFAULT NULL,
  PRIMARY KEY (`id`)
) ENGINE=InnoDB DEFAULT CHARSET=utf8mb4 COLLATE=utf8mb4_unicode_ci;

--
-- Dumping data for table `contact_custom_field_options`
--


--
-- Table structure for table `contact_custom_field_options_translations`
--

CREATE TABLE `contact_custom_field_options_translations` (
  `contact_custom_field_options_id` bigint unsigned NOT NULL,
  `lang_code` varchar(255) COLLATE utf8mb4_unicode_ci NOT NULL,
  `label` varchar(255) COLLATE utf8mb4_unicode_ci DEFAULT NULL,
  `value` varchar(255) COLLATE utf8mb4_unicode_ci DEFAULT NULL,
  PRIMARY KEY (`lang_code`,`contact_custom_field_options_id`),
  KEY `idx_contact_cfo_trans_cfo_id` (`contact_custom_field_options_id`),
  KEY `idx_contact_cfo_trans_cfo_lang` (`contact_custom_field_options_id`,`lang_code`)
) ENGINE=InnoDB DEFAULT CHARSET=utf8mb4 COLLATE=utf8mb4_unicode_ci;

--
-- Dumping data for table `contact_custom_field_options_translations`
--


--
-- Table structure for table `contact_custom_fields`
--

CREATE TABLE `contact_custom_fields` (
  `id` bigint unsigned NOT NULL AUTO_INCREMENT,
  `type` varchar(255) COLLATE utf8mb4_unicode_ci NOT NULL,
  `required` tinyint(1) NOT NULL DEFAULT '0',
  `name` varchar(255) COLLATE utf8mb4_unicode_ci NOT NULL,
  `placeholder` varchar(255) COLLATE utf8mb4_unicode_ci DEFAULT NULL,
  `order` int NOT NULL DEFAULT '999',
  `status` varchar(255) COLLATE utf8mb4_unicode_ci NOT NULL DEFAULT 'published',
  `created_at` timestamp NULL DEFAULT NULL,
  `updated_at` timestamp NULL DEFAULT NULL,
  PRIMARY KEY (`id`)
) ENGINE=InnoDB DEFAULT CHARSET=utf8mb4 COLLATE=utf8mb4_unicode_ci;

--
-- Dumping data for table `contact_custom_fields`
--


--
-- Table structure for table `contact_custom_fields_translations`
--

CREATE TABLE `contact_custom_fields_translations` (
  `contact_custom_fields_id` bigint unsigned NOT NULL,
  `lang_code` varchar(255) COLLATE utf8mb4_unicode_ci NOT NULL,
  `name` varchar(255) COLLATE utf8mb4_unicode_ci DEFAULT NULL,
  `placeholder` varchar(255) COLLATE utf8mb4_unicode_ci DEFAULT NULL,
  PRIMARY KEY (`lang_code`,`contact_custom_fields_id`),
  KEY `idx_contact_cf_trans_cf_id` (`contact_custom_fields_id`),
  KEY `idx_contact_cf_trans_cf_lang` (`contact_custom_fields_id`,`lang_code`)
) ENGINE=InnoDB DEFAULT CHARSET=utf8mb4 COLLATE=utf8mb4_unicode_ci;

--
-- Dumping data for table `contact_custom_fields_translations`
--


--
-- Table structure for table `contact_replies`
--

CREATE TABLE `contact_replies` (
  `id` bigint unsigned NOT NULL AUTO_INCREMENT,
  `message` longtext COLLATE utf8mb4_unicode_ci NOT NULL,
  `contact_id` bigint unsigned NOT NULL,
  `created_at` timestamp NULL DEFAULT NULL,
  `updated_at` timestamp NULL DEFAULT NULL,
  PRIMARY KEY (`id`)
) ENGINE=InnoDB DEFAULT CHARSET=utf8mb4 COLLATE=utf8mb4_unicode_ci;

--
-- Dumping data for table `contact_replies`
--


--
-- Table structure for table `contacts`
--

CREATE TABLE `contacts` (
  `id` bigint unsigned NOT NULL AUTO_INCREMENT,
  `name` varchar(60) COLLATE utf8mb4_unicode_ci NOT NULL,
  `email` varchar(60) COLLATE utf8mb4_unicode_ci DEFAULT NULL,
  `phone` varchar(60) COLLATE utf8mb4_unicode_ci DEFAULT NULL,
  `address` varchar(120) COLLATE utf8mb4_unicode_ci DEFAULT NULL,
  `subject` varchar(120) COLLATE utf8mb4_unicode_ci DEFAULT NULL,
  `content` longtext COLLATE utf8mb4_unicode_ci NOT NULL,
  `custom_fields` text COLLATE utf8mb4_unicode_ci,
  `status` varchar(60) COLLATE utf8mb4_unicode_ci NOT NULL DEFAULT 'unread',
  `created_at` timestamp NULL DEFAULT NULL,
  `updated_at` timestamp NULL DEFAULT NULL,
  PRIMARY KEY (`id`)
) ENGINE=InnoDB AUTO_INCREMENT=4 DEFAULT CHARSET=utf8mb4 COLLATE=utf8mb4_unicode_ci;

--
-- Dumping data for table `contacts`
--

INSERT INTO `contacts` VALUES (1,'Sophia Bennett','sophia.bennett@example.com','+1-415-555-0142','124 Folsom Street, San Francisco, CA','Question about international shipping rates','Hi team — could you tell me whether you ship to Singapore and what the typical delivery window is for the spring outerwear collection? Many thanks.',NULL,'read','2026-05-28 19:08:32','2026-05-28 19:08:32'),(2,'Marcus Tan','marcus.tan@example.com','+44-20-7946-0312','47 Hatton Garden, London EC1N','Wholesale enquiry — boutique partnership','Good morning. I run a curated mens boutique in central London. We would love to discuss stocking a small selection of your accessories range. Could you send over your wholesale lookbook and minimum order quantities?',NULL,'unread','2026-05-28 19:08:32','2026-05-28 19:08:32'),(3,'Elena Rodriguez','elena.rodriguez@example.com','+34-93-555-0188','Carrer de Mallorca 287, Barcelona','Order #AM-10458 — color confirmation','Could you confirm the exact shade of the walnut side table I ordered last week? I want to make sure it matches the rest of my living room before it ships.',NULL,'read','2026-05-28 19:08:32','2026-05-28 19:08:32');

--
-- Table structure for table `countries`
--

CREATE TABLE `countries` (
  `id` bigint unsigned NOT NULL AUTO_INCREMENT,
  `name` varchar(120) COLLATE utf8mb4_unicode_ci NOT NULL,
  `nationality` varchar(120) COLLATE utf8mb4_unicode_ci DEFAULT NULL,
  `order` tinyint NOT NULL DEFAULT '0',
  `image` varchar(255) COLLATE utf8mb4_unicode_ci DEFAULT NULL,
  `is_default` tinyint unsigned NOT NULL DEFAULT '0',
  `status` varchar(60) COLLATE utf8mb4_unicode_ci NOT NULL DEFAULT 'published',
  `created_at` timestamp NULL DEFAULT NULL,
  `updated_at` timestamp NULL DEFAULT NULL,
  `code` varchar(10) COLLATE utf8mb4_unicode_ci DEFAULT NULL,
  PRIMARY KEY (`id`),
  KEY `idx_countries_name` (`name`),
  KEY `idx_countries_status` (`status`)
) ENGINE=InnoDB DEFAULT CHARSET=utf8mb4 COLLATE=utf8mb4_unicode_ci;

--
-- Dumping data for table `countries`
--


--
-- Table structure for table `countries_translations`
--

CREATE TABLE `countries_translations` (
  `lang_code` varchar(20) COLLATE utf8mb4_unicode_ci NOT NULL,
  `countries_id` bigint unsigned NOT NULL,
  `name` varchar(120) COLLATE utf8mb4_unicode_ci DEFAULT NULL,
  `nationality` varchar(120) COLLATE utf8mb4_unicode_ci DEFAULT NULL,
  PRIMARY KEY (`lang_code`,`countries_id`),
  KEY `idx_countries_trans_country_lang` (`countries_id`,`lang_code`),
  KEY `idx_countries_trans_name` (`name`),
  KEY `idx_countries_trans_countries_id` (`countries_id`)
) ENGINE=InnoDB DEFAULT CHARSET=utf8mb4 COLLATE=utf8mb4_unicode_ci;

--
-- Dumping data for table `countries_translations`
--


--
-- Table structure for table `dashboard_widget_settings`
--

CREATE TABLE `dashboard_widget_settings` (
  `id` bigint unsigned NOT NULL AUTO_INCREMENT,
  `settings` text COLLATE utf8mb4_unicode_ci,
  `user_id` bigint unsigned NOT NULL,
  `widget_id` bigint unsigned NOT NULL,
  `order` tinyint unsigned NOT NULL DEFAULT '0',
  `status` tinyint unsigned NOT NULL DEFAULT '1',
  `created_at` timestamp NULL DEFAULT NULL,
  `updated_at` timestamp NULL DEFAULT NULL,
  PRIMARY KEY (`id`),
  KEY `dashboard_widget_settings_user_id_index` (`user_id`),
  KEY `dashboard_widget_settings_widget_id_index` (`widget_id`)
) ENGINE=InnoDB DEFAULT CHARSET=utf8mb4 COLLATE=utf8mb4_unicode_ci;

--
-- Dumping data for table `dashboard_widget_settings`
--


--
-- Table structure for table `dashboard_widgets`
--

CREATE TABLE `dashboard_widgets` (
  `id` bigint unsigned NOT NULL AUTO_INCREMENT,
  `name` varchar(120) COLLATE utf8mb4_unicode_ci NOT NULL,
  `created_at` timestamp NULL DEFAULT NULL,
  `updated_at` timestamp NULL DEFAULT NULL,
  PRIMARY KEY (`id`)
) ENGINE=InnoDB DEFAULT CHARSET=utf8mb4 COLLATE=utf8mb4_unicode_ci;

--
-- Dumping data for table `dashboard_widgets`
--


--
-- Table structure for table `ec_brands`
--

CREATE TABLE `ec_brands` (
  `id` bigint unsigned NOT NULL AUTO_INCREMENT,
  `name` varchar(255) COLLATE utf8mb4_unicode_ci NOT NULL,
  `description` mediumtext COLLATE utf8mb4_unicode_ci,
  `website` varchar(255) COLLATE utf8mb4_unicode_ci DEFAULT NULL,
  `logo` varchar(255) COLLATE utf8mb4_unicode_ci DEFAULT NULL,
  `status` varchar(60) COLLATE utf8mb4_unicode_ci NOT NULL DEFAULT 'published',
  `order` tinyint unsigned NOT NULL DEFAULT '0',
  `is_featured` tinyint unsigned NOT NULL DEFAULT '0',
  `created_at` timestamp NULL DEFAULT NULL,
  `updated_at` timestamp NULL DEFAULT NULL,
  PRIMARY KEY (`id`)
) ENGINE=InnoDB AUTO_INCREMENT=13 DEFAULT CHARSET=utf8mb4 COLLATE=utf8mb4_unicode_ci;

--
-- Dumping data for table `ec_brands`
--

INSERT INTO `ec_brands` VALUES (1,'Anthro','Eclectic apparel and home goods inspired by global craftsmanship traditions.','https://example.com/anthro','brands/anthro.png','published',0,1,'2026-05-28 19:08:33','2026-05-28 19:08:33'),(2,'Anvouge','Modern fashion essentials cut from sustainable fibers.','https://example.com/anvouge','brands/anvouge.png','published',1,1,'2026-05-28 19:08:33','2026-05-28 19:08:33'),(3,'Bohome','Bohemian-inspired homewares and textiles for the relaxed modern home.','https://example.com/bohome','brands/bohome.png','published',2,1,'2026-05-28 19:08:33','2026-05-28 19:08:33'),(4,'Carolin','Demi-fine jewelry made by hand in small Italian ateliers.','https://example.com/carolin','brands/carolin.png','published',3,1,'2026-05-28 19:08:33','2026-05-28 19:08:33'),(5,'Cheryl','Bold prints and silhouettes for the contemporary woman.','https://example.com/cheryl','brands/cheryl.png','published',4,0,'2026-05-28 19:08:33','2026-05-28 19:08:33'),(6,'Crate','Mid-century-inspired furniture built to last generations.','https://example.com/crate','brands/crate.png','published',5,1,'2026-05-28 19:08:33','2026-05-28 19:08:33'),(7,'Findr','Audio gear engineered for studio-grade clarity in everyday environments.','https://example.com/findr','brands/findr.png','published',6,0,'2026-05-28 19:08:33','2026-05-28 19:08:33'),(8,'Intdeco','Interior accents that bridge minimalism and warmth.','https://example.com/intdeco','brands/intdeco.png','published',7,0,'2026-05-28 19:08:33','2026-05-28 19:08:33'),(9,'Modave','Performance activewear made with recycled high-stretch knits.','https://example.com/modave','brands/modave.png','published',8,0,'2026-05-28 19:08:33','2026-05-28 19:08:33'),(10,'Panadoxn','Botanical skincare formulated by clinical herbalists.','https://example.com/panadoxn','brands/panadoxn.png','published',9,0,'2026-05-28 19:08:33','2026-05-28 19:08:33'),(11,'Shangxi','Heritage tea, ceramics, and meditation accessories.','https://example.com/shangxi','brands/shangxi.png','published',10,0,'2026-05-28 19:08:33','2026-05-28 19:08:33'),(12,'Sopify','Smart home devices designed for renters and travelers.','https://example.com/sopify','brands/sopify.png','published',11,0,'2026-05-28 19:08:33','2026-05-28 19:08:33');

--
-- Table structure for table `ec_brands_translations`
--

CREATE TABLE `ec_brands_translations` (
  `lang_code` varchar(255) COLLATE utf8mb4_unicode_ci NOT NULL,
  `ec_brands_id` bigint unsigned NOT NULL,
  `name` varchar(255) COLLATE utf8mb4_unicode_ci DEFAULT NULL,
  `description` mediumtext COLLATE utf8mb4_unicode_ci,
  PRIMARY KEY (`lang_code`,`ec_brands_id`),
  KEY `idx_brands_fk` (`ec_brands_id`),
  KEY `idx_brands_brands_lang` (`ec_brands_id`,`lang_code`)
) ENGINE=InnoDB DEFAULT CHARSET=utf8mb4 COLLATE=utf8mb4_unicode_ci;

--
-- Dumping data for table `ec_brands_translations`
--

INSERT INTO `ec_brands_translations` VALUES ('ar',1,'أنثرو','ملابس وأدوات منزلية متعددة الأنماط مستوحاة من التقاليد الحرفية العالمية.'),('ar',2,'أنفوج','أساسيات الموضة الحديثة مقطوعة من ألياف مستدامة.'),('ar',3,'بوهوم','أدوات منزلية ومنسوجات مستوحاة من الطراز البوهيمي للمنزل العصري المريح.'),('ar',4,'كارولين','تُصنع المجوهرات نصف الفاخرة يدويًا في ورش صغيرة في إيطاليا.'),('ar',5,'شيريل','أنماط وأشكال متميزة للمرأة العصرية.'),('ar',6,'قفص','تم تصميم الأثاث المستوحى من منتصف القرن ليدوم لأجيال.'),('ar',7,'مكتشف','معدات صوتية مصممة لتحقيق وضوح بجودة الاستوديو في البيئات اليومية.'),('ar',8,'انتديكو','تجمع المزايا الداخلية بين البساطة والراحة.'),('ar',9,'موداف','معدات تدريب عالية الأداء مصنوعة من نسيج مطاطي مُعاد تدويره.'),('ar',10,'بانادوكسن','مستحضرات التجميل الطبيعية التي بحثها خبراء الأعشاب السريرية.'),('ar',11,'شانغشى','الشاي التراثي والسيراميك وإكسسوارات التأمل.'),('ar',12,'سوبيفاي','أجهزة منزلية ذكية مصممة للمستأجرين والزوار.'),('fr',1,'Anthro','Vêtements et articles pour la maison multi-styles inspirés des traditions artisanales mondiales.'),('fr',2,'Anvouge','Des essentiels de la mode moderne coupés à partir de fibres durables.'),('fr',3,'Bohème','Articles de maison et textiles d\'inspiration bohème pour une maison moderne et décontractée.'),('fr',4,'Caroline','Les bijoux demi-fins sont fabriqués à la main dans de petits ateliers en Italie.'),('fr',5,'Cheryl','Des motifs et des formes exceptionnels pour les femmes modernes.'),('fr',6,'Caisse','Les meubles inspirés du milieu du siècle sont conçus pour durer des générations.'),('fr',7,'Trouver','Équipement audio conçu pour une clarté de qualité studio dans les environnements quotidiens.'),('fr',8,'Intdéco','Les points forts de l\'intérieur allient minimalisme et confort.'),('fr',9,'Modave','Équipement d\'entraînement haute performance fabriqué à partir de tissu extensible recyclé.'),('fr',10,'Panadoxn','Cosmétiques naturels recherchés par des experts cliniques en plantes médicinales.'),('fr',11,'Shangxi','Thé du patrimoine, céramiques et accessoires de méditation.'),('fr',12,'Sopifier','Appareils domestiques intelligents conçus pour les locataires et les visiteurs.'),('id',1,'Antro','Pakaian dan peralatan rumah tangga multi-gaya yang terinspirasi oleh tradisi kerajinan global.'),('id',2,'Anvouge','Perlengkapan fesyen modern yang dipotong dari serat ramah lingkungan.'),('id',3,'Bohome','Peralatan rumah tangga dan tekstil yang terinspirasi bohemian untuk rumah modern yang santai.'),('id',4,'Karolina','Perhiasan demi-fine dibuat dengan tangan di bengkel-bengkel kecil di Italia.'),('id',5,'Cheryl','Pola dan bentuk luar biasa untuk wanita modern.'),('id',6,'Peti','Furnitur yang terinspirasi abad pertengahan dibuat untuk bertahan selama beberapa generasi.'),('id',7,'Temukan','Perlengkapan audio dirancang untuk kejernihan kualitas studio di lingkungan sehari-hari.'),('id',8,'Intdeco','Sorotan interior memadukan minimalis dan kenyamanan.'),('id',9,'Modifikasi','Perlengkapan latihan berperforma tinggi yang terbuat dari kain stretch daur ulang.'),('id',10,'Panadoxn','Kosmetik alami yang diteliti oleh para ahli herbal klinis.'),('id',11,'Shangxi','Teh warisan, keramik, dan aksesoris meditasi.'),('id',12,'Sopify','Perangkat rumah pintar yang dirancang untuk penyewa dan pengunjung.'),('tr',1,'Antropo','Küresel zanaat geleneklerinden ilham alan çok stilde giysiler ve ev eşyaları.'),('tr',2,'Anvouge','Sürdürülebilir elyaflardan kesilmiş modern moda temelleri.'),('tr',3,'Bohome','Rahat ve modern ev için bohem esintili ev eşyaları ve tekstil ürünleri.'),('tr',4,'Carolin','Yarı kaliteli takılar İtalya\'daki küçük atölyelerde el yapımıdır.'),('tr',5,'Cheryl','Modern kadınlar için olağanüstü desenler ve şekiller.'),('tr',6,'Sandık','Yüzyılın ortasından ilham alan mobilyalar nesiller boyu dayanacak şekilde tasarlandı.'),('tr',7,'Bulucu','Günlük ortamlarda stüdyo kalitesinde netlik için tasarlanmış ses ekipmanı.'),('tr',8,'Indeco','İç mekandaki vurgular minimalizm ve rahatlığı birleştiriyor.'),('tr',9,'modave','Geri dönüştürülmüş esnek kumaştan yapılmış yüksek performanslı antrenman ekipmanı.'),('tr',10,'Panadoxn','Klinik bitkisel uzmanlar tarafından araştırılan doğal kozmetikler.'),('tr',11,'Şangxi','Miras çay, seramik ve meditasyon aksesuarları.'),('tr',12,'sopify','Kiracılar ve ziyaretçiler için tasarlanmış akıllı ev cihazları.'),('vi',1,'Anthro','Trang phục và đồ gia dụng đa phong cách lấy cảm hứng từ truyền thống thủ công toàn cầu.'),('vi',2,'Anvouge','Đồ thời trang thiết yếu hiện đại được cắt may từ sợi bền vững.'),('vi',3,'Bohome','Đồ gia dụng và dệt may cảm hứng bohemian cho ngôi nhà hiện đại thư thái.'),('vi',4,'Carolin','Trang sức demi-fine làm thủ công tại các xưởng nhỏ ở Ý.'),('vi',5,'Cheryl','Họa tiết và phom dáng nổi bật dành cho phụ nữ hiện đại.'),('vi',6,'Crate','Nội thất cảm hứng mid-century được chế tác bền vững qua nhiều thế hệ.'),('vi',7,'Findr','Thiết bị âm thanh thiết kế cho độ rõ chuẩn studio trong môi trường thường ngày.'),('vi',8,'Intdeco','Điểm nhấn nội thất kết hợp giữa tối giản và ấm cúng.'),('vi',9,'Modave','Đồ tập hiệu năng cao làm từ vải thun co giãn tái chế.'),('vi',10,'Panadoxn','Mỹ phẩm thiên nhiên được nghiên cứu bởi các chuyên gia thảo dược lâm sàng.'),('vi',11,'Shangxi','Trà di sản, gốm sứ và phụ kiện thiền.'),('vi',12,'Sopify','Thiết bị nhà thông minh thiết kế dành cho người thuê nhà và du khách.');

--
-- Table structure for table `ec_cart`
--

CREATE TABLE `ec_cart` (
  `identifier` varchar(60) COLLATE utf8mb4_unicode_ci NOT NULL,
  `instance` varchar(60) COLLATE utf8mb4_unicode_ci NOT NULL,
  `customer_id` bigint unsigned DEFAULT NULL,
  `content` longtext COLLATE utf8mb4_unicode_ci NOT NULL,
  `created_at` timestamp NULL DEFAULT NULL,
  `updated_at` timestamp NULL DEFAULT NULL,
  PRIMARY KEY (`identifier`,`instance`),
  KEY `ec_cart_customer_instance_index` (`customer_id`,`instance`)
) ENGINE=InnoDB DEFAULT CHARSET=utf8mb4 COLLATE=utf8mb4_unicode_ci;

--
-- Dumping data for table `ec_cart`
--


--
-- Table structure for table `ec_currencies`
--

CREATE TABLE `ec_currencies` (
  `id` bigint unsigned NOT NULL AUTO_INCREMENT,
  `title` varchar(255) COLLATE utf8mb4_unicode_ci NOT NULL,
  `symbol` varchar(10) COLLATE utf8mb4_unicode_ci NOT NULL,
  `is_prefix_symbol` tinyint unsigned NOT NULL DEFAULT '0',
  `decimals` tinyint unsigned DEFAULT '0',
  `number_format_style` varchar(50) COLLATE utf8mb4_unicode_ci NOT NULL DEFAULT 'western',
  `space_between_price_and_currency` tinyint(1) NOT NULL DEFAULT '0',
  `order` int unsigned DEFAULT '0',
  `is_default` tinyint NOT NULL DEFAULT '0',
  `exchange_rate` double NOT NULL DEFAULT '1',
  `created_at` timestamp NULL DEFAULT NULL,
  `updated_at` timestamp NULL DEFAULT NULL,
  PRIMARY KEY (`id`)
) ENGINE=InnoDB AUTO_INCREMENT=5 DEFAULT CHARSET=utf8mb4 COLLATE=utf8mb4_unicode_ci;

--
-- Dumping data for table `ec_currencies`
--

INSERT INTO `ec_currencies` VALUES (1,'USD','$',1,2,'western',0,0,1,1,'2026-05-28 19:08:33','2026-05-28 19:08:33'),(2,'EUR','€',0,2,'western',0,1,0,0.84,'2026-05-28 19:08:33','2026-05-28 19:08:33'),(3,'VND','₫',0,0,'western',0,2,0,23203,'2026-05-28 19:08:33','2026-05-28 19:08:33'),(4,'NGN','₦',1,2,'western',0,2,0,895.52,'2026-05-28 19:08:33','2026-05-28 19:08:33');

--
-- Table structure for table `ec_customer_addresses`
--

CREATE TABLE `ec_customer_addresses` (
  `id` bigint unsigned NOT NULL AUTO_INCREMENT,
  `name` varchar(255) COLLATE utf8mb4_unicode_ci NOT NULL,
  `email` varchar(60) COLLATE utf8mb4_unicode_ci DEFAULT NULL,
  `phone` varchar(20) COLLATE utf8mb4_unicode_ci DEFAULT NULL,
  `country` varchar(120) COLLATE utf8mb4_unicode_ci DEFAULT NULL,
  `state` varchar(120) COLLATE utf8mb4_unicode_ci DEFAULT NULL,
  `city` varchar(120) COLLATE utf8mb4_unicode_ci DEFAULT NULL,
  `address` varchar(255) COLLATE utf8mb4_unicode_ci DEFAULT NULL,
  `customer_id` bigint unsigned NOT NULL,
  `is_default` tinyint unsigned NOT NULL DEFAULT '0',
  `created_at` timestamp NULL DEFAULT NULL,
  `updated_at` timestamp NULL DEFAULT NULL,
  `zip_code` varchar(20) COLLATE utf8mb4_unicode_ci DEFAULT NULL,
  PRIMARY KEY (`id`)
) ENGINE=InnoDB AUTO_INCREMENT=13 DEFAULT CHARSET=utf8mb4 COLLATE=utf8mb4_unicode_ci;

--
-- Dumping data for table `ec_customer_addresses`
--

INSERT INTO `ec_customer_addresses` VALUES (1,'Emma Collins','customer@botble.com','+1-555-0106','GB','Illinois','Houston','987 Birch Boulevard',1,1,'2026-05-28 19:08:42','2026-05-28 19:08:42','19101'),(2,'Emma Collins','customer@botble.com','+1-555-0110','AU','Michigan','San Diego','789 Pine Road',1,0,'2026-05-28 19:08:42','2026-05-28 19:08:42','33101'),(3,'Sophia Ramirez','vendor@botble.com','+1-555-0102','DE','Ohio','San Diego','789 Pine Road',2,1,'2026-05-28 19:08:42','2026-05-28 19:08:42','80201'),(4,'Sophia Ramirez','vendor@botble.com','+1-555-0101','DE','Pennsylvania','Dallas','654 Cedar Lane',2,0,'2026-05-28 19:08:42','2026-05-28 19:08:42','33101'),(5,'Olivia Carter','customer1@example.com','+1-555-0106','CA','Florida','Dallas','321 Maple Drive',3,1,'2026-05-28 19:08:43','2026-05-28 19:08:43','60601'),(6,'Ava Mitchell','customer2@example.com','+1-555-0108','US','Michigan','Houston','258 Walnut Way',4,1,'2026-05-28 19:08:43','2026-05-28 19:08:43','90210'),(7,'Isabella Brooks','customer3@example.com','+1-555-0101','DE','Michigan','Los Angeles','369 Cherry Circle',5,1,'2026-05-28 19:08:43','2026-05-28 19:08:43','80201'),(8,'James Whitfield','customer4@example.com','+1-555-0106','GB','Arizona','Austin','321 Maple Drive',6,1,'2026-05-28 19:08:43','2026-05-28 19:08:43','10001'),(9,'Liam Bennett','customer5@example.com','+1-555-0109','US','Michigan','Houston','369 Cherry Circle',7,1,'2026-05-28 19:08:44','2026-05-28 19:08:44','85001'),(10,'Noah Patterson','customer6@example.com','+1-555-0104','DE','Texas','Los Angeles','741 Spruce Street',8,1,'2026-05-28 19:08:44','2026-05-28 19:08:44','80201'),(11,'Charlotte Reed','customer7@example.com','+1-555-0110','AU','New York','Houston','369 Cherry Circle',9,1,'2026-05-28 19:08:44','2026-05-28 19:08:44','80201'),(12,'Amelia Foster','customer8@example.com','+1-555-0106','AU','Florida','Dallas','321 Maple Drive',10,1,'2026-05-28 19:08:44','2026-05-28 19:08:44','33101');

--
-- Table structure for table `ec_customer_recently_viewed_products`
--

CREATE TABLE `ec_customer_recently_viewed_products` (
  `customer_id` bigint unsigned NOT NULL,
  `product_id` bigint unsigned NOT NULL,
  PRIMARY KEY (`customer_id`,`product_id`)
) ENGINE=InnoDB DEFAULT CHARSET=utf8mb4 COLLATE=utf8mb4_unicode_ci;

--
-- Dumping data for table `ec_customer_recently_viewed_products`
--


--
-- Table structure for table `ec_customer_used_coupons`
--

CREATE TABLE `ec_customer_used_coupons` (
  `discount_id` bigint unsigned NOT NULL,
  `customer_id` bigint unsigned NOT NULL,
  PRIMARY KEY (`discount_id`,`customer_id`)
) ENGINE=InnoDB DEFAULT CHARSET=utf8mb4 COLLATE=utf8mb4_unicode_ci;

--
-- Dumping data for table `ec_customer_used_coupons`
--


--
-- Table structure for table `ec_discount_customers`
--

CREATE TABLE `ec_discount_customers` (
  `discount_id` bigint unsigned NOT NULL,
  `customer_id` bigint unsigned NOT NULL,
  PRIMARY KEY (`discount_id`,`customer_id`)
) ENGINE=InnoDB DEFAULT CHARSET=utf8mb4 COLLATE=utf8mb4_unicode_ci;

--
-- Dumping data for table `ec_discount_customers`
--


--
-- Table structure for table `ec_discount_product_categories`
--

CREATE TABLE `ec_discount_product_categories` (
  `discount_id` bigint unsigned NOT NULL,
  `product_category_id` bigint unsigned NOT NULL,
  PRIMARY KEY (`discount_id`,`product_category_id`)
) ENGINE=InnoDB DEFAULT CHARSET=utf8mb4 COLLATE=utf8mb4_unicode_ci;

--
-- Dumping data for table `ec_discount_product_categories`
--


--
-- Table structure for table `ec_discount_product_collections`
--

CREATE TABLE `ec_discount_product_collections` (
  `discount_id` bigint unsigned NOT NULL,
  `product_collection_id` bigint unsigned NOT NULL,
  PRIMARY KEY (`discount_id`,`product_collection_id`)
) ENGINE=InnoDB DEFAULT CHARSET=utf8mb4 COLLATE=utf8mb4_unicode_ci;

--
-- Dumping data for table `ec_discount_product_collections`
--


--
-- Table structure for table `ec_discount_products`
--

CREATE TABLE `ec_discount_products` (
  `discount_id` bigint unsigned NOT NULL,
  `product_id` bigint unsigned NOT NULL,
  PRIMARY KEY (`discount_id`,`product_id`)
) ENGINE=InnoDB DEFAULT CHARSET=utf8mb4 COLLATE=utf8mb4_unicode_ci;

--
-- Dumping data for table `ec_discount_products`
--


--
-- Table structure for table `ec_discounts`
--

CREATE TABLE `ec_discounts` (
  `id` bigint unsigned NOT NULL AUTO_INCREMENT,
  `title` varchar(120) COLLATE utf8mb4_unicode_ci DEFAULT NULL,
  `code` varchar(20) COLLATE utf8mb4_unicode_ci DEFAULT NULL,
  `start_date` datetime DEFAULT NULL,
  `end_date` datetime DEFAULT NULL,
  `quantity` int DEFAULT NULL,
  `total_used` int unsigned NOT NULL DEFAULT '0',
  `value` double DEFAULT NULL,
  `type` varchar(60) COLLATE utf8mb4_unicode_ci DEFAULT 'coupon',
  `can_use_with_promotion` tinyint(1) NOT NULL DEFAULT '0',
  `can_use_with_flash_sale` tinyint(1) NOT NULL DEFAULT '0',
  `discount_on` varchar(20) COLLATE utf8mb4_unicode_ci DEFAULT NULL,
  `product_quantity` int unsigned DEFAULT NULL,
  `type_option` varchar(100) COLLATE utf8mb4_unicode_ci NOT NULL DEFAULT 'amount',
  `target` varchar(100) COLLATE utf8mb4_unicode_ci NOT NULL DEFAULT 'all-orders',
  `min_order_price` decimal(15,2) DEFAULT NULL,
  `apply_via_url` tinyint(1) NOT NULL DEFAULT '0',
  `display_at_checkout` tinyint(1) NOT NULL DEFAULT '0',
  `created_at` timestamp NULL DEFAULT NULL,
  `updated_at` timestamp NULL DEFAULT NULL,
  `store_id` bigint unsigned DEFAULT NULL,
  `description` varchar(400) COLLATE utf8mb4_unicode_ci DEFAULT NULL,
  PRIMARY KEY (`id`),
  UNIQUE KEY `ec_discounts_code_unique` (`code`),
  KEY `ec_discounts_store_id_index` (`store_id`)
) ENGINE=InnoDB AUTO_INCREMENT=6 DEFAULT CHARSET=utf8mb4 COLLATE=utf8mb4_unicode_ci;

--
-- Dumping data for table `ec_discounts`
--

INSERT INTO `ec_discounts` VALUES (1,'Welcome 10% Off','WELCOME10','2026-05-28 02:08:45','2026-07-28 02:08:45',NULL,0,10,'coupon',0,0,NULL,NULL,'percentage','all-orders',0.00,0,1,'2026-05-28 19:08:45','2026-05-28 19:08:45',NULL,'A welcome discount for first-time shoppers — 10% off any order.'),(2,'Free Shipping Over $50','FREESHIP','2026-05-28 02:08:45',NULL,NULL,0,100,'coupon',0,0,NULL,NULL,'shipping','all-orders',50.00,0,1,'2026-05-28 19:08:45','2026-05-28 19:08:45',NULL,'Free shipping on any order $50 or above.'),(3,'Spring Sale — $25 Off','SPRING25','2026-05-28 02:08:45','2026-06-28 02:08:45',500,0,25,'coupon',0,0,NULL,NULL,'amount','all-orders',150.00,0,1,'2026-05-28 19:08:45','2026-05-28 19:08:45',NULL,'A flat $25 off orders over $150.'),(4,'VIP Member 20% Off','VIP20','2026-05-28 02:08:45','2026-08-27 02:08:45',NULL,0,20,'coupon',0,0,NULL,NULL,'percentage','all-orders',100.00,0,1,'2026-05-28 19:08:45','2026-05-28 19:08:45',NULL,'Exclusive 20% off for newsletter subscribers.'),(5,'Bundle & Save $50','BUNDLE50','2026-05-28 02:08:45','2026-07-13 02:08:45',NULL,0,50,'coupon',0,0,NULL,NULL,'amount','all-orders',300.00,0,1,'2026-05-28 19:08:45','2026-05-28 19:08:45',NULL,'Save $50 when you spend $300 or more.');

--
-- Table structure for table `ec_flash_sale_products`
--

CREATE TABLE `ec_flash_sale_products` (
  `flash_sale_id` bigint unsigned NOT NULL,
  `product_id` bigint unsigned NOT NULL,
  `price` double unsigned DEFAULT NULL,
  `quantity` int unsigned DEFAULT NULL,
  `sold` int unsigned NOT NULL DEFAULT '0',
  KEY `ec_flash_sale_products_product_id_flash_sale_id_index` (`product_id`,`flash_sale_id`)
) ENGINE=InnoDB DEFAULT CHARSET=utf8mb4 COLLATE=utf8mb4_unicode_ci;

--
-- Dumping data for table `ec_flash_sale_products`
--

INSERT INTO `ec_flash_sale_products` VALUES (1,5,13.3,50,0),(1,6,15.4,50,0),(1,4,17.5,50,0),(1,9,27.3,50,0),(1,1,10.5,50,0),(1,8,62.3,50,0),(1,7,31.5,50,0),(1,3,41.3,50,0),(2,10,14.25,75,0),(2,6,16.5,75,0),(2,9,29.25,75,0),(2,4,18.75,75,0),(2,8,66.75,75,0),(2,7,33.75,75,0);

--
-- Table structure for table `ec_flash_sales`
--

CREATE TABLE `ec_flash_sales` (
  `id` bigint unsigned NOT NULL AUTO_INCREMENT,
  `name` varchar(255) COLLATE utf8mb4_unicode_ci NOT NULL,
  `end_date` datetime NOT NULL,
  `status` varchar(60) COLLATE utf8mb4_unicode_ci NOT NULL DEFAULT 'published',
  `created_at` timestamp NULL DEFAULT NULL,
  `updated_at` timestamp NULL DEFAULT NULL,
  PRIMARY KEY (`id`)
) ENGINE=InnoDB AUTO_INCREMENT=3 DEFAULT CHARSET=utf8mb4 COLLATE=utf8mb4_unicode_ci;

--
-- Dumping data for table `ec_flash_sales`
--

INSERT INTO `ec_flash_sales` VALUES (1,'48-Hour Flash Sale','2026-05-31 02:08:45','published','2026-05-28 19:08:45','2026-05-28 19:08:45'),(2,'Weekend Doorbusters','2026-06-03 02:08:45','published','2026-05-28 19:08:45','2026-05-28 19:08:45');

--
-- Table structure for table `ec_flash_sales_translations`
--

CREATE TABLE `ec_flash_sales_translations` (
  `lang_code` varchar(255) COLLATE utf8mb4_unicode_ci NOT NULL,
  `ec_flash_sales_id` bigint unsigned NOT NULL,
  `name` varchar(255) COLLATE utf8mb4_unicode_ci DEFAULT NULL,
  PRIMARY KEY (`lang_code`,`ec_flash_sales_id`),
  KEY `idx_flash_sales_fk` (`ec_flash_sales_id`),
  KEY `idx_flash_sales_flash_sales_lang` (`ec_flash_sales_id`,`lang_code`)
) ENGINE=InnoDB DEFAULT CHARSET=utf8mb4 COLLATE=utf8mb4_unicode_ci;

--
-- Dumping data for table `ec_flash_sales_translations`
--


--
-- Table structure for table `ec_global_option_value`
--

CREATE TABLE `ec_global_option_value` (
  `id` bigint unsigned NOT NULL AUTO_INCREMENT,
  `option_id` bigint unsigned NOT NULL COMMENT 'option id',
  `option_value` tinytext COLLATE utf8mb4_unicode_ci COMMENT 'option value',
  `affect_price` double DEFAULT NULL COMMENT 'value of price of this option affect',
  `order` int NOT NULL DEFAULT '9999',
  `affect_type` tinyint NOT NULL DEFAULT '0' COMMENT '0. fixed 1. percent',
  `created_at` timestamp NULL DEFAULT NULL,
  `updated_at` timestamp NULL DEFAULT NULL,
  PRIMARY KEY (`id`)
) ENGINE=InnoDB AUTO_INCREMENT=8 DEFAULT CHARSET=utf8mb4 COLLATE=utf8mb4_unicode_ci;

--
-- Dumping data for table `ec_global_option_value`
--

INSERT INTO `ec_global_option_value` VALUES (1,1,'No gift wrap',0,0,0,'2026-05-28 19:08:33','2026-05-28 19:08:33'),(2,1,'Standard kraft wrap',4.99,1,0,'2026-05-28 19:08:33','2026-05-28 19:08:33'),(3,1,'Premium silk-ribbon wrap',9.99,2,0,'2026-05-28 19:08:33','2026-05-28 19:08:33'),(4,2,'Up to 20 characters',14.99,0,0,'2026-05-28 19:08:33','2026-05-28 19:08:33'),(5,3,'Standard 1-year warranty',0,0,0,'2026-05-28 19:08:33','2026-05-28 19:08:33'),(6,3,'2-year extended warranty',29.99,1,0,'2026-05-28 19:08:33','2026-05-28 19:08:33'),(7,3,'3-year premium care',59.99,2,0,'2026-05-28 19:08:33','2026-05-28 19:08:33');

--
-- Table structure for table `ec_global_option_value_translations`
--

CREATE TABLE `ec_global_option_value_translations` (
  `lang_code` varchar(255) COLLATE utf8mb4_unicode_ci NOT NULL,
  `ec_global_option_value_id` bigint unsigned NOT NULL,
  `option_value` varchar(255) COLLATE utf8mb4_unicode_ci DEFAULT NULL,
  PRIMARY KEY (`lang_code`,`ec_global_option_value_id`),
  KEY `idx_global_option_value_fk` (`ec_global_option_value_id`),
  KEY `idx_global_option_value_global_option_value_lang` (`ec_global_option_value_id`,`lang_code`)
) ENGINE=InnoDB DEFAULT CHARSET=utf8mb4 COLLATE=utf8mb4_unicode_ci;

--
-- Dumping data for table `ec_global_option_value_translations`
--

INSERT INTO `ec_global_option_value_translations` VALUES ('ar',1,'لا يوجد تغليف هدايا'),('ar',2,'حزمة ورق الكرافت القياسية'),('ar',3,'حزمة الشريط الحريري الفاخر'),('ar',4,'الحد الأقصى 20 حرفا'),('ar',5,'ضمان قياسي لمدة سنة واحدة'),('ar',6,'ضمان ممتد لمدة عامين'),('ar',7,'رعاية متميزة لمدة 3 سنوات'),('fr',1,'Pas d\'emballage cadeau'),('fr',2,'Emballage en papier kraft standard'),('fr',3,'Paquet de rubans de soie haut de gamme'),('fr',4,'20 caractères maximum'),('fr',5,'Garantie standard 1 an'),('fr',6,'Garantie prolongée de 2 ans'),('fr',7,'Soins premium pendant 3 ans'),('id',1,'Tidak ada bungkus kado'),('id',2,'Paket kertas kraft standar'),('id',3,'Paket pita sutra premium'),('id',4,'Maksimum 20 karakter'),('id',5,'Garansi standar 1 tahun'),('id',6,'Garansi diperpanjang 2 tahun'),('id',7,'Perawatan premium selama 3 tahun'),('tr',1,'Hediye paketi yok'),('tr',2,'Standart kraft kağıt paketi'),('tr',3,'Premium ipek kurdele paketi'),('tr',4,'Maksimum 20 karakter'),('tr',5,'Standart 1 yıl garanti'),('tr',6,'2 yıl uzatılmış garanti'),('tr',7,'3 yıl boyunca premium bakım'),('vi',1,'Không gói quà'),('vi',2,'Gói giấy kraft tiêu chuẩn'),('vi',3,'Gói ruy băng lụa cao cấp'),('vi',4,'Tối đa 20 ký tự'),('vi',5,'Bảo hành tiêu chuẩn 1 năm'),('vi',6,'Bảo hành mở rộng 2 năm'),('vi',7,'Chăm sóc cao cấp 3 năm');

--
-- Table structure for table `ec_global_options`
--

CREATE TABLE `ec_global_options` (
  `id` bigint unsigned NOT NULL AUTO_INCREMENT,
  `name` varchar(255) COLLATE utf8mb4_unicode_ci NOT NULL COMMENT 'Name of options',
  `option_type` varchar(255) COLLATE utf8mb4_unicode_ci NOT NULL COMMENT 'option type',
  `required` tinyint(1) NOT NULL DEFAULT '0' COMMENT 'Checked if this option is required',
  `price_per_product` tinyint(1) NOT NULL DEFAULT '0',
  `created_at` timestamp NULL DEFAULT NULL,
  `updated_at` timestamp NULL DEFAULT NULL,
  PRIMARY KEY (`id`)
) ENGINE=InnoDB AUTO_INCREMENT=4 DEFAULT CHARSET=utf8mb4 COLLATE=utf8mb4_unicode_ci;

--
-- Dumping data for table `ec_global_options`
--

INSERT INTO `ec_global_options` VALUES (1,'Gift Wrapping','Botble\\Ecommerce\\Option\\OptionType\\Dropdown',0,0,'2026-05-28 19:08:33','2026-05-28 19:08:33'),(2,'Engraving','Botble\\Ecommerce\\Option\\OptionType\\Field',0,0,'2026-05-28 19:08:33','2026-05-28 19:08:33'),(3,'Extended Warranty','Botble\\Ecommerce\\Option\\OptionType\\RadioButton',0,0,'2026-05-28 19:08:33','2026-05-28 19:08:33');

--
-- Table structure for table `ec_global_options_translations`
--

CREATE TABLE `ec_global_options_translations` (
  `lang_code` varchar(255) COLLATE utf8mb4_unicode_ci NOT NULL,
  `ec_global_options_id` bigint unsigned NOT NULL,
  `name` varchar(255) COLLATE utf8mb4_unicode_ci DEFAULT NULL,
  PRIMARY KEY (`lang_code`,`ec_global_options_id`),
  KEY `idx_global_options_fk` (`ec_global_options_id`),
  KEY `idx_global_options_global_options_lang` (`ec_global_options_id`,`lang_code`)
) ENGINE=InnoDB DEFAULT CHARSET=utf8mb4 COLLATE=utf8mb4_unicode_ci;

--
-- Dumping data for table `ec_global_options_translations`
--

INSERT INTO `ec_global_options_translations` VALUES ('ar',1,'تغليف الهدايا'),('ar',2,'نقش'),('ar',3,'الضمان الممتد'),('fr',1,'Emballage cadeau'),('fr',2,'Gravure'),('fr',3,'Garantie prolongée'),('id',1,'Pembungkus Kado'),('id',2,'Ukiran'),('id',3,'Perpanjangan Garansi'),('tr',1,'Hediye Paketleme'),('tr',2,'Oymak'),('tr',3,'Uzatılmış Garanti'),('vi',1,'Gói quà'),('vi',2,'Khắc tên'),('vi',3,'Bảo hành mở rộng');

--
-- Table structure for table `ec_grouped_products`
--

CREATE TABLE `ec_grouped_products` (
  `id` bigint unsigned NOT NULL AUTO_INCREMENT,
  `parent_product_id` bigint unsigned NOT NULL,
  `product_id` bigint unsigned NOT NULL,
  `fixed_qty` int NOT NULL DEFAULT '1',
  PRIMARY KEY (`id`)
) ENGINE=InnoDB DEFAULT CHARSET=utf8mb4 COLLATE=utf8mb4_unicode_ci;

--
-- Dumping data for table `ec_grouped_products`
--


--
-- Table structure for table `ec_invoice_item_tax_components`
--

CREATE TABLE `ec_invoice_item_tax_components` (
  `id` bigint unsigned NOT NULL AUTO_INCREMENT,
  `invoice_item_id` bigint unsigned NOT NULL,
  `name` varchar(191) COLLATE utf8mb4_unicode_ci NOT NULL,
  `code` varchar(50) COLLATE utf8mb4_unicode_ci NOT NULL,
  `rate` decimal(8,4) NOT NULL DEFAULT '0.0000',
  `amount` decimal(15,2) NOT NULL DEFAULT '0.00',
  `jurisdiction` varchar(191) COLLATE utf8mb4_unicode_ci DEFAULT NULL,
  `metadata` json DEFAULT NULL,
  `created_at` timestamp NULL DEFAULT NULL,
  `updated_at` timestamp NULL DEFAULT NULL,
  PRIMARY KEY (`id`),
  KEY `idx_iitc_invoice_item` (`invoice_item_id`),
  CONSTRAINT `ec_invoice_item_tax_components_invoice_item_id_foreign` FOREIGN KEY (`invoice_item_id`) REFERENCES `ec_invoice_items` (`id`) ON DELETE CASCADE
) ENGINE=InnoDB DEFAULT CHARSET=utf8mb4 COLLATE=utf8mb4_unicode_ci;

--
-- Dumping data for table `ec_invoice_item_tax_components`
--


--
-- Table structure for table `ec_invoice_items`
--

CREATE TABLE `ec_invoice_items` (
  `id` bigint unsigned NOT NULL AUTO_INCREMENT,
  `invoice_id` bigint unsigned NOT NULL,
  `reference_type` varchar(255) COLLATE utf8mb4_unicode_ci NOT NULL,
  `reference_id` bigint unsigned NOT NULL,
  `name` varchar(255) COLLATE utf8mb4_unicode_ci NOT NULL,
  `description` varchar(400) COLLATE utf8mb4_unicode_ci DEFAULT NULL,
  `image` varchar(255) COLLATE utf8mb4_unicode_ci DEFAULT NULL,
  `qty` int unsigned NOT NULL,
  `price` decimal(15,2) NOT NULL DEFAULT '0.00',
  `sub_total` decimal(15,2) unsigned NOT NULL,
  `tax_amount` decimal(15,2) unsigned NOT NULL DEFAULT '0.00',
  `discount_amount` decimal(15,2) unsigned NOT NULL DEFAULT '0.00',
  `amount` decimal(15,2) unsigned NOT NULL,
  `options` text COLLATE utf8mb4_unicode_ci,
  `created_at` timestamp NULL DEFAULT NULL,
  `updated_at` timestamp NULL DEFAULT NULL,
  PRIMARY KEY (`id`),
  KEY `ec_invoice_items_reference_type_reference_id_index` (`reference_type`,`reference_id`)
) ENGINE=InnoDB DEFAULT CHARSET=utf8mb4 COLLATE=utf8mb4_unicode_ci;

--
-- Dumping data for table `ec_invoice_items`
--


--
-- Table structure for table `ec_invoices`
--

CREATE TABLE `ec_invoices` (
  `id` bigint unsigned NOT NULL AUTO_INCREMENT,
  `reference_type` varchar(255) COLLATE utf8mb4_unicode_ci NOT NULL,
  `reference_id` bigint unsigned NOT NULL,
  `code` varchar(255) COLLATE utf8mb4_unicode_ci NOT NULL,
  `customer_name` varchar(255) COLLATE utf8mb4_unicode_ci DEFAULT NULL,
  `company_name` varchar(255) COLLATE utf8mb4_unicode_ci DEFAULT NULL,
  `company_logo` varchar(255) COLLATE utf8mb4_unicode_ci DEFAULT NULL,
  `customer_email` varchar(255) COLLATE utf8mb4_unicode_ci DEFAULT NULL,
  `customer_phone` varchar(255) COLLATE utf8mb4_unicode_ci DEFAULT NULL,
  `customer_address` varchar(255) COLLATE utf8mb4_unicode_ci DEFAULT NULL,
  `customer_country` varchar(255) COLLATE utf8mb4_unicode_ci DEFAULT NULL,
  `customer_state` varchar(255) COLLATE utf8mb4_unicode_ci DEFAULT NULL,
  `customer_city` varchar(255) COLLATE utf8mb4_unicode_ci DEFAULT NULL,
  `customer_zip_code` varchar(255) COLLATE utf8mb4_unicode_ci DEFAULT NULL,
  `customer_address_line` varchar(255) COLLATE utf8mb4_unicode_ci DEFAULT NULL,
  `customer_tax_id` varchar(255) COLLATE utf8mb4_unicode_ci DEFAULT NULL,
  `sub_total` decimal(15,2) unsigned NOT NULL,
  `tax_amount` decimal(15,2) DEFAULT '0.00',
  `shipping_amount` decimal(15,2) unsigned NOT NULL DEFAULT '0.00',
  `shipping_tax_amount` decimal(15,2) DEFAULT '0.00',
  `payment_fee` decimal(15,2) DEFAULT '0.00',
  `discount_amount` decimal(15,2) unsigned NOT NULL DEFAULT '0.00',
  `shipping_option` varchar(60) COLLATE utf8mb4_unicode_ci DEFAULT NULL,
  `shipping_method` varchar(60) COLLATE utf8mb4_unicode_ci NOT NULL DEFAULT 'default',
  `coupon_code` varchar(120) COLLATE utf8mb4_unicode_ci DEFAULT NULL,
  `discount_description` varchar(255) COLLATE utf8mb4_unicode_ci DEFAULT NULL,
  `amount` decimal(15,2) unsigned NOT NULL,
  `description` text COLLATE utf8mb4_unicode_ci,
  `payment_id` bigint unsigned DEFAULT NULL,
  `status` varchar(255) COLLATE utf8mb4_unicode_ci NOT NULL DEFAULT 'pending',
  `paid_at` timestamp NULL DEFAULT NULL,
  `created_at` timestamp NULL DEFAULT NULL,
  `updated_at` timestamp NULL DEFAULT NULL,
  PRIMARY KEY (`id`),
  UNIQUE KEY `ec_invoices_code_unique` (`code`),
  KEY `ec_invoices_reference_type_reference_id_index` (`reference_type`,`reference_id`),
  KEY `ec_invoices_payment_id_index` (`payment_id`),
  KEY `ec_invoices_status_index` (`status`),
  KEY `ec_invoices_reference_id_reference_type_index` (`reference_id`,`reference_type`)
) ENGINE=InnoDB DEFAULT CHARSET=utf8mb4 COLLATE=utf8mb4_unicode_ci;

--
-- Dumping data for table `ec_invoices`
--


--
-- Table structure for table `ec_option_value`
--

CREATE TABLE `ec_option_value` (
  `id` bigint unsigned NOT NULL AUTO_INCREMENT,
  `option_id` bigint unsigned NOT NULL COMMENT 'option id',
  `option_value` tinytext COLLATE utf8mb4_unicode_ci COMMENT 'option value',
  `affect_price` double DEFAULT NULL COMMENT 'value of price of this option affect',
  `order` int NOT NULL DEFAULT '9999',
  `affect_type` tinyint NOT NULL DEFAULT '0' COMMENT '0. fixed 1. percent',
  `created_at` timestamp NULL DEFAULT NULL,
  `updated_at` timestamp NULL DEFAULT NULL,
  PRIMARY KEY (`id`)
) ENGINE=InnoDB DEFAULT CHARSET=utf8mb4 COLLATE=utf8mb4_unicode_ci;

--
-- Dumping data for table `ec_option_value`
--


--
-- Table structure for table `ec_option_value_translations`
--

CREATE TABLE `ec_option_value_translations` (
  `lang_code` varchar(255) COLLATE utf8mb4_unicode_ci NOT NULL,
  `ec_option_value_id` bigint unsigned NOT NULL,
  `option_value` varchar(255) COLLATE utf8mb4_unicode_ci DEFAULT NULL,
  PRIMARY KEY (`lang_code`,`ec_option_value_id`),
  KEY `idx_option_value_fk` (`ec_option_value_id`),
  KEY `idx_option_value_option_value_lang` (`ec_option_value_id`,`lang_code`)
) ENGINE=InnoDB DEFAULT CHARSET=utf8mb4 COLLATE=utf8mb4_unicode_ci;

--
-- Dumping data for table `ec_option_value_translations`
--


--
-- Table structure for table `ec_options`
--

CREATE TABLE `ec_options` (
  `id` bigint unsigned NOT NULL AUTO_INCREMENT,
  `name` varchar(255) COLLATE utf8mb4_unicode_ci NOT NULL COMMENT 'Name of options',
  `option_type` varchar(255) COLLATE utf8mb4_unicode_ci DEFAULT NULL COMMENT 'option type',
  `product_id` bigint unsigned NOT NULL DEFAULT '0',
  `order` int NOT NULL DEFAULT '9999',
  `required` tinyint(1) NOT NULL DEFAULT '0' COMMENT 'Checked if this option is required',
  `price_per_product` tinyint(1) NOT NULL DEFAULT '0',
  `created_at` timestamp NULL DEFAULT NULL,
  `updated_at` timestamp NULL DEFAULT NULL,
  PRIMARY KEY (`id`)
) ENGINE=InnoDB DEFAULT CHARSET=utf8mb4 COLLATE=utf8mb4_unicode_ci;

--
-- Dumping data for table `ec_options`
--


--
-- Table structure for table `ec_options_translations`
--

CREATE TABLE `ec_options_translations` (
  `lang_code` varchar(255) COLLATE utf8mb4_unicode_ci NOT NULL,
  `ec_options_id` bigint unsigned NOT NULL,
  `name` varchar(255) COLLATE utf8mb4_unicode_ci DEFAULT NULL,
  PRIMARY KEY (`lang_code`,`ec_options_id`),
  KEY `idx_options_fk` (`ec_options_id`),
  KEY `idx_options_options_lang` (`ec_options_id`,`lang_code`)
) ENGINE=InnoDB DEFAULT CHARSET=utf8mb4 COLLATE=utf8mb4_unicode_ci;

--
-- Dumping data for table `ec_options_translations`
--


--
-- Table structure for table `ec_order_addresses`
--

CREATE TABLE `ec_order_addresses` (
  `id` bigint unsigned NOT NULL AUTO_INCREMENT,
  `name` varchar(255) COLLATE utf8mb4_unicode_ci NOT NULL,
  `phone` varchar(20) COLLATE utf8mb4_unicode_ci DEFAULT NULL,
  `email` varchar(255) COLLATE utf8mb4_unicode_ci DEFAULT NULL,
  `country` varchar(120) COLLATE utf8mb4_unicode_ci DEFAULT NULL,
  `state` varchar(120) COLLATE utf8mb4_unicode_ci DEFAULT NULL,
  `city` varchar(120) COLLATE utf8mb4_unicode_ci DEFAULT NULL,
  `address` varchar(255) COLLATE utf8mb4_unicode_ci DEFAULT NULL,
  `order_id` bigint unsigned NOT NULL,
  `zip_code` varchar(20) COLLATE utf8mb4_unicode_ci DEFAULT NULL,
  `type` varchar(60) COLLATE utf8mb4_unicode_ci NOT NULL DEFAULT 'shipping_address',
  PRIMARY KEY (`id`),
  UNIQUE KEY `ec_order_addresses_order_id_type_unique` (`order_id`,`type`)
) ENGINE=InnoDB DEFAULT CHARSET=utf8mb4 COLLATE=utf8mb4_unicode_ci;

--
-- Dumping data for table `ec_order_addresses`
--


--
-- Table structure for table `ec_order_histories`
--

CREATE TABLE `ec_order_histories` (
  `id` bigint unsigned NOT NULL AUTO_INCREMENT,
  `action` varchar(120) COLLATE utf8mb4_unicode_ci NOT NULL,
  `description` varchar(400) COLLATE utf8mb4_unicode_ci DEFAULT NULL,
  `user_id` bigint unsigned DEFAULT NULL,
  `order_id` bigint unsigned NOT NULL,
  `extras` text COLLATE utf8mb4_unicode_ci,
  `created_at` timestamp NULL DEFAULT NULL,
  `updated_at` timestamp NULL DEFAULT NULL,
  PRIMARY KEY (`id`)
) ENGINE=InnoDB DEFAULT CHARSET=utf8mb4 COLLATE=utf8mb4_unicode_ci;

--
-- Dumping data for table `ec_order_histories`
--


--
-- Table structure for table `ec_order_metadata`
--

CREATE TABLE `ec_order_metadata` (
  `id` bigint unsigned NOT NULL AUTO_INCREMENT,
  `order_id` bigint unsigned NOT NULL,
  `meta_key` varchar(255) COLLATE utf8mb4_unicode_ci NOT NULL,
  `meta_value` text COLLATE utf8mb4_unicode_ci,
  `created_at` timestamp NULL DEFAULT NULL,
  `updated_at` timestamp NULL DEFAULT NULL,
  PRIMARY KEY (`id`),
  KEY `ec_order_metadata_order_id_meta_key_index` (`order_id`,`meta_key`),
  KEY `ec_order_metadata_order_id_index` (`order_id`)
) ENGINE=InnoDB DEFAULT CHARSET=utf8mb4 COLLATE=utf8mb4_unicode_ci;

--
-- Dumping data for table `ec_order_metadata`
--


--
-- Table structure for table `ec_order_product`
--

CREATE TABLE `ec_order_product` (
  `id` bigint unsigned NOT NULL AUTO_INCREMENT,
  `order_id` bigint unsigned NOT NULL,
  `qty` int NOT NULL,
  `price` decimal(15,2) NOT NULL,
  `tax_amount` decimal(15,2) DEFAULT '0.00',
  `tax_breakdown` json DEFAULT NULL,
  `options` text COLLATE utf8mb4_unicode_ci,
  `product_options` text COLLATE utf8mb4_unicode_ci COMMENT 'product option data',
  `product_id` bigint unsigned DEFAULT NULL,
  `product_name` varchar(255) COLLATE utf8mb4_unicode_ci NOT NULL,
  `product_image` varchar(255) COLLATE utf8mb4_unicode_ci DEFAULT NULL,
  `weight` double DEFAULT '0',
  `restock_quantity` int unsigned DEFAULT '0',
  `created_at` timestamp NULL DEFAULT NULL,
  `updated_at` timestamp NULL DEFAULT NULL,
  `product_type` varchar(60) COLLATE utf8mb4_unicode_ci NOT NULL DEFAULT 'physical',
  `times_downloaded` int NOT NULL DEFAULT '0',
  `license_code` text COLLATE utf8mb4_unicode_ci,
  `downloaded_at` timestamp NULL DEFAULT NULL,
  PRIMARY KEY (`id`),
  KEY `ec_order_product_order_id_product_id_index` (`order_id`,`product_id`)
) ENGINE=InnoDB DEFAULT CHARSET=utf8mb4 COLLATE=utf8mb4_unicode_ci;

--
-- Dumping data for table `ec_order_product`
--


--
-- Table structure for table `ec_order_product_tax_components`
--

CREATE TABLE `ec_order_product_tax_components` (
  `id` bigint unsigned NOT NULL AUTO_INCREMENT,
  `order_product_id` bigint unsigned NOT NULL,
  `name` varchar(191) COLLATE utf8mb4_unicode_ci NOT NULL,
  `code` varchar(50) COLLATE utf8mb4_unicode_ci NOT NULL,
  `rate` decimal(8,4) NOT NULL DEFAULT '0.0000',
  `amount` decimal(15,2) NOT NULL DEFAULT '0.00',
  `jurisdiction` varchar(191) COLLATE utf8mb4_unicode_ci DEFAULT NULL,
  `metadata` json DEFAULT NULL,
  `created_at` timestamp NULL DEFAULT NULL,
  `updated_at` timestamp NULL DEFAULT NULL,
  PRIMARY KEY (`id`),
  KEY `idx_opt_order_product` (`order_product_id`),
  KEY `idx_opt_order_product_code` (`order_product_id`,`code`)
) ENGINE=InnoDB DEFAULT CHARSET=utf8mb4 COLLATE=utf8mb4_unicode_ci;

--
-- Dumping data for table `ec_order_product_tax_components`
--


--
-- Table structure for table `ec_order_referrals`
--

CREATE TABLE `ec_order_referrals` (
  `id` bigint unsigned NOT NULL AUTO_INCREMENT,
  `ip` varchar(39) COLLATE utf8mb4_unicode_ci DEFAULT NULL,
  `landing_domain` varchar(255) COLLATE utf8mb4_unicode_ci DEFAULT NULL,
  `landing_page` varchar(255) COLLATE utf8mb4_unicode_ci DEFAULT NULL,
  `landing_params` varchar(255) COLLATE utf8mb4_unicode_ci DEFAULT NULL,
  `referral` varchar(255) COLLATE utf8mb4_unicode_ci DEFAULT NULL,
  `gclid` varchar(255) COLLATE utf8mb4_unicode_ci DEFAULT NULL,
  `fclid` varchar(255) COLLATE utf8mb4_unicode_ci DEFAULT NULL,
  `utm_source` varchar(255) COLLATE utf8mb4_unicode_ci DEFAULT NULL,
  `utm_campaign` varchar(255) COLLATE utf8mb4_unicode_ci DEFAULT NULL,
  `utm_medium` varchar(255) COLLATE utf8mb4_unicode_ci DEFAULT NULL,
  `utm_term` varchar(255) COLLATE utf8mb4_unicode_ci DEFAULT NULL,
  `utm_content` varchar(255) COLLATE utf8mb4_unicode_ci DEFAULT NULL,
  `referrer_url` text COLLATE utf8mb4_unicode_ci,
  `referrer_domain` varchar(255) COLLATE utf8mb4_unicode_ci DEFAULT NULL,
  `order_id` bigint unsigned DEFAULT NULL,
  `created_at` timestamp NULL DEFAULT NULL,
  `updated_at` timestamp NULL DEFAULT NULL,
  PRIMARY KEY (`id`),
  KEY `ec_order_referrals_order_id_index` (`order_id`)
) ENGINE=InnoDB DEFAULT CHARSET=utf8mb4 COLLATE=utf8mb4_unicode_ci;

--
-- Dumping data for table `ec_order_referrals`
--


--
-- Table structure for table `ec_order_return_histories`
--

CREATE TABLE `ec_order_return_histories` (
  `id` bigint unsigned NOT NULL AUTO_INCREMENT,
  `user_id` bigint unsigned DEFAULT NULL,
  `order_return_id` bigint unsigned NOT NULL,
  `action` varchar(255) COLLATE utf8mb4_unicode_ci NOT NULL,
  `description` varchar(400) COLLATE utf8mb4_unicode_ci DEFAULT NULL,
  `reason` varchar(255) COLLATE utf8mb4_unicode_ci DEFAULT NULL,
  `created_at` timestamp NULL DEFAULT NULL,
  `updated_at` timestamp NULL DEFAULT NULL,
  PRIMARY KEY (`id`)
) ENGINE=InnoDB DEFAULT CHARSET=utf8mb4 COLLATE=utf8mb4_unicode_ci;

--
-- Dumping data for table `ec_order_return_histories`
--


--
-- Table structure for table `ec_order_return_items`
--

CREATE TABLE `ec_order_return_items` (
  `id` bigint unsigned NOT NULL AUTO_INCREMENT,
  `order_return_id` bigint unsigned NOT NULL COMMENT 'Order return id',
  `order_product_id` bigint unsigned NOT NULL COMMENT 'Order product id',
  `product_id` bigint unsigned NOT NULL COMMENT 'Product id',
  `product_name` varchar(255) COLLATE utf8mb4_unicode_ci NOT NULL,
  `product_image` varchar(255) COLLATE utf8mb4_unicode_ci DEFAULT NULL,
  `qty` int NOT NULL COMMENT 'Quantity return',
  `price` decimal(15,2) NOT NULL COMMENT 'Price Product',
  `reason` text COLLATE utf8mb4_unicode_ci,
  `created_at` timestamp NULL DEFAULT NULL,
  `updated_at` timestamp NULL DEFAULT NULL,
  `refund_amount` decimal(12,2) DEFAULT '0.00',
  PRIMARY KEY (`id`)
) ENGINE=InnoDB DEFAULT CHARSET=utf8mb4 COLLATE=utf8mb4_unicode_ci;

--
-- Dumping data for table `ec_order_return_items`
--


--
-- Table structure for table `ec_order_returns`
--

CREATE TABLE `ec_order_returns` (
  `id` bigint unsigned NOT NULL AUTO_INCREMENT,
  `code` varchar(255) COLLATE utf8mb4_unicode_ci DEFAULT NULL,
  `order_id` bigint unsigned NOT NULL COMMENT 'Order ID',
  `store_id` bigint unsigned DEFAULT NULL COMMENT 'Store ID',
  `user_id` bigint unsigned NOT NULL COMMENT 'Customer ID',
  `reason` text COLLATE utf8mb4_unicode_ci COMMENT 'Reason return order',
  `images` json DEFAULT NULL,
  `order_status` varchar(255) COLLATE utf8mb4_unicode_ci DEFAULT NULL COMMENT 'Order current status',
  `return_status` varchar(255) COLLATE utf8mb4_unicode_ci NOT NULL COMMENT 'Return status',
  `created_at` timestamp NULL DEFAULT NULL,
  `updated_at` timestamp NULL DEFAULT NULL,
  PRIMARY KEY (`id`),
  UNIQUE KEY `ec_order_returns_code_unique` (`code`)
) ENGINE=InnoDB DEFAULT CHARSET=utf8mb4 COLLATE=utf8mb4_unicode_ci;

--
-- Dumping data for table `ec_order_returns`
--


--
-- Table structure for table `ec_order_tax_information`
--

CREATE TABLE `ec_order_tax_information` (
  `id` bigint unsigned NOT NULL AUTO_INCREMENT,
  `order_id` bigint unsigned NOT NULL,
  `company_name` varchar(120) COLLATE utf8mb4_unicode_ci NOT NULL,
  `company_address` varchar(255) COLLATE utf8mb4_unicode_ci NOT NULL,
  `company_tax_code` varchar(20) COLLATE utf8mb4_unicode_ci NOT NULL,
  `company_email` varchar(60) COLLATE utf8mb4_unicode_ci NOT NULL,
  `created_at` timestamp NULL DEFAULT NULL,
  `updated_at` timestamp NULL DEFAULT NULL,
  PRIMARY KEY (`id`),
  KEY `ec_order_tax_information_order_id_index` (`order_id`)
) ENGINE=InnoDB DEFAULT CHARSET=utf8mb4 COLLATE=utf8mb4_unicode_ci;

--
-- Dumping data for table `ec_order_tax_information`
--


--
-- Table structure for table `ec_product_attribute_sets`
--

CREATE TABLE `ec_product_attribute_sets` (
  `id` bigint unsigned NOT NULL AUTO_INCREMENT,
  `title` varchar(120) COLLATE utf8mb4_unicode_ci NOT NULL,
  `slug` varchar(120) COLLATE utf8mb4_unicode_ci DEFAULT NULL,
  `display_layout` varchar(255) COLLATE utf8mb4_unicode_ci NOT NULL DEFAULT 'dropdown',
  `is_searchable` tinyint unsigned NOT NULL DEFAULT '1',
  `is_comparable` tinyint unsigned NOT NULL DEFAULT '1',
  `is_use_in_product_listing` tinyint unsigned NOT NULL DEFAULT '0',
  `status` varchar(60) COLLATE utf8mb4_unicode_ci NOT NULL DEFAULT 'published',
  `order` tinyint unsigned NOT NULL DEFAULT '0',
  `created_at` timestamp NULL DEFAULT NULL,
  `updated_at` timestamp NULL DEFAULT NULL,
  `use_image_from_product_variation` tinyint unsigned NOT NULL DEFAULT '0',
  PRIMARY KEY (`id`),
  KEY `idx_order_id` (`order`,`id`)
) ENGINE=InnoDB AUTO_INCREMENT=4 DEFAULT CHARSET=utf8mb4 COLLATE=utf8mb4_unicode_ci;

--
-- Dumping data for table `ec_product_attribute_sets`
--

INSERT INTO `ec_product_attribute_sets` VALUES (1,'Color','color','visual',1,1,1,'published',0,'2026-05-28 19:08:33','2026-05-28 19:08:33',1),(2,'Size','size','text',1,1,1,'published',1,'2026-05-28 19:08:33','2026-05-28 19:08:33',0),(3,'Material','material','text',1,1,1,'published',2,'2026-05-28 19:08:33','2026-05-28 19:08:33',0);

--
-- Table structure for table `ec_product_attribute_sets_translations`
--

CREATE TABLE `ec_product_attribute_sets_translations` (
  `lang_code` varchar(255) COLLATE utf8mb4_unicode_ci NOT NULL,
  `ec_product_attribute_sets_id` bigint unsigned NOT NULL,
  `title` varchar(255) COLLATE utf8mb4_unicode_ci DEFAULT NULL,
  PRIMARY KEY (`lang_code`,`ec_product_attribute_sets_id`),
  KEY `idx_product_attribute_sets_fk` (`ec_product_attribute_sets_id`),
  KEY `idx_product_attribute_sets_product_attribute_sets_lang` (`ec_product_attribute_sets_id`,`lang_code`)
) ENGINE=InnoDB DEFAULT CHARSET=utf8mb4 COLLATE=utf8mb4_unicode_ci;

--
-- Dumping data for table `ec_product_attribute_sets_translations`
--

INSERT INTO `ec_product_attribute_sets_translations` VALUES ('ar',1,'لون'),('ar',2,'مقاس'),('ar',3,'مادة'),('fr',1,'Couleur'),('fr',2,'Taille'),('fr',3,'Matériel'),('id',1,'Warna'),('id',2,'Ukuran'),('id',3,'Bahan'),('tr',1,'Renk'),('tr',2,'Boyut'),('tr',3,'Malzeme'),('vi',1,'Màu sắc'),('vi',2,'Kích cỡ'),('vi',3,'Chất liệu');

--
-- Table structure for table `ec_product_attributes`
--

CREATE TABLE `ec_product_attributes` (
  `id` bigint unsigned NOT NULL AUTO_INCREMENT,
  `attribute_set_id` bigint unsigned NOT NULL,
  `title` varchar(120) COLLATE utf8mb4_unicode_ci NOT NULL,
  `slug` varchar(120) COLLATE utf8mb4_unicode_ci DEFAULT NULL,
  `color` varchar(120) COLLATE utf8mb4_unicode_ci DEFAULT NULL,
  `image` varchar(255) COLLATE utf8mb4_unicode_ci DEFAULT NULL,
  `is_default` tinyint unsigned NOT NULL DEFAULT '0',
  `order` tinyint unsigned NOT NULL DEFAULT '0',
  `created_at` timestamp NULL DEFAULT NULL,
  `updated_at` timestamp NULL DEFAULT NULL,
  PRIMARY KEY (`id`),
  KEY `attribute_set_status_index` (`attribute_set_id`),
  KEY `idx_attribute_set_id` (`attribute_set_id`),
  KEY `idx_attribute_set_order_id` (`attribute_set_id`,`order`,`id`)
) ENGINE=InnoDB AUTO_INCREMENT=25 DEFAULT CHARSET=utf8mb4 COLLATE=utf8mb4_unicode_ci;

--
-- Dumping data for table `ec_product_attributes`
--

INSERT INTO `ec_product_attributes` VALUES (1,1,'Black','black','#000000',NULL,1,0,'2026-05-28 19:08:33','2026-05-28 19:08:33'),(2,1,'White','white','#FFFFFF',NULL,0,1,'2026-05-28 19:08:33','2026-05-28 19:08:33'),(3,1,'Beige','beige','#D6BFA0',NULL,0,2,'2026-05-28 19:08:33','2026-05-28 19:08:33'),(4,1,'Olive','olive','#6B7843',NULL,0,3,'2026-05-28 19:08:33','2026-05-28 19:08:33'),(5,1,'Navy','navy','#10243F',NULL,0,4,'2026-05-28 19:08:33','2026-05-28 19:08:33'),(6,1,'Burgundy','burgundy','#7B1F2B',NULL,0,5,'2026-05-28 19:08:33','2026-05-28 19:08:33'),(7,1,'Charcoal','charcoal','#374049',NULL,0,6,'2026-05-28 19:08:33','2026-05-28 19:08:33'),(8,1,'Cream','cream','#F1E8D7',NULL,0,7,'2026-05-28 19:08:33','2026-05-28 19:08:33'),(9,1,'Pink','pink','#F2C2BB',NULL,0,8,'2026-05-28 19:08:33','2026-05-28 19:08:33'),(10,1,'Brown','brown','#905D5D',NULL,0,9,'2026-05-28 19:08:33','2026-05-28 19:08:33'),(11,1,'Green','green','#B2BD9F',NULL,0,10,'2026-05-28 19:08:33','2026-05-28 19:08:33'),(12,1,'Blue','blue','#87CEEB',NULL,0,11,'2026-05-28 19:08:33','2026-05-28 19:08:33'),(13,2,'XS','xs',NULL,NULL,1,0,'2026-05-28 19:08:33','2026-05-28 19:08:33'),(14,2,'S','s',NULL,NULL,0,1,'2026-05-28 19:08:33','2026-05-28 19:08:33'),(15,2,'M','m',NULL,NULL,0,2,'2026-05-28 19:08:33','2026-05-28 19:08:33'),(16,2,'L','l',NULL,NULL,0,3,'2026-05-28 19:08:33','2026-05-28 19:08:33'),(17,2,'XL','xl',NULL,NULL,0,4,'2026-05-28 19:08:33','2026-05-28 19:08:33'),(18,2,'XXL','xxl',NULL,NULL,0,5,'2026-05-28 19:08:33','2026-05-28 19:08:33'),(19,3,'Cotton','cotton',NULL,NULL,1,0,'2026-05-28 19:08:33','2026-05-28 19:08:33'),(20,3,'Linen','linen',NULL,NULL,0,1,'2026-05-28 19:08:33','2026-05-28 19:08:33'),(21,3,'Wool','wool',NULL,NULL,0,2,'2026-05-28 19:08:33','2026-05-28 19:08:33'),(22,3,'Tencel','tencel',NULL,NULL,0,3,'2026-05-28 19:08:33','2026-05-28 19:08:33'),(23,3,'Recycled Polyester','recycled-polyester',NULL,NULL,0,4,'2026-05-28 19:08:33','2026-05-28 19:08:33'),(24,3,'Full-Grain Leather','full-grain-leather',NULL,NULL,0,5,'2026-05-28 19:08:33','2026-05-28 19:08:33');

--
-- Table structure for table `ec_product_attributes_translations`
--

CREATE TABLE `ec_product_attributes_translations` (
  `lang_code` varchar(255) COLLATE utf8mb4_unicode_ci NOT NULL,
  `ec_product_attributes_id` bigint unsigned NOT NULL,
  `title` varchar(255) COLLATE utf8mb4_unicode_ci DEFAULT NULL,
  PRIMARY KEY (`lang_code`,`ec_product_attributes_id`),
  KEY `idx_product_attributes_fk` (`ec_product_attributes_id`),
  KEY `idx_product_attributes_product_attributes_lang` (`ec_product_attributes_id`,`lang_code`)
) ENGINE=InnoDB DEFAULT CHARSET=utf8mb4 COLLATE=utf8mb4_unicode_ci;

--
-- Dumping data for table `ec_product_attributes_translations`
--

INSERT INTO `ec_product_attributes_translations` VALUES ('ar',1,'أسود'),('ar',2,'أبيض'),('ar',3,'البيج'),('ar',4,'زيتون'),('ar',5,'البحرية'),('ar',6,'بورجوندي'),('ar',7,'فحم'),('ar',8,'كريم'),('ar',9,'Pink'),('ar',10,'Brown'),('ar',11,'Green'),('ar',12,'Blue'),('ar',13,'XS'),('ar',14,'S'),('ar',15,'M'),('ar',16,'L'),('ar',17,'XL'),('ar',18,'XXL'),('ar',19,'قطن'),('ar',20,'الكتان'),('ar',21,'صوف'),('ar',22,'ايوسل'),('ar',23,'البوليستر المعاد تدويره'),('ar',24,'جلد محبب بالكامل'),('fr',1,'Noir'),('fr',2,'Blanc'),('fr',3,'Beige'),('fr',4,'Olive'),('fr',5,'Marine'),('fr',6,'Bourgogne'),('fr',7,'Charbon de bois'),('fr',8,'Crème'),('fr',9,'Pink'),('fr',10,'Brown'),('fr',11,'Green'),('fr',12,'Blue'),('fr',13,'XS'),('fr',14,'S'),('fr',15,'M'),('fr',16,'L'),('fr',17,'XL'),('fr',18,'XXL'),('fr',19,'Coton'),('fr',20,'Lin'),('fr',21,'Laine'),('fr',22,'Tencel'),('fr',23,'Polyester recyclé'),('fr',24,'Cuir pleine fleur'),('id',1,'Hitam'),('id',2,'Putih'),('id',3,'Krem'),('id',4,'Zaitun'),('id',5,'Angkatan laut'),('id',6,'merah anggur'),('id',7,'Arang'),('id',8,'Krim'),('id',9,'Pink'),('id',10,'Brown'),('id',11,'Green'),('id',12,'Blue'),('id',13,'XS'),('id',14,'S'),('id',15,'M'),('id',16,'L'),('id',17,'XL'),('id',18,'XXL'),('id',19,'Kapas'),('id',20,'Linen'),('id',21,'Wol'),('id',22,'Tencel'),('id',23,'Poliester Daur Ulang'),('id',24,'Kulit Gandum Penuh'),('tr',1,'Siyah'),('tr',2,'Beyaz'),('tr',3,'Bej'),('tr',4,'Zeytin'),('tr',5,'Donanma'),('tr',6,'Bordo'),('tr',7,'Kömür'),('tr',8,'Krem'),('tr',9,'Pink'),('tr',10,'Brown'),('tr',11,'Green'),('tr',12,'Blue'),('tr',13,'XS'),('tr',14,'S'),('tr',15,'M'),('tr',16,'L'),('tr',17,'XL'),('tr',18,'XXL'),('tr',19,'Pamuk'),('tr',20,'Keten'),('tr',21,'Yün'),('tr',22,'Tencel'),('tr',23,'Geri Dönüştürülmüş Polyester'),('tr',24,'Tam Sırçalı Deri'),('vi',1,'Đen'),('vi',2,'Trắng'),('vi',3,'Be'),('vi',4,'Ô-liu'),('vi',5,'Xanh navy'),('vi',6,'Đỏ burgundy'),('vi',7,'Xám than'),('vi',8,'Kem'),('vi',9,'Pink'),('vi',10,'Brown'),('vi',11,'Green'),('vi',12,'Blue'),('vi',13,'XS'),('vi',14,'S'),('vi',15,'M'),('vi',16,'L'),('vi',17,'XL'),('vi',18,'XXL'),('vi',19,'Cotton'),('vi',20,'Linen'),('vi',21,'Len'),('vi',22,'Tencel'),('vi',23,'Polyester tái chế'),('vi',24,'Da nguyên tấm');

--
-- Table structure for table `ec_product_categories`
--

CREATE TABLE `ec_product_categories` (
  `id` bigint unsigned NOT NULL AUTO_INCREMENT,
  `name` varchar(255) COLLATE utf8mb4_unicode_ci NOT NULL,
  `slug` varchar(255) COLLATE utf8mb4_unicode_ci DEFAULT NULL,
  `parent_id` bigint unsigned NOT NULL DEFAULT '0',
  `description` mediumtext COLLATE utf8mb4_unicode_ci,
  `status` varchar(60) COLLATE utf8mb4_unicode_ci NOT NULL DEFAULT 'published',
  `order` int unsigned NOT NULL DEFAULT '0',
  `image` varchar(255) COLLATE utf8mb4_unicode_ci DEFAULT NULL,
  `is_featured` tinyint unsigned NOT NULL DEFAULT '0',
  `created_at` timestamp NULL DEFAULT NULL,
  `updated_at` timestamp NULL DEFAULT NULL,
  `icon` varchar(255) COLLATE utf8mb4_unicode_ci DEFAULT NULL,
  `icon_image` varchar(255) COLLATE utf8mb4_unicode_ci DEFAULT NULL,
  PRIMARY KEY (`id`),
  KEY `ec_product_categories_parent_id_status_created_at_index` (`parent_id`,`status`,`created_at`),
  KEY `ec_product_categories_parent_id_status_index` (`parent_id`,`status`),
  KEY `idx_categories_status_order` (`status`,`order`),
  KEY `idx_categories_order` (`order`),
  KEY `ec_product_categories_slug_index` (`slug`),
  KEY `idx_ec_product_categories_status` (`status`),
  KEY `idx_ec_product_categories_parent_id` (`parent_id`),
  KEY `idx_ec_product_categories_status_parent_order` (`status`,`parent_id`,`order`),
  KEY `idx_ec_product_categories_is_featured` (`is_featured`),
  KEY `idx_ec_product_categories_name` (`name`),
  KEY `idx_ec_product_categories_slug` (`slug`)
) ENGINE=InnoDB AUTO_INCREMENT=6 DEFAULT CHARSET=utf8mb4 COLLATE=utf8mb4_unicode_ci;

--
-- Dumping data for table `ec_product_categories`
--

INSERT INTO `ec_product_categories` VALUES (1,'Fresh From Nature',NULL,0,'Seasonal fruits, vegetables, and ferments harvested from certified organic farms.','published',0,'categories/organic/cate-32.jpg',1,'2026-05-28 19:08:34','2026-05-28 19:08:34',NULL,NULL),(2,'Grains & Superfoods',NULL,0,'Ancient grains, sprouted seeds, and superfoods grown without synthetic inputs.','published',1,'categories/organic/cate-33.jpg',1,'2026-05-28 19:08:35','2026-05-28 19:08:35',NULL,NULL),(3,'Pure Organic Oils',NULL,0,'Cold-pressed oils, vinegars, and dressings extracted with patient, low-heat methods.','published',2,'categories/organic/cate-34.jpg',1,'2026-05-28 19:08:35','2026-05-28 19:08:35',NULL,NULL),(4,'Pantry Essentials',NULL,0,'Organic flours, sweeteners, and pantry staples for everyday clean cooking.','published',3,'categories/organic/cate-35.jpg',1,'2026-05-28 19:08:35','2026-05-28 19:08:35',NULL,NULL),(5,'Herbs & Spices',NULL,0,'Single-origin herbs and spices dried gently to keep aromatic oils intact.','published',4,'categories/organic/cate-36.jpg',1,'2026-05-28 19:08:35','2026-05-28 19:08:35',NULL,NULL);

--
-- Table structure for table `ec_product_categories_translations`
--

CREATE TABLE `ec_product_categories_translations` (
  `lang_code` varchar(255) COLLATE utf8mb4_unicode_ci NOT NULL,
  `ec_product_categories_id` bigint unsigned NOT NULL,
  `name` varchar(255) COLLATE utf8mb4_unicode_ci DEFAULT NULL,
  `slug` varchar(255) COLLATE utf8mb4_unicode_ci DEFAULT NULL,
  `description` mediumtext COLLATE utf8mb4_unicode_ci,
  PRIMARY KEY (`lang_code`,`ec_product_categories_id`),
  KEY `idx_product_categories_fk` (`ec_product_categories_id`),
  KEY `idx_product_categories_product_categories_lang` (`ec_product_categories_id`,`lang_code`)
) ENGINE=InnoDB DEFAULT CHARSET=utf8mb4 COLLATE=utf8mb4_unicode_ci;

--
-- Dumping data for table `ec_product_categories_translations`
--

INSERT INTO `ec_product_categories_translations` VALUES ('ar',1,'طازجة من الطبيعة',NULL,'يتم حصاد الفواكه والخضروات الموسمية والسلع المخمرة من المزارع العضوية المعتمدة.'),('ar',2,'الحبوب والأطعمة الفائقة',NULL,'الحبوب القديمة والبذور والأطعمة الفائقة المزروعة بدون مواد صناعية.'),('ar',3,'الزيوت العضوية النقية',NULL,'يتم استخلاص الزيوت والخل والصلصات المضغوطة على البارد بطريقة صبورة ومنخفضة الحرارة.'),('ar',4,'أساسيات المخزن',NULL,'الدقيق العضوي والمحليات والأطعمة الأساسية للطهي النظيف كل يوم.'),('ar',5,'الأعشاب والتوابل',NULL,'يتم تجفيف الأعشاب والتوابل ذات الأصل الواحد بلطف للحفاظ على زيوتها العطرية.'),('fr',1,'Frais de la nature',NULL,'Les fruits, légumes et produits fermentés de saison sont récoltés dans des fermes certifiées biologiques.'),('fr',2,'Céréales et superaliments',NULL,'Céréales anciennes, graines germées et superaliments cultivés sans produits synthétiques.'),('fr',3,'Huiles biologiques pures',NULL,'Les huiles, vinaigres et sauces pressés à froid sont extraits selon une méthode patiente et à basse température.'),('fr',4,'Les essentiels du garde-manger',NULL,'Farine biologique, édulcorants et aliments essentiels pour une cuisine propre au quotidien.'),('fr',5,'Herbes et épices',NULL,'Les herbes et épices d\'origine unique sont délicatement séchées pour préserver leurs huiles aromatiques.'),('id',1,'Segar Dari Alam',NULL,'Buah-buahan musiman, sayuran, dan makanan fermentasi dipanen dari pertanian organik bersertifikat.'),('id',2,'Biji-bijian & Makanan Super',NULL,'Biji-bijian kuno, benih bertunas, dan makanan super yang ditanam tanpa bahan sintetis.'),('id',3,'Minyak Organik Murni',NULL,'Minyak, cuka, dan saus yang diperas dingin diekstraksi menggunakan metode panas rendah yang sabar.'),('id',4,'Perlengkapan Dapur',NULL,'Tepung organik, pemanis dan makanan penting untuk memasak bersih setiap hari.'),('id',5,'Herbal & Rempah-rempah',NULL,'Jamu dan rempah asal tunggal dikeringkan dengan lembut untuk mengawetkan minyak aromatiknya.'),('tr',1,'Doğadan Taze',NULL,'Mevsimlik meyveler, sebzeler ve fermente ürünler sertifikalı organik çiftliklerden hasat edilmektedir.'),('tr',2,'Tahıllar ve Süper Gıdalar',NULL,'Sentetik olmadan yetiştirilen eski tahıllar, filizlenmiş tohumlar ve süper gıdalar.'),('tr',3,'Saf Organik Yağlar',NULL,'Soğuk preslenmiş yağlar, sirkeler ve soslar, sabırlı ve düşük ısılı bir yöntem kullanılarak çıkarılır.'),('tr',4,'Kiler Temelleri',NULL,'Her gün temiz yemek pişirmek için organik un, tatlandırıcılar ve temel gıdalar.'),('tr',5,'Otlar ve Baharatlar',NULL,'Tek kökenli bitki ve baharatlar, aromatik yağlarını korumak için hafifçe kurutulur.'),('vi',1,'Tươi từ thiên nhiên',NULL,'Trái cây, rau củ theo mùa và đồ lên men được thu hoạch từ những trang trại hữu cơ được chứng nhận.'),('vi',2,'Ngũ cốc & siêu thực phẩm',NULL,'Ngũ cốc cổ, hạt nảy mầm và siêu thực phẩm được trồng không dùng chất tổng hợp.'),('vi',3,'Dầu hữu cơ nguyên chất',NULL,'Dầu ép lạnh, giấm và nước sốt được chiết xuất bằng phương pháp nhiệt thấp, kiên nhẫn.'),('vi',4,'Thực phẩm thiết yếu',NULL,'Bột mì hữu cơ, chất tạo ngọt và thực phẩm thiết yếu cho việc nấu ăn sạch mỗi ngày.'),('vi',5,'Thảo mộc & gia vị',NULL,'Thảo mộc và gia vị nguồn gốc đơn lẻ được phơi khô nhẹ nhàng để giữ trọn tinh dầu thơm.');

--
-- Table structure for table `ec_product_categorizables`
--

CREATE TABLE `ec_product_categorizables` (
  `category_id` bigint unsigned NOT NULL,
  `reference_id` bigint unsigned NOT NULL,
  `reference_type` varchar(120) COLLATE utf8mb4_unicode_ci NOT NULL,
  PRIMARY KEY (`category_id`,`reference_id`,`reference_type`),
  KEY `ec_product_categorizables_category_id_index` (`category_id`),
  KEY `ec_product_categorizables_reference_id_index` (`reference_id`),
  KEY `ec_product_categorizables_reference_type_index` (`reference_type`)
) ENGINE=InnoDB DEFAULT CHARSET=utf8mb4 COLLATE=utf8mb4_unicode_ci;

--
-- Dumping data for table `ec_product_categorizables`
--


--
-- Table structure for table `ec_product_category_product`
--

CREATE TABLE `ec_product_category_product` (
  `category_id` bigint unsigned NOT NULL,
  `product_id` bigint unsigned NOT NULL,
  PRIMARY KEY (`product_id`,`category_id`),
  KEY `ec_product_category_product_category_id_index` (`category_id`),
  KEY `ec_product_category_product_product_id_index` (`product_id`),
  KEY `idx_product_category_composite` (`product_id`,`category_id`),
  KEY `idx_product_category` (`product_id`,`category_id`),
  KEY `idx_product_id_category_id` (`product_id`,`category_id`)
) ENGINE=InnoDB DEFAULT CHARSET=utf8mb4 COLLATE=utf8mb4_unicode_ci;

--
-- Dumping data for table `ec_product_category_product`
--

INSERT INTO `ec_product_category_product` VALUES (1,1),(1,2),(1,3),(1,4),(1,5),(1,6),(1,7),(1,8),(1,9),(1,10),(2,2),(2,3),(2,4),(2,5),(2,6),(2,8),(2,9),(2,10),(3,1),(3,3),(3,4),(3,5),(3,7),(3,8),(3,9),(4,1),(4,2),(4,3),(4,6),(4,7),(4,9),(4,10),(5,1),(5,2),(5,4),(5,5),(5,6),(5,7),(5,8),(5,10);

--
-- Table structure for table `ec_product_collection_products`
--

CREATE TABLE `ec_product_collection_products` (
  `product_collection_id` bigint unsigned NOT NULL,
  `product_id` bigint unsigned NOT NULL,
  PRIMARY KEY (`product_id`,`product_collection_id`),
  KEY `ec_product_collection_products_product_collection_id_index` (`product_collection_id`),
  KEY `ec_product_collection_products_product_id_index` (`product_id`),
  KEY `idx_product_id_collection_id` (`product_id`,`product_collection_id`)
) ENGINE=InnoDB DEFAULT CHARSET=utf8mb4 COLLATE=utf8mb4_unicode_ci;

--
-- Dumping data for table `ec_product_collection_products`
--

INSERT INTO `ec_product_collection_products` VALUES (1,1),(2,8),(2,9),(3,3),(3,7),(5,6),(6,2),(6,4),(7,5),(8,10);

--
-- Table structure for table `ec_product_collections`
--

CREATE TABLE `ec_product_collections` (
  `id` bigint unsigned NOT NULL AUTO_INCREMENT,
  `name` varchar(255) COLLATE utf8mb4_unicode_ci NOT NULL,
  `slug` varchar(255) COLLATE utf8mb4_unicode_ci NOT NULL,
  `description` varchar(400) COLLATE utf8mb4_unicode_ci DEFAULT NULL,
  `image` varchar(255) COLLATE utf8mb4_unicode_ci DEFAULT NULL,
  `status` varchar(60) COLLATE utf8mb4_unicode_ci NOT NULL DEFAULT 'published',
  `created_at` timestamp NULL DEFAULT NULL,
  `updated_at` timestamp NULL DEFAULT NULL,
  `is_featured` tinyint unsigned NOT NULL DEFAULT '0',
  PRIMARY KEY (`id`)
) ENGINE=InnoDB AUTO_INCREMENT=10 DEFAULT CHARSET=utf8mb4 COLLATE=utf8mb4_unicode_ci;

--
-- Dumping data for table `ec_product_collections`
--

INSERT INTO `ec_product_collections` VALUES (1,'Spring Essentials','spring-essentials','Lightweight layers, fluid silhouettes, and the colors driving this seasons mood boards.','collection/cls-1.jpg','published','2026-05-28 19:08:33','2026-05-28 19:08:33',1),(2,'Limited Edition','limited-edition','One-time runs from independent makers. Once they sell through, they are gone.','collection/cls-10.jpg','published','2026-05-28 19:08:33','2026-05-28 19:08:33',1),(3,'Best Sellers','best-sellers','The pieces our customers reorder season after season.','collection/cls-11.jpg','published','2026-05-28 19:08:33','2026-05-28 19:08:33',1),(4,'Sustainable Picks','sustainable-picks','Products with a verified sustainability story — recycled materials, low-impact dyes, or fair-wage manufacturing.','collection/cls-12.jpg','published','2026-05-28 19:08:33','2026-05-28 19:08:33',1),(5,'Workwear','workwear','Tailored basics ready for the office, the studio, and everything in between.','collection/cls-1.jpg','published','2026-05-28 19:08:33','2026-05-28 19:08:33',0),(6,'Weekend','weekend','Off-duty essentials that elevate the simplest jeans-and-tee uniform.','collection/cls-10.jpg','published','2026-05-28 19:08:33','2026-05-28 19:08:33',0),(7,'Shop Women','shop-women','Curated wardrobes for every season — dresses, layering pieces, and weekend staples.','collection/cls-6.jpg','published','2026-05-28 19:08:33','2026-05-28 19:08:33',0),(8,'Shop Men','shop-men','Tailored essentials and modern basics — built to last beyond the trend cycle.','collection/cls-7.jpg','published','2026-05-28 19:08:33','2026-05-28 19:08:33',0),(9,'Shop Essentials','shop-essentials','The everyday pieces our customers reorder — denim, knits, and timeless outerwear.','collection/cls-8.jpg','published','2026-05-28 19:08:33','2026-05-28 19:08:33',0);

--
-- Table structure for table `ec_product_collections_translations`
--

CREATE TABLE `ec_product_collections_translations` (
  `lang_code` varchar(255) COLLATE utf8mb4_unicode_ci NOT NULL,
  `ec_product_collections_id` bigint unsigned NOT NULL,
  `name` varchar(255) COLLATE utf8mb4_unicode_ci DEFAULT NULL,
  `description` varchar(400) COLLATE utf8mb4_unicode_ci DEFAULT NULL,
  PRIMARY KEY (`lang_code`,`ec_product_collections_id`),
  KEY `idx_product_collections_fk` (`ec_product_collections_id`),
  KEY `idx_product_collections_product_collections_lang` (`ec_product_collections_id`,`lang_code`)
) ENGINE=InnoDB DEFAULT CHARSET=utf8mb4 COLLATE=utf8mb4_unicode_ci;

--
-- Dumping data for table `ec_product_collections_translations`
--

INSERT INTO `ec_product_collections_translations` VALUES ('ar',1,'أساسيات الربيع','الملابس الخفيفة والفضفاضة والألوان الزاهية هي التي تتصدر المزاج العام هذا الموسم.'),('ar',2,'طبعة محدودة','الشحنات الوحيدة من الشركات المصنعة المستقلة. إذا تم بيعه، فقد ذهب.'),('ar',3,'أفضل البائعين','المنتجات التي يثق بها العملاء ويعيدون طلبها في كل موسم.'),('ar',4,'اللقطات المستدامة','منتجات ذات قصص استدامة مثبتة - مواد معاد تدويرها، أو أصباغ منخفضة التأثير، أو مصنوعة بأجور عادلة.'),('ar',5,'ملابس العمل','الأساسيات المتطورة جاهزة للمكتب والاستوديو وفي كل مكان بينهما.'),('ar',6,'عطلة نهاية الأسبوع','تعمل الأساسيات خارج أوقات العمل على رفع مستوى أبسط أطقم الجينز والقمصان.'),('ar',7,'تسوق النساء','خزانة ملابس منسقة لكل موسم - الفساتين والطبقات وأساسيات عطلة نهاية الأسبوع.'),('ar',8,'تسوق الرجال','أساسيات متطورة وأساسيات حديثة - تدوم إلى ما بعد دورات الموضة.'),('ar',9,'تسوق الأساسيات','يعيد العملاء طلب القطع اليومية - الدنيم والحياكة والمعاطف الخالدة.'),('fr',1,'Les essentiels du printemps','Des tenues légères, des coupes amples et des couleurs vives sont en tête du mood board cette saison.'),('fr',2,'Édition limitée','Expéditions exclusives de fabricants indépendants. S\'il est épuisé, il est parti.'),('fr',3,'Meilleures ventes','Des produits auxquels les clients font confiance et qui les commandent chaque saison.'),('fr',4,'Choix durables','Des produits avec des histoires de durabilité éprouvées : matériaux recyclés, colorants à faible impact ou fabriqués avec des salaires équitables.'),('fr',5,'Vêtements de travail','Les basiques sophistiqués sont prêts pour le bureau, le studio et partout ailleurs.'),('fr',6,'Fin de semaine','Les essentiels décontractés rehaussent les ensembles jeans et t-shirts les plus simples.'),('fr',7,'Magasinez les femmes','Une garde-robe organisée pour chaque saison : robes, superpositions et essentiels du week-end.'),('fr',8,'Acheter des hommes','Des essentiels sophistiqués et des basiques modernes – qui durent au-delà des cycles de la mode.'),('fr',9,'Achetez les essentiels','Les clients commandent des pièces du quotidien : jeans, tricots et manteaux intemporels.'),('id',1,'Hal Penting Musim Semi','Pakaian ringan, pakaian longgar, dan warna-warna cerah memimpin mood board musim ini.'),('id',2,'Edisi Terbatas','Pengiriman tunggal dari produsen independen. Kalau sudah terjual habis.'),('id',3,'Terlaris','Produk yang dipercaya dan dipesan ulang oleh pelanggan setiap musim.'),('id',4,'Pilihan Berkelanjutan','Produk dengan kisah keberlanjutan yang terbukti — bahan daur ulang, pewarna berdampak rendah, atau dibuat dengan upah yang wajar.'),('id',5,'Pakaian kerja','Perlengkapan dasar yang canggih siap digunakan di kantor, studio, dan di mana pun di antaranya.'),('id',6,'Akhir pekan','Barang-barang penting di luar tugas menonjolkan set jeans dan T-shirt paling sederhana.'),('id',7,'Belanja Wanita','Lemari pakaian pilihan untuk setiap musim — gaun, pakaian berlapis, dan kebutuhan akhir pekan.'),('id',8,'Toko Pria','Hal-hal penting yang canggih dan dasar-dasar modern — bertahan melampaui siklus mode.'),('id',9,'Belanja Penting','Barang sehari-hari yang dipesan ulang oleh pelanggan — denim, rajutan, dan mantel yang tak lekang oleh waktu.'),('tr',1,'Baharın Temelleri','Hafif kıyafetler, bol kesimler ve parlak renkler bu sezon mood board\'un başını çekiyor.'),('tr',2,'Sınırlı sayıda','Bağımsız üreticilerden tek gönderi. Eğer tükendiyse, gitmiştir.'),('tr',3,'En Çok Satanlar','Müşterilerin güvendiği ve her sezon yeniden sipariş ettiği ürünler.'),('tr',4,'Sürdürülebilir Seçimler','Kanıtlanmış sürdürülebilirlik öykülerine sahip ürünler: geri dönüştürülmüş malzemeler, düşük etkili boyalar veya adil ücretlerle üretilen ürünler.'),('tr',5,'İş kıyafeti','Ofis, stüdyo ve aradaki her yer için gelişmiş temel öğeler hazır.'),('tr',6,'Hafta sonu','İş dışında giyilen malzemeler, en basit kot pantolon ve tişört takımlarını öne çıkarıyor.'),('tr',7,'Kadın Alışverişi','Her mevsime uygun seçilmiş bir gardırop; elbiseler, üst üste binmeler ve hafta sonu vazgeçilmezleri.'),('tr',8,'Erkek Alışverişi','Moda döngülerinin ötesinde kalıcı, sofistike temeller ve modern temeller.'),('tr',9,'Temel Eşyaları Satın Alın','Müşterilerin yeniden sipariş ettiği gündelik parçalar: denim, örgüler ve zamansız montlar.'),('vi',1,'Thiết yếu mùa Xuân','Lớp trang phục nhẹ, phom rộng rãi và những gam màu đang dẫn dắt mood board mùa này.'),('vi',2,'Phiên bản giới hạn','Những lô hàng duy nhất từ các nhà sản xuất độc lập. Bán hết là không còn nữa.'),('vi',3,'Bán chạy nhất','Những sản phẩm được khách hàng tin dùng và đặt lại qua từng mùa.'),('vi',4,'Lựa chọn bền vững','Sản phẩm có câu chuyện bền vững được kiểm chứng — vật liệu tái chế, thuốc nhuộm ít tác động hoặc sản xuất với mức lương công bằng.'),('vi',5,'Trang phục công sở','Đồ cơ bản tinh tế sẵn sàng cho văn phòng, studio và mọi nơi khác.'),('vi',6,'Cuối tuần','Đồ off-duty thiết yếu nâng tầm những bộ jeans-và-áo thun đơn giản nhất.'),('vi',7,'Mua đồ Nữ','Tủ đồ tuyển chọn cho mọi mùa — đầm, đồ layering và đồ thiết yếu cuối tuần.'),('vi',8,'Mua đồ Nam','Đồ thiết yếu tinh tế và đồ cơ bản hiện đại — bền vượt qua chu kỳ thời trang.'),('vi',9,'Mua đồ thiết yếu','Những món đồ hàng ngày khách hàng đặt lại — denim, đồ dệt kim và áo khoác vượt thời gian.');

--
-- Table structure for table `ec_product_cross_sale_relations`
--

CREATE TABLE `ec_product_cross_sale_relations` (
  `from_product_id` bigint unsigned NOT NULL,
  `to_product_id` bigint unsigned NOT NULL,
  `is_variant` tinyint(1) NOT NULL DEFAULT '0',
  `price` decimal(15,2) DEFAULT '0.00',
  `price_type` varchar(255) COLLATE utf8mb4_unicode_ci NOT NULL DEFAULT 'fixed',
  `apply_to_all_variations` tinyint(1) NOT NULL DEFAULT '1',
  PRIMARY KEY (`from_product_id`,`to_product_id`),
  KEY `ec_product_cross_sale_relations_from_product_id_index` (`from_product_id`),
  KEY `ec_product_cross_sale_relations_to_product_id_index` (`to_product_id`),
  KEY `idx_product_cross_sale` (`from_product_id`,`to_product_id`)
) ENGINE=InnoDB DEFAULT CHARSET=utf8mb4 COLLATE=utf8mb4_unicode_ci;

--
-- Dumping data for table `ec_product_cross_sale_relations`
--

INSERT INTO `ec_product_cross_sale_relations` VALUES (1,2,0,0.00,'fixed',1),(1,5,0,0.00,'fixed',1),(1,6,0,0.00,'fixed',1),(1,8,0,0.00,'fixed',1),(1,10,0,0.00,'fixed',1),(2,1,0,0.00,'fixed',1),(2,3,0,0.00,'fixed',1),(2,4,0,0.00,'fixed',1),(2,6,0,0.00,'fixed',1),(2,9,0,0.00,'fixed',1),(2,10,0,0.00,'fixed',1),(3,1,0,0.00,'fixed',1),(3,2,0,0.00,'fixed',1),(3,5,0,0.00,'fixed',1),(3,7,0,0.00,'fixed',1),(3,8,0,0.00,'fixed',1),(3,9,0,0.00,'fixed',1),(3,10,0,0.00,'fixed',1),(4,1,0,0.00,'fixed',1),(4,2,0,0.00,'fixed',1),(4,3,0,0.00,'fixed',1),(4,6,0,0.00,'fixed',1),(4,7,0,0.00,'fixed',1),(4,10,0,0.00,'fixed',1),(5,2,0,0.00,'fixed',1),(5,4,0,0.00,'fixed',1),(5,6,0,0.00,'fixed',1),(5,8,0,0.00,'fixed',1),(5,9,0,0.00,'fixed',1),(5,10,0,0.00,'fixed',1),(6,4,0,0.00,'fixed',1),(6,7,0,0.00,'fixed',1),(6,8,0,0.00,'fixed',1),(6,9,0,0.00,'fixed',1),(6,10,0,0.00,'fixed',1),(7,1,0,0.00,'fixed',1),(7,8,0,0.00,'fixed',1),(7,10,0,0.00,'fixed',1),(8,1,0,0.00,'fixed',1),(8,2,0,0.00,'fixed',1),(8,3,0,0.00,'fixed',1),(8,9,0,0.00,'fixed',1),(9,1,0,0.00,'fixed',1),(9,3,0,0.00,'fixed',1),(9,7,0,0.00,'fixed',1),(9,8,0,0.00,'fixed',1),(9,10,0,0.00,'fixed',1),(10,1,0,0.00,'fixed',1),(10,3,0,0.00,'fixed',1),(10,5,0,0.00,'fixed',1),(10,7,0,0.00,'fixed',1),(10,8,0,0.00,'fixed',1),(10,9,0,0.00,'fixed',1);

--
-- Table structure for table `ec_product_files`
--

CREATE TABLE `ec_product_files` (
  `id` bigint unsigned NOT NULL AUTO_INCREMENT,
  `product_id` bigint unsigned DEFAULT NULL,
  `url` varchar(400) COLLATE utf8mb4_unicode_ci DEFAULT NULL,
  `extras` mediumtext COLLATE utf8mb4_unicode_ci,
  `created_at` timestamp NULL DEFAULT NULL,
  `updated_at` timestamp NULL DEFAULT NULL,
  PRIMARY KEY (`id`),
  KEY `ec_product_files_product_id_index` (`product_id`)
) ENGINE=InnoDB DEFAULT CHARSET=utf8mb4 COLLATE=utf8mb4_unicode_ci;

--
-- Dumping data for table `ec_product_files`
--


--
-- Table structure for table `ec_product_label_products`
--

CREATE TABLE `ec_product_label_products` (
  `product_label_id` bigint unsigned NOT NULL,
  `product_id` bigint unsigned NOT NULL,
  PRIMARY KEY (`product_label_id`,`product_id`),
  KEY `ec_product_label_products_product_label_id_index` (`product_label_id`),
  KEY `ec_product_label_products_product_id_index` (`product_id`)
) ENGINE=InnoDB DEFAULT CHARSET=utf8mb4 COLLATE=utf8mb4_unicode_ci;

--
-- Dumping data for table `ec_product_label_products`
--

INSERT INTO `ec_product_label_products` VALUES (1,3),(4,6),(4,9);

--
-- Table structure for table `ec_product_labels`
--

CREATE TABLE `ec_product_labels` (
  `id` bigint unsigned NOT NULL AUTO_INCREMENT,
  `name` varchar(255) COLLATE utf8mb4_unicode_ci NOT NULL,
  `color` varchar(120) COLLATE utf8mb4_unicode_ci DEFAULT NULL,
  `status` varchar(60) COLLATE utf8mb4_unicode_ci NOT NULL DEFAULT 'published',
  `created_at` timestamp NULL DEFAULT NULL,
  `updated_at` timestamp NULL DEFAULT NULL,
  `text_color` varchar(120) COLLATE utf8mb4_unicode_ci DEFAULT NULL,
  PRIMARY KEY (`id`),
  KEY `ec_product_labels_status_index` (`status`)
) ENGINE=InnoDB AUTO_INCREMENT=7 DEFAULT CHARSET=utf8mb4 COLLATE=utf8mb4_unicode_ci;

--
-- Dumping data for table `ec_product_labels`
--

INSERT INTO `ec_product_labels` VALUES (1,'Hot','#F0460E','published','2026-05-28 19:08:33','2026-05-28 19:08:33','#FFFFFF'),(2,'New','#22C55E','published','2026-05-28 19:08:33','2026-05-28 19:08:33','#FFFFFF'),(3,'Sale','#EF4444','published','2026-05-28 19:08:33','2026-05-28 19:08:33','#FFFFFF'),(4,'Best Seller','#1E1E1E','published','2026-05-28 19:08:33','2026-05-28 19:08:33','#FFFFFF'),(5,'Limited','#7B1F2B','published','2026-05-28 19:08:33','2026-05-28 19:08:33','#FFFFFF'),(6,'Eco','#6B7843','published','2026-05-28 19:08:33','2026-05-28 19:08:33','#FFFFFF');

--
-- Table structure for table `ec_product_labels_translations`
--

CREATE TABLE `ec_product_labels_translations` (
  `lang_code` varchar(255) COLLATE utf8mb4_unicode_ci NOT NULL,
  `ec_product_labels_id` bigint unsigned NOT NULL,
  `name` varchar(255) COLLATE utf8mb4_unicode_ci DEFAULT NULL,
  `description` varchar(400) COLLATE utf8mb4_unicode_ci DEFAULT NULL,
  PRIMARY KEY (`lang_code`,`ec_product_labels_id`),
  KEY `idx_product_labels_fk` (`ec_product_labels_id`),
  KEY `idx_product_labels_product_labels_lang` (`ec_product_labels_id`,`lang_code`)
) ENGINE=InnoDB DEFAULT CHARSET=utf8mb4 COLLATE=utf8mb4_unicode_ci;

--
-- Dumping data for table `ec_product_labels_translations`
--

INSERT INTO `ec_product_labels_translations` VALUES ('ar',1,'حار',NULL),('ar',2,'جديد',NULL),('ar',3,'أُوكَازيُون',NULL),('ar',4,'الأكثر مبيعًا',NULL),('ar',5,'محدود',NULL),('ar',6,'سابقة بمعنى البِيْئَة',NULL),('fr',1,'Chaud',NULL),('fr',2,'Nouveau',NULL),('fr',3,'Vente',NULL),('fr',4,'Meilleur vendeur',NULL),('fr',5,'Limité',NULL),('fr',6,'Écologique',NULL),('id',1,'Panas',NULL),('id',2,'Baru',NULL),('id',3,'Penjualan',NULL),('id',4,'Penjual Terbaik',NULL),('id',5,'Terbatas',NULL),('id',6,'ramah lingkungan',NULL),('tr',1,'Sıcak',NULL),('tr',2,'Yeni',NULL),('tr',3,'Satış',NULL),('tr',4,'En çok satan kitap',NULL),('tr',5,'Sınırlı',NULL),('tr',6,'Eko',NULL),('vi',1,'Hot',NULL),('vi',2,'Mới',NULL),('vi',3,'Giảm giá',NULL),('vi',4,'Bán chạy nhất',NULL),('vi',5,'Giới hạn',NULL),('vi',6,'Eco',NULL);

--
-- Table structure for table `ec_product_license_codes`
--

CREATE TABLE `ec_product_license_codes` (
  `id` bigint unsigned NOT NULL AUTO_INCREMENT,
  `product_id` bigint unsigned NOT NULL,
  `license_code` text COLLATE utf8mb4_unicode_ci NOT NULL,
  `status` varchar(60) COLLATE utf8mb4_unicode_ci NOT NULL DEFAULT 'available',
  `assigned_order_product_id` bigint unsigned DEFAULT NULL,
  `assigned_at` timestamp NULL DEFAULT NULL,
  `created_at` timestamp NULL DEFAULT NULL,
  `updated_at` timestamp NULL DEFAULT NULL,
  PRIMARY KEY (`id`),
  KEY `ec_product_license_codes_product_id_status_index` (`product_id`,`status`)
) ENGINE=InnoDB DEFAULT CHARSET=utf8mb4 COLLATE=utf8mb4_unicode_ci;

--
-- Dumping data for table `ec_product_license_codes`
--


--
-- Table structure for table `ec_product_related_relations`
--

CREATE TABLE `ec_product_related_relations` (
  `from_product_id` bigint unsigned NOT NULL,
  `to_product_id` bigint unsigned NOT NULL,
  PRIMARY KEY (`from_product_id`,`to_product_id`),
  KEY `ec_product_related_relations_from_product_id_index` (`from_product_id`),
  KEY `ec_product_related_relations_to_product_id_index` (`to_product_id`)
) ENGINE=InnoDB DEFAULT CHARSET=utf8mb4 COLLATE=utf8mb4_unicode_ci;

--
-- Dumping data for table `ec_product_related_relations`
--


--
-- Table structure for table `ec_product_specification_attribute`
--

CREATE TABLE `ec_product_specification_attribute` (
  `product_id` bigint unsigned NOT NULL,
  `attribute_id` bigint unsigned NOT NULL,
  `value` text COLLATE utf8mb4_unicode_ci,
  `hidden` tinyint(1) NOT NULL DEFAULT '0',
  `order` tinyint NOT NULL DEFAULT '0',
  PRIMARY KEY (`product_id`,`attribute_id`)
) ENGINE=InnoDB DEFAULT CHARSET=utf8mb4 COLLATE=utf8mb4_unicode_ci;

--
-- Dumping data for table `ec_product_specification_attribute`
--


--
-- Table structure for table `ec_product_specification_attribute_translations`
--

CREATE TABLE `ec_product_specification_attribute_translations` (
  `id` bigint unsigned NOT NULL AUTO_INCREMENT,
  `product_id` bigint unsigned NOT NULL,
  `attribute_id` bigint unsigned NOT NULL,
  `lang_code` varchar(20) COLLATE utf8mb4_unicode_ci NOT NULL,
  `value` text COLLATE utf8mb4_unicode_ci,
  `created_at` timestamp NULL DEFAULT NULL,
  `updated_at` timestamp NULL DEFAULT NULL,
  PRIMARY KEY (`id`),
  UNIQUE KEY `psat_unique` (`product_id`,`attribute_id`,`lang_code`),
  KEY `psat_product_attribute_index` (`product_id`,`attribute_id`),
  KEY `psat_product_id_index` (`product_id`),
  KEY `psat_attribute_id_index` (`attribute_id`)
) ENGINE=InnoDB DEFAULT CHARSET=utf8mb4 COLLATE=utf8mb4_unicode_ci;

--
-- Dumping data for table `ec_product_specification_attribute_translations`
--


--
-- Table structure for table `ec_product_tag_product`
--

CREATE TABLE `ec_product_tag_product` (
  `product_id` bigint unsigned NOT NULL,
  `tag_id` bigint unsigned NOT NULL,
  PRIMARY KEY (`product_id`,`tag_id`),
  KEY `ec_product_tag_product_product_id_index` (`product_id`),
  KEY `ec_product_tag_product_tag_id_index` (`tag_id`)
) ENGINE=InnoDB DEFAULT CHARSET=utf8mb4 COLLATE=utf8mb4_unicode_ci;

--
-- Dumping data for table `ec_product_tag_product`
--

INSERT INTO `ec_product_tag_product` VALUES (1,4),(1,5),(1,6),(2,9),(2,11),(2,14),(3,10),(3,12),(3,14),(4,4),(4,9),(4,11),(5,1),(5,4),(5,6),(6,2),(6,9),(6,13),(7,3),(7,8),(7,9),(8,1),(8,6),(8,11),(9,5),(9,13),(9,14),(10,3),(10,5),(10,6);

--
-- Table structure for table `ec_product_tags`
--

CREATE TABLE `ec_product_tags` (
  `id` bigint unsigned NOT NULL AUTO_INCREMENT,
  `name` varchar(120) COLLATE utf8mb4_unicode_ci NOT NULL,
  `description` varchar(400) COLLATE utf8mb4_unicode_ci DEFAULT NULL,
  `content` mediumtext COLLATE utf8mb4_unicode_ci,
  `status` varchar(60) COLLATE utf8mb4_unicode_ci NOT NULL DEFAULT 'published',
  `created_at` timestamp NULL DEFAULT NULL,
  `updated_at` timestamp NULL DEFAULT NULL,
  PRIMARY KEY (`id`)
) ENGINE=InnoDB AUTO_INCREMENT=16 DEFAULT CHARSET=utf8mb4 COLLATE=utf8mb4_unicode_ci;

--
-- Dumping data for table `ec_product_tags`
--

INSERT INTO `ec_product_tags` VALUES (1,'Cotton','Products tagged with Cotton.',NULL,'published','2026-05-28 19:08:33','2026-05-28 19:08:33'),(2,'Linen','Products tagged with Linen.',NULL,'published','2026-05-28 19:08:33','2026-05-28 19:08:33'),(3,'Wool','Products tagged with Wool.',NULL,'published','2026-05-28 19:08:33','2026-05-28 19:08:33'),(4,'Leather','Products tagged with Leather.',NULL,'published','2026-05-28 19:08:33','2026-05-28 19:08:33'),(5,'Tencel','Products tagged with Tencel.',NULL,'published','2026-05-28 19:08:33','2026-05-28 19:08:33'),(6,'Recycled','Products tagged with Recycled.',NULL,'published','2026-05-28 19:08:33','2026-05-28 19:08:33'),(7,'Made in Portugal','Products tagged with Made in Portugal.',NULL,'published','2026-05-28 19:08:33','2026-05-28 19:08:33'),(8,'Made in Italy','Products tagged with Made in Italy.',NULL,'published','2026-05-28 19:08:33','2026-05-28 19:08:33'),(9,'Hand-Crafted','Products tagged with Hand-Crafted.',NULL,'published','2026-05-28 19:08:33','2026-05-28 19:08:33'),(10,'Vegan','Products tagged with Vegan.',NULL,'published','2026-05-28 19:08:33','2026-05-28 19:08:33'),(11,'Limited Run','Products tagged with Limited Run.',NULL,'published','2026-05-28 19:08:33','2026-05-28 19:08:33'),(12,'Best Seller','Products tagged with Best Seller.',NULL,'published','2026-05-28 19:08:33','2026-05-28 19:08:33'),(13,'New Arrival','Products tagged with New Arrival.',NULL,'published','2026-05-28 19:08:33','2026-05-28 19:08:33'),(14,'Editor Pick','Products tagged with Editor Pick.',NULL,'published','2026-05-28 19:08:33','2026-05-28 19:08:33'),(15,'Eco-Friendly','Products tagged with Eco-Friendly.',NULL,'published','2026-05-28 19:08:33','2026-05-28 19:08:33');

--
-- Table structure for table `ec_product_tags_translations`
--

CREATE TABLE `ec_product_tags_translations` (
  `lang_code` varchar(255) COLLATE utf8mb4_unicode_ci NOT NULL,
  `ec_product_tags_id` bigint unsigned NOT NULL,
  `name` varchar(255) COLLATE utf8mb4_unicode_ci DEFAULT NULL,
  `content` mediumtext COLLATE utf8mb4_unicode_ci,
  PRIMARY KEY (`lang_code`,`ec_product_tags_id`),
  KEY `idx_product_tags_fk` (`ec_product_tags_id`),
  KEY `idx_product_tags_product_tags_lang` (`ec_product_tags_id`,`lang_code`)
) ENGINE=InnoDB DEFAULT CHARSET=utf8mb4 COLLATE=utf8mb4_unicode_ci;

--
-- Dumping data for table `ec_product_tags_translations`
--

INSERT INTO `ec_product_tags_translations` VALUES ('ar',1,'قطن',NULL),('ar',2,'الكتان',NULL),('ar',3,'صوف',NULL),('ar',4,'جلد',NULL),('ar',5,'ايوسل',NULL),('ar',6,'المعاد تدويرها',NULL),('ar',7,'صنع في البرتغال',NULL),('ar',8,'صنع في إيطاليا',NULL),('ar',9,'مصنوع يدويًا',NULL),('ar',10,'نباتي',NULL),('ar',11,'تشغيل محدود',NULL),('ar',12,'الأكثر مبيعًا',NULL),('ar',13,'وصول جديد',NULL),('ar',14,'اختيار المحرر',NULL),('ar',15,'صديقة للبيئة',NULL),('fr',1,'Coton',NULL),('fr',2,'Lin',NULL),('fr',3,'Laine',NULL),('fr',4,'Cuir',NULL),('fr',5,'Tencel',NULL),('fr',6,'Recyclé',NULL),('fr',7,'Fabriqué au Portugal',NULL),('fr',8,'Fabriqué en Italie',NULL),('fr',9,'Fabriqué à la main',NULL),('fr',10,'Végétalien',NULL),('fr',11,'Série limitée',NULL),('fr',12,'Meilleur vendeur',NULL),('fr',13,'Nouvelle Arrivée',NULL),('fr',14,'Choix de l\'éditeur',NULL),('fr',15,'Respectueux de l\'environnement',NULL),('id',1,'Kapas',NULL),('id',2,'Linen',NULL),('id',3,'Wol',NULL),('id',4,'Kulit',NULL),('id',5,'Tencel',NULL),('id',6,'Daur ulang',NULL),('id',7,'Dibuat di Portugal',NULL),('id',8,'Dibuat di Italia',NULL),('id',9,'Kerajinan Tangan',NULL),('id',10,'vegan',NULL),('id',11,'Jangka Terbatas',NULL),('id',12,'Penjual Terbaik',NULL),('id',13,'Kedatangan Baru',NULL),('id',14,'Pilihan Editor',NULL),('id',15,'Ramah Lingkungan',NULL),('tr',1,'Pamuk',NULL),('tr',2,'Keten',NULL),('tr',3,'Yün',NULL),('tr',4,'Deri',NULL),('tr',5,'Tencel',NULL),('tr',6,'Geri dönüştürülmüş',NULL),('tr',7,'Portekiz\'de yapıldı',NULL),('tr',8,'İtalya\'da yapıldı',NULL),('tr',9,'El Yapımı',NULL),('tr',10,'vegan',NULL),('tr',11,'Sınırlı Çalıştırma',NULL),('tr',12,'En çok satan kitap',NULL),('tr',13,'Yeni gelen',NULL),('tr',14,'Editörün Seçimi',NULL),('tr',15,'Çevre Dostu',NULL),('vi',1,'Cotton',NULL),('vi',2,'Linen',NULL),('vi',3,'Len',NULL),('vi',4,'Da',NULL),('vi',5,'Tencel',NULL),('vi',6,'Tái chế',NULL),('vi',7,'Sản xuất tại Bồ Đào Nha',NULL),('vi',8,'Sản xuất tại Ý',NULL),('vi',9,'Thủ công',NULL),('vi',10,'Thuần chay',NULL),('vi',11,'Lô giới hạn',NULL),('vi',12,'Bán chạy nhất',NULL),('vi',13,'Hàng mới về',NULL),('vi',14,'Biên tập viên chọn',NULL),('vi',15,'Thân thiện môi trường',NULL);

--
-- Table structure for table `ec_product_up_sale_relations`
--

CREATE TABLE `ec_product_up_sale_relations` (
  `from_product_id` bigint unsigned NOT NULL,
  `to_product_id` bigint unsigned NOT NULL,
  `is_variant` tinyint(1) NOT NULL DEFAULT '0',
  `price` decimal(15,2) DEFAULT '0.00',
  `price_type` varchar(255) COLLATE utf8mb4_unicode_ci NOT NULL DEFAULT 'fixed',
  `apply_to_all_variations` tinyint(1) NOT NULL DEFAULT '1',
  PRIMARY KEY (`from_product_id`,`to_product_id`),
  KEY `ec_product_up_sale_relations_from_product_id_index` (`from_product_id`),
  KEY `ec_product_up_sale_relations_to_product_id_index` (`to_product_id`)
) ENGINE=InnoDB DEFAULT CHARSET=utf8mb4 COLLATE=utf8mb4_unicode_ci;

--
-- Dumping data for table `ec_product_up_sale_relations`
--

INSERT INTO `ec_product_up_sale_relations` VALUES (1,2,0,5.00,'percent',1),(1,9,0,15.00,'percent',1),(2,6,0,50.00,'fixed',1),(2,10,0,5.00,'fixed',1),(3,2,0,20.00,'percent',1),(3,10,0,5.00,'fixed',1),(4,3,0,20.00,'fixed',1),(4,7,0,50.00,'fixed',1),(5,4,0,15.00,'percent',1),(5,9,0,50.00,'fixed',1),(6,4,0,50.00,'fixed',1),(6,7,0,10.00,'percent',1),(7,4,0,10.00,'fixed',1),(7,9,0,10.00,'fixed',1),(8,2,0,50.00,'fixed',1),(8,5,0,5.00,'percent',1),(9,4,0,50.00,'fixed',1),(9,6,0,10.00,'fixed',1),(10,2,0,5.00,'percent',1),(10,8,0,5.00,'percent',1);

--
-- Table structure for table `ec_product_variation_items`
--

CREATE TABLE `ec_product_variation_items` (
  `id` bigint unsigned NOT NULL AUTO_INCREMENT,
  `attribute_id` bigint unsigned NOT NULL,
  `variation_id` bigint unsigned NOT NULL,
  PRIMARY KEY (`id`),
  UNIQUE KEY `ec_product_variation_items_attribute_id_variation_id_unique` (`attribute_id`,`variation_id`),
  KEY `attribute_variation_index` (`attribute_id`,`variation_id`),
  KEY `idx_variation_id` (`variation_id`),
  KEY `idx_variation_attribute_covering` (`variation_id`,`attribute_id`),
  KEY `ec_product_variation_items_variation_id_attribute_id_index` (`variation_id`,`attribute_id`)
) ENGINE=InnoDB AUTO_INCREMENT=17 DEFAULT CHARSET=utf8mb4 COLLATE=utf8mb4_unicode_ci;

--
-- Dumping data for table `ec_product_variation_items`
--

INSERT INTO `ec_product_variation_items` VALUES (5,4,3),(1,6,1),(3,7,2),(7,7,4),(11,9,6),(9,12,5),(4,13,2),(2,15,1),(8,15,4),(10,15,5),(12,15,6),(6,18,3),(14,19,8),(15,21,9),(13,22,7),(16,23,10);

--
-- Table structure for table `ec_product_variations`
--

CREATE TABLE `ec_product_variations` (
  `id` bigint unsigned NOT NULL AUTO_INCREMENT,
  `product_id` bigint unsigned DEFAULT NULL,
  `configurable_product_id` bigint unsigned NOT NULL,
  `is_default` tinyint NOT NULL DEFAULT '0',
  PRIMARY KEY (`id`),
  UNIQUE KEY `ec_product_variations_product_id_configurable_product_id_unique` (`product_id`,`configurable_product_id`),
  KEY `configurable_product_index` (`product_id`,`configurable_product_id`),
  KEY `idx_configurable_product_id` (`configurable_product_id`),
  KEY `idx_product_variations_config` (`configurable_product_id`,`is_default`),
  KEY `ec_product_variations_product_id_index` (`product_id`),
  KEY `ec_product_variations_configurable_product_id_index` (`configurable_product_id`)
) ENGINE=InnoDB AUTO_INCREMENT=11 DEFAULT CHARSET=utf8mb4 COLLATE=utf8mb4_unicode_ci;

--
-- Dumping data for table `ec_product_variations`
--

INSERT INTO `ec_product_variations` VALUES (1,11,1,1),(2,12,1,0),(3,13,1,0),(4,14,3,1),(5,15,3,0),(6,16,3,0),(7,17,8,1),(8,18,8,0),(9,19,8,0),(10,20,9,1);

--
-- Table structure for table `ec_product_views`
--

CREATE TABLE `ec_product_views` (
  `id` bigint unsigned NOT NULL AUTO_INCREMENT,
  `product_id` bigint unsigned NOT NULL,
  `views` int NOT NULL DEFAULT '1',
  `date` date NOT NULL DEFAULT '2026-05-29',
  PRIMARY KEY (`id`),
  UNIQUE KEY `ec_product_views_product_id_date_unique` (`product_id`,`date`),
  KEY `ec_product_views_product_id_index` (`product_id`)
) ENGINE=InnoDB DEFAULT CHARSET=utf8mb4 COLLATE=utf8mb4_unicode_ci;

--
-- Dumping data for table `ec_product_views`
--


--
-- Table structure for table `ec_product_with_attribute_set`
--

CREATE TABLE `ec_product_with_attribute_set` (
  `attribute_set_id` bigint unsigned NOT NULL,
  `product_id` bigint unsigned NOT NULL,
  `order` tinyint unsigned NOT NULL DEFAULT '0',
  PRIMARY KEY (`product_id`,`attribute_set_id`)
) ENGINE=InnoDB DEFAULT CHARSET=utf8mb4 COLLATE=utf8mb4_unicode_ci;

--
-- Dumping data for table `ec_product_with_attribute_set`
--

INSERT INTO `ec_product_with_attribute_set` VALUES (1,1,0),(2,1,0),(1,3,0),(2,3,0),(3,8,0),(3,9,0);

--
-- Table structure for table `ec_products`
--

CREATE TABLE `ec_products` (
  `id` bigint unsigned NOT NULL AUTO_INCREMENT,
  `name` varchar(255) COLLATE utf8mb4_unicode_ci NOT NULL,
  `slug` varchar(255) COLLATE utf8mb4_unicode_ci DEFAULT NULL,
  `description` text COLLATE utf8mb4_unicode_ci,
  `content` longtext COLLATE utf8mb4_unicode_ci,
  `status` varchar(60) COLLATE utf8mb4_unicode_ci NOT NULL DEFAULT 'published',
  `images` text COLLATE utf8mb4_unicode_ci,
  `video_media` text COLLATE utf8mb4_unicode_ci,
  `sku` varchar(255) COLLATE utf8mb4_unicode_ci DEFAULT NULL,
  `order` int unsigned NOT NULL DEFAULT '0',
  `quantity` int unsigned DEFAULT NULL,
  `allow_checkout_when_out_of_stock` tinyint unsigned NOT NULL DEFAULT '0',
  `with_storehouse_management` tinyint unsigned NOT NULL DEFAULT '0',
  `stock_status` varchar(255) COLLATE utf8mb4_unicode_ci DEFAULT 'in_stock',
  `is_featured` tinyint unsigned NOT NULL DEFAULT '0',
  `is_new_until` date DEFAULT NULL,
  `brand_id` bigint unsigned DEFAULT NULL,
  `is_variation` tinyint NOT NULL DEFAULT '0',
  `variations_count` int unsigned NOT NULL DEFAULT '0',
  `reviews_count` int unsigned NOT NULL DEFAULT '0',
  `reviews_avg` decimal(3,2) NOT NULL DEFAULT '0.00',
  `sale_type` tinyint NOT NULL DEFAULT '0',
  `price` double unsigned DEFAULT NULL,
  `sale_price` double unsigned DEFAULT NULL,
  `start_date` timestamp NULL DEFAULT NULL,
  `end_date` timestamp NULL DEFAULT NULL,
  `length` double DEFAULT NULL,
  `wide` double DEFAULT NULL,
  `height` double DEFAULT NULL,
  `weight` double DEFAULT NULL,
  `tax_id` bigint unsigned DEFAULT NULL,
  `tax_class` varchar(50) COLLATE utf8mb4_unicode_ci NOT NULL DEFAULT 'standard',
  `views` bigint NOT NULL DEFAULT '0',
  `created_at` timestamp NULL DEFAULT NULL,
  `updated_at` timestamp NULL DEFAULT NULL,
  `store_id` bigint unsigned DEFAULT NULL,
  `created_by_id` bigint unsigned DEFAULT '0',
  `created_by_type` varchar(255) COLLATE utf8mb4_unicode_ci NOT NULL DEFAULT 'Botble\\ACL\\Models\\User',
  `approved_by` bigint unsigned DEFAULT '0',
  `image` varchar(255) COLLATE utf8mb4_unicode_ci DEFAULT NULL,
  `product_type` varchar(60) COLLATE utf8mb4_unicode_ci DEFAULT 'physical',
  `barcode` varchar(150) COLLATE utf8mb4_unicode_ci DEFAULT NULL,
  `cost_per_item` double DEFAULT NULL,
  `currency_code` varchar(10) COLLATE utf8mb4_unicode_ci DEFAULT NULL,
  `price_includes_tax` tinyint(1) NOT NULL DEFAULT '0',
  `generate_license_code` tinyint(1) NOT NULL DEFAULT '0',
  `license_code_type` enum('auto_generate','pick_from_list') COLLATE utf8mb4_unicode_ci NOT NULL DEFAULT 'auto_generate',
  `minimum_order_quantity` int unsigned DEFAULT '0',
  `maximum_order_quantity` int unsigned DEFAULT '0',
  `notify_attachment_updated` tinyint(1) NOT NULL DEFAULT '0',
  `specification_table_id` bigint unsigned DEFAULT NULL,
  PRIMARY KEY (`id`),
  KEY `ec_products_brand_id_status_is_variation_created_at_index` (`brand_id`,`status`,`is_variation`,`created_at`),
  KEY `sale_type_index` (`sale_type`),
  KEY `start_date_index` (`start_date`),
  KEY `end_date_index` (`end_date`),
  KEY `sale_price_index` (`sale_price`),
  KEY `is_variation_index` (`is_variation`),
  KEY `ec_products_sku_index` (`sku`),
  KEY `idx_products_export` (`id`,`is_variation`),
  KEY `idx_store_variation_status` (`store_id`,`is_variation`,`status`),
  KEY `idx_variation_name_id` (`is_variation`,`name`,`id`),
  KEY `ec_products_variations_count_index` (`variations_count`),
  KEY `ec_products_slug_index` (`slug`),
  KEY `idx_products_status_variation` (`status`,`is_variation`,`id`),
  KEY `idx_products_price_sale` (`sale_type`,`sale_price`,`price`),
  KEY `idx_products_order_created` (`order`,`created_at`),
  KEY `idx_products_stock` (`with_storehouse_management`,`stock_status`,`quantity`),
  KEY `ec_products_reviews_count_index` (`reviews_count`),
  KEY `ec_products_reviews_avg_index` (`reviews_avg`),
  KEY `ec_products_status_is_variation_index` (`status`,`is_variation`),
  KEY `ec_products_storehouse_quantity_index` (`with_storehouse_management`,`quantity`),
  KEY `ec_products_currency_code_index` (`currency_code`)
) ENGINE=InnoDB AUTO_INCREMENT=21 DEFAULT CHARSET=utf8mb4 COLLATE=utf8mb4_unicode_ci;

--
-- Dumping data for table `ec_products`
--

INSERT INTO `ec_products` VALUES (1,'Dragon Fruit','dragon-fruit','Vibrant pink-fleshed dragon fruit with a delicate sweetness and crisp bite.','<p>Hand-picked at peak ripeness from certified organic growers. Rich in vitamin C and antioxidants. Sold by the each.</p>','published','[\"products\\/organic\\/product-1.jpg\",\"products\\/organic\\/product-1-2.jpg\"]',NULL,'VH-112-A1',0,16,0,1,'in_stock',0,NULL,6,0,3,10,2.90,0,15.99,12.99,NULL,NULL,13,20,17,851,NULL,'standard',171414,'2026-05-28 19:08:40','2026-05-28 19:08:47',1,0,'Botble\\ACL\\Models\\User',0,'products/organic/product-1.jpg','physical','9266779783426',NULL,NULL,0,0,'auto_generate',0,0,0,NULL),(2,'Shredded Coconut','shredded-coconut','Unsweetened, finely shredded coconut from organically grown trees.','<p>No sulphites or added sugars. Perfect for granola, baking, and energy bites. 250g resealable pouch.</p>','published','[\"products\\/organic\\/product-2.jpg\",\"products\\/organic\\/product-2-2.jpg\"]',NULL,'AC-154',0,18,0,1,'in_stock',0,NULL,9,0,0,10,2.50,0,19.99,14.99,NULL,NULL,17,18,20,775,NULL,'standard',125988,'2026-05-28 19:08:40','2026-05-28 19:08:47',2,0,'Botble\\ACL\\Models\\User',0,'products/organic/product-2.jpg','physical','9986988521519',NULL,NULL,0,0,'auto_generate',0,0,0,NULL),(3,'Wunder Chaga Powder','wunder-chaga-powder','Wild-harvested Siberian chaga, dual-extracted to capture beta-glucans and triterpenes.','<p>Smooth, lightly bitter taste. Mix into coffee, broth, or smoothies. 100g glass jar.</p>','published','[\"products\\/organic\\/product-3.jpg\",\"products\\/organic\\/product-3-2.jpg\",\"products\\/organic\\/detail-3.jpg\",\"products\\/organic\\/detail-3-2.jpg\",\"products\\/organic\\/detail-3-3.jpg\"]',NULL,'ND-129-A1',0,12,0,1,'in_stock',0,NULL,9,0,3,10,3.30,0,59.99,49.99,NULL,NULL,16,16,10,679,NULL,'standard',157847,'2026-05-28 19:08:40','2026-05-28 19:08:47',3,0,'Botble\\ACL\\Models\\User',0,'products/organic/product-3.jpg','physical','4455943362429',NULL,NULL,0,0,'auto_generate',0,0,0,NULL),(4,'Blueberry Granola','blueberry-granola','Slow-baked oat granola with wild blueberries, almonds, and pure maple syrup.','<p>Made in small batches. No refined sugar, palm oil, or preservatives. 500g recyclable pouch.</p>','published','[\"products\\/organic\\/product-4.jpg\",\"products\\/organic\\/product-4-2.jpg\"]',NULL,'DS-100',0,12,0,1,'in_stock',0,NULL,11,0,0,10,2.30,0,25.99,19.99,NULL,NULL,13,15,10,696,NULL,'standard',49987,'2026-05-28 19:08:40','2026-05-28 19:08:47',4,0,'Botble\\ACL\\Models\\User',0,'products/organic/product-4.jpg','physical','2722476589718',NULL,NULL,0,0,'auto_generate',0,0,0,NULL),(5,'Dark Choc Almonds','dark-choc-almonds','Crunchy almonds enrobed in 70% single-origin dark chocolate.','<p>Organic, fair-trade certified. Naturally gluten-free. 200g resealable bag.</p>','published','[\"products\\/organic\\/product-5.jpg\",\"products\\/organic\\/product-5-2.jpg\"]',NULL,'XQ-199',0,10,0,1,'in_stock',1,NULL,11,0,0,10,3.00,0,19.99,15.99,NULL,NULL,11,18,20,603,NULL,'standard',176017,'2026-05-28 19:08:40','2026-05-28 19:08:47',1,0,'Botble\\ACL\\Models\\User',0,'products/organic/product-5.jpg','physical','4991362988548',NULL,NULL,0,0,'auto_generate',0,0,0,NULL),(6,'Quinoa Tri-Color','quinoa-tri-color','Tri-color quinoa blend rinsed and ready — a fluffy, protein-rich grain alternative.','<p>White, red, and black quinoa from Andean cooperatives. 500g pack. Cooks in 15 minutes.</p>','published','[\"products\\/organic\\/product-6.jpg\",\"products\\/organic\\/product-6-2.jpg\"]',NULL,'ZE-155',0,16,0,1,'in_stock',1,NULL,12,0,0,10,1.90,0,22.99,17.99,NULL,NULL,18,18,13,611,NULL,'standard',186225,'2026-05-28 19:08:40','2026-05-28 19:08:47',2,0,'Botble\\ACL\\Models\\User',0,'products/organic/product-6.jpg','physical','6557321509537',NULL,NULL,0,0,'auto_generate',0,0,0,NULL),(7,'Cold-Pressed Olive Oil','cold-pressed-olive-oil','Single-estate extra virgin olive oil with a peppery finish and grassy aroma.','<p>Harvest-dated. Organic Picual olives. Stored in dark glass to preserve polyphenols. 500ml bottle.</p>','published','[\"products\\/organic\\/product-7.jpg\"]',NULL,'JM-183',0,20,0,1,'in_stock',1,NULL,11,0,0,10,2.80,0,45.99,35.99,NULL,NULL,18,13,14,536,NULL,'standard',83343,'2026-05-28 19:08:40','2026-05-28 19:08:47',3,0,'Botble\\ACL\\Models\\User',0,'products/organic/product-7.jpg','physical','4312286978147',NULL,NULL,0,0,'auto_generate',0,0,0,NULL),(8,'Manuka Honey','manuka-honey','Raw, unpasteurised Manuka honey graded for natural enzyme activity.','<p>Sourced from remote New Zealand apiaries. UMF 10+ certified. 250g glass jar.</p>','published','[\"products\\/organic\\/product-8.jpg\"]',NULL,'PZ-108-A1',0,12,0,1,'in_stock',0,NULL,12,0,3,10,3.00,0,89.99,69.99,NULL,NULL,12,19,17,898,NULL,'standard',175705,'2026-05-28 19:08:40','2026-05-28 19:08:47',4,0,'Botble\\ACL\\Models\\User',0,'products/organic/product-8.jpg','physical','9535993141269',NULL,NULL,0,0,'auto_generate',0,0,0,NULL),(9,'Spirulina Tablets','spirulina-tablets','Blue-green algae compressed without binders — a daily plant-based protein boost.','<p>Lab-tested for heavy metals. 180 tablets per bottle. Take 4-6 tablets with water before meals.</p>','published','[\"products\\/organic\\/product-9.jpg\"]',NULL,'SF-185-A1',0,19,0,1,'in_stock',1,NULL,2,0,1,10,2.40,0,39.99,29.99,NULL,NULL,18,11,20,507,NULL,'standard',177361,'2026-05-28 19:08:41','2026-05-28 19:08:47',1,0,'Botble\\ACL\\Models\\User',0,'products/organic/product-9.jpg','physical','2984857620599',NULL,NULL,0,0,'auto_generate',0,0,0,NULL),(10,'Organic Turmeric Powder','organic-turmeric-powder','Sun-dried Indian turmeric milled to a fine, deeply pigmented powder.','<p>Curcumin-rich. Pair with black pepper for absorption. 100g glass jar with measuring spoon.</p>','published','[\"products\\/organic\\/product-11.jpg\",\"products\\/organic\\/product-11-2.jpg\"]',NULL,'MH-152',0,11,0,1,'in_stock',0,NULL,12,0,0,10,2.80,0,19.99,15.99,NULL,NULL,17,15,20,767,NULL,'standard',166289,'2026-05-28 19:08:41','2026-05-28 19:08:47',2,0,'Botble\\ACL\\Models\\User',0,'products/organic/product-11.jpg','physical','6972391215728',NULL,NULL,0,0,'auto_generate',0,0,0,NULL),(11,'Dragon Fruit',NULL,NULL,NULL,'published','[\"products\\/organic\\/product-1-2.jpg\"]',NULL,'VH-112-A1',0,16,0,1,'in_stock',0,NULL,6,1,0,0,0.00,0,15.99,NULL,NULL,NULL,13,20,17,851,NULL,'standard',0,'2026-05-28 19:08:41','2026-05-28 19:08:47',1,0,'Botble\\ACL\\Models\\User',0,NULL,'physical','3283992312420',NULL,NULL,0,0,'auto_generate',0,0,0,NULL),(12,'Dragon Fruit',NULL,NULL,NULL,'published','[\"products\\/organic\\/product-1.jpg\"]',NULL,'VH-112-A1-A2',0,16,0,1,'in_stock',0,NULL,6,1,0,0,0.00,0,15.99,NULL,NULL,NULL,13,20,17,851,NULL,'standard',0,'2026-05-28 19:08:41','2026-05-28 19:08:47',1,0,'Botble\\ACL\\Models\\User',0,NULL,'physical','5211023699774',NULL,NULL,0,0,'auto_generate',0,0,0,NULL),(13,'Dragon Fruit',NULL,NULL,NULL,'published','[\"products\\/organic\\/product-1.jpg\"]',NULL,'VH-112-A1-A3',0,16,0,1,'in_stock',0,NULL,6,1,0,0,0.00,0,15.99,NULL,NULL,NULL,13,20,17,851,NULL,'standard',0,'2026-05-28 19:08:41','2026-05-28 19:08:47',1,0,'Botble\\ACL\\Models\\User',0,NULL,'physical','7507498370194',NULL,NULL,0,0,'auto_generate',0,0,0,NULL),(14,'Wunder Chaga Powder',NULL,NULL,NULL,'published','[\"products\\/organic\\/product-3-2.jpg\"]',NULL,'ND-129-A1',0,12,0,1,'in_stock',0,NULL,9,1,0,0,0.00,0,59.99,NULL,NULL,NULL,16,16,10,679,NULL,'standard',0,'2026-05-28 19:08:41','2026-05-28 19:08:47',3,0,'Botble\\ACL\\Models\\User',0,NULL,'physical','4317609809528',NULL,NULL,0,0,'auto_generate',0,0,0,NULL),(15,'Wunder Chaga Powder',NULL,NULL,NULL,'published','[\"products\\/organic\\/detail-3.jpg\"]',NULL,'ND-129-A1-A2',0,12,0,1,'in_stock',0,NULL,9,1,0,0,0.00,0,59.99,NULL,NULL,NULL,16,16,10,679,NULL,'standard',0,'2026-05-28 19:08:41','2026-05-28 19:08:47',3,0,'Botble\\ACL\\Models\\User',0,NULL,'physical','9341086230303',NULL,NULL,0,0,'auto_generate',0,0,0,NULL),(16,'Wunder Chaga Powder',NULL,NULL,NULL,'published','[\"products\\/organic\\/detail-3-2.jpg\"]',NULL,'ND-129-A1-A3',0,12,0,1,'in_stock',0,NULL,9,1,0,0,0.00,0,59.99,NULL,NULL,NULL,16,16,10,679,NULL,'standard',0,'2026-05-28 19:08:41','2026-05-28 19:08:47',3,0,'Botble\\ACL\\Models\\User',0,NULL,'physical','1965819254749',NULL,NULL,0,0,'auto_generate',0,0,0,NULL),(17,'Manuka Honey',NULL,NULL,NULL,'published','[\"products\\/organic\\/product-8.jpg\"]',NULL,'PZ-108-A1',0,12,0,1,'in_stock',0,NULL,12,1,0,0,0.00,0,89.99,71.992,NULL,NULL,12,19,17,898,NULL,'standard',0,'2026-05-28 19:08:41','2026-05-28 19:08:47',4,0,'Botble\\ACL\\Models\\User',0,NULL,'physical','0378497937100',NULL,NULL,0,0,'auto_generate',0,0,0,NULL),(18,'Manuka Honey',NULL,NULL,NULL,'published','[\"products\\/organic\\/product-8.jpg\"]',NULL,'PZ-108-A1-A2',0,12,0,1,'in_stock',0,NULL,12,1,0,0,0.00,0,89.99,63.8929,NULL,NULL,12,19,17,898,NULL,'standard',0,'2026-05-28 19:08:41','2026-05-28 19:08:47',4,0,'Botble\\ACL\\Models\\User',0,NULL,'physical','5773684431013',NULL,NULL,0,0,'auto_generate',0,0,0,NULL),(19,'Manuka Honey',NULL,NULL,NULL,'published','[\"products\\/organic\\/product-8.jpg\"]',NULL,'PZ-108-A1-A3',0,12,0,1,'in_stock',0,NULL,12,1,0,0,0.00,0,89.99,78.2913,NULL,NULL,12,19,17,898,NULL,'standard',0,'2026-05-28 19:08:41','2026-05-28 19:08:47',4,0,'Botble\\ACL\\Models\\User',0,NULL,'physical','9826915017510',NULL,NULL,0,0,'auto_generate',0,0,0,NULL),(20,'Spirulina Tablets',NULL,NULL,NULL,'published','[\"products\\/organic\\/product-9.jpg\"]',NULL,'SF-185-A1',0,19,0,1,'in_stock',0,NULL,2,1,0,0,0.00,0,39.99,NULL,NULL,NULL,18,11,20,507,NULL,'standard',0,'2026-05-28 19:08:41','2026-05-28 19:08:47',1,0,'Botble\\ACL\\Models\\User',0,NULL,'physical','9914352350120',NULL,NULL,0,0,'auto_generate',0,0,0,NULL);

--
-- Table structure for table `ec_products_translations`
--

CREATE TABLE `ec_products_translations` (
  `lang_code` varchar(255) COLLATE utf8mb4_unicode_ci NOT NULL,
  `ec_products_id` bigint unsigned NOT NULL,
  `name` varchar(255) COLLATE utf8mb4_unicode_ci DEFAULT NULL,
  `slug` varchar(255) COLLATE utf8mb4_unicode_ci DEFAULT NULL,
  `description` text COLLATE utf8mb4_unicode_ci,
  `content` text COLLATE utf8mb4_unicode_ci,
  PRIMARY KEY (`lang_code`,`ec_products_id`),
  KEY `idx_products_fk` (`ec_products_id`),
  KEY `idx_products_products_lang` (`ec_products_id`,`lang_code`)
) ENGINE=InnoDB DEFAULT CHARSET=utf8mb4 COLLATE=utf8mb4_unicode_ci;

--
-- Dumping data for table `ec_products_translations`
--

INSERT INTO `ec_products_translations` VALUES ('ar',1,'فاكهة التنين',NULL,'فاكهة التنين ذات اللون الوردي الزاهي مع حلاوة خفيفة وقوام مقرمش.','<p> يتم قطفه يدويًا بنضج مثالي من مزارعي عضويين معتمدين. غني بفيتامين C ومضادات الأكسدة. تباع بالفواكه.</p>'),('ar',2,'جوز الهند المبشور',NULL,'جوز الهند المبشور ناعماً غير المحلى من أشجار جوز الهند المزروعة عضوياً.','<p> لا يحتوي على كبريتات أو سكريات مضافة. مثالية للجرانولا والخبز وكرات الطاقة. كيس قابل للإغلاق سعة 250 جرام.</p>'),('ar',3,'مسحوق وندر شاجا',NULL,'فطر تشاجا السيبيري الذي تم حصاده بشكل كبير، مستخلص مرتين للحفاظ على بيتا جلوكان وتريتربين.','<p> طعم سلس، مر قليلا. امزجه مع القهوة أو المرق أو العصائر. جرة زجاجية 100 جرام.</p>'),('ar',4,'جرانولا التوت',NULL,'جرانولا الشوفان المحمصة ببطء مع التوت البري واللوز وشراب القيقب النقي.','<p>صنع على دفعات صغيرة. لا يوجد سكر مكرر أو زيت النخيل أو مواد حافظة. كيس قابل لإعادة التدوير سعة 500 جرام.</p>'),('ar',5,'اللوز الشوكولاته الداكنة',NULL,'لوز مقرمش مغلف بشوكولاتة داكنة 70% من مصدر واحد.','<p>عضوي ومعتمد وفقًا لمعايير التجارة العادلة. خالي من الغلوتين بشكل طبيعي. كيس قابل للإغلاق 200 جرام.</p>'),('ar',6,'الكينوا ثلاثي الألوان',NULL,'مزيج الكينوا ثلاثي الألوان مغسول وجاهز للطهي، وهو بديل قشاري غني بالبروتين.','<p>الكينوا الأبيض والأحمر والأسود من تعاونيات الأنديز. حزمة 500 جرام. يُطهى لمدة 15 دقيقة.</p>'),('ar',7,'زيت زيتون معصور على البارد',NULL,'زيت زيتون بكر ممتاز من مزرعة واحدة مع لمسة نهائية حارة ونكهات عشبية طازجة.','<p>حدد تاريخ الحصاد. زيتون بيكوال عضوي. قم بتخزينه في قنينة زجاجية داكنة للحفاظ على مادة البوليفينول. زجاجة سعة 500 مل.</p>'),('ar',8,'عسل مانوكا',NULL,'يتم تصنيف عسل مانوكا الخام غير المبستر وفقًا لنشاط الإنزيم الطبيعي.','<p> مستغل من مزارع النحل النائية في نيوزيلندا. شهادة UMF 10+. جرة زجاجية 250 جرام.</p>'),('ar',9,'أقراص سبيرولينا',NULL,'يتم ضغط الطحالب الخضراء المزرقة في كريات خالية من المواد الرابطة، وهي مصدر رائع للبروتين النباتي كل يوم.','<p> تم اختباره معمليًا للتأكد من عدم وجود معادن ثقيلة. 180 حبة لكل زجاجة. تناول 4-6 أقراص مع الماء قبل الوجبات.</p>'),('ar',10,'مسحوق الكركم العضوي',NULL,'يتم طحن الكركم الهندي المجفف بالشمس إلى مسحوق ناعم ذو صبغة عميقة.','<p>غني بالكركمين. يُمزج مع الفلفل الأسود لزيادة الامتصاص. برطمان زجاجي سعة 100 جرام مع ملعقة قياس.</p>'),('ar',11,'فاكهة التنين',NULL,'فاكهة التنين ذات اللون الوردي الزاهي مع حلاوة خفيفة وقوام مقرمش.','<p> يتم قطفه يدويًا بنضج مثالي من مزارعي عضويين معتمدين. غني بفيتامين C ومضادات الأكسدة. تباع بالفواكه.</p>'),('ar',12,'فاكهة التنين',NULL,'فاكهة التنين ذات اللون الوردي الزاهي مع حلاوة خفيفة وقوام مقرمش.','<p> يتم قطفه يدويًا بنضج مثالي من مزارعي عضويين معتمدين. غني بفيتامين C ومضادات الأكسدة. تباع بالفواكه.</p>'),('ar',13,'فاكهة التنين',NULL,'فاكهة التنين ذات اللون الوردي الزاهي مع حلاوة خفيفة وقوام مقرمش.','<p> يتم قطفه يدويًا بنضج مثالي من مزارعي عضويين معتمدين. غني بفيتامين C ومضادات الأكسدة. تباع بالفواكه.</p>'),('ar',14,'مسحوق وندر شاجا',NULL,'فطر تشاجا السيبيري الذي تم حصاده بشكل كبير، مستخلص مرتين للحفاظ على بيتا جلوكان وتريتربين.','<p> طعم سلس، مر قليلا. امزجه مع القهوة أو المرق أو العصائر. جرة زجاجية 100 جرام.</p>'),('ar',15,'مسحوق وندر شاجا',NULL,'فطر تشاجا السيبيري الذي تم حصاده بشكل كبير، مستخلص مرتين للحفاظ على بيتا جلوكان وتريتربين.','<p> طعم سلس، مر قليلا. امزجه مع القهوة أو المرق أو العصائر. جرة زجاجية 100 جرام.</p>'),('ar',16,'مسحوق وندر شاجا',NULL,'فطر تشاجا السيبيري الذي تم حصاده بشكل كبير، مستخلص مرتين للحفاظ على بيتا جلوكان وتريتربين.','<p> طعم سلس، مر قليلا. امزجه مع القهوة أو المرق أو العصائر. جرة زجاجية 100 جرام.</p>'),('ar',17,'عسل مانوكا',NULL,'يتم تصنيف عسل مانوكا الخام غير المبستر وفقًا لنشاط الإنزيم الطبيعي.','<p> مستغل من مزارع النحل النائية في نيوزيلندا. شهادة UMF 10+. جرة زجاجية 250 جرام.</p>'),('ar',18,'عسل مانوكا',NULL,'يتم تصنيف عسل مانوكا الخام غير المبستر وفقًا لنشاط الإنزيم الطبيعي.','<p> مستغل من مزارع النحل النائية في نيوزيلندا. شهادة UMF 10+. جرة زجاجية 250 جرام.</p>'),('ar',19,'عسل مانوكا',NULL,'يتم تصنيف عسل مانوكا الخام غير المبستر وفقًا لنشاط الإنزيم الطبيعي.','<p> مستغل من مزارع النحل النائية في نيوزيلندا. شهادة UMF 10+. جرة زجاجية 250 جرام.</p>'),('ar',20,'أقراص سبيرولينا',NULL,'يتم ضغط الطحالب الخضراء المزرقة في كريات خالية من المواد الرابطة، وهي مصدر رائع للبروتين النباتي كل يوم.','<p> تم اختباره معمليًا للتأكد من عدم وجود معادن ثقيلة. 180 حبة لكل زجاجة. تناول 4-6 أقراص مع الماء قبل الوجبات.</p>'),('fr',1,'Fruit du dragon',NULL,'Fruit du dragon rose vif avec une légère douceur et une texture croquante.','<p>Récoltées à la main à parfaite maturité auprès de producteurs certifiés biologiques. Riche en vitamine C et en antioxydants. Vendu par fruit.</p>'),('fr',2,'Noix de coco râpée',NULL,'Noix de coco non sucrée finement râpée provenant de cocotiers issus de l\'agriculture biologique.','<p>Sans sulfites ni sucres ajoutés. Parfait pour les granola, les pâtisseries et les boules énergétiques. Sachet refermable de 250g.</p>'),('fr',3,'Poudre de Chaga Wunder',NULL,'Champignon chaga sibérien récolté dans la nature, double extrait pour préserver le bêta-glucane et le triterpène.','<p>Goût doux, légèrement amer. Mélanger avec du café, du bouillon ou des smoothies. Pot en verre 100g.</p>'),('fr',4,'Granola aux bleuets',NULL,'Granola à l\'avoine rôti lentement avec bleuets sauvages, amandes et sirop d\'érable pur.','<p>Faire en petits lots. Sans sucre raffiné, sans huile de palme ni conservateur. Sachet recyclable de 500g.</p>'),('fr',5,'Amandes au chocolat noir',NULL,'Amandes croustillantes enrobées de chocolat noir 70% mono origine.','<p>Biologique, certifié commerce équitable. Naturellement sans gluten. Sachet refermable de 200g.</p>'),('fr',6,'Quinoa tricolore',NULL,'Le mélange de quinoa tricolore est lavé et prêt à cuire – une alternative feuilletée et riche en protéines.','<p>Quinoa blanc, rouge et noir provenant de coopératives andines. Paquet de 500g. Cuire 15 minutes.</p>'),('fr',7,'Huile d\'olive pressée à froid',NULL,'Huile d\'olive extra vierge d\'une seule ferme avec une finale épicée et des notes herbacées fraîches.','<p>Précisez la date de récolte. Olives Picual biologiques. Conserver dans une bouteille en verre foncé pour préserver les polyphénols. Flacon de 500 ml.</p>'),('fr',8,'Miel de Manuka',NULL,'Le miel de Manuka brut et non pasteurisé est classé en fonction de son activité enzymatique naturelle.','<p>Exploité dans des fermes apicoles isolées en Nouvelle-Zélande. Certifié UMF 10+. Pot en verre 250g.</p>'),('fr',9,'Comprimés de spiruline',NULL,'Les algues bleu-vert sont pressées en granulés sans liant – une excellente source de protéines végétales chaque jour.','<p>Testé en laboratoire pour les métaux lourds. 180 comprimés par flacon. Prendre 4 à 6 comprimés avec de l\'eau avant les repas.</p>'),('fr',10,'Poudre de curcuma biologique',NULL,'Le curcuma indien séché au soleil est broyé en une poudre fine et profondément pigmentée.','<p>Riche en curcumine. Mélanger avec du poivre noir pour augmenter l\'absorption. Pot en verre de 100 g avec cuillère doseuse.</p>'),('fr',11,'Fruit du dragon',NULL,'Fruit du dragon rose vif avec une légère douceur et une texture croquante.','<p>Récoltées à la main à parfaite maturité auprès de producteurs certifiés biologiques. Riche en vitamine C et en antioxydants. Vendu par fruit.</p>'),('fr',12,'Fruit du dragon',NULL,'Fruit du dragon rose vif avec une légère douceur et une texture croquante.','<p>Récoltées à la main à parfaite maturité auprès de producteurs certifiés biologiques. Riche en vitamine C et en antioxydants. Vendu par fruit.</p>'),('fr',13,'Fruit du dragon',NULL,'Fruit du dragon rose vif avec une légère douceur et une texture croquante.','<p>Récoltées à la main à parfaite maturité auprès de producteurs certifiés biologiques. Riche en vitamine C et en antioxydants. Vendu par fruit.</p>'),('fr',14,'Poudre de Chaga Wunder',NULL,'Champignon chaga sibérien récolté dans la nature, double extrait pour préserver le bêta-glucane et le triterpène.','<p>Goût doux, légèrement amer. Mélanger avec du café, du bouillon ou des smoothies. Pot en verre 100g.</p>'),('fr',15,'Poudre de Chaga Wunder',NULL,'Champignon chaga sibérien récolté dans la nature, double extrait pour préserver le bêta-glucane et le triterpène.','<p>Goût doux, légèrement amer. Mélanger avec du café, du bouillon ou des smoothies. Pot en verre 100g.</p>'),('fr',16,'Poudre de Chaga Wunder',NULL,'Champignon chaga sibérien récolté dans la nature, double extrait pour préserver le bêta-glucane et le triterpène.','<p>Goût doux, légèrement amer. Mélanger avec du café, du bouillon ou des smoothies. Pot en verre 100g.</p>'),('fr',17,'Miel de Manuka',NULL,'Le miel de Manuka brut et non pasteurisé est classé en fonction de son activité enzymatique naturelle.','<p>Exploité dans des fermes apicoles isolées en Nouvelle-Zélande. Certifié UMF 10+. Pot en verre 250g.</p>'),('fr',18,'Miel de Manuka',NULL,'Le miel de Manuka brut et non pasteurisé est classé en fonction de son activité enzymatique naturelle.','<p>Exploité dans des fermes apicoles isolées en Nouvelle-Zélande. Certifié UMF 10+. Pot en verre 250g.</p>'),('fr',19,'Miel de Manuka',NULL,'Le miel de Manuka brut et non pasteurisé est classé en fonction de son activité enzymatique naturelle.','<p>Exploité dans des fermes apicoles isolées en Nouvelle-Zélande. Certifié UMF 10+. Pot en verre 250g.</p>'),('fr',20,'Comprimés de spiruline',NULL,'Les algues bleu-vert sont pressées en granulés sans liant – une excellente source de protéines végétales chaque jour.','<p>Testé en laboratoire pour les métaux lourds. 180 comprimés par flacon. Prendre 4 à 6 comprimés avec de l\'eau avant les repas.</p>'),('id',1,'Buah naga',NULL,'Buah naga berwarna merah muda cerah dengan rasa manis yang ringan dan tekstur yang renyah.','<p>Dipetik dengan kematangan sempurna dari petani organik bersertifikat. Kaya akan vitamin C dan antioksidan. Dijual per buah.</p>'),('id',2,'Kelapa parut',NULL,'Kelapa parut halus tanpa pemanis dari pohon kelapa yang ditanam secara organik.','<p>Tanpa sulfit atau gula tambahan. Sempurna untuk granola, kue, dan bola energi. 250g tas yang dapat ditutup kembali.</p>'),('id',3,'Bubuk Wunder Chaga',NULL,'Jamur chaga Siberia yang dipanen secara liar, diekstraksi ganda untuk mengawetkan beta-glukan dan triterpen.','<p>Rasanya halus, sedikit pahit. Campurkan ke dalam kopi, kaldu, atau smoothie. Toples kaca 100g.</p>'),('id',4,'Granola Blueberry',NULL,'Granola oatmeal panggang lambat dengan blueberry liar, almond, dan sirup maple murni.','<p>Buat dalam jumlah kecil. Tanpa gula rafinasi, minyak sawit, atau bahan pengawet. 500g tas daur ulang.</p>'),('id',5,'Almond Coklat Gelap',NULL,'Kacang almond renyah dilapisi dengan coklat hitam single origin 70%.','<p>Perdagangan adil yang organik dan bersertifikat. Secara alami bebas gluten. 200g tas yang dapat ditutup kembali.</p>'),('id',6,'Quinoa Tiga Warna',NULL,'Campuran quinoa tiga warna dicuci dan siap dimasak — alternatif yang kaya protein dan bersisik.','<p>Quinoa putih, merah dan hitam dari koperasi Andes. paket 500g. Masak selama 15 menit.</p>'),('id',7,'Minyak Zaitun yang Diperas Dingin',NULL,'Minyak zaitun extra virgin dari satu perkebunan dengan sentuhan akhir pedas dan aroma rumput segar.','<p>Tentukan tanggal panen. Zaitun Picual Organik. Simpan dalam botol kaca gelap untuk mengawetkan polifenol. Botol 500ml.</p>'),('id',8,'Madu Manuka',NULL,'Madu Manuka mentah yang tidak dipasteurisasi dinilai berdasarkan aktivitas enzim alaminya.','<p>Dieksploitasi dari peternakan lebah terpencil di Selandia Baru. Bersertifikasi UMF 10+. Toples kaca 250g.</p>'),('id',9,'Tablet Spirulina',NULL,'Ganggang biru-hijau diolah menjadi pelet bebas pengikat — sumber protein nabati yang baik setiap hari.','<p>Lab diuji untuk logam berat. 180 tablet per botol. Minum 4-6 tablet dengan air sebelum makan.</p>'),('id',10,'Bubuk Kunyit Organik',NULL,'Kunyit India yang dijemur digiling menjadi bubuk halus berpigmen dalam.','<p>Kaya akan kurkumin. Kombinasikan dengan lada hitam untuk meningkatkan penyerapan. Toples kaca 100g dengan sendok takar.</p>'),('id',11,'Buah naga',NULL,'Buah naga berwarna merah muda cerah dengan rasa manis yang ringan dan tekstur yang renyah.','<p>Dipetik dengan kematangan sempurna dari petani organik bersertifikat. Kaya akan vitamin C dan antioksidan. Dijual per buah.</p>'),('id',12,'Buah naga',NULL,'Buah naga berwarna merah muda cerah dengan rasa manis yang ringan dan tekstur yang renyah.','<p>Dipetik dengan kematangan sempurna dari petani organik bersertifikat. Kaya akan vitamin C dan antioksidan. Dijual per buah.</p>'),('id',13,'Buah naga',NULL,'Buah naga berwarna merah muda cerah dengan rasa manis yang ringan dan tekstur yang renyah.','<p>Dipetik dengan kematangan sempurna dari petani organik bersertifikat. Kaya akan vitamin C dan antioksidan. Dijual per buah.</p>'),('id',14,'Bubuk Wunder Chaga',NULL,'Jamur chaga Siberia yang dipanen secara liar, diekstraksi ganda untuk mengawetkan beta-glukan dan triterpen.','<p>Rasanya halus, sedikit pahit. Campurkan ke dalam kopi, kaldu, atau smoothie. Toples kaca 100g.</p>'),('id',15,'Bubuk Wunder Chaga',NULL,'Jamur chaga Siberia yang dipanen secara liar, diekstraksi ganda untuk mengawetkan beta-glukan dan triterpen.','<p>Rasanya halus, sedikit pahit. Campurkan ke dalam kopi, kaldu, atau smoothie. Toples kaca 100g.</p>'),('id',16,'Bubuk Wunder Chaga',NULL,'Jamur chaga Siberia yang dipanen secara liar, diekstraksi ganda untuk mengawetkan beta-glukan dan triterpen.','<p>Rasanya halus, sedikit pahit. Campurkan ke dalam kopi, kaldu, atau smoothie. Toples kaca 100g.</p>'),('id',17,'Madu Manuka',NULL,'Madu Manuka mentah yang tidak dipasteurisasi dinilai berdasarkan aktivitas enzim alaminya.','<p>Dieksploitasi dari peternakan lebah terpencil di Selandia Baru. Bersertifikasi UMF 10+. Toples kaca 250g.</p>'),('id',18,'Madu Manuka',NULL,'Madu Manuka mentah yang tidak dipasteurisasi dinilai berdasarkan aktivitas enzim alaminya.','<p>Dieksploitasi dari peternakan lebah terpencil di Selandia Baru. Bersertifikasi UMF 10+. Toples kaca 250g.</p>'),('id',19,'Madu Manuka',NULL,'Madu Manuka mentah yang tidak dipasteurisasi dinilai berdasarkan aktivitas enzim alaminya.','<p>Dieksploitasi dari peternakan lebah terpencil di Selandia Baru. Bersertifikasi UMF 10+. Toples kaca 250g.</p>'),('id',20,'Tablet Spirulina',NULL,'Ganggang biru-hijau diolah menjadi pelet bebas pengikat — sumber protein nabati yang baik setiap hari.','<p>Lab diuji untuk logam berat. 180 tablet per botol. Minum 4-6 tablet dengan air sebelum makan.</p>'),('tr',1,'Ejderha Meyvesi',NULL,'Hafif bir tatlılığa ve gevrek bir dokuya sahip parlak pembe ejderha meyvesi.','<p>Sertifikalı organik yetiştiricilerden mükemmel olgunlukta elle seçilmiştir. C vitamini ve antioksidanlar açısından zengindir. Meyve ile satılır.</p>'),('tr',2,'Rendelenmiş Hindistan Cevizi',NULL,'Organik olarak yetiştirilen hindistancevizi ağaçlarından elde edilen, şekersiz, ince kıyılmış hindistan cevizi.','<p>Sülfit veya ilave şeker içermez. Granola, fırınlama ve enerji topları için mükemmeldir. 250g açılıp kapanabilir torba.</p>'),('tr',3,'Wunder Chaga Tozu',NULL,'Vahşice hasat edilmiş Sibirya chaga mantarı, beta-glukan ve triterpeni korumak için iki kez ekstrakte edildi.','<p>Pürüzsüz tadı, hafif acı. Kahveye, et suyuna veya smoothielere karıştırın. Cam kavanoz 100g.</p>'),('tr',4,'Yaban Mersinli Granola',NULL,'Yaban mersini, badem ve saf akçaağaç şurubu ile yavaş kavrulmuş yulaf ezmesi granola.','<p>Küçük gruplar halinde üretin. Rafine şeker, palm yağı veya koruyucu madde içermez. 500 gr geri dönüştürülebilir torba.</p>'),('tr',5,'Bitter Çikolata Badem',NULL,'Tek kökenli %70 bitter çikolatayla kaplanmış çıtır badem.','<p>Organik, sertifikalı adil ticaret. Doğal olarak glutensiz. 200g açılıp kapanabilir torba.</p>'),('tr',6,'Kinoa Üç Renkli',NULL,'Üç renkli kinoa karışımı yıkanır ve pişirmeye hazır hale gelir; pul pul, protein açısından zengin bir alternatif.','<p>And kooperatiflerinden beyaz, kırmızı ve siyah kinoa. 500 gr\'lık paket. 15 dakika pişirin.</p>'),('tr',7,'Soğuk Sıkım Zeytinyağı',NULL,'Baharatlı bir bitişe ve taze çimen notalarına sahip, tek bir çiftlikten elde edilen sızma zeytinyağı.','<p>Hasat tarihini belirtin. Organik Picual Zeytinler. Polifenolleri korumak için koyu renkli bir cam şişede saklayın. 500 ml\'lik şişe.</p>'),('tr',8,'Manuka Balı',NULL,'Ham, pastörize edilmemiş Manuka balı, doğal enzim aktivitesine göre derecelendirilir.','<p>Yeni Zelanda\'daki uzak arı çiftliklerinden yararlanıldı. UMF 10+ sertifikalı. Cam kavanoz 250g.</p>'),('tr',9,'Spirulina Tabletleri',NULL,'Mavi-yeşil algler, her gün mükemmel bir bitki bazlı protein kaynağı olan bağlayıcı içermeyen peletler halinde preslenir.','<p>Laboratuvarda ağır metaller açısından test edilmiştir. Şişe başına 180 tablet. Yemeklerden önce 4-6 tablet su ile alınır.</p>'),('tr',10,'Organik Zerdeçal Tozu',NULL,'Güneşte kurutulmuş Hint zerdeçal, ince, derin pigmentli bir toz haline getirilir.','<p>Kurkumin açısından zengindir. Emilimi arttırmak için karabiber ile birleştirin. 100 gr cam kavanoz ve ölçü kaşığı.</p>'),('tr',11,'Ejderha Meyvesi',NULL,'Hafif bir tatlılığa ve gevrek bir dokuya sahip parlak pembe ejderha meyvesi.','<p>Sertifikalı organik yetiştiricilerden mükemmel olgunlukta elle seçilmiştir. C vitamini ve antioksidanlar açısından zengindir. Meyve ile satılır.</p>'),('tr',12,'Ejderha Meyvesi',NULL,'Hafif bir tatlılığa ve gevrek bir dokuya sahip parlak pembe ejderha meyvesi.','<p>Sertifikalı organik yetiştiricilerden mükemmel olgunlukta elle seçilmiştir. C vitamini ve antioksidanlar açısından zengindir. Meyve ile satılır.</p>'),('tr',13,'Ejderha Meyvesi',NULL,'Hafif bir tatlılığa ve gevrek bir dokuya sahip parlak pembe ejderha meyvesi.','<p>Sertifikalı organik yetiştiricilerden mükemmel olgunlukta elle seçilmiştir. C vitamini ve antioksidanlar açısından zengindir. Meyve ile satılır.</p>'),('tr',14,'Wunder Chaga Tozu',NULL,'Vahşice hasat edilmiş Sibirya chaga mantarı, beta-glukan ve triterpeni korumak için iki kez ekstrakte edildi.','<p>Pürüzsüz tadı, hafif acı. Kahveye, et suyuna veya smoothielere karıştırın. Cam kavanoz 100g.</p>'),('tr',15,'Wunder Chaga Tozu',NULL,'Vahşice hasat edilmiş Sibirya chaga mantarı, beta-glukan ve triterpeni korumak için iki kez ekstrakte edildi.','<p>Pürüzsüz tadı, hafif acı. Kahveye, et suyuna veya smoothielere karıştırın. Cam kavanoz 100g.</p>'),('tr',16,'Wunder Chaga Tozu',NULL,'Vahşice hasat edilmiş Sibirya chaga mantarı, beta-glukan ve triterpeni korumak için iki kez ekstrakte edildi.','<p>Pürüzsüz tadı, hafif acı. Kahveye, et suyuna veya smoothielere karıştırın. Cam kavanoz 100g.</p>'),('tr',17,'Manuka Balı',NULL,'Ham, pastörize edilmemiş Manuka balı, doğal enzim aktivitesine göre derecelendirilir.','<p>Yeni Zelanda\'daki uzak arı çiftliklerinden yararlanıldı. UMF 10+ sertifikalı. Cam kavanoz 250g.</p>'),('tr',18,'Manuka Balı',NULL,'Ham, pastörize edilmemiş Manuka balı, doğal enzim aktivitesine göre derecelendirilir.','<p>Yeni Zelanda\'daki uzak arı çiftliklerinden yararlanıldı. UMF 10+ sertifikalı. Cam kavanoz 250g.</p>'),('tr',19,'Manuka Balı',NULL,'Ham, pastörize edilmemiş Manuka balı, doğal enzim aktivitesine göre derecelendirilir.','<p>Yeni Zelanda\'daki uzak arı çiftliklerinden yararlanıldı. UMF 10+ sertifikalı. Cam kavanoz 250g.</p>'),('tr',20,'Spirulina Tabletleri',NULL,'Mavi-yeşil algler, her gün mükemmel bir bitki bazlı protein kaynağı olan bağlayıcı içermeyen peletler halinde preslenir.','<p>Laboratuvarda ağır metaller açısından test edilmiştir. Şişe başına 180 tablet. Yemeklerden önce 4-6 tablet su ile alınır.</p>'),('vi',1,'Thanh long',NULL,'Thanh long ruột hồng rực rỡ với vị ngọt thanh nhẹ và độ giòn sần sật.','<p>Được hái thủ công ở độ chín hoàn hảo từ các nhà vườn hữu cơ được chứng nhận. Giàu vitamin C và chất chống oxy hóa. Bán theo quả.</p>'),('vi',2,'Dừa nạo sợi',NULL,'Dừa nạo sợi mịn không đường từ những cây dừa trồng hữu cơ.','<p>Không sulphite hay đường bổ sung. Hoàn hảo cho granola, làm bánh và viên năng lượng. Túi 250g đóng kín lại được.</p>'),('vi',3,'Bột nấm chaga Wunder',NULL,'Nấm chaga Siberia thu hái tự nhiên, chiết xuất kép để giữ beta-glucan và triterpene.','<p>Vị mượt mà, hơi đắng nhẹ. Pha vào cà phê, nước hầm hoặc sinh tố. Lọ thủy tinh 100g.</p>'),('vi',4,'Granola việt quất',NULL,'Granola yến mạch nướng chậm với việt quất rừng, hạnh nhân và si-rô phong nguyên chất.','<p>Làm theo lô nhỏ. Không đường tinh luyện, dầu cọ hay chất bảo quản. Túi 500g tái chế được.</p>'),('vi',5,'Hạnh nhân phủ socola đen',NULL,'Hạnh nhân giòn bọc trong lớp socola đen 70% nguồn gốc đơn lẻ.','<p>Hữu cơ, được chứng nhận thương mại công bằng. Tự nhiên không chứa gluten. Túi 200g đóng kín lại được.</p>'),('vi',6,'Quinoa ba màu',NULL,'Hỗn hợp quinoa ba màu đã rửa sạch và sẵn sàng nấu — một loại hạt thay thế tơi xốp, giàu đạm.','<p>Quinoa trắng, đỏ và đen từ các hợp tác xã vùng Andes. Gói 500g. Nấu chín trong 15 phút.</p>'),('vi',7,'Dầu ô liu ép lạnh',NULL,'Dầu ô liu nguyên chất từ một trang trại đơn lẻ với hậu vị cay nồng và hương cỏ tươi.','<p>Ghi rõ ngày thu hoạch. Ô liu Picual hữu cơ. Bảo quản trong chai thủy tinh tối màu để giữ polyphenol. Chai 500ml.</p>'),('vi',8,'Mật ong Manuka',NULL,'Mật ong Manuka thô, chưa tiệt trùng, được phân hạng theo hoạt tính enzyme tự nhiên.','<p>Khai thác từ các trại ong xa xôi ở New Zealand. Chứng nhận UMF 10+. Lọ thủy tinh 250g.</p>'),('vi',9,'Viên tảo spirulina',NULL,'Tảo lam được ép thành viên không chất kết dính — một nguồn đạm thực vật bổ sung mỗi ngày.','<p>Được kiểm nghiệm trong phòng thí nghiệm về kim loại nặng. 180 viên mỗi lọ. Uống 4-6 viên với nước trước bữa ăn.</p>'),('vi',10,'Bột nghệ hữu cơ',NULL,'Nghệ Ấn Độ phơi nắng được nghiền thành bột mịn, sắc tố đậm sâu.','<p>Giàu curcumin. Kết hợp với tiêu đen để tăng hấp thụ. Lọ thủy tinh 100g kèm muỗng định lượng.</p>'),('vi',11,'Thanh long',NULL,'Thanh long ruột hồng rực rỡ với vị ngọt thanh nhẹ và độ giòn sần sật.','<p>Được hái thủ công ở độ chín hoàn hảo từ các nhà vườn hữu cơ được chứng nhận. Giàu vitamin C và chất chống oxy hóa. Bán theo quả.</p>'),('vi',12,'Thanh long',NULL,'Thanh long ruột hồng rực rỡ với vị ngọt thanh nhẹ và độ giòn sần sật.','<p>Được hái thủ công ở độ chín hoàn hảo từ các nhà vườn hữu cơ được chứng nhận. Giàu vitamin C và chất chống oxy hóa. Bán theo quả.</p>'),('vi',13,'Thanh long',NULL,'Thanh long ruột hồng rực rỡ với vị ngọt thanh nhẹ và độ giòn sần sật.','<p>Được hái thủ công ở độ chín hoàn hảo từ các nhà vườn hữu cơ được chứng nhận. Giàu vitamin C và chất chống oxy hóa. Bán theo quả.</p>'),('vi',14,'Bột nấm chaga Wunder',NULL,'Nấm chaga Siberia thu hái tự nhiên, chiết xuất kép để giữ beta-glucan và triterpene.','<p>Vị mượt mà, hơi đắng nhẹ. Pha vào cà phê, nước hầm hoặc sinh tố. Lọ thủy tinh 100g.</p>'),('vi',15,'Bột nấm chaga Wunder',NULL,'Nấm chaga Siberia thu hái tự nhiên, chiết xuất kép để giữ beta-glucan và triterpene.','<p>Vị mượt mà, hơi đắng nhẹ. Pha vào cà phê, nước hầm hoặc sinh tố. Lọ thủy tinh 100g.</p>'),('vi',16,'Bột nấm chaga Wunder',NULL,'Nấm chaga Siberia thu hái tự nhiên, chiết xuất kép để giữ beta-glucan và triterpene.','<p>Vị mượt mà, hơi đắng nhẹ. Pha vào cà phê, nước hầm hoặc sinh tố. Lọ thủy tinh 100g.</p>'),('vi',17,'Mật ong Manuka',NULL,'Mật ong Manuka thô, chưa tiệt trùng, được phân hạng theo hoạt tính enzyme tự nhiên.','<p>Khai thác từ các trại ong xa xôi ở New Zealand. Chứng nhận UMF 10+. Lọ thủy tinh 250g.</p>'),('vi',18,'Mật ong Manuka',NULL,'Mật ong Manuka thô, chưa tiệt trùng, được phân hạng theo hoạt tính enzyme tự nhiên.','<p>Khai thác từ các trại ong xa xôi ở New Zealand. Chứng nhận UMF 10+. Lọ thủy tinh 250g.</p>'),('vi',19,'Mật ong Manuka',NULL,'Mật ong Manuka thô, chưa tiệt trùng, được phân hạng theo hoạt tính enzyme tự nhiên.','<p>Khai thác từ các trại ong xa xôi ở New Zealand. Chứng nhận UMF 10+. Lọ thủy tinh 250g.</p>'),('vi',20,'Viên tảo spirulina',NULL,'Tảo lam được ép thành viên không chất kết dính — một nguồn đạm thực vật bổ sung mỗi ngày.','<p>Được kiểm nghiệm trong phòng thí nghiệm về kim loại nặng. 180 viên mỗi lọ. Uống 4-6 viên với nước trước bữa ăn.</p>');

--
-- Table structure for table `ec_review_replies`
--

CREATE TABLE `ec_review_replies` (
  `id` bigint unsigned NOT NULL AUTO_INCREMENT,
  `user_id` bigint unsigned DEFAULT NULL,
  `customer_id` bigint unsigned DEFAULT NULL,
  `review_id` bigint unsigned NOT NULL,
  `message` text COLLATE utf8mb4_unicode_ci NOT NULL,
  `created_at` timestamp NULL DEFAULT NULL,
  `updated_at` timestamp NULL DEFAULT NULL,
  PRIMARY KEY (`id`),
  UNIQUE KEY `ec_review_replies_review_id_unique` (`review_id`)
) ENGINE=InnoDB DEFAULT CHARSET=utf8mb4 COLLATE=utf8mb4_unicode_ci;

--
-- Dumping data for table `ec_review_replies`
--


--
-- Table structure for table `ec_reviews`
--

CREATE TABLE `ec_reviews` (
  `id` bigint unsigned NOT NULL AUTO_INCREMENT,
  `customer_id` bigint unsigned DEFAULT NULL,
  `customer_name` varchar(255) COLLATE utf8mb4_unicode_ci DEFAULT NULL,
  `customer_email` varchar(255) COLLATE utf8mb4_unicode_ci DEFAULT NULL,
  `product_id` bigint unsigned NOT NULL,
  `star` double NOT NULL,
  `comment` text COLLATE utf8mb4_unicode_ci,
  `status` varchar(60) COLLATE utf8mb4_unicode_ci NOT NULL DEFAULT 'published',
  `badge_type` varchar(30) COLLATE utf8mb4_unicode_ci NOT NULL DEFAULT 'auto',
  `created_at` timestamp NULL DEFAULT NULL,
  `updated_at` timestamp NULL DEFAULT NULL,
  `images` text COLLATE utf8mb4_unicode_ci,
  PRIMARY KEY (`id`),
  UNIQUE KEY `ec_reviews_product_id_customer_id_unique` (`product_id`,`customer_id`),
  KEY `ec_reviews_product_id_customer_id_status_created_at_index` (`product_id`,`customer_id`,`status`,`created_at`),
  KEY `review_relation_index` (`product_id`,`customer_id`,`status`),
  KEY `ec_reviews_product_id_status_index` (`product_id`,`status`),
  KEY `ec_reviews_customer_id_status_index` (`customer_id`,`status`)
) ENGINE=InnoDB AUTO_INCREMENT=101 DEFAULT CHARSET=utf8mb4 COLLATE=utf8mb4_unicode_ci;

--
-- Dumping data for table `ec_reviews`
--

INSERT INTO `ec_reviews` VALUES (1,3,NULL,NULL,8,2,'Those guys now what they are doing, the release such a good product that it\'s a pleasure to work with ! Even when I was stuck on the project, I created a ticket and the next day it was replied by the team. GOOD JOB guys. I love working with them :)','published','auto','2026-05-28 19:08:44','2026-05-28 19:08:44',NULL),(2,3,NULL,NULL,4,1,'Customer Support are grade (A*), however the code is a way too over engineered for it\'s purpose.','published','auto','2026-05-28 19:08:44','2026-05-28 19:08:44',NULL),(3,3,NULL,NULL,6,1,'Customer Support are grade (A*), however the code is a way too over engineered for it\'s purpose.','published','auto','2026-05-28 19:08:44','2026-05-28 19:08:44',NULL),(4,9,NULL,NULL,2,1,'Very enthusiastic support! Excellent code is written. It\'s a true pleasure working with.','published','auto','2026-05-28 19:08:44','2026-05-28 19:08:44',NULL),(5,7,NULL,NULL,7,5,'For me the best eCommerce script on Envato at this moment: modern, clean code, a lot of great features. The customer support is great too: I always get an answer within hours!','published','auto','2026-05-28 19:08:44','2026-05-28 19:08:44',NULL),(6,3,NULL,NULL,3,4,'Ok good product. I have some issues in customizations. But its not correct to blame the developer. The product is good. Good luck for your business.','published','auto','2026-05-28 19:08:44','2026-05-28 19:08:44',NULL),(7,5,NULL,NULL,4,1,'Those guys now what they are doing, the release such a good product that it\'s a pleasure to work with ! Even when I was stuck on the project, I created a ticket and the next day it was replied by the team. GOOD JOB guys. I love working with them :)','published','auto','2026-05-28 19:08:44','2026-05-28 19:08:44',NULL),(8,1,NULL,NULL,7,3,'Clean & perfect source code','published','auto','2026-05-28 19:08:44','2026-05-28 19:08:44',NULL),(9,5,NULL,NULL,3,3,'Second or third time that I buy a Botble product, happy with the products and support. You guys do a good job :)','published','auto','2026-05-28 19:08:44','2026-05-28 19:08:44',NULL),(10,9,NULL,NULL,4,5,'Cool template. Excellent code quality. The support responds very quickly, which is very rare on themeforest and codecanyon.net, I buy a lot of templates, and everyone will have a response from technical support for two or three days. Thanks to tech support. I recommend to buy.','published','auto','2026-05-28 19:08:44','2026-05-28 19:08:44',NULL),(11,3,NULL,NULL,5,5,'The code is good, in general, if you like it, can you give it 5 stars?','published','auto','2026-05-28 19:08:44','2026-05-28 19:08:44',NULL),(12,2,NULL,NULL,2,5,'It\'s not my first experience here on Codecanyon and I can honestly tell you all that Botble puts a LOT of effort into the support. They answer so fast, they helped me tons of times. REALLY by far THE BEST EXPERIENCE on Codecanyon. Those guys at Botble are so good that they deserve 5 stars. I recommend them, I trust them and I can\'t wait to see what they will sell in a near future. Thank you Botble :)','published','auto','2026-05-28 19:08:44','2026-05-28 19:08:44',NULL),(13,9,NULL,NULL,5,5,'Clean & perfect source code','published','auto','2026-05-28 19:08:44','2026-05-28 19:08:44',NULL),(14,9,NULL,NULL,6,1,'Good app, good backup service and support. Good documentation.','published','auto','2026-05-28 19:08:44','2026-05-28 19:08:44',NULL),(15,4,NULL,NULL,6,2,'This web app is really good in design, code quality & features. Besides, the customer support provided by the Botble team was really fast & helpful. You guys are awesome!','published','auto','2026-05-28 19:08:44','2026-05-28 19:08:44',NULL),(16,4,NULL,NULL,9,4,'Best ecommerce CMS online store!','published','auto','2026-05-28 19:08:44','2026-05-28 19:08:44',NULL),(17,10,NULL,NULL,10,5,'Ok good product. I have some issues in customizations. But its not correct to blame the developer. The product is good. Good luck for your business.','published','auto','2026-05-28 19:08:44','2026-05-28 19:08:44',NULL),(18,8,NULL,NULL,7,5,'It\'s not my first experience here on Codecanyon and I can honestly tell you all that Botble puts a LOT of effort into the support. They answer so fast, they helped me tons of times. REALLY by far THE BEST EXPERIENCE on Codecanyon. Those guys at Botble are so good that they deserve 5 stars. I recommend them, I trust them and I can\'t wait to see what they will sell in a near future. Thank you Botble :)','published','auto','2026-05-28 19:08:44','2026-05-28 19:08:44',NULL),(19,5,NULL,NULL,7,1,'The best ecommerce CMS! Excellent coding! best support service! Thank you so much..... I really like your hard work.','published','auto','2026-05-28 19:08:44','2026-05-28 19:08:44',NULL),(20,9,NULL,NULL,7,5,'This web app is really good in design, code quality & features. Besides, the customer support provided by the Botble team was really fast & helpful. You guys are awesome!','published','auto','2026-05-28 19:08:44','2026-05-28 19:08:44',NULL),(21,1,NULL,NULL,3,1,'Ok good product. I have some issues in customizations. But its not correct to blame the developer. The product is good. Good luck for your business.','published','auto','2026-05-28 19:08:44','2026-05-28 19:08:44',NULL),(22,7,NULL,NULL,9,4,'I Love this Script. I also found how to add other fees. Now I just wait the BIG update for the Marketplace with the Bulk Import. Just do not forget to make it to be Multi-language for us the Botble Fans.','published','auto','2026-05-28 19:08:44','2026-05-28 19:08:44',NULL),(23,5,NULL,NULL,9,2,'Ok good product. I have some issues in customizations. But its not correct to blame the developer. The product is good. Good luck for your business.','published','auto','2026-05-28 19:08:44','2026-05-28 19:08:44',NULL),(24,8,NULL,NULL,9,3,'I Love this Script. I also found how to add other fees. Now I just wait the BIG update for the Marketplace with the Bulk Import. Just do not forget to make it to be Multi-language for us the Botble Fans.','published','auto','2026-05-28 19:08:44','2026-05-28 19:08:44',NULL),(25,2,NULL,NULL,8,1,'This script is well coded and is super fast. The support is pretty quick. Very patient and helpful team. I strongly recommend it and they deserve more than 5 stars.','published','auto','2026-05-28 19:08:44','2026-05-28 19:08:44',NULL),(26,2,NULL,NULL,3,2,'This web app is really good in design, code quality & features. Besides, the customer support provided by the Botble team was really fast & helpful. You guys are awesome!','published','auto','2026-05-28 19:08:44','2026-05-28 19:08:44',NULL),(27,8,NULL,NULL,4,3,'The best store template! Excellent coding! Very good support! Thank you so much for all the help, I really appreciated.','published','auto','2026-05-28 19:08:44','2026-05-28 19:08:44',NULL),(28,1,NULL,NULL,5,2,'Very enthusiastic support! Excellent code is written. It\'s a true pleasure working with.','published','auto','2026-05-28 19:08:44','2026-05-28 19:08:44',NULL),(29,2,NULL,NULL,9,3,'Ok good product. I have some issues in customizations. But its not correct to blame the developer. The product is good. Good luck for your business.','published','auto','2026-05-28 19:08:44','2026-05-28 19:08:44',NULL),(30,4,NULL,NULL,3,5,'I Love this Script. I also found how to add other fees. Now I just wait the BIG update for the Marketplace with the Bulk Import. Just do not forget to make it to be Multi-language for us the Botble Fans.','published','auto','2026-05-28 19:08:44','2026-05-28 19:08:44',NULL),(31,7,NULL,NULL,1,5,'Cool template. Excellent code quality. The support responds very quickly, which is very rare on themeforest and codecanyon.net, I buy a lot of templates, and everyone will have a response from technical support for two or three days. Thanks to tech support. I recommend to buy.','published','auto','2026-05-28 19:08:44','2026-05-28 19:08:44',NULL),(32,10,NULL,NULL,6,3,'Customer Support are grade (A*), however the code is a way too over engineered for it\'s purpose.','published','auto','2026-05-28 19:08:44','2026-05-28 19:08:44',NULL),(33,10,NULL,NULL,5,1,'Cool template. Excellent code quality. The support responds very quickly, which is very rare on themeforest and codecanyon.net, I buy a lot of templates, and everyone will have a response from technical support for two or three days. Thanks to tech support. I recommend to buy.','published','auto','2026-05-28 19:08:44','2026-05-28 19:08:44',NULL),(34,2,NULL,NULL,4,4,'Great system, great support, good job Botble. I\'m looking forward to more great functional plugins.','published','auto','2026-05-28 19:08:44','2026-05-28 19:08:44',NULL),(35,3,NULL,NULL,7,3,'For me the best eCommerce script on Envato at this moment: modern, clean code, a lot of great features. The customer support is great too: I always get an answer within hours!','published','auto','2026-05-28 19:08:44','2026-05-28 19:08:44',NULL),(36,8,NULL,NULL,6,2,'Best ecommerce CMS online store!','published','auto','2026-05-28 19:08:44','2026-05-28 19:08:44',NULL),(37,2,NULL,NULL,5,5,'Good app, good backup service and support. Good documentation.','published','auto','2026-05-28 19:08:44','2026-05-28 19:08:44',NULL),(38,1,NULL,NULL,8,2,'The code is good, in general, if you like it, can you give it 5 stars?','published','auto','2026-05-28 19:08:44','2026-05-28 19:08:44',NULL),(39,1,NULL,NULL,4,1,'As a developer I reviewed this script. This is really awesome ecommerce script. I have convinced when I noticed that it\'s built on fully WordPress concept.','published','auto','2026-05-28 19:08:44','2026-05-28 19:08:44',NULL),(40,7,NULL,NULL,6,2,'As a developer I reviewed this script. This is really awesome ecommerce script. I have convinced when I noticed that it\'s built on fully WordPress concept.','published','auto','2026-05-28 19:08:44','2026-05-28 19:08:44',NULL),(41,6,NULL,NULL,5,1,'These guys are amazing! Responses immediately, amazing support and help... I immediately feel at ease after Purchasing..','published','auto','2026-05-28 19:08:44','2026-05-28 19:08:44',NULL),(42,6,NULL,NULL,9,3,'Customer Support are grade (A*), however the code is a way too over engineered for it\'s purpose.','published','auto','2026-05-28 19:08:44','2026-05-28 19:08:44',NULL),(43,6,NULL,NULL,6,3,'The code is good, in general, if you like it, can you give it 5 stars?','published','auto','2026-05-28 19:08:44','2026-05-28 19:08:44',NULL),(44,2,NULL,NULL,10,3,'Best ecommerce CMS online store!','published','auto','2026-05-28 19:08:44','2026-05-28 19:08:44',NULL),(45,1,NULL,NULL,2,1,'The script is the best of its class, fast, easy to implement and work with , and the most important thing is the great support team , Recommend with no doubt.','published','auto','2026-05-28 19:08:44','2026-05-28 19:08:44',NULL),(46,7,NULL,NULL,8,5,'Perfect +++++++++ i love it really also i get to fast ticket answers... Thanks Lot BOTBLE Teams','published','auto','2026-05-28 19:08:44','2026-05-28 19:08:44',NULL),(47,9,NULL,NULL,10,5,'Ok good product. I have some issues in customizations. But its not correct to blame the developer. The product is good. Good luck for your business.','published','auto','2026-05-28 19:08:44','2026-05-28 19:08:44',NULL),(48,8,NULL,NULL,10,3,'Customer Support are grade (A*), however the code is a way too over engineered for it\'s purpose.','published','auto','2026-05-28 19:08:44','2026-05-28 19:08:44',NULL),(49,10,NULL,NULL,9,1,'Amazing code, amazing support. Overall, im really confident in Botble and im happy I made the right choice! Thank you so much guys for coding this masterpiece','published','auto','2026-05-28 19:08:45','2026-05-28 19:08:45',NULL),(50,2,NULL,NULL,7,3,'The script is the best of its class, fast, easy to implement and work with , and the most important thing is the great support team , Recommend with no doubt.','published','auto','2026-05-28 19:08:45','2026-05-28 19:08:45',NULL),(51,3,NULL,NULL,10,1,'It\'s not my first experience here on Codecanyon and I can honestly tell you all that Botble puts a LOT of effort into the support. They answer so fast, they helped me tons of times. REALLY by far THE BEST EXPERIENCE on Codecanyon. Those guys at Botble are so good that they deserve 5 stars. I recommend them, I trust them and I can\'t wait to see what they will sell in a near future. Thank you Botble :)','published','auto','2026-05-28 19:08:45','2026-05-28 19:08:45',NULL),(52,4,NULL,NULL,1,3,'The best store template! Excellent coding! Very good support! Thank you so much for all the help, I really appreciated.','published','auto','2026-05-28 19:08:45','2026-05-28 19:08:45',NULL),(53,5,NULL,NULL,10,3,'Second or third time that I buy a Botble product, happy with the products and support. You guys do a good job :)','published','auto','2026-05-28 19:08:45','2026-05-28 19:08:45',NULL),(54,6,NULL,NULL,7,1,'Customer Support are grade (A*), however the code is a way too over engineered for it\'s purpose.','published','auto','2026-05-28 19:08:45','2026-05-28 19:08:45',NULL),(55,5,NULL,NULL,5,4,'Those guys now what they are doing, the release such a good product that it\'s a pleasure to work with ! Even when I was stuck on the project, I created a ticket and the next day it was replied by the team. GOOD JOB guys. I love working with them :)','published','auto','2026-05-28 19:08:45','2026-05-28 19:08:45',NULL),(56,5,NULL,NULL,6,1,'The code is good, in general, if you like it, can you give it 5 stars?','published','auto','2026-05-28 19:08:45','2026-05-28 19:08:45',NULL),(57,6,NULL,NULL,2,1,'Great system, great support, good job Botble. I\'m looking forward to more great functional plugins.','published','auto','2026-05-28 19:08:45','2026-05-28 19:08:45',NULL),(58,10,NULL,NULL,7,1,'Good app, good backup service and support. Good documentation.','published','auto','2026-05-28 19:08:45','2026-05-28 19:08:45',NULL),(59,10,NULL,NULL,1,2,'Those guys now what they are doing, the release such a good product that it\'s a pleasure to work with ! Even when I was stuck on the project, I created a ticket and the next day it was replied by the team. GOOD JOB guys. I love working with them :)','published','auto','2026-05-28 19:08:45','2026-05-28 19:08:45',NULL),(60,6,NULL,NULL,10,2,'Clean & perfect source code','published','auto','2026-05-28 19:08:45','2026-05-28 19:08:45',NULL),(61,7,NULL,NULL,10,1,'Best ecommerce CMS online store!','published','auto','2026-05-28 19:08:45','2026-05-28 19:08:45',NULL),(62,8,NULL,NULL,3,4,'This script is well coded and is super fast. The support is pretty quick. Very patient and helpful team. I strongly recommend it and they deserve more than 5 stars.','published','auto','2026-05-28 19:08:45','2026-05-28 19:08:45',NULL),(63,10,NULL,NULL,4,2,'The best store template! Excellent coding! Very good support! Thank you so much for all the help, I really appreciated.','published','auto','2026-05-28 19:08:45','2026-05-28 19:08:45',NULL),(64,4,NULL,NULL,10,1,'The best ecommerce CMS! Excellent coding! best support service! Thank you so much..... I really like your hard work.','published','auto','2026-05-28 19:08:45','2026-05-28 19:08:45',NULL),(65,10,NULL,NULL,2,1,'Best ecommerce CMS online store!','published','auto','2026-05-28 19:08:45','2026-05-28 19:08:45',NULL),(66,7,NULL,NULL,4,1,'Ok good product. I have some issues in customizations. But its not correct to blame the developer. The product is good. Good luck for your business.','published','auto','2026-05-28 19:08:45','2026-05-28 19:08:45',NULL),(67,5,NULL,NULL,2,4,'We have received brilliant service support and will be expanding the features with the developer. Nice product!','published','auto','2026-05-28 19:08:45','2026-05-28 19:08:45',NULL),(68,10,NULL,NULL,8,2,'Those guys now what they are doing, the release such a good product that it\'s a pleasure to work with ! Even when I was stuck on the project, I created a ticket and the next day it was replied by the team. GOOD JOB guys. I love working with them :)','published','auto','2026-05-28 19:08:45','2026-05-28 19:08:45',NULL),(69,1,NULL,NULL,1,3,'Cool template. Excellent code quality. The support responds very quickly, which is very rare on themeforest and codecanyon.net, I buy a lot of templates, and everyone will have a response from technical support for two or three days. Thanks to tech support. I recommend to buy.','published','auto','2026-05-28 19:08:45','2026-05-28 19:08:45',NULL),(70,8,NULL,NULL,2,4,'The code is good, in general, if you like it, can you give it 5 stars?','published','auto','2026-05-28 19:08:45','2026-05-28 19:08:45',NULL),(71,8,NULL,NULL,5,2,'Those guys now what they are doing, the release such a good product that it\'s a pleasure to work with ! Even when I was stuck on the project, I created a ticket and the next day it was replied by the team. GOOD JOB guys. I love working with them :)','published','auto','2026-05-28 19:08:45','2026-05-28 19:08:45',NULL),(72,7,NULL,NULL,2,3,'I Love this Script. I also found how to add other fees. Now I just wait the BIG update for the Marketplace with the Bulk Import. Just do not forget to make it to be Multi-language for us the Botble Fans.','published','auto','2026-05-28 19:08:45','2026-05-28 19:08:45',NULL),(73,8,NULL,NULL,8,5,'Ok good product. I have some issues in customizations. But its not correct to blame the developer. The product is good. Good luck for your business.','published','auto','2026-05-28 19:08:45','2026-05-28 19:08:45',NULL),(74,1,NULL,NULL,10,4,'These guys are amazing! Responses immediately, amazing support and help... I immediately feel at ease after Purchasing..','published','auto','2026-05-28 19:08:45','2026-05-28 19:08:45',NULL),(75,9,NULL,NULL,1,1,'This web app is really good in design, code quality & features. Besides, the customer support provided by the Botble team was really fast & helpful. You guys are awesome!','published','auto','2026-05-28 19:08:45','2026-05-28 19:08:45',NULL),(76,5,NULL,NULL,8,4,'Ok good product. I have some issues in customizations. But its not correct to blame the developer. The product is good. Good luck for your business.','published','auto','2026-05-28 19:08:45','2026-05-28 19:08:45',NULL),(77,4,NULL,NULL,5,4,'As a developer I reviewed this script. This is really awesome ecommerce script. I have convinced when I noticed that it\'s built on fully WordPress concept.','published','auto','2026-05-28 19:08:45','2026-05-28 19:08:45',NULL),(78,7,NULL,NULL,3,4,'Customer Support are grade (A*), however the code is a way too over engineered for it\'s purpose.','published','auto','2026-05-28 19:08:45','2026-05-28 19:08:45',NULL),(79,9,NULL,NULL,9,1,'Perfect +++++++++ i love it really also i get to fast ticket answers... Thanks Lot BOTBLE Teams','published','auto','2026-05-28 19:08:45','2026-05-28 19:08:45',NULL),(80,6,NULL,NULL,8,2,'Best ecommerce CMS online store!','published','auto','2026-05-28 19:08:45','2026-05-28 19:08:45',NULL),(81,6,NULL,NULL,3,2,'Cool template. Excellent code quality. The support responds very quickly, which is very rare on themeforest and codecanyon.net, I buy a lot of templates, and everyone will have a response from technical support for two or three days. Thanks to tech support. I recommend to buy.','published','auto','2026-05-28 19:08:45','2026-05-28 19:08:45',NULL),(82,9,NULL,NULL,3,3,'Best ecommerce CMS online store!','published','auto','2026-05-28 19:08:45','2026-05-28 19:08:45',NULL),(83,9,NULL,NULL,8,3,'Great E-commerce system. And much more : Wonderful Customer Support.','published','auto','2026-05-28 19:08:45','2026-05-28 19:08:45',NULL),(84,2,NULL,NULL,6,1,'Best ecommerce CMS online store!','published','auto','2026-05-28 19:08:45','2026-05-28 19:08:45',NULL),(85,8,NULL,NULL,1,3,'Good app, good backup service and support. Good documentation.','published','auto','2026-05-28 19:08:45','2026-05-28 19:08:45',NULL),(86,3,NULL,NULL,1,2,'Perfect +++++++++ i love it really also i get to fast ticket answers... Thanks Lot BOTBLE Teams','published','auto','2026-05-28 19:08:45','2026-05-28 19:08:45',NULL),(87,3,NULL,NULL,9,2,'The best store template! Excellent coding! Very good support! Thank you so much for all the help, I really appreciated.','published','auto','2026-05-28 19:08:45','2026-05-28 19:08:45',NULL),(88,2,NULL,NULL,1,5,'For me the best eCommerce script on Envato at this moment: modern, clean code, a lot of great features. The customer support is great too: I always get an answer within hours!','published','auto','2026-05-28 19:08:45','2026-05-28 19:08:45',NULL),(89,5,NULL,NULL,1,4,'Great system, great support, good job Botble. I\'m looking forward to more great functional plugins.','published','auto','2026-05-28 19:08:45','2026-05-28 19:08:45',NULL),(90,1,NULL,NULL,6,3,'Cool template. Excellent code quality. The support responds very quickly, which is very rare on themeforest and codecanyon.net, I buy a lot of templates, and everyone will have a response from technical support for two or three days. Thanks to tech support. I recommend to buy.','published','auto','2026-05-28 19:08:45','2026-05-28 19:08:45',NULL),(91,1,NULL,NULL,9,1,'This script is well coded and is super fast. The support is pretty quick. Very patient and helpful team. I strongly recommend it and they deserve more than 5 stars.','published','auto','2026-05-28 19:08:45','2026-05-28 19:08:45',NULL),(92,3,NULL,NULL,2,3,'Clean & perfect source code','published','auto','2026-05-28 19:08:45','2026-05-28 19:08:45',NULL),(93,4,NULL,NULL,4,1,'Cool template. Excellent code quality. The support responds very quickly, which is very rare on themeforest and codecanyon.net, I buy a lot of templates, and everyone will have a response from technical support for two or three days. Thanks to tech support. I recommend to buy.','published','auto','2026-05-28 19:08:45','2026-05-28 19:08:45',NULL),(94,4,NULL,NULL,8,4,'Ok good product. I have some issues in customizations. But its not correct to blame the developer. The product is good. Good luck for your business.','published','auto','2026-05-28 19:08:45','2026-05-28 19:08:45',NULL),(95,4,NULL,NULL,7,1,'Great E-commerce system. And much more : Wonderful Customer Support.','published','auto','2026-05-28 19:08:45','2026-05-28 19:08:45',NULL),(96,6,NULL,NULL,4,4,'Those guys now what they are doing, the release such a good product that it\'s a pleasure to work with ! Even when I was stuck on the project, I created a ticket and the next day it was replied by the team. GOOD JOB guys. I love working with them :)','published','auto','2026-05-28 19:08:45','2026-05-28 19:08:45',NULL),(97,6,NULL,NULL,1,1,'Solution is too robust for our purpose so we didn\'t use it at the end. But I appreciate customer support during initial configuration.','published','auto','2026-05-28 19:08:45','2026-05-28 19:08:45',NULL),(98,7,NULL,NULL,5,1,'Clean & perfect source code','published','auto','2026-05-28 19:08:45','2026-05-28 19:08:45',NULL),(99,10,NULL,NULL,3,5,'Second or third time that I buy a Botble product, happy with the products and support. You guys do a good job :)','published','auto','2026-05-28 19:08:45','2026-05-28 19:08:45',NULL),(100,4,NULL,NULL,2,2,'Those guys now what they are doing, the release such a good product that it\'s a pleasure to work with ! Even when I was stuck on the project, I created a ticket and the next day it was replied by the team. GOOD JOB guys. I love working with them :)','published','auto','2026-05-28 19:08:45','2026-05-28 19:08:45',NULL);

--
-- Table structure for table `ec_shared_wishlists`
--

CREATE TABLE `ec_shared_wishlists` (
  `id` bigint unsigned NOT NULL AUTO_INCREMENT,
  `code` varchar(255) COLLATE utf8mb4_unicode_ci NOT NULL,
  `product_ids` text COLLATE utf8mb4_unicode_ci,
  `created_at` timestamp NULL DEFAULT NULL,
  `updated_at` timestamp NULL DEFAULT NULL,
  PRIMARY KEY (`id`),
  UNIQUE KEY `ec_shared_wishlists_code_unique` (`code`)
) ENGINE=InnoDB DEFAULT CHARSET=utf8mb4 COLLATE=utf8mb4_unicode_ci;

--
-- Dumping data for table `ec_shared_wishlists`
--


--
-- Table structure for table `ec_shipment_histories`
--

CREATE TABLE `ec_shipment_histories` (
  `id` bigint unsigned NOT NULL AUTO_INCREMENT,
  `action` varchar(120) COLLATE utf8mb4_unicode_ci NOT NULL,
  `description` varchar(400) COLLATE utf8mb4_unicode_ci DEFAULT NULL,
  `user_id` bigint unsigned DEFAULT NULL,
  `shipment_id` bigint unsigned NOT NULL,
  `order_id` bigint unsigned NOT NULL,
  `created_at` timestamp NULL DEFAULT NULL,
  `updated_at` timestamp NULL DEFAULT NULL,
  `user_type` varchar(255) COLLATE utf8mb4_unicode_ci NOT NULL DEFAULT 'Botble\\ACL\\Models\\User',
  PRIMARY KEY (`id`)
) ENGINE=InnoDB DEFAULT CHARSET=utf8mb4 COLLATE=utf8mb4_unicode_ci;

--
-- Dumping data for table `ec_shipment_histories`
--


--
-- Table structure for table `ec_shipments`
--

CREATE TABLE `ec_shipments` (
  `id` bigint unsigned NOT NULL AUTO_INCREMENT,
  `order_id` bigint unsigned NOT NULL,
  `user_id` bigint unsigned DEFAULT NULL,
  `weight` double DEFAULT '0',
  `shipment_id` varchar(120) COLLATE utf8mb4_unicode_ci DEFAULT NULL,
  `rate_id` varchar(120) COLLATE utf8mb4_unicode_ci DEFAULT NULL,
  `note` text COLLATE utf8mb4_unicode_ci,
  `status` varchar(120) COLLATE utf8mb4_unicode_ci NOT NULL DEFAULT 'pending',
  `cod_amount` decimal(15,2) DEFAULT '0.00',
  `cod_status` varchar(60) COLLATE utf8mb4_unicode_ci NOT NULL DEFAULT 'pending',
  `cross_checking_status` varchar(60) COLLATE utf8mb4_unicode_ci NOT NULL DEFAULT 'pending',
  `price` decimal(15,2) DEFAULT '0.00',
  `store_id` bigint unsigned DEFAULT NULL,
  `created_at` timestamp NULL DEFAULT NULL,
  `updated_at` timestamp NULL DEFAULT NULL,
  `tracking_id` varchar(255) COLLATE utf8mb4_unicode_ci DEFAULT NULL,
  `shipping_company_name` varchar(255) COLLATE utf8mb4_unicode_ci DEFAULT NULL,
  `tracking_link` varchar(255) COLLATE utf8mb4_unicode_ci DEFAULT NULL,
  `estimate_date_shipped` datetime DEFAULT NULL,
  `date_shipped` datetime DEFAULT NULL,
  `customer_delivered_confirmed_at` timestamp NULL DEFAULT NULL,
  `label_url` text COLLATE utf8mb4_unicode_ci,
  `metadata` mediumtext COLLATE utf8mb4_unicode_ci,
  PRIMARY KEY (`id`),
  UNIQUE KEY `ec_shipments_order_id_unique` (`order_id`)
) ENGINE=InnoDB DEFAULT CHARSET=utf8mb4 COLLATE=utf8mb4_unicode_ci;

--
-- Dumping data for table `ec_shipments`
--


--
-- Table structure for table `ec_shipping`
--

CREATE TABLE `ec_shipping` (
  `id` bigint unsigned NOT NULL AUTO_INCREMENT,
  `title` varchar(255) COLLATE utf8mb4_unicode_ci DEFAULT NULL,
  `country` varchar(120) COLLATE utf8mb4_unicode_ci DEFAULT NULL,
  `created_at` timestamp NULL DEFAULT NULL,
  `updated_at` timestamp NULL DEFAULT NULL,
  PRIMARY KEY (`id`)
) ENGINE=InnoDB AUTO_INCREMENT=3 DEFAULT CHARSET=utf8mb4 COLLATE=utf8mb4_unicode_ci;

--
-- Dumping data for table `ec_shipping`
--

INSERT INTO `ec_shipping` VALUES (1,'Domestic',NULL,'2026-05-28 19:08:45','2026-05-28 19:08:45'),(2,'International',NULL,'2026-05-28 19:08:45','2026-05-28 19:08:45');

--
-- Table structure for table `ec_shipping_rule_items`
--

CREATE TABLE `ec_shipping_rule_items` (
  `id` bigint unsigned NOT NULL AUTO_INCREMENT,
  `shipping_rule_id` bigint unsigned NOT NULL,
  `name` varchar(120) COLLATE utf8mb4_unicode_ci DEFAULT NULL,
  `country` varchar(120) COLLATE utf8mb4_unicode_ci DEFAULT NULL,
  `state` varchar(120) COLLATE utf8mb4_unicode_ci DEFAULT NULL,
  `city` varchar(120) COLLATE utf8mb4_unicode_ci DEFAULT NULL,
  `zip_code` varchar(20) COLLATE utf8mb4_unicode_ci DEFAULT NULL,
  `zip_code_from` varchar(20) COLLATE utf8mb4_unicode_ci DEFAULT NULL,
  `zip_code_to` varchar(20) COLLATE utf8mb4_unicode_ci DEFAULT NULL,
  `adjustment_price` decimal(15,2) DEFAULT '0.00',
  `is_enabled` tinyint(1) NOT NULL DEFAULT '1',
  `created_at` timestamp NULL DEFAULT NULL,
  `updated_at` timestamp NULL DEFAULT NULL,
  PRIMARY KEY (`id`),
  KEY `idx_zip_range` (`zip_code_from`,`zip_code_to`)
) ENGINE=InnoDB DEFAULT CHARSET=utf8mb4 COLLATE=utf8mb4_unicode_ci;

--
-- Dumping data for table `ec_shipping_rule_items`
--


--
-- Table structure for table `ec_shipping_rules`
--

CREATE TABLE `ec_shipping_rules` (
  `id` bigint unsigned NOT NULL AUTO_INCREMENT,
  `name` varchar(120) COLLATE utf8mb4_unicode_ci NOT NULL,
  `shipping_id` bigint unsigned NOT NULL,
  `type` varchar(24) COLLATE utf8mb4_unicode_ci DEFAULT 'based_on_price',
  `from` decimal(15,2) DEFAULT '0.00',
  `to` decimal(15,2) DEFAULT '0.00',
  `price` decimal(15,2) DEFAULT '0.00',
  `created_at` timestamp NULL DEFAULT NULL,
  `updated_at` timestamp NULL DEFAULT NULL,
  PRIMARY KEY (`id`)
) ENGINE=InnoDB AUTO_INCREMENT=7 DEFAULT CHARSET=utf8mb4 COLLATE=utf8mb4_unicode_ci;

--
-- Dumping data for table `ec_shipping_rules`
--

INSERT INTO `ec_shipping_rules` VALUES (1,'Free Standard Shipping (orders $99+)',1,'based_on_price',99.00,NULL,0.00,'2026-05-28 19:08:45','2026-05-28 19:08:45'),(2,'Standard (3-5 business days)',1,'based_on_price',0.00,NULL,7.99,'2026-05-28 19:08:45','2026-05-28 19:08:45'),(3,'Express (1-2 business days)',1,'based_on_price',0.00,NULL,19.99,'2026-05-28 19:08:45','2026-05-28 19:08:45'),(4,'Local Pickup',1,'based_on_price',0.00,NULL,0.00,'2026-05-28 19:08:45','2026-05-28 19:08:45'),(5,'International Standard (7-12 days)',2,'based_on_price',0.00,NULL,24.99,'2026-05-28 19:08:45','2026-05-28 19:08:45'),(6,'International Express (3-5 days)',2,'based_on_price',0.00,NULL,49.99,'2026-05-28 19:08:45','2026-05-28 19:08:45');

--
-- Table structure for table `ec_specification_attributes`
--

CREATE TABLE `ec_specification_attributes` (
  `id` bigint unsigned NOT NULL AUTO_INCREMENT,
  `group_id` bigint unsigned NOT NULL,
  `name` varchar(255) COLLATE utf8mb4_unicode_ci NOT NULL,
  `type` varchar(20) COLLATE utf8mb4_unicode_ci NOT NULL,
  `options` text COLLATE utf8mb4_unicode_ci,
  `default_value` varchar(255) COLLATE utf8mb4_unicode_ci DEFAULT NULL,
  `created_at` timestamp NULL DEFAULT NULL,
  `updated_at` timestamp NULL DEFAULT NULL,
  `author_type` varchar(255) COLLATE utf8mb4_unicode_ci DEFAULT NULL,
  `author_id` bigint unsigned DEFAULT NULL,
  PRIMARY KEY (`id`),
  KEY `author_index` (`author_type`,`author_id`)
) ENGINE=InnoDB AUTO_INCREMENT=7 DEFAULT CHARSET=utf8mb4 COLLATE=utf8mb4_unicode_ci;

--
-- Dumping data for table `ec_specification_attributes`
--

INSERT INTO `ec_specification_attributes` VALUES (1,1,'Composition','text',NULL,'55% Polyester, 30% Acrylic, 13% Polyamide, 2% Elastane','2026-05-28 19:08:33','2026-05-28 19:08:33',NULL,NULL),(2,1,'Origin','text',NULL,'Made in Portugal','2026-05-28 19:08:33','2026-05-28 19:08:33',NULL,NULL),(3,1,'Care','text',NULL,'Machine wash cold. Tumble dry low. Do not bleach.','2026-05-28 19:08:33','2026-05-28 19:08:33',NULL,NULL),(4,2,'Designed In','text',NULL,'Barcelona, Spain','2026-05-28 19:08:33','2026-05-28 19:08:33',NULL,NULL),(5,2,'Warranty','text',NULL,'12 months manufacturer warranty','2026-05-28 19:08:33','2026-05-28 19:08:33',NULL,NULL),(6,2,'Made From Recycled Materials','checkbox',NULL,'1','2026-05-28 19:08:33','2026-05-28 19:08:33',NULL,NULL);

--
-- Table structure for table `ec_specification_attributes_translations`
--

CREATE TABLE `ec_specification_attributes_translations` (
  `lang_code` varchar(20) COLLATE utf8mb4_unicode_ci NOT NULL,
  `ec_specification_attributes_id` bigint unsigned NOT NULL,
  `name` varchar(255) COLLATE utf8mb4_unicode_ci DEFAULT NULL,
  `options` text COLLATE utf8mb4_unicode_ci,
  `default_value` varchar(255) COLLATE utf8mb4_unicode_ci DEFAULT NULL,
  PRIMARY KEY (`lang_code`,`ec_specification_attributes_id`),
  KEY `idx_specification_attributes_fk` (`ec_specification_attributes_id`),
  KEY `idx_specification_attributes_specification_attributes_lang` (`ec_specification_attributes_id`,`lang_code`)
) ENGINE=InnoDB DEFAULT CHARSET=utf8mb4 COLLATE=utf8mb4_unicode_ci;

--
-- Dumping data for table `ec_specification_attributes_translations`
--


--
-- Table structure for table `ec_specification_groups`
--

CREATE TABLE `ec_specification_groups` (
  `id` bigint unsigned NOT NULL AUTO_INCREMENT,
  `name` varchar(255) COLLATE utf8mb4_unicode_ci NOT NULL,
  `description` varchar(400) COLLATE utf8mb4_unicode_ci DEFAULT NULL,
  `created_at` timestamp NULL DEFAULT NULL,
  `updated_at` timestamp NULL DEFAULT NULL,
  `author_type` varchar(255) COLLATE utf8mb4_unicode_ci DEFAULT NULL,
  `author_id` bigint unsigned DEFAULT NULL,
  PRIMARY KEY (`id`),
  KEY `author_index` (`author_type`,`author_id`)
) ENGINE=InnoDB AUTO_INCREMENT=3 DEFAULT CHARSET=utf8mb4 COLLATE=utf8mb4_unicode_ci;

--
-- Dumping data for table `ec_specification_groups`
--

INSERT INTO `ec_specification_groups` VALUES (1,'Material & Composition','Fibre breakdown, origin and care guidance.','2026-05-28 19:08:33','2026-05-28 19:08:33',NULL,NULL),(2,'Product Details','Provenance, warranty and sustainability.','2026-05-28 19:08:33','2026-05-28 19:08:33',NULL,NULL);

--
-- Table structure for table `ec_specification_groups_translations`
--

CREATE TABLE `ec_specification_groups_translations` (
  `lang_code` varchar(20) COLLATE utf8mb4_unicode_ci NOT NULL,
  `ec_specification_groups_id` bigint unsigned NOT NULL,
  `name` varchar(255) COLLATE utf8mb4_unicode_ci DEFAULT NULL,
  `description` varchar(400) COLLATE utf8mb4_unicode_ci DEFAULT NULL,
  PRIMARY KEY (`lang_code`,`ec_specification_groups_id`)
) ENGINE=InnoDB DEFAULT CHARSET=utf8mb4 COLLATE=utf8mb4_unicode_ci;

--
-- Dumping data for table `ec_specification_groups_translations`
--


--
-- Table structure for table `ec_specification_table_group`
--

CREATE TABLE `ec_specification_table_group` (
  `table_id` bigint unsigned NOT NULL,
  `group_id` bigint unsigned NOT NULL,
  `order` tinyint NOT NULL DEFAULT '0',
  PRIMARY KEY (`table_id`,`group_id`)
) ENGINE=InnoDB DEFAULT CHARSET=utf8mb4 COLLATE=utf8mb4_unicode_ci;

--
-- Dumping data for table `ec_specification_table_group`
--

INSERT INTO `ec_specification_table_group` VALUES (1,1,0),(1,2,1);

--
-- Table structure for table `ec_specification_tables`
--

CREATE TABLE `ec_specification_tables` (
  `id` bigint unsigned NOT NULL AUTO_INCREMENT,
  `name` varchar(255) COLLATE utf8mb4_unicode_ci NOT NULL,
  `description` varchar(400) COLLATE utf8mb4_unicode_ci DEFAULT NULL,
  `created_at` timestamp NULL DEFAULT NULL,
  `updated_at` timestamp NULL DEFAULT NULL,
  `author_type` varchar(255) COLLATE utf8mb4_unicode_ci DEFAULT NULL,
  `author_id` bigint unsigned DEFAULT NULL,
  PRIMARY KEY (`id`),
  KEY `author_index` (`author_type`,`author_id`)
) ENGINE=InnoDB AUTO_INCREMENT=2 DEFAULT CHARSET=utf8mb4 COLLATE=utf8mb4_unicode_ci;

--
-- Dumping data for table `ec_specification_tables`
--

INSERT INTO `ec_specification_tables` VALUES (1,'Default Specifications','Default specification layout applied to all products.','2026-05-28 19:08:33','2026-05-28 19:08:33',NULL,NULL);

--
-- Table structure for table `ec_specification_tables_translations`
--

CREATE TABLE `ec_specification_tables_translations` (
  `lang_code` varchar(20) COLLATE utf8mb4_unicode_ci NOT NULL,
  `ec_specification_tables_id` bigint unsigned NOT NULL,
  `name` varchar(255) COLLATE utf8mb4_unicode_ci DEFAULT NULL,
  `description` varchar(400) COLLATE utf8mb4_unicode_ci DEFAULT NULL,
  PRIMARY KEY (`lang_code`,`ec_specification_tables_id`)
) ENGINE=InnoDB DEFAULT CHARSET=utf8mb4 COLLATE=utf8mb4_unicode_ci;

--
-- Dumping data for table `ec_specification_tables_translations`
--


--
-- Table structure for table `ec_store_locators`
--

CREATE TABLE `ec_store_locators` (
  `id` bigint unsigned NOT NULL AUTO_INCREMENT,
  `name` varchar(60) COLLATE utf8mb4_unicode_ci NOT NULL,
  `email` varchar(60) COLLATE utf8mb4_unicode_ci DEFAULT NULL,
  `phone` varchar(20) COLLATE utf8mb4_unicode_ci NOT NULL,
  `address` varchar(255) COLLATE utf8mb4_unicode_ci NOT NULL,
  `country` varchar(120) COLLATE utf8mb4_unicode_ci DEFAULT NULL,
  `state` varchar(120) COLLATE utf8mb4_unicode_ci DEFAULT NULL,
  `city` varchar(120) COLLATE utf8mb4_unicode_ci DEFAULT NULL,
  `is_primary` tinyint(1) DEFAULT '0',
  `is_shipping_location` tinyint(1) DEFAULT '1',
  `created_at` timestamp NULL DEFAULT NULL,
  `updated_at` timestamp NULL DEFAULT NULL,
  `zip_code` varchar(20) COLLATE utf8mb4_unicode_ci DEFAULT NULL,
  PRIMARY KEY (`id`)
) ENGINE=InnoDB DEFAULT CHARSET=utf8mb4 COLLATE=utf8mb4_unicode_ci;

--
-- Dumping data for table `ec_store_locators`
--


--
-- Table structure for table `ec_tax_products`
--

CREATE TABLE `ec_tax_products` (
  `tax_id` bigint unsigned NOT NULL,
  `product_id` bigint unsigned NOT NULL,
  PRIMARY KEY (`product_id`,`tax_id`),
  KEY `ec_tax_products_tax_id_index` (`tax_id`),
  KEY `ec_tax_products_product_id_index` (`product_id`)
) ENGINE=InnoDB DEFAULT CHARSET=utf8mb4 COLLATE=utf8mb4_unicode_ci;

--
-- Dumping data for table `ec_tax_products`
--


--
-- Table structure for table `ec_tax_rules`
--

CREATE TABLE `ec_tax_rules` (
  `id` bigint unsigned NOT NULL AUTO_INCREMENT,
  `tax_id` bigint unsigned NOT NULL,
  `country` varchar(120) COLLATE utf8mb4_unicode_ci DEFAULT NULL,
  `state` varchar(120) COLLATE utf8mb4_unicode_ci DEFAULT NULL,
  `city` varchar(120) COLLATE utf8mb4_unicode_ci DEFAULT NULL,
  `zip_code` varchar(20) COLLATE utf8mb4_unicode_ci DEFAULT NULL,
  `priority` int DEFAULT NULL,
  `is_enabled` tinyint(1) NOT NULL DEFAULT '1',
  `created_at` timestamp NULL DEFAULT NULL,
  `updated_at` timestamp NULL DEFAULT NULL,
  `percentage` float DEFAULT NULL,
  PRIMARY KEY (`id`)
) ENGINE=InnoDB DEFAULT CHARSET=utf8mb4 COLLATE=utf8mb4_unicode_ci;

--
-- Dumping data for table `ec_tax_rules`
--


--
-- Table structure for table `ec_taxes`
--

CREATE TABLE `ec_taxes` (
  `id` bigint unsigned NOT NULL AUTO_INCREMENT,
  `title` varchar(255) COLLATE utf8mb4_unicode_ci DEFAULT NULL,
  `percentage` float DEFAULT NULL,
  `priority` int DEFAULT NULL,
  `status` varchar(60) COLLATE utf8mb4_unicode_ci NOT NULL DEFAULT 'published',
  `created_at` timestamp NULL DEFAULT NULL,
  `updated_at` timestamp NULL DEFAULT NULL,
  PRIMARY KEY (`id`)
) ENGINE=InnoDB DEFAULT CHARSET=utf8mb4 COLLATE=utf8mb4_unicode_ci;

--
-- Dumping data for table `ec_taxes`
--


--
-- Table structure for table `ec_taxes_translations`
--

CREATE TABLE `ec_taxes_translations` (
  `lang_code` varchar(255) COLLATE utf8mb4_unicode_ci NOT NULL,
  `ec_taxes_id` bigint unsigned NOT NULL,
  `title` varchar(255) COLLATE utf8mb4_unicode_ci DEFAULT NULL,
  PRIMARY KEY (`lang_code`,`ec_taxes_id`)
) ENGINE=InnoDB DEFAULT CHARSET=utf8mb4 COLLATE=utf8mb4_unicode_ci;

--
-- Dumping data for table `ec_taxes_translations`
--


--
-- Table structure for table `ec_wish_lists`
--

CREATE TABLE `ec_wish_lists` (
  `customer_id` bigint unsigned NOT NULL,
  `product_id` bigint unsigned NOT NULL,
  `created_at` timestamp NULL DEFAULT NULL,
  `updated_at` timestamp NULL DEFAULT NULL,
  PRIMARY KEY (`customer_id`,`product_id`),
  KEY `wishlist_relation_index` (`product_id`,`customer_id`)
) ENGINE=InnoDB DEFAULT CHARSET=utf8mb4 COLLATE=utf8mb4_unicode_ci;

--
-- Dumping data for table `ec_wish_lists`
--


--
-- Table structure for table `failed_jobs`
--

CREATE TABLE `failed_jobs` (
  `id` bigint unsigned NOT NULL AUTO_INCREMENT,
  `uuid` varchar(255) COLLATE utf8mb4_unicode_ci NOT NULL,
  `connection` text COLLATE utf8mb4_unicode_ci NOT NULL,
  `queue` text COLLATE utf8mb4_unicode_ci NOT NULL,
  `payload` longtext COLLATE utf8mb4_unicode_ci NOT NULL,
  `exception` longtext COLLATE utf8mb4_unicode_ci NOT NULL,
  `failed_at` timestamp NOT NULL DEFAULT CURRENT_TIMESTAMP,
  PRIMARY KEY (`id`),
  UNIQUE KEY `failed_jobs_uuid_unique` (`uuid`)
) ENGINE=InnoDB DEFAULT CHARSET=utf8mb4 COLLATE=utf8mb4_unicode_ci;

--
-- Dumping data for table `failed_jobs`
--


--
-- Table structure for table `faq_categories`
--

CREATE TABLE `faq_categories` (
  `id` bigint unsigned NOT NULL AUTO_INCREMENT,
  `name` varchar(120) COLLATE utf8mb4_unicode_ci NOT NULL,
  `order` tinyint NOT NULL DEFAULT '0',
  `status` varchar(60) COLLATE utf8mb4_unicode_ci NOT NULL DEFAULT 'published',
  `created_at` timestamp NULL DEFAULT NULL,
  `updated_at` timestamp NULL DEFAULT NULL,
  `description` varchar(400) COLLATE utf8mb4_unicode_ci DEFAULT NULL,
  PRIMARY KEY (`id`)
) ENGINE=InnoDB AUTO_INCREMENT=5 DEFAULT CHARSET=utf8mb4 COLLATE=utf8mb4_unicode_ci;

--
-- Dumping data for table `faq_categories`
--

INSERT INTO `faq_categories` VALUES (1,'Orders &amp; Shipping',0,'published','2026-05-28 19:08:32','2026-05-28 19:08:32','Everything about placing, tracking, and receiving your order.'),(2,'Returns &amp; Refunds',1,'published','2026-05-28 19:08:32','2026-05-28 19:08:32','Our 30-day return policy and how to start a return.'),(3,'Products &amp; Stock',2,'published','2026-05-28 19:08:32','2026-05-28 19:08:32','Sizing, materials, restocks, and product care.'),(4,'Account &amp; Payment',3,'published','2026-05-28 19:08:32','2026-05-28 19:08:32','Managing your account and accepted payment methods.');

--
-- Table structure for table `faq_categories_translations`
--

CREATE TABLE `faq_categories_translations` (
  `lang_code` varchar(20) COLLATE utf8mb4_unicode_ci NOT NULL,
  `faq_categories_id` bigint unsigned NOT NULL,
  `name` varchar(120) COLLATE utf8mb4_unicode_ci DEFAULT NULL,
  PRIMARY KEY (`lang_code`,`faq_categories_id`),
  KEY `idx_faq_cat_trans_faq_cat_id` (`faq_categories_id`),
  KEY `idx_faq_cat_trans_faq_cat_lang` (`faq_categories_id`,`lang_code`)
) ENGINE=InnoDB DEFAULT CHARSET=utf8mb4 COLLATE=utf8mb4_unicode_ci;

--
-- Dumping data for table `faq_categories_translations`
--

INSERT INTO `faq_categories_translations` VALUES ('ar',1,'Orders &amp; Shipping'),('ar',2,'Returns &amp; Refunds'),('ar',3,'Products &amp; Stock'),('ar',4,'Account &amp; Payment'),('fr',1,'Orders &amp; Shipping'),('fr',2,'Returns &amp; Refunds'),('fr',3,'Products &amp; Stock'),('fr',4,'Account &amp; Payment'),('id',1,'Orders &amp; Shipping'),('id',2,'Returns &amp; Refunds'),('id',3,'Products &amp; Stock'),('id',4,'Account &amp; Payment'),('tr',1,'Orders &amp; Shipping'),('tr',2,'Returns &amp; Refunds'),('tr',3,'Products &amp; Stock'),('tr',4,'Account &amp; Payment'),('vi',1,'Orders &amp; Shipping'),('vi',2,'Returns &amp; Refunds'),('vi',3,'Products &amp; Stock'),('vi',4,'Account &amp; Payment');

--
-- Table structure for table `faqs`
--

CREATE TABLE `faqs` (
  `id` bigint unsigned NOT NULL AUTO_INCREMENT,
  `question` text COLLATE utf8mb4_unicode_ci NOT NULL,
  `answer` text COLLATE utf8mb4_unicode_ci NOT NULL,
  `category_id` bigint unsigned NOT NULL,
  `status` varchar(60) COLLATE utf8mb4_unicode_ci NOT NULL DEFAULT 'published',
  `created_at` timestamp NULL DEFAULT NULL,
  `updated_at` timestamp NULL DEFAULT NULL,
  PRIMARY KEY (`id`)
) ENGINE=InnoDB AUTO_INCREMENT=14 DEFAULT CHARSET=utf8mb4 COLLATE=utf8mb4_unicode_ci;

--
-- Dumping data for table `faqs`
--

INSERT INTO `faqs` VALUES (1,'How long does standard shipping take?','Standard shipping arrives within 3-5 business days for domestic orders and 7-12 business days for international destinations. Express options are available at checkout.',1,'published','2026-05-28 19:08:32','2026-05-28 19:08:32'),(2,'Do you offer free shipping?','Yes — orders above $99 ship free within the continental US. International free-shipping thresholds vary by destination and are shown at checkout.',1,'published','2026-05-28 19:08:32','2026-05-28 19:08:32'),(3,'How can I track my order?','You will receive a tracking link by email as soon as your order is dispatched. You can also follow the parcel from your account dashboard under My Orders.',1,'published','2026-05-28 19:08:32','2026-05-28 19:08:32'),(4,'Can I change the shipping address after I place my order?','Address changes are possible if your order has not yet entered fulfilment. Contact us within two hours of placing the order for the best chance of a successful update.',1,'published','2026-05-28 19:08:32','2026-05-28 19:08:32'),(5,'What is your return policy?','We offer 30 days from delivery to return any unworn item in its original condition. Sale items and intimate apparel are final sale.',2,'published','2026-05-28 19:08:32','2026-05-28 19:08:32'),(6,'How do I start a return?','Start a return from your account dashboard or email returns@amerce.test with your order number. We will send a prepaid return label for domestic orders.',2,'published','2026-05-28 19:08:32','2026-05-28 19:08:32'),(7,'When will I receive my refund?','Refunds are processed within 3-5 business days of us receiving your return. The funds typically appear on your statement within an additional 5-7 days, depending on your bank.',2,'published','2026-05-28 19:08:32','2026-05-28 19:08:32'),(8,'How do I find the right size?','Each product page includes a size chart based on actual garment measurements. If you are between sizes, we generally recommend sizing up for our knitwear and outerwear.',3,'published','2026-05-28 19:08:32','2026-05-28 19:08:32'),(9,'When will sold-out items be restocked?','Most styles restock within 2-4 weeks. Click the Notify Me button on any sold-out variant to be alerted by email the moment it returns.',3,'published','2026-05-28 19:08:32','2026-05-28 19:08:32'),(10,'Are your products ethically sourced?','Yes. We work only with manufacturing partners who meet our supplier code of conduct, covering fair wages, safe conditions, and verified material provenance.',3,'published','2026-05-28 19:08:32','2026-05-28 19:08:32'),(11,'Which payment methods do you accept?','We accept Visa, Mastercard, American Express, Apple Pay, Google Pay, PayPal, and Klarna for eligible markets.',4,'published','2026-05-28 19:08:32','2026-05-28 19:08:32'),(12,'Is it safe to enter my card details?','All payments are processed by PCI-DSS Level 1 certified providers using TLS 1.3 encryption. We never store full card numbers on our servers.',4,'published','2026-05-28 19:08:32','2026-05-28 19:08:32'),(13,'How do I reset my password?','Use the Forgot Password link on the login page. A reset link will be sent to your registered email address and is valid for 30 minutes.',4,'published','2026-05-28 19:08:32','2026-05-28 19:08:32');

--
-- Table structure for table `faqs_translations`
--

CREATE TABLE `faqs_translations` (
  `lang_code` varchar(20) COLLATE utf8mb4_unicode_ci NOT NULL,
  `faqs_id` bigint unsigned NOT NULL,
  `question` text COLLATE utf8mb4_unicode_ci,
  `answer` text COLLATE utf8mb4_unicode_ci,
  PRIMARY KEY (`lang_code`,`faqs_id`),
  KEY `idx_faqs_trans_faqs_id` (`faqs_id`),
  KEY `idx_faqs_trans_faq_lang` (`faqs_id`,`lang_code`)
) ENGINE=InnoDB DEFAULT CHARSET=utf8mb4 COLLATE=utf8mb4_unicode_ci;

--
-- Dumping data for table `faqs_translations`
--

INSERT INTO `faqs_translations` VALUES ('ar',1,'كم من الوقت يستغرق الشحن القياسي؟','يصل الشحن القياسي خلال 3-5 أيام عمل للطلبات المحلية و7-12 يوم عمل للوجهات الدولية. تتوفر خيارات الشحن المعجل عند الخروج.'),('ar',2,'هل تقدمون الشحن المجاني؟','نعم - يتم شحن الطلبات التي تزيد قيمتها عن 99 دولارًا مجانًا داخل الولايات المتحدة القارية. يختلف الحد الأدنى للشحن الدولي المجاني حسب الوجهة ويتم عرضه عند الخروج.'),('ar',3,'كيف يمكنني تتبع طلبي؟','سوف تتلقى رابط تتبع عبر البريد الإلكتروني بمجرد شحن طلبك. يمكنك أيضًا تتبع الحزمة الخاصة بك من صفحة إدارة حسابك ضمن طلباتي.'),('ar',4,'هل يمكنني تغيير عنوان الشحن بعد تقديم طلبي؟','يمكن تغيير العنوان إذا لم تتم معالجة الطلب. اتصل بنا خلال ساعتين من تقديم طلبك للحصول على أفضل فرصة لتحديث ناجح.'),('ar',5,'ما هي سياسة الإرجاع الخاصة بك؟','نمنح 30 يومًا من تاريخ التسليم لإعادة أي منتج غير مستخدم بحالته الأصلية. العناصر والملابس الداخلية المخفضة نهائية - ولا توجد عوائد.'),('ar',6,'كيف أبدأ العودة؟','ابدأ عملية الإرجاع من صفحة إدارة حسابك أو أرسل بريدًا إلكترونيًا إلى return@amerce.test يتضمن رقم طلبك. سوف نرسل ملصق شحن الإرجاع المدفوع مسبقًا للطلبات المحلية.'),('ar',7,'متى سأستلم أموالي المستردة؟','تتم معالجة المبالغ المستردة في غضون 3-5 أيام عمل من تاريخ استلامنا للمنتج المرتجع. تظهر الأموال عادة في كشف حسابك بعد 5-7 أيام إضافية حسب البنك.'),('ar',8,'كيف أجد الحجم المناسب؟','تحتوي كل صفحة منتج على مخطط حجم يعتمد على قياسات المنتج الفعلية. إذا كان مقاسك بين مقاسين، فنوصي عادةً باختيار المقاس الأكبر للملابس المحبوكة والمعاطف.'),('ar',9,'متى سيتم إعادة تخزين العناصر المباعة؟','يتم إعادة تخزين معظم الأنماط في غضون 2-4 أسابيع. انقر فوق الزر \"أخطرني\" الموجود على أي إصدار غير متوفر في المخزون ليتم إعلامك عبر البريد الإلكتروني عندما يعود المنتج.'),('ar',10,'هل منتجاتك من مصادر أخلاقية؟','يملك. نحن نعمل فقط مع شركاء التصنيع الذين يستوفون قواعد سلوك الموردين الخاصة بنا، بما في ذلك الأجور العادلة والظروف الآمنة وأصول المواد التي تم التحقق منها.'),('ar',11,'ما هي طرق الدفع التي تقبلونها؟','نحن نقبل Visa وMastercard وAmerican Express وApple Pay وGoogle Pay وPayPal وKlarna للأسواق المدعومة.'),('ar',12,'هل من الآمن إدخال تفاصيل بطاقتي؟','تتم معالجة جميع المدفوعات بواسطة مزود معتمد من PCI-DSS من المستوى 1 مع تشفير TLS 1.3. لا نقوم مطلقًا بتخزين أرقام البطاقات الكاملة على خوادمنا.'),('ar',13,'كيف يمكنني إعادة تعيين كلمة المرور الخاصة بي؟','استخدم رابط نسيت كلمة المرور في صفحة تسجيل الدخول. سيتم إرسال رابط إعادة التعيين إلى بريدك الإلكتروني المسجل وهو صالح لمدة 30 دقيقة.'),('fr',1,'Combien de temps prend l\'expédition standard ?','L\'expédition standard arrive dans un délai de 3 à 5 jours ouvrables pour les commandes nationales et de 7 à 12 jours ouvrables pour les destinations internationales. Des options d’expédition accélérée sont disponibles à la caisse.'),('fr',2,'Offrez-vous la livraison gratuite ?','Oui, les commandes de plus de 99 $ sont expédiées gratuitement dans la zone continentale des États-Unis. Le seuil de livraison internationale gratuite varie selon la destination et est affiché au moment du paiement.'),('fr',3,'Comment puis-je suivre ma commande ?','Vous recevrez un lien de suivi par e-mail dès que votre commande sera expédiée. Vous pouvez également suivre votre colis depuis la page de gestion de votre compte sous Mes commandes.'),('fr',4,'Puis-je modifier l\'adresse de livraison après avoir passé ma commande ?','L\'adresse peut être modifiée si la commande n\'a pas été traitée. Contactez-nous dans les deux heures suivant votre commande pour avoir les meilleures chances de réussite de la mise à jour.'),('fr',5,'Quelle est votre politique de retour ?','Nous vous accordons 30 jours à compter de la date de livraison pour retourner tout produit non utilisé dans son état d\'origine. Les articles et sous-vêtements à prix réduit sont définitifs – aucun retour.'),('fr',6,'Comment démarrer un retour ?','Initiez un retour depuis la page de gestion de votre compte ou envoyez un e-mail à return@amerce.test avec votre numéro de commande. Nous enverrons une étiquette de retour prépayée pour les commandes nationales.'),('fr',7,'Quand vais-je recevoir mon remboursement ?','Les remboursements sont traités dans les 3 à 5 jours ouvrables à compter de la réception de l\'article retourné. Les fonds apparaissent généralement sur votre relevé après 5 à 7 jours supplémentaires selon la banque.'),('fr',8,'Comment trouver la bonne taille ?','Chaque page de produit comporte un tableau des tailles basé sur les mesures réelles du produit. Si vous êtes entre deux tailles, nous vous recommandons généralement de choisir la taille la plus grande pour les tricots et les manteaux.'),('fr',9,'Quand les articles épuisés seront-ils réapprovisionnés ?','La plupart des styles sont réapprovisionnés dans un délai de 2 à 4 semaines. Cliquez sur le bouton M\'avertir de toute variation en rupture de stock pour être averti par e-mail du retour du produit.'),('fr',10,'Vos produits sont-ils issus de sources éthiques ?','Avoir. Nous travaillons uniquement avec des partenaires de fabrication qui respectent notre code de conduite des fournisseurs, notamment des salaires équitables, des conditions sûres et des origines de matériaux vérifiées.'),('fr',11,'Quels modes de paiement acceptez-vous ?','Nous acceptons Visa, Mastercard, American Express, Apple Pay, Google Pay, PayPal et Klarna pour les marchés pris en charge.'),('fr',12,'Est-il sécuritaire de saisir les détails de ma carte ?','Tous les paiements sont traités par un fournisseur certifié PCI-DSS niveau 1 avec cryptage TLS 1.3. Nous ne stockons jamais les numéros de carte complets sur nos serveurs.'),('fr',13,'Comment réinitialiser mon mot de passe ?','Utilisez le lien Mot de passe oublié sur la page de connexion. Un lien de réinitialisation sera envoyé à votre adresse e-mail enregistrée et est valable 30 minutes.'),('id',1,'Berapa lama waktu pengiriman standar?','Pengiriman standar tiba dalam 3-5 hari kerja untuk pesanan domestik dan 7-12 hari kerja untuk tujuan internasional. Opsi pengiriman yang dipercepat tersedia saat checkout.'),('id',2,'Apakah Anda menawarkan pengiriman gratis?','Ya — pesanan di atas $99 dikirimkan gratis di wilayah AS. Ambang batas pengiriman internasional gratis bervariasi berdasarkan tujuan dan ditampilkan saat checkout.'),('id',3,'Bagaimana cara melacak pesanan saya?','Anda akan menerima tautan pelacakan melalui email segera setelah pesanan Anda dikirimkan. Anda juga dapat melacak paket Anda dari halaman manajemen akun Anda di bawah Pesanan Saya.'),('id',4,'Bisakah saya mengubah alamat pengiriman setelah saya melakukan pemesanan?','Alamat dapat diubah jika pesanan belum diproses. Hubungi kami dalam waktu dua jam setelah melakukan pemesanan untuk mendapatkan peluang terbaik agar pembaruan berhasil.'),('id',5,'Apa kebijakan pengembalian Anda?','Kami memberikan waktu 30 hari sejak tanggal pengiriman untuk mengembalikan produk yang tidak terpakai ke kondisi aslinya. Barang dan pakaian dalam yang didiskon bersifat final — tidak ada pengembalian.'),('id',6,'Bagaimana cara memulai pengembalian?','Lakukan pengembalian dari halaman manajemen akun Anda atau kirim email ke return@amerce.test dengan nomor pesanan Anda. Kami akan mengirimkan label pengiriman pengembalian prabayar untuk pesanan domestik.'),('id',7,'Kapan saya akan menerima pengembalian dana saya?','Pengembalian dana diproses dalam 3-5 hari kerja sejak kami menerima barang yang dikembalikan. Dana biasanya muncul di laporan Anda setelah 5-7 hari tambahan, tergantung banknya.'),('id',8,'Bagaimana cara menemukan ukuran yang tepat?','Setiap halaman produk memiliki tabel ukuran berdasarkan pengukuran produk sebenarnya. Jika Anda berada di antara dua ukuran, kami biasanya menyarankan memilih ukuran yang lebih besar untuk pakaian rajut dan mantel.'),('id',9,'Kapan barang yang terjual habis akan direstock?','Sebagian besar model diisi ulang dalam 2-4 minggu. Klik tombol Beritahu Saya pada variasi yang kehabisan stok untuk diberitahu melalui email ketika produk dikembalikan.'),('id',10,'Apakah produk Anda bersumber secara etis?','Memiliki. Kami hanya bekerja sama dengan mitra manufaktur yang memenuhi kode etik pemasok kami, termasuk upah yang adil, kondisi aman, dan asal bahan yang terverifikasi.'),('id',11,'Metode pembayaran apa yang Anda terima?','Kami menerima Visa, Mastercard, American Express, Apple Pay, Google Pay, PayPal, dan Klarna untuk pasar yang didukung.'),('id',12,'Apakah aman memasukkan detail kartu saya?','Semua pembayaran diproses oleh penyedia bersertifikat PCI-DSS Level 1 dengan enkripsi TLS 1.3. Kami tidak pernah menyimpan nomor kartu lengkap di server kami.'),('id',13,'Bagaimana cara mereset kata sandi saya?','Gunakan tautan Lupa Kata Sandi di halaman login. Tautan reset akan dikirimkan ke email Anda yang terdaftar dan berlaku selama 30 menit.'),('tr',1,'Standart gönderim ne kadar sürer?','Standart kargo, yurt içi siparişlerde 3-5 iş günü, yurt dışı siparişlerde ise 7-12 iş günü içerisinde ulaşır. Ödeme sırasında hızlandırılmış gönderim seçenekleri mevcuttur.'),('tr',2,'Ücretsiz kargo sunuyor musunuz?','Evet — 99$\'ın üzerindeki siparişler ABD kıtasında ücretsiz olarak gönderilir. Ücretsiz uluslararası gönderim eşiği varış noktasına göre değişir ve ödeme sırasında görüntülenir.'),('tr',3,'Siparişimi nasıl takip edebilirim?','Siparişiniz gönderilir gönderilmez e-posta yoluyla bir takip bağlantısı alacaksınız. Paketinizi ayrıca siparişlerim altındaki hesap yönetimi sayfanızdan da takip edebilirsiniz.'),('tr',4,'Siparişimi verdikten sonra teslimat adresini değiştirebilir miyim?','Siparişin işleme koyulmaması durumunda adres değiştirilebilir. Başarılı bir güncelleme şansı için siparişinizi verdikten sonraki iki saat içinde bizimle iletişime geçin.'),('tr',5,'İade politikanız nedir?','Kullanılmamış ürünü orijinal haliyle iade etmek için teslimat tarihinden itibaren 30 gün süre veriyoruz. İndirimli ürünler ve iç çamaşırları sondur; iade yoktur.'),('tr',6,'İade işlemini nasıl başlatabilirim?','Hesap yönetimi sayfanızdan bir iade işlemi başlatın veya sipariş numaranızla birlikte return@amerce.test adresine bir e-posta gönderin. Yurtiçi siparişlerde ön ödemeli iade nakliye etiketi göndereceğiz.'),('tr',7,'Geri ödememi ne zaman alacağım?','Geri ödemeler, iade edilen ürünün tarafımıza ulaşmasından itibaren 3-5 iş günü içerisinde gerçekleştirilir. Fonlar genellikle bankaya bağlı olarak ek 5-7 gün sonra ekstrenizde görünür.'),('tr',8,'Doğru boyutu nasıl bulurum?','Her ürün sayfasında gerçek ürün ölçülerine dayalı bir beden tablosu bulunur. Eğer iki beden arasında kaldıysanız triko ve kabanlarda genellikle büyük bedeni tercih etmenizi öneririz.'),('tr',9,'Tükenen ürünler ne zaman stoklara eklenecek?','Çoğu stil 2-4 hafta içinde yeniden stoklanır. Ürün iade edildiğinde e-postayla bilgilendirilmek için stokta olmayan herhangi bir varyasyonda Bana Bildir düğmesini tıklayın.'),('tr',10,'Ürünleriniz etik kurallara uygun mu?','Sahip olmak. Yalnızca adil ücretler, güvenli koşullar ve doğrulanmış malzeme menşeleri de dahil olmak üzere tedarikçi davranış kurallarımızı karşılayan üretim ortaklarıyla çalışıyoruz.'),('tr',11,'Hangi ödeme yöntemlerini kabul ediyorsunuz?','Desteklenen pazarlar için Visa, Mastercard, American Express, Apple Pay, Google Pay, PayPal ve Klarna\'yı kabul ediyoruz.'),('tr',12,'Kart bilgilerimi girmem güvenli mi?','Tüm ödemeler, TLS 1.3 şifrelemesine sahip PCI-DSS Seviye 1 sertifikalı bir sağlayıcı tarafından işlenir. Kart numaralarının tamamını hiçbir zaman sunucularımızda saklamayız.'),('tr',13,'Şifremi nasıl sıfırlarım?','Giriş sayfasındaki Şifremi Unuttum bağlantısını kullanın. Kayıtlı e-posta adresinize bir sıfırlama bağlantısı gönderilecek ve 30 dakika süreyle geçerlidir.'),('vi',1,'Vận chuyển tiêu chuẩn mất bao lâu?','Vận chuyển tiêu chuẩn đến trong vòng 3-5 ngày làm việc cho đơn hàng nội địa và 7-12 ngày làm việc cho điểm đến quốc tế. Lựa chọn vận chuyển nhanh có sẵn tại bước thanh toán.'),('vi',2,'Quý vị có hỗ trợ miễn phí vận chuyển không?','Có — đơn hàng trên 99$ được miễn phí vận chuyển trong khu vực Hoa Kỳ lục địa. Ngưỡng miễn phí vận chuyển quốc tế thay đổi theo điểm đến và được hiển thị tại bước thanh toán.'),('vi',3,'Làm thế nào để theo dõi đơn hàng?','Bạn sẽ nhận được liên kết theo dõi qua email ngay khi đơn hàng được gửi đi. Bạn cũng có thể theo dõi kiện hàng từ trang quản lý tài khoản trong mục Đơn hàng của tôi.'),('vi',4,'Tôi có thể đổi địa chỉ giao hàng sau khi đặt đơn không?','Có thể đổi địa chỉ nếu đơn hàng chưa được xử lý. Hãy liên hệ với chúng tôi trong vòng hai giờ kể từ khi đặt đơn để có cơ hội cập nhật thành công cao nhất.'),('vi',5,'Chính sách đổi trả của quý vị như thế nào?','Chúng tôi cho 30 ngày kể từ ngày giao hàng để trả lại bất kỳ sản phẩm nào chưa qua sử dụng trong tình trạng nguyên bản. Hàng giảm giá và đồ lót là hàng cuối — không đổi trả.'),('vi',6,'Làm thế nào để bắt đầu đổi trả?','Bắt đầu đổi trả từ trang quản lý tài khoản hoặc gửi email đến returns@amerce.test cùng số đơn hàng. Chúng tôi sẽ gửi nhãn vận chuyển trả hàng trả phí trước cho đơn hàng nội địa.'),('vi',7,'Khi nào tôi nhận được tiền hoàn lại?','Tiền hoàn được xử lý trong vòng 3-5 ngày làm việc kể từ khi chúng tôi nhận được hàng trả. Tiền thường xuất hiện trong sao kê của bạn sau thêm 5-7 ngày tùy ngân hàng.'),('vi',8,'Làm thế nào để tìm đúng kích cỡ?','Mỗi trang sản phẩm có bảng kích cỡ dựa trên số đo thực tế của sản phẩm. Nếu bạn ở giữa hai size, chúng tôi thường khuyên chọn size lớn hơn cho đồ dệt kim và áo khoác.'),('vi',9,'Khi nào sản phẩm hết hàng được nhập lại?','Hầu hết các kiểu được nhập lại trong vòng 2-4 tuần. Bấm nút Thông báo cho tôi trên bất kỳ biến thể nào hết hàng để được thông báo qua email khi sản phẩm trở lại.'),('vi',10,'Sản phẩm của quý vị có nguồn cung có đạo đức không?','Có. Chúng tôi chỉ làm việc với các đối tác sản xuất đáp ứng quy tắc ứng xử nhà cung cấp, bao gồm lương công bằng, điều kiện an toàn và nguồn gốc vật liệu được xác minh.'),('vi',11,'Quý vị chấp nhận những phương thức thanh toán nào?','Chúng tôi chấp nhận Visa, Mastercard, American Express, Apple Pay, Google Pay, PayPal và Klarna cho các thị trường được hỗ trợ.'),('vi',12,'Nhập thông tin thẻ có an toàn không?','Mọi thanh toán đều được xử lý bởi nhà cung cấp được chứng nhận PCI-DSS Level 1 với mã hóa TLS 1.3. Chúng tôi không bao giờ lưu trữ số thẻ đầy đủ trên máy chủ.'),('vi',13,'Làm thế nào để đặt lại mật khẩu?','Sử dụng liên kết Quên mật khẩu trên trang đăng nhập. Một liên kết đặt lại sẽ được gửi đến email đăng ký của bạn và có hiệu lực trong 30 phút.');

--
-- Table structure for table `fob_product_size_guide_relations`
--

CREATE TABLE `fob_product_size_guide_relations` (
  `id` bigint unsigned NOT NULL AUTO_INCREMENT,
  `size_guide_id` bigint unsigned NOT NULL,
  `reference_id` bigint unsigned NOT NULL,
  `reference_type` varchar(60) COLLATE utf8mb4_unicode_ci NOT NULL,
  `created_at` timestamp NULL DEFAULT NULL,
  `updated_at` timestamp NULL DEFAULT NULL,
  PRIMARY KEY (`id`),
  KEY `fob_psg_relations_size_guide_id_idx` (`size_guide_id`),
  KEY `fob_psg_relations_ref_idx` (`reference_id`,`reference_type`),
  CONSTRAINT `fob_product_size_guide_relations_size_guide_id_foreign` FOREIGN KEY (`size_guide_id`) REFERENCES `fob_product_size_guides` (`id`) ON DELETE CASCADE
) ENGINE=InnoDB DEFAULT CHARSET=utf8mb4 COLLATE=utf8mb4_unicode_ci;

--
-- Dumping data for table `fob_product_size_guide_relations`
--


--
-- Table structure for table `fob_product_size_guides`
--

CREATE TABLE `fob_product_size_guides` (
  `id` bigint unsigned NOT NULL AUTO_INCREMENT,
  `name` varchar(255) COLLATE utf8mb4_unicode_ci NOT NULL,
  `description` text COLLATE utf8mb4_unicode_ci,
  `image` varchar(255) COLLATE utf8mb4_unicode_ci DEFAULT NULL,
  `table_headers` json DEFAULT NULL,
  `table_rows` json DEFAULT NULL,
  `status` varchar(60) COLLATE utf8mb4_unicode_ci NOT NULL DEFAULT 'published',
  `order` int NOT NULL DEFAULT '0',
  `created_at` timestamp NULL DEFAULT NULL,
  `updated_at` timestamp NULL DEFAULT NULL,
  PRIMARY KEY (`id`),
  KEY `fob_psg_status_idx` (`status`),
  KEY `fob_psg_order_idx` (`order`)
) ENGINE=InnoDB AUTO_INCREMENT=2 DEFAULT CHARSET=utf8mb4 COLLATE=utf8mb4_unicode_ci;

--
-- Dumping data for table `fob_product_size_guides`
--

INSERT INTO `fob_product_size_guides` VALUES (1,'Default Size Chart','<h6>Bust</h6><p>Measure around the fullest part of your bust.</p><h6>Waist</h6><p>Measure around the narrowest part of your torso.</p><h6>Low Hip</h6><p>With your feet together measure around the fullest part of your hips/rear.</p>',NULL,'[\"size\", \"us\", \"bust\", \"waist\", \"low-hip\"]','[[\"XS\", \"2\", \"32\", \"24 - 25\", \"33 - 34\"], [\"S\", \"4\", \"34 - 35\", \"26 - 27\", \"35 - 26\"], [\"M\", \"6\", \"36 - 37\", \"28 - 29\", \"38 - 40\"], [\"L\", \"8\", \"38 - 29\", \"30 - 31\", \"42 - 44\"], [\"XL\", \"10\", \"40 - 41\", \"32 - 33\", \"45 - 47\"], [\"XXL\", \"12\", \"42 - 43\", \"34 - 35\", \"48 - 50\"]]','published',0,'2026-05-28 19:08:33','2026-05-28 19:08:33');

--
-- Table structure for table `fob_size_guide_headers`
--

CREATE TABLE `fob_size_guide_headers` (
  `id` bigint unsigned NOT NULL AUTO_INCREMENT,
  `name` varchar(255) COLLATE utf8mb4_unicode_ci NOT NULL,
  `slug` varchar(255) COLLATE utf8mb4_unicode_ci NOT NULL,
  `category` varchar(60) COLLATE utf8mb4_unicode_ci NOT NULL DEFAULT 'general',
  `order` int NOT NULL DEFAULT '0',
  `status` varchar(60) COLLATE utf8mb4_unicode_ci NOT NULL DEFAULT 'published',
  `created_at` timestamp NULL DEFAULT NULL,
  `updated_at` timestamp NULL DEFAULT NULL,
  PRIMARY KEY (`id`),
  UNIQUE KEY `fob_size_guide_headers_slug_unique` (`slug`),
  KEY `fob_psg_headers_status_idx` (`status`),
  KEY `fob_psg_headers_category_idx` (`category`),
  KEY `fob_psg_headers_order_idx` (`order`)
) ENGINE=InnoDB AUTO_INCREMENT=6 DEFAULT CHARSET=utf8mb4 COLLATE=utf8mb4_unicode_ci;

--
