-- Table structure for table `fob_product_size_guide_relations`
--

CREATE TABLE `fob_product_size_guide_relations` (
  `id` bigint unsigned NOT NULL AUTO_INCREMENT,
  `size_guide_id` bigint unsigned NOT NULL,
  `reference_id` bigint unsigned NOT NULL,
  `reference_type` varchar(60) COLLATE utf8mb4_unicode_ci NOT NULL,
  `created_at` timestamp NULL DEFAULT NULL,
  `updated_at` timestamp NULL DEFAULT NULL,
  PRIMARY KEY (`id`),
  KEY `fob_psg_relations_size_guide_id_idx` (`size_guide_id`),
  KEY `fob_psg_relations_ref_idx` (`reference_id`,`reference_type`),
  CONSTRAINT `fob_product_size_guide_relations_size_guide_id_foreign` FOREIGN KEY (`size_guide_id`) REFERENCES `fob_product_size_guides` (`id`) ON DELETE CASCADE
) ENGINE=InnoDB DEFAULT CHARSET=utf8mb4 COLLATE=utf8mb4_unicode_ci;

--
-- Dumping data for table `fob_product_size_guide_relations`
--


--
-- Table structure for table `fob_product_size_guides`
--

CREATE TABLE `fob_product_size_guides` (
  `id` bigint unsigned NOT NULL AUTO_INCREMENT,
  `name` varchar(255) COLLATE utf8mb4_unicode_ci NOT NULL,
  `description` text COLLATE utf8mb4_unicode_ci,
  `image` varchar(255) COLLATE utf8mb4_unicode_ci DEFAULT NULL,
  `table_headers` json DEFAULT NULL,
  `table_rows` json DEFAULT NULL,
  `status` varchar(60) COLLATE utf8mb4_unicode_ci NOT NULL DEFAULT 'published',
  `order` int NOT NULL DEFAULT '0',
  `created_at` timestamp NULL DEFAULT NULL,
  `updated_at` timestamp NULL DEFAULT NULL,
  PRIMARY KEY (`id`),
  KEY `fob_psg_status_idx` (`status`),
  KEY `fob_psg_order_idx` (`order`)
) ENGINE=InnoDB AUTO_INCREMENT=2 DEFAULT CHARSET=utf8mb4 COLLATE=utf8mb4_unicode_ci;

--
-- Dumping data for table `fob_product_size_guides`
--

INSERT INTO `fob_product_size_guides` VALUES (1,'Default Size Chart','<h6>Bust</h6><p>Measure around the fullest part of your bust.</p><h6>Waist</h6><p>Measure around the narrowest part of your torso.</p><h6>Low Hip</h6><p>With your feet together measure around the fullest part of your hips/rear.</p>',NULL,'[\"size\", \"us\", \"bust\", \"waist\", \"low-hip\"]','[[\"XS\", \"2\", \"32\", \"24 - 25\", \"33 - 34\"], [\"S\", \"4\", \"34 - 35\", \"26 - 27\", \"35 - 26\"], [\"M\", \"6\", \"36 - 37\", \"28 - 29\", \"38 - 40\"], [\"L\", \"8\", \"38 - 29\", \"30 - 31\", \"42 - 44\"], [\"XL\", \"10\", \"40 - 41\", \"32 - 33\", \"45 - 47\"], [\"XXL\", \"12\", \"42 - 43\", \"34 - 35\", \"48 - 50\"]]','published',0,'2026-05-28 19:07:06','2026-05-28 19:07:06');

--
-- Table structure for table `fob_size_guide_headers`
--

CREATE TABLE `fob_size_guide_headers` (
  `id` bigint unsigned NOT NULL AUTO_INCREMENT,
  `name` varchar(255) COLLATE utf8mb4_unicode_ci NOT NULL,
  `slug` varchar(255) COLLATE utf8mb4_unicode_ci NOT NULL,
  `category` varchar(60) COLLATE utf8mb4_unicode_ci NOT NULL DEFAULT 'general',
  `order` int NOT NULL DEFAULT '0',
  `status` varchar(60) COLLATE utf8mb4_unicode_ci NOT NULL DEFAULT 'published',
  `created_at` timestamp NULL DEFAULT NULL,
  `updated_at` timestamp NULL DEFAULT NULL,
  PRIMARY KEY (`id`),
  UNIQUE KEY `fob_size_guide_headers_slug_unique` (`slug`),
  KEY `fob_psg_headers_status_idx` (`status`),
  KEY `fob_psg_headers_category_idx` (`category`),
  KEY `fob_psg_headers_order_idx` (`order`)
) ENGINE=InnoDB AUTO_INCREMENT=6 DEFAULT CHARSET=utf8mb4 COLLATE=utf8mb4_unicode_ci;

--
-- Dumping data for table `fob_size_guide_headers`
--

INSERT INTO `fob_size_guide_headers` VALUES (1,'Size','size','general',0,'published','2026-05-28 19:07:06','2026-05-28 19:07:06'),(2,'US','us','general',1,'published','2026-05-28 19:07:06','2026-05-28 19:07:06'),(3,'Bust','bust','general',2,'published','2026-05-28 19:07:06','2026-05-28 19:07:06'),(4,'Waist','waist','general',3,'published','2026-05-28 19:07:06','2026-05-28 19:07:06'),(5,'Low Hip','low-hip','general',4,'published','2026-05-28 19:07:06','2026-05-28 19:07:06');

--
-- Table structure for table `fob_size_guide_headers_translations`
--

CREATE TABLE `fob_size_guide_headers_translations` (
  `lang_code` varchar(20) COLLATE utf8mb4_unicode_ci NOT NULL,
  `fob_size_guide_headers_id` bigint unsigned NOT NULL,
  `name` varchar(255) COLLATE utf8mb4_unicode_ci DEFAULT NULL,
  PRIMARY KEY (`lang_code`,`fob_size_guide_headers_id`)
) ENGINE=InnoDB DEFAULT CHARSET=utf8mb4 COLLATE=utf8mb4_unicode_ci;

--
-- Dumping data for table `fob_size_guide_headers_translations`
--


--
-- Table structure for table `galleries`
--

CREATE TABLE `galleries` (
  `id` bigint unsigned NOT NULL AUTO_INCREMENT,
  `name` varchar(120) COLLATE utf8mb4_unicode_ci NOT NULL,
  `description` longtext COLLATE utf8mb4_unicode_ci NOT NULL,
  `is_featured` tinyint unsigned NOT NULL DEFAULT '0',
  `order` tinyint unsigned NOT NULL DEFAULT '0',
  `image` varchar(255) COLLATE utf8mb4_unicode_ci DEFAULT NULL,
  `user_id` bigint unsigned DEFAULT NULL,
  `status` varchar(60) COLLATE utf8mb4_unicode_ci NOT NULL DEFAULT 'published',
  `created_at` timestamp NULL DEFAULT NULL,
  `updated_at` timestamp NULL DEFAULT NULL,
  PRIMARY KEY (`id`),
  KEY `galleries_user_id_index` (`user_id`)
) ENGINE=InnoDB DEFAULT CHARSET=utf8mb4 COLLATE=utf8mb4_unicode_ci;

--
-- Dumping data for table `galleries`
--


--
-- Table structure for table `galleries_translations`
--

CREATE TABLE `galleries_translations` (
  `lang_code` varchar(20) COLLATE utf8mb4_unicode_ci NOT NULL,
  `galleries_id` bigint unsigned NOT NULL,
  `name` varchar(255) COLLATE utf8mb4_unicode_ci DEFAULT NULL,
  `description` longtext COLLATE utf8mb4_unicode_ci,
  PRIMARY KEY (`lang_code`,`galleries_id`),
  KEY `idx_galleries_trans_galleries_id` (`galleries_id`),
  KEY `idx_galleries_trans_gallery_lang` (`galleries_id`,`lang_code`)
) ENGINE=InnoDB DEFAULT CHARSET=utf8mb4 COLLATE=utf8mb4_unicode_ci;

--
-- Dumping data for table `galleries_translations`
--


--
-- Table structure for table `gallery_meta`
--

CREATE TABLE `gallery_meta` (
  `id` bigint unsigned NOT NULL AUTO_INCREMENT,
  `images` text COLLATE utf8mb4_unicode_ci,
  `reference_id` bigint unsigned NOT NULL,
  `reference_type` varchar(120) COLLATE utf8mb4_unicode_ci NOT NULL,
  `created_at` timestamp NULL DEFAULT NULL,
  `updated_at` timestamp NULL DEFAULT NULL,
  PRIMARY KEY (`id`),
  KEY `gallery_meta_reference_id_index` (`reference_id`)
) ENGINE=InnoDB DEFAULT CHARSET=utf8mb4 COLLATE=utf8mb4_unicode_ci;

--
-- Dumping data for table `gallery_meta`
--


--
-- Table structure for table `gallery_meta_translations`
--

CREATE TABLE `gallery_meta_translations` (
  `lang_code` varchar(20) COLLATE utf8mb4_unicode_ci NOT NULL,
  `gallery_meta_id` bigint unsigned NOT NULL,
  `images` text COLLATE utf8mb4_unicode_ci,
  PRIMARY KEY (`lang_code`,`gallery_meta_id`),
  KEY `idx_gallery_meta_trans_gm_id` (`gallery_meta_id`),
  KEY `idx_gallery_meta_trans_gm_lang` (`gallery_meta_id`,`lang_code`)
) ENGINE=InnoDB DEFAULT CHARSET=utf8mb4 COLLATE=utf8mb4_unicode_ci;

--
-- Dumping data for table `gallery_meta_translations`
--


--
-- Table structure for table `jobs`
--

CREATE TABLE `jobs` (
  `id` bigint unsigned NOT NULL AUTO_INCREMENT,
  `queue` varchar(255) COLLATE utf8mb4_unicode_ci NOT NULL,
  `payload` longtext COLLATE utf8mb4_unicode_ci NOT NULL,
  `attempts` tinyint unsigned NOT NULL,
  `reserved_at` int unsigned DEFAULT NULL,
  `available_at` int unsigned NOT NULL,
  `created_at` int unsigned NOT NULL,
  PRIMARY KEY (`id`),
  KEY `jobs_queue_index` (`queue`)
) ENGINE=InnoDB DEFAULT CHARSET=utf8mb4 COLLATE=utf8mb4_unicode_ci;

--
-- Dumping data for table `jobs`
--


--
-- Table structure for table `language_meta`
--

CREATE TABLE `language_meta` (
  `lang_meta_id` bigint unsigned NOT NULL AUTO_INCREMENT,
  `lang_meta_code` varchar(20) COLLATE utf8mb4_unicode_ci DEFAULT NULL,
  `lang_meta_origin` varchar(32) COLLATE utf8mb4_unicode_ci NOT NULL,
  `reference_id` bigint unsigned NOT NULL,
  `reference_type` varchar(120) COLLATE utf8mb4_unicode_ci NOT NULL,
  PRIMARY KEY (`lang_meta_id`),
  KEY `language_meta_reference_id_index` (`reference_id`),
  KEY `meta_code_index` (`lang_meta_code`),
  KEY `meta_origin_index` (`lang_meta_origin`),
  KEY `meta_reference_type_index` (`reference_type`)
) ENGINE=InnoDB AUTO_INCREMENT=43 DEFAULT CHARSET=utf8mb4 COLLATE=utf8mb4_unicode_ci;

--
-- Dumping data for table `language_meta`
--

INSERT INTO `language_meta` VALUES (7,'en','f3fa4f0d74fb71d5e4c715fb18997c2d',3,'Botble\\Menu\\Models\\Menu'),(8,'en','d5117c5f96f3c1b754170d8467f023f4',2,'Botble\\Menu\\Models\\Menu'),(9,'en','0589ed65abd1389c8b504429ab69fe4c',1,'Botble\\Menu\\Models\\Menu'),(10,'en','ec428553c86fd4ab4c4018b2a8a23fad',1,'Botble\\Menu\\Models\\MenuLocation'),(11,'en','cd7ed05a414aa0a11c95e7d85502d7f0',2,'Botble\\Menu\\Models\\MenuLocation'),(12,'en','6d1c89069e5238c64cdc4c9c3a0e68ad',3,'Botble\\Menu\\Models\\MenuLocation'),(13,'vi','ec428553c86fd4ab4c4018b2a8a23fad',4,'Botble\\Menu\\Models\\MenuLocation'),(14,'vi','0589ed65abd1389c8b504429ab69fe4c',4,'Botble\\Menu\\Models\\Menu'),(15,'vi','cd7ed05a414aa0a11c95e7d85502d7f0',5,'Botble\\Menu\\Models\\MenuLocation'),(16,'vi','d5117c5f96f3c1b754170d8467f023f4',5,'Botble\\Menu\\Models\\Menu'),(17,'vi','6d1c89069e5238c64cdc4c9c3a0e68ad',6,'Botble\\Menu\\Models\\MenuLocation'),(18,'vi','f3fa4f0d74fb71d5e4c715fb18997c2d',6,'Botble\\Menu\\Models\\Menu'),(19,'ar','ec428553c86fd4ab4c4018b2a8a23fad',7,'Botble\\Menu\\Models\\MenuLocation'),(20,'ar','0589ed65abd1389c8b504429ab69fe4c',7,'Botble\\Menu\\Models\\Menu'),(21,'ar','cd7ed05a414aa0a11c95e7d85502d7f0',8,'Botble\\Menu\\Models\\MenuLocation'),(22,'ar','d5117c5f96f3c1b754170d8467f023f4',8,'Botble\\Menu\\Models\\Menu'),(23,'ar','6d1c89069e5238c64cdc4c9c3a0e68ad',9,'Botble\\Menu\\Models\\MenuLocation'),(24,'ar','f3fa4f0d74fb71d5e4c715fb18997c2d',9,'Botble\\Menu\\Models\\Menu'),(25,'fr','ec428553c86fd4ab4c4018b2a8a23fad',10,'Botble\\Menu\\Models\\MenuLocation'),(26,'fr','0589ed65abd1389c8b504429ab69fe4c',10,'Botble\\Menu\\Models\\Menu'),(27,'fr','cd7ed05a414aa0a11c95e7d85502d7f0',11,'Botble\\Menu\\Models\\MenuLocation'),(28,'fr','d5117c5f96f3c1b754170d8467f023f4',11,'Botble\\Menu\\Models\\Menu'),(29,'fr','6d1c89069e5238c64cdc4c9c3a0e68ad',12,'Botble\\Menu\\Models\\MenuLocation'),(30,'fr','f3fa4f0d74fb71d5e4c715fb18997c2d',12,'Botble\\Menu\\Models\\Menu'),(31,'id','ec428553c86fd4ab4c4018b2a8a23fad',13,'Botble\\Menu\\Models\\MenuLocation'),(32,'id','0589ed65abd1389c8b504429ab69fe4c',13,'Botble\\Menu\\Models\\Menu'),(33,'id','cd7ed05a414aa0a11c95e7d85502d7f0',14,'Botble\\Menu\\Models\\MenuLocation'),(34,'id','d5117c5f96f3c1b754170d8467f023f4',14,'Botble\\Menu\\Models\\Menu'),(35,'id','6d1c89069e5238c64cdc4c9c3a0e68ad',15,'Botble\\Menu\\Models\\MenuLocation'),(36,'id','f3fa4f0d74fb71d5e4c715fb18997c2d',15,'Botble\\Menu\\Models\\Menu'),(37,'tr','ec428553c86fd4ab4c4018b2a8a23fad',16,'Botble\\Menu\\Models\\MenuLocation'),(38,'tr','0589ed65abd1389c8b504429ab69fe4c',16,'Botble\\Menu\\Models\\Menu'),(39,'tr','cd7ed05a414aa0a11c95e7d85502d7f0',17,'Botble\\Menu\\Models\\MenuLocation'),(40,'tr','d5117c5f96f3c1b754170d8467f023f4',17,'Botble\\Menu\\Models\\Menu'),(41,'tr','6d1c89069e5238c64cdc4c9c3a0e68ad',18,'Botble\\Menu\\Models\\MenuLocation'),(42,'tr','f3fa4f0d74fb71d5e4c715fb18997c2d',18,'Botble\\Menu\\Models\\Menu');

--
-- Table structure for table `languages`
--

CREATE TABLE `languages` (
  `lang_id` bigint unsigned NOT NULL AUTO_INCREMENT,
  `lang_name` varchar(120) COLLATE utf8mb4_unicode_ci NOT NULL,
  `lang_locale` varchar(20) COLLATE utf8mb4_unicode_ci NOT NULL,
  `lang_code` varchar(20) COLLATE utf8mb4_unicode_ci NOT NULL,
  `lang_flag` varchar(20) COLLATE utf8mb4_unicode_ci DEFAULT NULL,
  `lang_is_default` tinyint unsigned NOT NULL DEFAULT '0',
  `lang_order` int NOT NULL DEFAULT '0',
  `lang_is_rtl` tinyint unsigned NOT NULL DEFAULT '0',
  PRIMARY KEY (`lang_id`),
  KEY `lang_locale_index` (`lang_locale`),
  KEY `lang_code_index` (`lang_code`),
  KEY `lang_is_default_index` (`lang_is_default`)
) ENGINE=InnoDB AUTO_INCREMENT=7 DEFAULT CHARSET=utf8mb4 COLLATE=utf8mb4_unicode_ci;

--
-- Dumping data for table `languages`
--

INSERT INTO `languages` VALUES (1,'English','en','en','us',1,0,0),(2,'Tiếng Việt','vi','vi','vn',0,1,0),(3,'العربية','ar','ar','sa',0,2,1),(4,'Français','fr','fr','fr',0,3,0),(5,'Bahasa Indonesia','id','id','id',0,4,0),(6,'Türkçe','tr','tr','tr',0,5,0);

--
-- Table structure for table `media_files`
--

CREATE TABLE `media_files` (
  `id` bigint unsigned NOT NULL AUTO_INCREMENT,
  `user_id` bigint unsigned NOT NULL,
  `name` varchar(255) COLLATE utf8mb4_unicode_ci NOT NULL,
  `alt` varchar(255) COLLATE utf8mb4_unicode_ci DEFAULT NULL,
  `folder_id` bigint unsigned NOT NULL DEFAULT '0',
  `mime_type` varchar(120) COLLATE utf8mb4_unicode_ci NOT NULL,
  `size` int NOT NULL,
  `url` varchar(255) COLLATE utf8mb4_unicode_ci NOT NULL,
  `options` text COLLATE utf8mb4_unicode_ci,
  `created_at` timestamp NULL DEFAULT NULL,
  `updated_at` timestamp NULL DEFAULT NULL,
  `deleted_at` timestamp NULL DEFAULT NULL,
  `visibility` varchar(255) COLLATE utf8mb4_unicode_ci NOT NULL DEFAULT 'public',
  PRIMARY KEY (`id`),
  KEY `media_files_user_id_index` (`user_id`),
  KEY `media_files_index` (`folder_id`,`user_id`,`created_at`),
  KEY `media_files_folder_deleted_name` (`folder_id`,`deleted_at`,`name`)
) ENGINE=InnoDB AUTO_INCREMENT=44 DEFAULT CHARSET=utf8mb4 COLLATE=utf8mb4_unicode_ci;

--
-- Dumping data for table `media_files`
--

INSERT INTO `media_files` VALUES (1,0,'cod','cod',1,'image/png',12121,'payments/cod-14.png','[]','2026-05-28 19:07:03','2026-05-28 19:07:03',NULL,'public'),(2,0,'bank-transfer','bank-transfer',1,'image/png',29089,'payments/bank-transfer-14.png','[]','2026-05-28 19:07:03','2026-05-28 19:07:03',NULL,'public'),(3,0,'stripe','stripe',1,'image/webp',7516,'payments/stripe-14.webp','[]','2026-05-28 19:07:03','2026-05-28 19:07:03',NULL,'public'),(4,0,'paypal','paypal',1,'image/png',3001,'payments/paypal-14.png','[]','2026-05-28 19:07:04','2026-05-28 19:07:04',NULL,'public'),(5,0,'mollie','mollie',1,'image/png',8968,'payments/mollie-14.png','[]','2026-05-28 19:07:04','2026-05-28 19:07:04',NULL,'public'),(6,0,'paystack','paystack',1,'image/png',31015,'payments/paystack-14.png','[]','2026-05-28 19:07:04','2026-05-28 19:07:04',NULL,'public'),(7,0,'razorpay','razorpay',1,'image/png',8489,'payments/razorpay-14.png','[]','2026-05-28 19:07:05','2026-05-28 19:07:05',NULL,'public'),(8,0,'sslcommerz','sslcommerz',1,'image/png',3482,'payments/sslcommerz-14.png','[]','2026-05-28 19:07:05','2026-05-28 19:07:05',NULL,'public'),(9,0,'slider-4','slider-4',2,'image/jpeg',10660,'slider/slider-4.jpg','[]','2026-05-28 19:07:07','2026-05-28 19:07:07',NULL,'public'),(10,0,'slider-5','slider-5',2,'image/jpeg',10660,'slider/slider-5.jpg','[]','2026-05-28 19:07:07','2026-05-28 19:07:07',NULL,'public'),(11,0,'slider-6','slider-6',2,'image/jpeg',59008,'slider/slider-6.jpg','[]','2026-05-28 19:07:07','2026-05-28 19:07:07',NULL,'public'),(12,0,'vanfava','vanfava',3,'image/png',1954,'brands/vanfava.png','[]','2026-05-28 19:07:08','2026-05-28 19:07:08',NULL,'public'),(13,0,'cate-1','cate-1',4,'image/png',9014,'categories/cate-1.png','[]','2026-05-28 19:07:08','2026-05-28 19:07:08',NULL,'public'),(14,0,'cate-2','cate-2',4,'image/png',9014,'categories/cate-2.png','[]','2026-05-28 19:07:08','2026-05-28 19:07:08',NULL,'public'),(15,0,'cate-3','cate-3',4,'image/png',9014,'categories/cate-3.png','[]','2026-05-28 19:07:09','2026-05-28 19:07:09',NULL,'public'),(16,0,'cate-4','cate-4',4,'image/png',9014,'categories/cate-4.png','[]','2026-05-28 19:07:09','2026-05-28 19:07:09',NULL,'public'),(17,0,'cate-5','cate-5',4,'image/png',9014,'categories/cate-5.png','[]','2026-05-28 19:07:09','2026-05-28 19:07:09',NULL,'public'),(18,0,'banner-1','banner-1',5,'image/jpeg',13603,'section/banner-1.jpg','[]','2026-05-28 19:07:10','2026-05-28 19:07:10',NULL,'public'),(19,0,'banner-2','banner-2',5,'image/jpeg',13603,'section/banner-2.jpg','[]','2026-05-28 19:07:10','2026-05-28 19:07:10',NULL,'public'),(20,0,'banner-3','banner-3',5,'image/jpeg',13603,'section/banner-3.jpg','[]','2026-05-28 19:07:10','2026-05-28 19:07:10',NULL,'public'),(21,0,'product-1','product-1',7,'image/jpeg',9670,'products/mental/product-1.jpg','[]','2026-05-28 19:07:10','2026-05-28 19:07:10',NULL,'public'),(22,0,'product-2','product-2',7,'image/jpeg',9670,'products/mental/product-2.jpg','[]','2026-05-28 19:07:10','2026-05-28 19:07:10',NULL,'public'),(23,0,'product-3','product-3',7,'image/jpeg',9670,'products/mental/product-3.jpg','[]','2026-05-28 19:07:10','2026-05-28 19:07:10',NULL,'public'),(24,0,'product-4','product-4',7,'image/jpeg',9670,'products/mental/product-4.jpg','[]','2026-05-28 19:07:11','2026-05-28 19:07:11',NULL,'public'),(25,0,'product-5','product-5',7,'image/jpeg',7374,'products/mental/product-5.jpg','[]','2026-05-28 19:07:11','2026-05-28 19:07:11',NULL,'public'),(26,0,'product-6','product-6',7,'image/jpeg',7374,'products/mental/product-6.jpg','[]','2026-05-28 19:07:11','2026-05-28 19:07:11',NULL,'public'),(27,0,'product-7','product-7',7,'image/jpeg',7374,'products/mental/product-7.jpg','[]','2026-05-28 19:07:11','2026-05-28 19:07:11',NULL,'public'),(28,0,'product-8','product-8',7,'image/jpeg',7374,'products/mental/product-8.jpg','[]','2026-05-28 19:07:11','2026-05-28 19:07:11',NULL,'public'),(29,0,'product-9','product-9',7,'image/jpeg',7374,'products/mental/product-9.jpg','[]','2026-05-28 19:07:12','2026-05-28 19:07:12',NULL,'public'),(30,0,'tes-1','tes-1',8,'image/jpeg',3439,'testimonials/tes-1.jpg','[]','2026-05-28 19:07:19','2026-05-28 19:07:19',NULL,'public'),(31,0,'tes-2','tes-2',8,'image/jpeg',3439,'testimonials/tes-2.jpg','[]','2026-05-28 19:07:19','2026-05-28 19:07:19',NULL,'public'),(32,0,'member-1','member-1',9,'image/jpeg',3439,'member/member-1.jpg','[]','2026-05-28 19:07:19','2026-05-28 19:07:19',NULL,'public'),(33,0,'member-2','member-2',9,'image/jpeg',3439,'member/member-2.jpg','[]','2026-05-28 19:07:19','2026-05-28 19:07:19',NULL,'public'),(34,0,'member-3','member-3',9,'image/jpeg',3439,'member/member-3.jpg','[]','2026-05-28 19:07:19','2026-05-28 19:07:19',NULL,'public'),(35,0,'member-4','member-4',9,'image/jpeg',3439,'member/member-4.jpg','[]','2026-05-28 19:07:19','2026-05-28 19:07:19',NULL,'public'),(36,0,'s-contact-1','s-contact-1',5,'image/jpeg',41514,'section/s-contact-1.jpg','[]','2026-05-28 19:07:19','2026-05-28 19:07:19',NULL,'public'),(37,0,'s-contact-2','s-contact-2',5,'image/jpeg',16643,'section/s-contact-2.jpg','[]','2026-05-28 19:07:19','2026-05-28 19:07:19',NULL,'public'),(38,0,'banner-12','banner-12',5,'image/jpeg',22623,'section/banner-12.jpg','[]','2026-05-28 19:07:19','2026-05-28 19:07:19',NULL,'public'),(39,0,'banner-4','banner-4',5,'image/jpeg',24965,'section/banner-4.jpg','[]','2026-05-28 19:07:19','2026-05-28 19:07:19',NULL,'public'),(40,0,'banner-5','banner-5',5,'image/jpeg',24965,'section/banner-5.jpg','[]','2026-05-28 19:07:19','2026-05-28 19:07:19',NULL,'public'),(41,0,'banner-6','banner-6',5,'image/jpeg',14340,'section/banner-6.jpg','[]','2026-05-28 19:07:19','2026-05-28 19:07:19',NULL,'public'),(42,0,'banner-7','banner-7',5,'image/jpeg',14340,'section/banner-7.jpg','[]','2026-05-28 19:07:20','2026-05-28 19:07:20',NULL,'public'),(43,0,'banner-8','banner-8',5,'image/jpeg',31887,'section/banner-8.jpg','[]','2026-05-28 19:07:20','2026-05-28 19:07:20',NULL,'public');

--
-- Table structure for table `media_folder_permissions`
--

CREATE TABLE `media_folder_permissions` (
  `id` bigint unsigned NOT NULL AUTO_INCREMENT,
  `folder_id` bigint unsigned NOT NULL,
  `user_id` bigint unsigned NOT NULL,
  `permission` varchar(20) COLLATE utf8mb4_unicode_ci NOT NULL DEFAULT 'view',
  `granted_by` bigint unsigned DEFAULT NULL,
  `created_at` timestamp NULL DEFAULT NULL,
  `updated_at` timestamp NULL DEFAULT NULL,
  PRIMARY KEY (`id`),
  UNIQUE KEY `media_folder_permissions_folder_id_user_id_unique` (`folder_id`,`user_id`),
  KEY `media_folder_permissions_folder_id_index` (`folder_id`),
  KEY `media_folder_permissions_user_id_index` (`user_id`)
) ENGINE=InnoDB DEFAULT CHARSET=utf8mb4 COLLATE=utf8mb4_unicode_ci;

--
-- Dumping data for table `media_folder_permissions`
--


--
-- Table structure for table `media_folders`
--

CREATE TABLE `media_folders` (
  `id` bigint unsigned NOT NULL AUTO_INCREMENT,
  `user_id` bigint unsigned NOT NULL,
  `name` varchar(255) COLLATE utf8mb4_unicode_ci DEFAULT NULL,
  `color` varchar(255) COLLATE utf8mb4_unicode_ci DEFAULT NULL,
  `slug` varchar(255) COLLATE utf8mb4_unicode_ci DEFAULT NULL,
  `parent_id` bigint unsigned NOT NULL DEFAULT '0',
  `created_at` timestamp NULL DEFAULT NULL,
  `updated_at` timestamp NULL DEFAULT NULL,
  `deleted_at` timestamp NULL DEFAULT NULL,
  PRIMARY KEY (`id`),
  KEY `media_folders_user_id_index` (`user_id`),
  KEY `media_folders_index` (`parent_id`,`user_id`,`created_at`)
) ENGINE=InnoDB AUTO_INCREMENT=10 DEFAULT CHARSET=utf8mb4 COLLATE=utf8mb4_unicode_ci;

--
-- Dumping data for table `media_folders`
--

INSERT INTO `media_folders` VALUES (1,0,'payments',NULL,'payments',0,'2026-05-28 19:07:03','2026-05-28 19:07:03',NULL),(2,0,'slider',NULL,'slider',0,'2026-05-28 19:07:07','2026-05-28 19:07:07',NULL),(3,0,'brands',NULL,'brands',0,'2026-05-28 19:07:08','2026-05-28 19:07:08',NULL),(4,0,'categories',NULL,'categories',0,'2026-05-28 19:07:08','2026-05-28 19:07:08',NULL),(5,0,'section',NULL,'section',0,'2026-05-28 19:07:10','2026-05-28 19:07:10',NULL),(6,0,'products',NULL,'products',0,'2026-05-28 19:07:10','2026-05-28 19:07:10',NULL),(7,0,'mental',NULL,'mental',6,'2026-05-28 19:07:10','2026-05-28 19:07:10',NULL),(8,0,'testimonials',NULL,'testimonials',0,'2026-05-28 19:07:19','2026-05-28 19:07:19',NULL),(9,0,'member',NULL,'member',0,'2026-05-28 19:07:19','2026-05-28 19:07:19',NULL);

--
-- Table structure for table `media_settings`
--

CREATE TABLE `media_settings` (
  `id` bigint unsigned NOT NULL AUTO_INCREMENT,
  `key` varchar(120) COLLATE utf8mb4_unicode_ci NOT NULL,
  `value` text COLLATE utf8mb4_unicode_ci,
  `media_id` bigint unsigned DEFAULT NULL,
  `user_id` bigint unsigned DEFAULT NULL,
  `created_at` timestamp NULL DEFAULT NULL,
  `updated_at` timestamp NULL DEFAULT NULL,
  PRIMARY KEY (`id`)
) ENGINE=InnoDB DEFAULT CHARSET=utf8mb4 COLLATE=utf8mb4_unicode_ci;

--
-- Dumping data for table `media_settings`
--


--
-- Table structure for table `menu_locations`
--

CREATE TABLE `menu_locations` (
  `id` bigint unsigned NOT NULL AUTO_INCREMENT,
  `menu_id` bigint unsigned NOT NULL,
  `location` varchar(255) COLLATE utf8mb4_unicode_ci NOT NULL,
  `created_at` timestamp NULL DEFAULT NULL,
  `updated_at` timestamp NULL DEFAULT NULL,
  PRIMARY KEY (`id`),
  KEY `menu_locations_menu_id_created_at_index` (`menu_id`,`created_at`)
) ENGINE=InnoDB AUTO_INCREMENT=19 DEFAULT CHARSET=utf8mb4 COLLATE=utf8mb4_unicode_ci;

--
-- Dumping data for table `menu_locations`
--

INSERT INTO `menu_locations` VALUES (1,1,'main-menu','2026-05-28 19:07:06','2026-05-28 19:07:06'),(2,2,'footer-menu-1','2026-05-28 19:07:07','2026-05-28 19:07:07'),(3,3,'footer-menu-2','2026-05-28 19:07:07','2026-05-28 19:07:07'),(4,4,'main-menu','2026-05-28 19:07:20','2026-05-28 19:07:20'),(5,5,'footer-menu-1','2026-05-28 19:07:20','2026-05-28 19:07:20'),(6,6,'footer-menu-2','2026-05-28 19:07:20','2026-05-28 19:07:20'),(7,7,'main-menu','2026-05-28 19:07:20','2026-05-28 19:07:20'),(8,8,'footer-menu-1','2026-05-28 19:07:20','2026-05-28 19:07:20'),(9,9,'footer-menu-2','2026-05-28 19:07:20','2026-05-28 19:07:20'),(10,10,'main-menu','2026-05-28 19:07:20','2026-05-28 19:07:20'),(11,11,'footer-menu-1','2026-05-28 19:07:20','2026-05-28 19:07:20'),(12,12,'footer-menu-2','2026-05-28 19:07:20','2026-05-28 19:07:20'),(13,13,'main-menu','2026-05-28 19:07:20','2026-05-28 19:07:20'),(14,14,'footer-menu-1','2026-05-28 19:07:20','2026-05-28 19:07:20'),(15,15,'footer-menu-2','2026-05-28 19:07:20','2026-05-28 19:07:20'),(16,16,'main-menu','2026-05-28 19:07:20','2026-05-28 19:07:20'),(17,17,'footer-menu-1','2026-05-28 19:07:20','2026-05-28 19:07:20'),(18,18,'footer-menu-2','2026-05-28 19:07:20','2026-05-28 19:07:20');

--
-- Table structure for table `menu_nodes`
--

CREATE TABLE `menu_nodes` (
  `id` bigint unsigned NOT NULL AUTO_INCREMENT,
  `menu_id` bigint unsigned NOT NULL,
  `parent_id` bigint unsigned NOT NULL DEFAULT '0',
  `reference_id` bigint unsigned DEFAULT NULL,
  `reference_type` varchar(255) COLLATE utf8mb4_unicode_ci DEFAULT NULL,
  `url` varchar(255) COLLATE utf8mb4_unicode_ci DEFAULT NULL,
  `icon_font` varchar(255) COLLATE utf8mb4_unicode_ci DEFAULT NULL,
  `position` tinyint unsigned NOT NULL DEFAULT '0',
  `title` varchar(255) COLLATE utf8mb4_unicode_ci DEFAULT NULL,
  `css_class` varchar(255) COLLATE utf8mb4_unicode_ci DEFAULT NULL,
  `target` varchar(20) COLLATE utf8mb4_unicode_ci NOT NULL DEFAULT '_self',
  `has_child` tinyint unsigned NOT NULL DEFAULT '0',
  `created_at` timestamp NULL DEFAULT NULL,
  `updated_at` timestamp NULL DEFAULT NULL,
  PRIMARY KEY (`id`),
  KEY `menu_nodes_menu_id_index` (`menu_id`),
  KEY `menu_nodes_parent_id_index` (`parent_id`),
  KEY `reference_id` (`reference_id`),
  KEY `reference_type` (`reference_type`)
) ENGINE=InnoDB AUTO_INCREMENT=211 DEFAULT CHARSET=utf8mb4 COLLATE=utf8mb4_unicode_ci;

--
-- Dumping data for table `menu_nodes`
--

INSERT INTO `menu_nodes` VALUES (1,1,0,NULL,NULL,'https://amerce.botble.com',NULL,0,'Home','has-mega-menu','_self',1,'2026-05-28 19:07:06','2026-05-28 19:07:06'),(2,1,1,NULL,NULL,'https://amerce.botble.com',NULL,0,'Main Demo',NULL,'_self',0,'2026-05-28 19:07:06','2026-05-28 19:07:06'),(3,1,1,NULL,NULL,'https://amerce-mental.botble.com',NULL,1,'Home Mental',NULL,'_self',0,'2026-05-28 19:07:06','2026-05-28 19:07:06'),(4,1,1,NULL,NULL,'https://amerce-electronics.botble.com',NULL,2,'Home Electronics',NULL,'_self',0,'2026-05-28 19:07:06','2026-05-28 19:07:06'),(5,1,1,NULL,NULL,'https://amerce-pod.botble.com',NULL,3,'Home POD',NULL,'_self',0,'2026-05-28 19:07:06','2026-05-28 19:07:06'),(6,1,1,NULL,NULL,'https://amerce-pet-care.botble.com',NULL,4,'Home Pet Care',NULL,'_self',0,'2026-05-28 19:07:06','2026-05-28 19:07:06'),(7,1,1,NULL,NULL,'https://amerce-baby.botble.com',NULL,5,'Home Baby',NULL,'_self',0,'2026-05-28 19:07:06','2026-05-28 19:07:06'),(8,1,1,NULL,NULL,'https://amerce-auto.botble.com',NULL,6,'Home Auto',NULL,'_self',0,'2026-05-28 19:07:06','2026-05-28 19:07:06'),(9,1,1,NULL,NULL,'https://amerce-decor.botble.com',NULL,7,'Home Decor',NULL,'_self',0,'2026-05-28 19:07:06','2026-05-28 19:07:06'),(10,1,1,NULL,NULL,'https://amerce-cosmetic.botble.com',NULL,8,'Home Cosmetic',NULL,'_self',0,'2026-05-28 19:07:06','2026-05-28 19:07:06'),(11,1,1,NULL,NULL,'https://amerce-organic.botble.com',NULL,9,'Home Organic',NULL,'_self',0,'2026-05-28 19:07:06','2026-05-28 19:07:06'),(12,1,1,NULL,NULL,'https://amerce-fashion.botble.com',NULL,10,'Home Fashion',NULL,'_self',0,'2026-05-28 19:07:06','2026-05-28 19:07:06'),(13,1,1,NULL,NULL,'https://amerce-headphone.botble.com',NULL,11,'Home Headphone',NULL,'_self',0,'2026-05-28 19:07:06','2026-05-28 19:07:06'),(14,1,1,NULL,NULL,'https://amerce-jewelry.botble.com',NULL,12,'Home Jewelry',NULL,'_self',0,'2026-05-28 19:07:06','2026-05-28 19:07:06'),(15,1,1,NULL,NULL,'https://amerce-garden.botble.com',NULL,13,'Home Garden',NULL,'_self',0,'2026-05-28 19:07:06','2026-05-28 19:07:06'),(16,1,1,NULL,NULL,'https://amerce-construct.botble.com',NULL,14,'Home Construct',NULL,'_self',0,'2026-05-28 19:07:06','2026-05-28 19:07:06'),(17,1,1,NULL,NULL,'https://amerce-furniture.botble.com',NULL,15,'Home Furniture',NULL,'_self',0,'2026-05-28 19:07:06','2026-05-28 19:07:06'),(18,1,1,NULL,NULL,'https://amerce-fashion-2.botble.com',NULL,16,'Home Fashion 2',NULL,'_self',0,'2026-05-28 19:07:06','2026-05-28 19:07:06'),(19,1,1,NULL,NULL,'https://amerce-bag.botble.com',NULL,17,'Home Bag',NULL,'_self',0,'2026-05-28 19:07:06','2026-05-28 19:07:06'),(20,1,1,NULL,NULL,'https://amerce-sport.botble.com',NULL,18,'Home Sport',NULL,'_self',0,'2026-05-28 19:07:06','2026-05-28 19:07:06'),(21,1,1,NULL,NULL,'https://amerce-office.botble.com',NULL,19,'Home Office',NULL,'_self',0,'2026-05-28 19:07:06','2026-05-28 19:07:06'),(22,1,1,NULL,NULL,'https://amerce-sneaker.botble.com',NULL,20,'Home Sneaker',NULL,'_self',0,'2026-05-28 19:07:06','2026-05-28 19:07:06'),(23,1,0,NULL,NULL,'/products',NULL,1,'Shop','has-mega-menu','_self',1,'2026-05-28 19:07:06','2026-05-28 19:07:06'),(24,1,23,NULL,NULL,'#',NULL,0,'Shop Layout',NULL,'_self',1,'2026-05-28 19:07:06','2026-05-28 19:07:06'),(25,1,24,NULL,NULL,'/products',NULL,0,'Default',NULL,'_self',0,'2026-05-28 19:07:06','2026-05-28 19:07:06'),(26,1,24,NULL,NULL,'/products?layout=left-sidebar',NULL,1,'Left Sidebar',NULL,'_self',0,'2026-05-28 19:07:06','2026-05-28 19:07:06'),(27,1,24,NULL,NULL,'/products?layout=right-sidebar',NULL,2,'Right Sidebar',NULL,'_self',0,'2026-05-28 19:07:06','2026-05-28 19:07:06'),(28,1,24,NULL,NULL,'/products?layout=full-width',NULL,3,'Full Width',NULL,'_self',0,'2026-05-28 19:07:06','2026-05-28 19:07:06'),(29,1,24,NULL,NULL,'/products?layout=sub-collection',NULL,4,'Sub Collection',NULL,'_self',0,'2026-05-28 19:07:06','2026-05-28 19:07:06'),(30,1,24,NULL,NULL,'/collections',NULL,5,'Collection List',NULL,'_self',0,'2026-05-28 19:07:06','2026-05-28 19:07:06'),(31,1,23,NULL,NULL,'#',NULL,1,'View Style',NULL,'_self',1,'2026-05-28 19:07:06','2026-05-28 19:07:06'),(32,1,31,NULL,NULL,'/products',NULL,0,'Default',NULL,'_self',0,'2026-05-28 19:07:06','2026-05-28 19:07:06'),(33,1,31,NULL,NULL,'/products?layout=grid',NULL,1,'Grid View',NULL,'_self',0,'2026-05-28 19:07:06','2026-05-28 19:07:06'),(34,1,31,NULL,NULL,'/products?layout=list',NULL,2,'List View',NULL,'_self',0,'2026-05-28 19:07:06','2026-05-28 19:07:06'),(35,1,23,NULL,NULL,'#',NULL,2,'Browse',NULL,'_self',1,'2026-05-28 19:07:06','2026-05-28 19:07:06'),(36,1,35,NULL,NULL,'/products',NULL,0,'All Products',NULL,'_self',0,'2026-05-28 19:07:06','2026-05-28 19:07:06'),(37,1,35,NULL,NULL,'/products?source=latest',NULL,1,'New Arrivals',NULL,'_self',0,'2026-05-28 19:07:06','2026-05-28 19:07:06'),(38,1,35,NULL,NULL,'/products?sort=best-seller',NULL,2,'Best Sellers',NULL,'_self',0,'2026-05-28 19:07:06','2026-05-28 19:07:06'),(39,1,35,NULL,NULL,'/products?source=featured',NULL,3,'Featured',NULL,'_self',0,'2026-05-28 19:07:06','2026-05-28 19:07:06'),(40,1,35,NULL,NULL,'/products?on_sale=1',NULL,4,'On Sale',NULL,'_self',0,'2026-05-28 19:07:06','2026-05-28 19:07:06'),(41,1,0,NULL,NULL,'/products',NULL,2,'Product','has-mega-menu','_self',1,'2026-05-28 19:07:06','2026-05-28 19:07:06'),(42,1,41,NULL,NULL,'#',NULL,0,'Product Layout',NULL,'_self',1,'2026-05-28 19:07:06','2026-05-28 19:07:06'),(43,1,42,NULL,NULL,'/products',NULL,0,'Default',NULL,'_self',0,'2026-05-28 19:07:06','2026-05-28 19:07:06'),(44,1,42,NULL,NULL,'/products?layout=right-thumbnail',NULL,1,'Right Thumbnail',NULL,'_self',0,'2026-05-28 19:07:06','2026-05-28 19:07:06'),(45,1,42,NULL,NULL,'/products?layout=bottom-thumbnail',NULL,2,'Bottom Thumbnail',NULL,'_self',0,'2026-05-28 19:07:06','2026-05-28 19:07:06'),(46,1,42,NULL,NULL,'/products?layout=grid',NULL,3,'Product Grid',NULL,'_self',0,'2026-05-28 19:07:06','2026-05-28 19:07:06'),(47,1,42,NULL,NULL,'/products?layout=grid-2',NULL,4,'Product Grid 2',NULL,'_self',0,'2026-05-28 19:07:06','2026-05-28 19:07:06'),(48,1,42,NULL,NULL,'/products?layout=stacked',NULL,5,'Product Stacked',NULL,'_self',0,'2026-05-28 19:07:06','2026-05-28 19:07:06'),(49,1,42,NULL,NULL,'/products?layout=description-accordion',NULL,6,'Description Accordion',NULL,'_self',0,'2026-05-28 19:07:06','2026-05-28 19:07:06'),(50,1,0,NULL,NULL,'/blog',NULL,3,'Blog',NULL,'_self',1,'2026-05-28 19:07:06','2026-05-28 19:07:06'),(51,1,50,NULL,NULL,'/blog',NULL,0,'Blog',NULL,'_self',0,'2026-05-28 19:07:06','2026-05-28 19:07:06'),(52,1,50,NULL,NULL,'/blog',NULL,1,'Blog Single',NULL,'_self',0,'2026-05-28 19:07:06','2026-05-28 19:07:06'),(53,1,0,NULL,NULL,'/about',NULL,4,'Pages',NULL,'_self',1,'2026-05-28 19:07:06','2026-05-28 19:07:06'),(54,1,53,NULL,NULL,'/about',NULL,0,'About Us',NULL,'_self',0,'2026-05-28 19:07:06','2026-05-28 19:07:06'),(55,1,53,NULL,NULL,'/contact',NULL,1,'Contact Us',NULL,'_self',0,'2026-05-28 19:07:07','2026-05-28 19:07:07'),(56,1,53,NULL,NULL,'/our-stores',NULL,2,'Our Store',NULL,'_self',0,'2026-05-28 19:07:07','2026-05-28 19:07:07'),(57,1,53,NULL,NULL,'/orders/tracking',NULL,3,'Invoice',NULL,'_self',0,'2026-05-28 19:07:07','2026-05-28 19:07:07'),(58,1,53,NULL,NULL,'/page-not-found',NULL,4,'404',NULL,'_self',0,'2026-05-28 19:07:07','2026-05-28 19:07:07'),(59,1,53,NULL,NULL,'/compare',NULL,5,'Compare',NULL,'_self',0,'2026-05-28 19:07:07','2026-05-28 19:07:07'),(60,1,53,NULL,NULL,'/customer/overview',NULL,6,'My Account',NULL,'_self',0,'2026-05-28 19:07:07','2026-05-28 19:07:07'),(61,2,0,NULL,NULL,'/shipping',NULL,0,'Shipping',NULL,'_self',0,'2026-05-28 19:07:07','2026-05-28 19:07:07'),(62,2,0,NULL,NULL,'/returns-refunds',NULL,1,'Return & Refund',NULL,'_self',0,'2026-05-28 19:07:07','2026-05-28 19:07:07'),(63,2,0,NULL,NULL,'/privacy-policy',NULL,2,'Privacy Policy',NULL,'_self',0,'2026-05-28 19:07:07','2026-05-28 19:07:07'),(64,2,0,NULL,NULL,'/terms-of-service',NULL,3,'Terms & Conditions',NULL,'_self',0,'2026-05-28 19:07:07','2026-05-28 19:07:07'),(65,2,0,NULL,NULL,'/faq',NULL,4,'Orders FAQs',NULL,'_self',0,'2026-05-28 19:07:07','2026-05-28 19:07:07'),(66,3,0,NULL,NULL,'/about',NULL,0,'About Us',NULL,'_self',0,'2026-05-28 19:07:07','2026-05-28 19:07:07'),(67,3,0,NULL,NULL,'/our-stores',NULL,1,'Our Stories',NULL,'_self',0,'2026-05-28 19:07:07','2026-05-28 19:07:07'),(68,3,0,NULL,NULL,'/contact',NULL,2,'Contact us',NULL,'_self',0,'2026-05-28 19:07:07','2026-05-28 19:07:07'),(69,3,0,NULL,NULL,'/blog',NULL,3,'Latest New',NULL,'_self',0,'2026-05-28 19:07:07','2026-05-28 19:07:07'),(70,3,0,NULL,NULL,'/customer/overview',NULL,4,'My Account',NULL,'_self',0,'2026-05-28 19:07:07','2026-05-28 19:07:07'),(71,4,0,NULL,NULL,'/',NULL,0,'Trang chủ',NULL,'_self',0,'2026-05-28 19:07:20','2026-05-28 19:07:20'),(72,4,0,NULL,NULL,'/products',NULL,1,'Mua sắm',NULL,'_self',1,'2026-05-28 19:07:20','2026-05-28 19:07:20'),(73,4,72,NULL,NULL,'/products?source=latest',NULL,0,'Hàng mới về',NULL,'_self',0,'2026-05-28 19:07:20','2026-05-28 19:07:20'),(74,4,72,NULL,NULL,'/products?sort=best-seller',NULL,1,'Bán chạy nhất',NULL,'_self',0,'2026-05-28 19:07:20','2026-05-28 19:07:20'),(75,4,72,NULL,NULL,'/products?on_sale=1',NULL,2,'Giảm giá',NULL,'_self',0,'2026-05-28 19:07:20','2026-05-28 19:07:20'),(76,4,72,NULL,NULL,'/products',NULL,3,'Tất cả sản phẩm',NULL,'_self',0,'2026-05-28 19:07:20','2026-05-28 19:07:20'),(77,4,0,NULL,NULL,'/products',NULL,2,'Danh mục',NULL,'_self',1,'2026-05-28 19:07:20','2026-05-28 19:07:20'),(78,4,77,NULL,NULL,'/product-categories/outerwear',NULL,0,'Áo khoác',NULL,'_self',0,'2026-05-28 19:07:20','2026-05-28 19:07:20'),(79,4,77,NULL,NULL,'/product-categories/tops-shirts',NULL,1,'Áo & Sơ mi',NULL,'_self',0,'2026-05-28 19:07:20','2026-05-28 19:07:20'),(80,4,77,NULL,NULL,'/product-categories/bottoms',NULL,2,'Quần & Váy',NULL,'_self',0,'2026-05-28 19:07:20','2026-05-28 19:07:20'),(81,4,77,NULL,NULL,'/product-categories/dresses',NULL,3,'Đầm',NULL,'_self',0,'2026-05-28 19:07:20','2026-05-28 19:07:20'),(82,4,77,NULL,NULL,'/product-categories/footwear',NULL,4,'Giày dép',NULL,'_self',0,'2026-05-28 19:07:20','2026-05-28 19:07:20'),(83,4,77,NULL,NULL,'/product-categories/accessories',NULL,5,'Phụ kiện',NULL,'_self',0,'2026-05-28 19:07:20','2026-05-28 19:07:20'),(84,4,0,NULL,NULL,'/brands',NULL,3,'Thương hiệu',NULL,'_self',0,'2026-05-28 19:07:20','2026-05-28 19:07:20'),(85,4,0,NULL,NULL,'/blog',NULL,4,'Tạp chí',NULL,'_self',0,'2026-05-28 19:07:20','2026-05-28 19:07:20'),(86,4,0,NULL,NULL,'/about',NULL,5,'Giới thiệu',NULL,'_self',0,'2026-05-28 19:07:20','2026-05-28 19:07:20'),(87,4,0,NULL,NULL,'/contact',NULL,6,'Liên hệ',NULL,'_self',0,'2026-05-28 19:07:20','2026-05-28 19:07:20'),(88,5,0,NULL,NULL,'/contact',NULL,0,'Liên hệ với chúng tôi',NULL,'_self',0,'2026-05-28 19:07:20','2026-05-28 19:07:20'),(89,5,0,NULL,NULL,'/faq',NULL,1,'Câu hỏi thường gặp',NULL,'_self',0,'2026-05-28 19:07:20','2026-05-28 19:07:20'),(90,5,0,NULL,NULL,'/shipping',NULL,2,'Vận chuyển',NULL,'_self',0,'2026-05-28 19:07:20','2026-05-28 19:07:20'),(91,5,0,NULL,NULL,'/returns-refunds',NULL,3,'Đổi trả & Hoàn tiền',NULL,'_self',0,'2026-05-28 19:07:20','2026-05-28 19:07:20'),(92,5,0,NULL,NULL,'/customer/orders',NULL,4,'Theo dõi đơn hàng',NULL,'_self',0,'2026-05-28 19:07:20','2026-05-28 19:07:20'),(93,6,0,NULL,NULL,'/about',NULL,0,'Giới thiệu',NULL,'_self',0,'2026-05-28 19:07:20','2026-05-28 19:07:20'),(94,6,0,NULL,NULL,'/our-stores',NULL,1,'Cửa hàng',NULL,'_self',0,'2026-05-28 19:07:20','2026-05-28 19:07:20'),(95,6,0,NULL,NULL,'/sustainability',NULL,2,'Phát triển bền vững',NULL,'_self',0,'2026-05-28 19:07:20','2026-05-28 19:07:20'),(96,6,0,NULL,NULL,'/careers',NULL,3,'Tuyển dụng',NULL,'_self',0,'2026-05-28 19:07:20','2026-05-28 19:07:20'),(97,6,0,NULL,NULL,'/privacy-policy',NULL,4,'Chính sách bảo mật',NULL,'_self',0,'2026-05-28 19:07:20','2026-05-28 19:07:20'),(98,6,0,NULL,NULL,'/terms-conditions',NULL,5,'Điều khoản & Điều kiện',NULL,'_self',0,'2026-05-28 19:07:20','2026-05-28 19:07:20'),(99,7,0,NULL,NULL,'/',NULL,0,'الصفحة الرئيسية',NULL,'_self',0,'2026-05-28 19:07:20','2026-05-28 19:07:20'),(100,7,0,NULL,NULL,'/products',NULL,1,'التسوق',NULL,'_self',1,'2026-05-28 19:07:20','2026-05-28 19:07:20'),(101,7,100,NULL,NULL,'/products?source=latest',NULL,0,'الوافدون الجدد',NULL,'_self',0,'2026-05-28 19:07:20','2026-05-28 19:07:20'),(102,7,100,NULL,NULL,'/products?sort=best-seller',NULL,1,'الأكثر مبيعًا',NULL,'_self',0,'2026-05-28 19:07:20','2026-05-28 19:07:20'),(103,7,100,NULL,NULL,'/products?on_sale=1',NULL,2,'تخفيض',NULL,'_self',0,'2026-05-28 19:07:20','2026-05-28 19:07:20'),(104,7,100,NULL,NULL,'/products',NULL,3,'جميع المنتجات',NULL,'_self',0,'2026-05-28 19:07:20','2026-05-28 19:07:20'),(105,7,0,NULL,NULL,'/products',NULL,2,'فئة',NULL,'_self',1,'2026-05-28 19:07:20','2026-05-28 19:07:20'),(106,7,105,NULL,NULL,'/product-categories/outerwear',NULL,0,'سترة',NULL,'_self',0,'2026-05-28 19:07:20','2026-05-28 19:07:20'),(107,7,105,NULL,NULL,'/product-categories/tops-shirts',NULL,1,'قميص',NULL,'_self',0,'2026-05-28 19:07:20','2026-05-28 19:07:20'),(108,7,105,NULL,NULL,'/product-categories/bottoms',NULL,2,'السراويل والتنانير',NULL,'_self',0,'2026-05-28 19:07:20','2026-05-28 19:07:20'),(109,7,105,NULL,NULL,'/product-categories/dresses',NULL,3,'فستان',NULL,'_self',0,'2026-05-28 19:07:20','2026-05-28 19:07:20'),(110,7,105,NULL,NULL,'/product-categories/footwear',NULL,4,'أحذية',NULL,'_self',0,'2026-05-28 19:07:20','2026-05-28 19:07:20'),(111,7,105,NULL,NULL,'/product-categories/accessories',NULL,5,'ملحق',NULL,'_self',0,'2026-05-28 19:07:20','2026-05-28 19:07:20'),(112,7,0,NULL,NULL,'/brands',NULL,3,'علامة تجارية',NULL,'_self',0,'2026-05-28 19:07:20','2026-05-28 19:07:20'),(113,7,0,NULL,NULL,'/blog',NULL,4,'مجلة',NULL,'_self',0,'2026-05-28 19:07:20','2026-05-28 19:07:20'),(114,7,0,NULL,NULL,'/about',NULL,5,'يقدم',NULL,'_self',0,'2026-05-28 19:07:20','2026-05-28 19:07:20'),(115,7,0,NULL,NULL,'/contact',NULL,6,'اتصال',NULL,'_self',0,'2026-05-28 19:07:20','2026-05-28 19:07:20'),(116,8,0,NULL,NULL,'/contact',NULL,0,'اتصل بنا',NULL,'_self',0,'2026-05-28 19:07:20','2026-05-28 19:07:20'),(117,8,0,NULL,NULL,'/faq',NULL,1,'الأسئلة المتداولة',NULL,'_self',0,'2026-05-28 19:07:20','2026-05-28 19:07:20'),(118,8,0,NULL,NULL,'/shipping',NULL,2,'ينقل',NULL,'_self',0,'2026-05-28 19:07:20','2026-05-28 19:07:20'),(119,8,0,NULL,NULL,'/returns-refunds',NULL,3,'العوائد والمبالغ المستردة',NULL,'_self',0,'2026-05-28 19:07:20','2026-05-28 19:07:20'),(120,8,0,NULL,NULL,'/customer/orders',NULL,4,'تتبع الطلب',NULL,'_self',0,'2026-05-28 19:07:20','2026-05-28 19:07:20'),(121,9,0,NULL,NULL,'/about',NULL,0,'يقدم',NULL,'_self',0,'2026-05-28 19:07:20','2026-05-28 19:07:20'),(122,9,0,NULL,NULL,'/our-stores',NULL,1,'محل',NULL,'_self',0,'2026-05-28 19:07:20','2026-05-28 19:07:20'),(123,9,0,NULL,NULL,'/sustainability',NULL,2,'التنمية المستدامة',NULL,'_self',0,'2026-05-28 19:07:20','2026-05-28 19:07:20'),(124,9,0,NULL,NULL,'/careers',NULL,3,'توظيف',NULL,'_self',0,'2026-05-28 19:07:20','2026-05-28 19:07:20'),(125,9,0,NULL,NULL,'/privacy-policy',NULL,4,'سياسة الخصوصية',NULL,'_self',0,'2026-05-28 19:07:20','2026-05-28 19:07:20'),(126,9,0,NULL,NULL,'/terms-conditions',NULL,5,'الشروط والأحكام',NULL,'_self',0,'2026-05-28 19:07:20','2026-05-28 19:07:20'),(127,10,0,NULL,NULL,'/',NULL,0,'Page d\'accueil',NULL,'_self',0,'2026-05-28 19:07:20','2026-05-28 19:07:20'),(128,10,0,NULL,NULL,'/products',NULL,1,'Achats',NULL,'_self',1,'2026-05-28 19:07:20','2026-05-28 19:07:20'),(129,10,128,NULL,NULL,'/products?source=latest',NULL,0,'Nouveautés',NULL,'_self',0,'2026-05-28 19:07:20','2026-05-28 19:07:20'),(130,10,128,NULL,NULL,'/products?sort=best-seller',NULL,1,'Meilleur vendeur',NULL,'_self',0,'2026-05-28 19:07:20','2026-05-28 19:07:20'),(131,10,128,NULL,NULL,'/products?on_sale=1',NULL,2,'Rabais',NULL,'_self',0,'2026-05-28 19:07:20','2026-05-28 19:07:20'),(132,10,128,NULL,NULL,'/products',NULL,3,'Tous les produits',NULL,'_self',0,'2026-05-28 19:07:20','2026-05-28 19:07:20'),(133,10,0,NULL,NULL,'/products',NULL,2,'Catégorie',NULL,'_self',1,'2026-05-28 19:07:20','2026-05-28 19:07:20'),(134,10,133,NULL,NULL,'/product-categories/outerwear',NULL,0,'Veste',NULL,'_self',0,'2026-05-28 19:07:20','2026-05-28 19:07:20'),(135,10,133,NULL,NULL,'/product-categories/tops-shirts',NULL,1,'Chemise',NULL,'_self',0,'2026-05-28 19:07:20','2026-05-28 19:07:20'),(136,10,133,NULL,NULL,'/product-categories/bottoms',NULL,2,'Pantalons et jupes',NULL,'_self',0,'2026-05-28 19:07:20','2026-05-28 19:07:20'),(137,10,133,NULL,NULL,'/product-categories/dresses',NULL,3,'Robe',NULL,'_self',0,'2026-05-28 19:07:20','2026-05-28 19:07:20'),(138,10,133,NULL,NULL,'/product-categories/footwear',NULL,4,'Chaussures',NULL,'_self',0,'2026-05-28 19:07:20','2026-05-28 19:07:20'),(139,10,133,NULL,NULL,'/product-categories/accessories',NULL,5,'Accessoire',NULL,'_self',0,'2026-05-28 19:07:20','2026-05-28 19:07:20'),(140,10,0,NULL,NULL,'/brands',NULL,3,'Marque déposée',NULL,'_self',0,'2026-05-28 19:07:20','2026-05-28 19:07:20'),(141,10,0,NULL,NULL,'/blog',NULL,4,'Revue',NULL,'_self',0,'2026-05-28 19:07:20','2026-05-28 19:07:20'),(142,10,0,NULL,NULL,'/about',NULL,5,'Introduire',NULL,'_self',0,'2026-05-28 19:07:20','2026-05-28 19:07:20'),(143,10,0,NULL,NULL,'/contact',NULL,6,'Contact',NULL,'_self',0,'2026-05-28 19:07:20','2026-05-28 19:07:20'),(144,11,0,NULL,NULL,'/contact',NULL,0,'Contactez-nous',NULL,'_self',0,'2026-05-28 19:07:20','2026-05-28 19:07:20'),(145,11,0,NULL,NULL,'/faq',NULL,1,'Questions fréquemment posées',NULL,'_self',0,'2026-05-28 19:07:20','2026-05-28 19:07:20'),(146,11,0,NULL,NULL,'/shipping',NULL,2,'Transport',NULL,'_self',0,'2026-05-28 19:07:20','2026-05-28 19:07:20'),(147,11,0,NULL,NULL,'/returns-refunds',NULL,3,'Retours et remboursements',NULL,'_self',0,'2026-05-28 19:07:20','2026-05-28 19:07:20'),(148,11,0,NULL,NULL,'/customer/orders',NULL,4,'Suivi des commandes',NULL,'_self',0,'2026-05-28 19:07:20','2026-05-28 19:07:20'),(149,12,0,NULL,NULL,'/about',NULL,0,'Introduire',NULL,'_self',0,'2026-05-28 19:07:20','2026-05-28 19:07:20'),(150,12,0,NULL,NULL,'/our-stores',NULL,1,'Boutique',NULL,'_self',0,'2026-05-28 19:07:20','2026-05-28 19:07:20'),(151,12,0,NULL,NULL,'/sustainability',NULL,2,'Développement durable',NULL,'_self',0,'2026-05-28 19:07:20','2026-05-28 19:07:20'),(152,12,0,NULL,NULL,'/careers',NULL,3,'Recrutement',NULL,'_self',0,'2026-05-28 19:07:20','2026-05-28 19:07:20'),(153,12,0,NULL,NULL,'/privacy-policy',NULL,4,'Politique de confidentialité',NULL,'_self',0,'2026-05-28 19:07:20','2026-05-28 19:07:20'),(154,12,0,NULL,NULL,'/terms-conditions',NULL,5,'Conditions générales',NULL,'_self',0,'2026-05-28 19:07:20','2026-05-28 19:07:20'),(155,13,0,NULL,NULL,'/',NULL,0,'Halaman rumah',NULL,'_self',0,'2026-05-28 19:07:20','2026-05-28 19:07:20'),(156,13,0,NULL,NULL,'/products',NULL,1,'Belanja',NULL,'_self',1,'2026-05-28 19:07:20','2026-05-28 19:07:20'),(157,13,156,NULL,NULL,'/products?source=latest',NULL,0,'Pendatang baru',NULL,'_self',0,'2026-05-28 19:07:20','2026-05-28 19:07:20'),(158,13,156,NULL,NULL,'/products?sort=best-seller',NULL,1,'Penjual terbaik',NULL,'_self',0,'2026-05-28 19:07:20','2026-05-28 19:07:20'),(159,13,156,NULL,NULL,'/products?on_sale=1',NULL,2,'Diskon',NULL,'_self',0,'2026-05-28 19:07:20','2026-05-28 19:07:20'),(160,13,156,NULL,NULL,'/products',NULL,3,'Semua produk',NULL,'_self',0,'2026-05-28 19:07:20','2026-05-28 19:07:20'),(161,13,0,NULL,NULL,'/products',NULL,2,'Kategori',NULL,'_self',1,'2026-05-28 19:07:20','2026-05-28 19:07:20'),(162,13,161,NULL,NULL,'/product-categories/outerwear',NULL,0,'Jaket',NULL,'_self',0,'2026-05-28 19:07:20','2026-05-28 19:07:20'),(163,13,161,NULL,NULL,'/product-categories/tops-shirts',NULL,1,'Kemeja',NULL,'_self',0,'2026-05-28 19:07:20','2026-05-28 19:07:20'),(164,13,161,NULL,NULL,'/product-categories/bottoms',NULL,2,'Celana & Rok',NULL,'_self',0,'2026-05-28 19:07:20','2026-05-28 19:07:20'),(165,13,161,NULL,NULL,'/product-categories/dresses',NULL,3,'Gaun',NULL,'_self',0,'2026-05-28 19:07:20','2026-05-28 19:07:20'),(166,13,161,NULL,NULL,'/product-categories/footwear',NULL,4,'Sepatu',NULL,'_self',0,'2026-05-28 19:07:20','2026-05-28 19:07:20'),(167,13,161,NULL,NULL,'/product-categories/accessories',NULL,5,'Aksesori',NULL,'_self',0,'2026-05-28 19:07:20','2026-05-28 19:07:20'),(168,13,0,NULL,NULL,'/brands',NULL,3,'Merek dagang',NULL,'_self',0,'2026-05-28 19:07:20','2026-05-28 19:07:20'),(169,13,0,NULL,NULL,'/blog',NULL,4,'Majalah',NULL,'_self',0,'2026-05-28 19:07:20','2026-05-28 19:07:20'),(170,13,0,NULL,NULL,'/about',NULL,5,'Memperkenalkan',NULL,'_self',0,'2026-05-28 19:07:20','2026-05-28 19:07:20'),(171,13,0,NULL,NULL,'/contact',NULL,6,'Kontak',NULL,'_self',0,'2026-05-28 19:07:20','2026-05-28 19:07:20'),(172,14,0,NULL,NULL,'/contact',NULL,0,'Hubungi kami',NULL,'_self',0,'2026-05-28 19:07:20','2026-05-28 19:07:20'),(173,14,0,NULL,NULL,'/faq',NULL,1,'Pertanyaan yang sering diajukan',NULL,'_self',0,'2026-05-28 19:07:20','2026-05-28 19:07:20'),(174,14,0,NULL,NULL,'/shipping',NULL,2,'Mengangkut',NULL,'_self',0,'2026-05-28 19:07:20','2026-05-28 19:07:20'),(175,14,0,NULL,NULL,'/returns-refunds',NULL,3,'Pengembalian & Pengembalian Dana',NULL,'_self',0,'2026-05-28 19:07:20','2026-05-28 19:07:20'),(176,14,0,NULL,NULL,'/customer/orders',NULL,4,'Pelacakan pesanan',NULL,'_self',0,'2026-05-28 19:07:20','2026-05-28 19:07:20'),(177,15,0,NULL,NULL,'/about',NULL,0,'Memperkenalkan',NULL,'_self',0,'2026-05-28 19:07:20','2026-05-28 19:07:20'),(178,15,0,NULL,NULL,'/our-stores',NULL,1,'Toko',NULL,'_self',0,'2026-05-28 19:07:20','2026-05-28 19:07:20'),(179,15,0,NULL,NULL,'/sustainability',NULL,2,'Pembangunan berkelanjutan',NULL,'_self',0,'2026-05-28 19:07:20','2026-05-28 19:07:20'),(180,15,0,NULL,NULL,'/careers',NULL,3,'Rekrutmen',NULL,'_self',0,'2026-05-28 19:07:20','2026-05-28 19:07:20'),(181,15,0,NULL,NULL,'/privacy-policy',NULL,4,'Kebijakan privasi',NULL,'_self',0,'2026-05-28 19:07:20','2026-05-28 19:07:20'),(182,15,0,NULL,NULL,'/terms-conditions',NULL,5,'Syarat & Ketentuan',NULL,'_self',0,'2026-05-28 19:07:20','2026-05-28 19:07:20'),(183,16,0,NULL,NULL,'/',NULL,0,'Ana sayfa',NULL,'_self',0,'2026-05-28 19:07:20','2026-05-28 19:07:20'),(184,16,0,NULL,NULL,'/products',NULL,1,'Alışveriş',NULL,'_self',1,'2026-05-28 19:07:20','2026-05-28 19:07:20'),(185,16,184,NULL,NULL,'/products?source=latest',NULL,0,'Yeni gelenler',NULL,'_self',0,'2026-05-28 19:07:20','2026-05-28 19:07:20'),(186,16,184,NULL,NULL,'/products?sort=best-seller',NULL,1,'En çok satan kitap',NULL,'_self',0,'2026-05-28 19:07:20','2026-05-28 19:07:20'),(187,16,184,NULL,NULL,'/products?on_sale=1',NULL,2,'İndirim',NULL,'_self',0,'2026-05-28 19:07:20','2026-05-28 19:07:20'),(188,16,184,NULL,NULL,'/products',NULL,3,'Tüm ürünler',NULL,'_self',0,'2026-05-28 19:07:20','2026-05-28 19:07:20'),(189,16,0,NULL,NULL,'/products',NULL,2,'Kategori',NULL,'_self',1,'2026-05-28 19:07:20','2026-05-28 19:07:20'),(190,16,189,NULL,NULL,'/product-categories/outerwear',NULL,0,'Ceket',NULL,'_self',0,'2026-05-28 19:07:20','2026-05-28 19:07:20'),(191,16,189,NULL,NULL,'/product-categories/tops-shirts',NULL,1,'Gömlek',NULL,'_self',0,'2026-05-28 19:07:20','2026-05-28 19:07:20'),(192,16,189,NULL,NULL,'/product-categories/bottoms',NULL,2,'Pantolon ve Etekler',NULL,'_self',0,'2026-05-28 19:07:20','2026-05-28 19:07:20'),(193,16,189,NULL,NULL,'/product-categories/dresses',NULL,3,'Elbise',NULL,'_self',0,'2026-05-28 19:07:20','2026-05-28 19:07:20'),(194,16,189,NULL,NULL,'/product-categories/footwear',NULL,4,'Ayakkabı',NULL,'_self',0,'2026-05-28 19:07:20','2026-05-28 19:07:20'),(195,16,189,NULL,NULL,'/product-categories/accessories',NULL,5,'Aksesuar',NULL,'_self',0,'2026-05-28 19:07:20','2026-05-28 19:07:20'),(196,16,0,NULL,NULL,'/brands',NULL,3,'Ticari marka',NULL,'_self',0,'2026-05-28 19:07:20','2026-05-28 19:07:20'),(197,16,0,NULL,NULL,'/blog',NULL,4,'Dergi',NULL,'_self',0,'2026-05-28 19:07:20','2026-05-28 19:07:20'),(198,16,0,NULL,NULL,'/about',NULL,5,'Tanıtmak',NULL,'_self',0,'2026-05-28 19:07:20','2026-05-28 19:07:20'),(199,16,0,NULL,NULL,'/contact',NULL,6,'Temas etmek',NULL,'_self',0,'2026-05-28 19:07:20','2026-05-28 19:07:20'),(200,17,0,NULL,NULL,'/contact',NULL,0,'Bize Ulaşın',NULL,'_self',0,'2026-05-28 19:07:20','2026-05-28 19:07:20'),(201,17,0,NULL,NULL,'/faq',NULL,1,'Sık sorulan sorular',NULL,'_self',0,'2026-05-28 19:07:20','2026-05-28 19:07:20'),(202,17,0,NULL,NULL,'/shipping',NULL,2,'Taşıma',NULL,'_self',0,'2026-05-28 19:07:20','2026-05-28 19:07:20'),(203,17,0,NULL,NULL,'/returns-refunds',NULL,3,'İade ve Para İadeleri',NULL,'_self',0,'2026-05-28 19:07:20','2026-05-28 19:07:20'),(204,17,0,NULL,NULL,'/customer/orders',NULL,4,'Sipariş takibi',NULL,'_self',0,'2026-05-28 19:07:20','2026-05-28 19:07:20'),(205,18,0,NULL,NULL,'/about',NULL,0,'Tanıtmak',NULL,'_self',0,'2026-05-28 19:07:20','2026-05-28 19:07:20'),(206,18,0,NULL,NULL,'/our-stores',NULL,1,'Mağaza',NULL,'_self',0,'2026-05-28 19:07:20','2026-05-28 19:07:20'),(207,18,0,NULL,NULL,'/sustainability',NULL,2,'Sürdürülebilir kalkınma',NULL,'_self',0,'2026-05-28 19:07:20','2026-05-28 19:07:20'),(208,18,0,NULL,NULL,'/careers',NULL,3,'işe alım',NULL,'_self',0,'2026-05-28 19:07:20','2026-05-28 19:07:20'),(209,18,0,NULL,NULL,'/privacy-policy',NULL,4,'Gizlilik politikası',NULL,'_self',0,'2026-05-28 19:07:20','2026-05-28 19:07:20'),(210,18,0,NULL,NULL,'/terms-conditions',NULL,5,'Şartlar ve Koşullar',NULL,'_self',0,'2026-05-28 19:07:20','2026-05-28 19:07:20');

--
-- Table structure for table `menus`
--

CREATE TABLE `menus` (
  `id` bigint unsigned NOT NULL AUTO_INCREMENT,
  `name` varchar(120) COLLATE utf8mb4_unicode_ci NOT NULL,
  `slug` varchar(120) COLLATE utf8mb4_unicode_ci DEFAULT NULL,
  `status` varchar(60) COLLATE utf8mb4_unicode_ci NOT NULL DEFAULT 'published',
  `created_at` timestamp NULL DEFAULT NULL,
  `updated_at` timestamp NULL DEFAULT NULL,
  PRIMARY KEY (`id`),
  UNIQUE KEY `menus_slug_unique` (`slug`)
) ENGINE=InnoDB AUTO_INCREMENT=19 DEFAULT CHARSET=utf8mb4 COLLATE=utf8mb4_unicode_ci;

--
-- Dumping data for table `menus`
--

INSERT INTO `menus` VALUES (1,'Main Menu','main-menu','published','2026-05-28 19:07:06','2026-05-28 19:07:06'),(2,'Footer Help','footer-help','published','2026-05-28 19:07:07','2026-05-28 19:07:07'),(3,'Footer Company','footer-company','published','2026-05-28 19:07:07','2026-05-28 19:07:07'),(4,'Menu chính','main-menu-vi','published','2026-05-28 19:07:20','2026-05-28 19:07:20'),(5,'Hỗ trợ','footer-help-vi','published','2026-05-28 19:07:20','2026-05-28 19:07:20'),(6,'Công ty','footer-company-vi','published','2026-05-28 19:07:20','2026-05-28 19:07:20'),(7,'القائمة الرئيسية','main-menu-ar','published','2026-05-28 19:07:20','2026-05-28 19:07:20'),(8,'مساعدة التذييل','footer-help-ar','published','2026-05-28 19:07:20','2026-05-28 19:07:20'),(9,'شركة التذييل','footer-company-ar','published','2026-05-28 19:07:20','2026-05-28 19:07:20'),(10,'menu principal','main-menu-fr','published','2026-05-28 19:07:20','2026-05-28 19:07:20'),(11,'aide-pied de page','footer-help-fr','published','2026-05-28 19:07:20','2026-05-28 19:07:20'),(12,'société de pied de page','footer-company-fr','published','2026-05-28 19:07:20','2026-05-28 19:07:20'),(13,'menu utama','main-menu-id','published','2026-05-28 19:07:20','2026-05-28 19:07:20'),(14,'bantuan footer','footer-help-id','published','2026-05-28 19:07:20','2026-05-28 19:07:20'),(15,'perusahaan footer','footer-company-id','published','2026-05-28 19:07:20','2026-05-28 19:07:20'),(16,'ana menü','main-menu-tr','published','2026-05-28 19:07:20','2026-05-28 19:07:20'),(17,'alt bilgi yardımı','footer-help-tr','published','2026-05-28 19:07:20','2026-05-28 19:07:20'),(18,'alt bilgi şirketi','footer-company-tr','published','2026-05-28 19:07:20','2026-05-28 19:07:20');

--
-- Table structure for table `meta_boxes`
--

CREATE TABLE `meta_boxes` (
  `id` bigint unsigned NOT NULL AUTO_INCREMENT,
  `meta_key` varchar(255) COLLATE utf8mb4_unicode_ci NOT NULL,
  `meta_value` text COLLATE utf8mb4_unicode_ci,
  `reference_id` bigint unsigned NOT NULL,
  `reference_type` varchar(120) COLLATE utf8mb4_unicode_ci NOT NULL,
  `created_at` timestamp NULL DEFAULT NULL,
  `updated_at` timestamp NULL DEFAULT NULL,
  PRIMARY KEY (`id`),
  KEY `meta_boxes_reference_id_index` (`reference_id`),
  KEY `meta_boxes_ref_idx` (`reference_id`,`reference_type`)
) ENGINE=InnoDB AUTO_INCREMENT=28 DEFAULT CHARSET=utf8mb4 COLLATE=utf8mb4_unicode_ci;

--
-- Dumping data for table `meta_boxes`
--

INSERT INTO `meta_boxes` VALUES (1,'button_label','[\"Shop Styles\"]',1,'Botble\\SimpleSlider\\Models\\SimpleSliderItem','2026-05-28 19:07:07','2026-05-28 19:07:07'),(2,'alignment','[\"left\"]',1,'Botble\\SimpleSlider\\Models\\SimpleSliderItem','2026-05-28 19:07:07','2026-05-28 19:07:07'),(3,'title_tag','[\"h1\"]',1,'Botble\\SimpleSlider\\Models\\SimpleSliderItem','2026-05-28 19:07:07','2026-05-28 19:07:07'),(4,'subtitle_class','[\"text-body-1\"]',1,'Botble\\SimpleSlider\\Models\\SimpleSliderItem','2026-05-28 19:07:07','2026-05-28 19:07:07'),(5,'title_class','[\"h1 fw-medium mb-15\"]',1,'Botble\\SimpleSlider\\Models\\SimpleSliderItem','2026-05-28 19:07:07','2026-05-28 19:07:07'),(6,'title_first','[\"yes\"]',1,'Botble\\SimpleSlider\\Models\\SimpleSliderItem','2026-05-28 19:07:07','2026-05-28 19:07:07'),(7,'button_label','[\"Shop Styles\"]',2,'Botble\\SimpleSlider\\Models\\SimpleSliderItem','2026-05-28 19:07:07','2026-05-28 19:07:07'),(8,'alignment','[\"left\"]',2,'Botble\\SimpleSlider\\Models\\SimpleSliderItem','2026-05-28 19:07:07','2026-05-28 19:07:07'),(9,'title_tag','[\"p\"]',2,'Botble\\SimpleSlider\\Models\\SimpleSliderItem','2026-05-28 19:07:07','2026-05-28 19:07:07'),(10,'subtitle_class','[\"text-body-1\"]',2,'Botble\\SimpleSlider\\Models\\SimpleSliderItem','2026-05-28 19:07:07','2026-05-28 19:07:07'),(11,'title_class','[\"h1 fw-medium mb-15\"]',2,'Botble\\SimpleSlider\\Models\\SimpleSliderItem','2026-05-28 19:07:07','2026-05-28 19:07:07'),(12,'title_first','[\"yes\"]',2,'Botble\\SimpleSlider\\Models\\SimpleSliderItem','2026-05-28 19:07:07','2026-05-28 19:07:07'),(13,'button_label','[\"Shop Styles\"]',3,'Botble\\SimpleSlider\\Models\\SimpleSliderItem','2026-05-28 19:07:07','2026-05-28 19:07:07'),(14,'alignment','[\"left\"]',3,'Botble\\SimpleSlider\\Models\\SimpleSliderItem','2026-05-28 19:07:07','2026-05-28 19:07:07'),(15,'title_tag','[\"p\"]',3,'Botble\\SimpleSlider\\Models\\SimpleSliderItem','2026-05-28 19:07:07','2026-05-28 19:07:07'),(16,'subtitle_class','[\"text-body-1\"]',3,'Botble\\SimpleSlider\\Models\\SimpleSliderItem','2026-05-28 19:07:07','2026-05-28 19:07:07'),(17,'title_class','[\"h1 fw-medium mb-15\"]',3,'Botble\\SimpleSlider\\Models\\SimpleSliderItem','2026-05-28 19:07:07','2026-05-28 19:07:07'),(18,'title_first','[\"yes\"]',3,'Botble\\SimpleSlider\\Models\\SimpleSliderItem','2026-05-28 19:07:07','2026-05-28 19:07:07'),(19,'faq_ids','[[3,5,7,9,11]]',1,'Botble\\Ecommerce\\Models\\Product','2026-05-28 19:07:12','2026-05-28 19:07:12'),(20,'faq_ids','[[4,5,10,11,12]]',2,'Botble\\Ecommerce\\Models\\Product','2026-05-28 19:07:12','2026-05-28 19:07:12'),(21,'faq_ids','[[1,3,5,10,12]]',3,'Botble\\Ecommerce\\Models\\Product','2026-05-28 19:07:12','2026-05-28 19:07:12'),(22,'faq_ids','[[1,2,5,6,9]]',4,'Botble\\Ecommerce\\Models\\Product','2026-05-28 19:07:12','2026-05-28 19:07:12'),(23,'faq_ids','[[1,5,6,9,13]]',5,'Botble\\Ecommerce\\Models\\Product','2026-05-28 19:07:12','2026-05-28 19:07:12'),(24,'faq_ids','[[1,5,7,9,13]]',6,'Botble\\Ecommerce\\Models\\Product','2026-05-28 19:07:12','2026-05-28 19:07:12'),(25,'faq_ids','[[3,4,6,9,13]]',7,'Botble\\Ecommerce\\Models\\Product','2026-05-28 19:07:12','2026-05-28 19:07:12'),(26,'faq_ids','[[3,4,5,7,9]]',8,'Botble\\Ecommerce\\Models\\Product','2026-05-28 19:07:12','2026-05-28 19:07:12'),(27,'faq_ids','[[2,4,6,10,13]]',9,'Botble\\Ecommerce\\Models\\Product','2026-05-28 19:07:13','2026-05-28 19:07:13');

--
-- Table structure for table `migrations`
--

CREATE TABLE `migrations` (
  `id` int unsigned NOT NULL AUTO_INCREMENT,
  `migration` varchar(255) COLLATE utf8mb4_unicode_ci NOT NULL,
  `batch` int NOT NULL,
  PRIMARY KEY (`id`)
) ENGINE=InnoDB AUTO_INCREMENT=335 DEFAULT CHARSET=utf8mb4 COLLATE=utf8mb4_unicode_ci;

--
-- Dumping data for table `migrations`
--

INSERT INTO `migrations` VALUES (1,'0001_01_01_000001_create_cache_table',1),(2,'2013_04_09_032329_create_base_tables',1),(3,'2013_04_09_062329_create_revisions_table',1),(4,'2014_10_12_000000_create_users_table',1),(5,'2014_10_12_100000_create_password_reset_tokens_table',1),(6,'2015_06_18_033822_create_blog_table',1),(7,'2015_06_29_025744_create_audit_history',1),(8,'2016_05_28_112028_create_system_request_logs_table',1),(9,'2016_06_10_230148_create_acl_tables',1),(10,'2016_06_14_230857_create_menus_table',1),(11,'2016_06_17_091537_create_contacts_table',1),(12,'2016_06_28_221418_create_pages_table',1),(13,'2016_10_03_032336_create_languages_table',1),(14,'2016_10_05_074239_create_setting_table',1),(15,'2016_10_07_193005_create_translations_table',1),(16,'2016_10_13_150201_create_galleries_table',1),(17,'2016_11_28_032840_create_dashboard_widget_tables',1),(18,'2016_12_16_084601_create_widgets_table',1),(19,'2017_05_09_070343_create_media_tables',1),(20,'2017_05_18_080441_create_payment_tables',1),(21,'2017_07_11_140018_create_simple_slider_table',1),(22,'2017_10_24_154832_create_newsletter_table',1),(23,'2017_11_03_070450_create_slug_table',1),(24,'2018_07_09_214610_create_testimonial_table',1),(25,'2018_07_09_221238_create_faq_table',1),(26,'2019_01_05_053554_create_jobs_table',1),(27,'2019_08_19_000000_create_failed_jobs_table',1),(28,'2019_11_18_061011_create_country_table',1),(29,'2019_12_14_000001_create_personal_access_tokens_table',1),(30,'2020_03_05_041139_create_ecommerce_tables',1),(31,'2020_11_18_150916_ads_create_ads_table',1),(32,'2021_01_01_044147_ecommerce_create_flash_sale_table',1),(33,'2021_01_17_082713_add_column_is_featured_to_product_collections_table',1),(34,'2021_01_18_024333_add_zip_code_into_table_customer_addresses',1),(35,'2021_02_16_092633_remove_default_value_for_author_type',1),(36,'2021_02_18_073505_update_table_ec_reviews',1),(37,'2021_03_10_024419_add_column_confirmed_at_to_table_ec_customers',1),(38,'2021_03_10_025153_change_column_tax_amount',1),(39,'2021_03_20_033103_add_column_availability_to_table_ec_products',1),(40,'2021_03_27_144913_add_customer_type_into_table_payments',1),(41,'2021_04_28_074008_ecommerce_create_product_label_table',1),(42,'2021_05_24_034720_make_column_currency_nullable',1),(43,'2021_05_31_173037_ecommerce_create_ec_products_translations',1),(44,'2021_07_06_030002_create_marketplace_table',1),(45,'2021_08_09_161302_add_metadata_column_to_payments_table',1),(46,'2021_08_17_105016_remove_column_currency_id_in_some_tables',1),(47,'2021_08_30_142128_add_images_column_to_ec_reviews_table',1),(48,'2021_09_04_150137_add_vendor_verified_at_to_ec_customers_table',1),(49,'2021_10_04_030050_add_column_created_by_to_table_ec_products',1),(50,'2021_10_04_033903_add_column_approved_by_into_table_ec_products',1),(51,'2021_10_05_122616_add_status_column_to_ec_customers_table',1),(52,'2021_10_06_124943_add_transaction_id_column_to_mp_customer_withdrawals_table',1),(53,'2021_10_10_054216_add_columns_to_mp_customer_revenues_table',1),(54,'2021_10_19_020859_update_metadata_field',1),(55,'2021_10_25_021023_fix-priority-load-for-language-advanced',1),(56,'2021_11_03_025806_nullable_phone_number_in_ec_customer_addresses',1),(57,'2021_11_23_071403_correct_languages_for_product_variations',1),(58,'2021_11_28_031808_add_product_tags_translations',1),(59,'2021_12_01_031123_add_featured_image_to_ec_products',1),(60,'2021_12_02_035301_add_ads_translations_table',1),(61,'2021_12_03_030600_create_blog_translations',1),(62,'2021_12_03_075608_create_page_translations',1),(63,'2021_12_03_082134_create_faq_translations',1),(64,'2021_12_03_082953_create_gallery_translations',1),(65,'2021_12_03_083642_create_testimonials_translations',1),(66,'2021_12_03_084118_create_location_translations',1),(67,'2021_12_03_094518_migrate_old_location_data',1),(68,'2021_12_06_031304_update_table_mp_customer_revenues',1),(69,'2021_12_10_034440_switch_plugin_location_to_use_language_advanced',1),(70,'2022_01_01_033107_update_table_ec_shipments',1),(71,'2022_01_16_085908_improve_plugin_location',1),(72,'2022_02_16_042457_improve_product_attribute_sets',1),(73,'2022_03_22_075758_correct_product_name',1),(74,'2022_04_19_113334_add_index_to_ec_products',1),(75,'2022_04_19_113923_add_index_to_table_posts',1),(76,'2022_04_20_100851_add_index_to_media_table',1),(77,'2022_04_20_101046_add_index_to_menu_table',1),(78,'2022_04_28_144405_remove_unused_table',1),(79,'2022_04_30_034048_create_gallery_meta_translations_table',1),(80,'2022_05_05_115015_create_ec_customer_recently_viewed_products_table',1),(81,'2022_05_18_143720_add_index_to_table_ec_product_categories',1),(82,'2022_06_16_095633_add_index_to_some_tables',1),(83,'2022_06_28_151901_activate_paypal_stripe_plugin',1),(84,'2022_06_30_035148_create_order_referrals_table',1),(85,'2022_07_07_153354_update_charge_id_in_table_payments',1),(86,'2022_07_10_034813_move_lang_folder_to_root',1),(87,'2022_07_24_153815_add_completed_at_to_ec_orders_table',1),(88,'2022_08_04_051940_add_missing_column_expires_at',1),(89,'2022_08_04_052122_delete_location_backup_tables',1),(90,'2022_08_14_032836_create_ec_order_returns_table',1),(91,'2022_08_14_033554_create_ec_order_return_items_table',1),(92,'2022_08_15_040324_add_billing_address',1),(93,'2022_08_30_091114_support_digital_products_table',1),(94,'2022_09_01_000001_create_admin_notifications_tables',1),(95,'2022_09_13_095744_create_options_table',1),(96,'2022_09_13_104347_create_option_value_table',1),(97,'2022_10_05_163518_alter_table_ec_order_product',1),(98,'2022_10_12_041517_create_invoices_table',1),(99,'2022_10_12_142226_update_orders_table',1),(100,'2022_10_13_024916_update_table_order_returns',1),(101,'2022_10_14_024629_drop_column_is_featured',1),(102,'2022_10_19_152916_add_columns_to_mp_stores_table',1),(103,'2022_10_20_062849_create_mp_category_sale_commissions_table',1),(104,'2022_10_21_030830_update_columns_in_ec_shipments_table',1),(105,'2022_10_28_021046_update_columns_in_ec_shipments_table',1),(106,'2022_11_02_071413_add_more_info_for_store',1),(107,'2022_11_02_080444_add_tax_info',1),(108,'2022_11_16_034522_update_type_column_in_ec_shipping_rules_table',1),(109,'2022_11_18_063357_add_missing_timestamp_in_table_settings',1),(110,'2022_11_19_041643_add_ec_tax_product_table',1),(111,'2022_12_02_093615_update_slug_index_columns',1),(112,'2022_12_12_063830_update_tax_defadult_in_ec_tax_products_table',1),(113,'2022_12_17_041532_fix_address_in_order_invoice',1),(114,'2022_12_26_070329_create_ec_product_views_table',1),(115,'2023_01_04_033051_fix_product_categories',1),(116,'2023_01_09_050400_add_ec_global_options_translations_table',1),(117,'2023_01_10_093754_add_missing_option_value_id',1),(118,'2023_01_17_082713_add_column_barcode_and_cost_per_item_to_product_table',1),(119,'2023_01_26_021854_add_ec_customer_used_coupons_table',1),(120,'2023_01_30_024431_add_alt_to_media_table',1),(121,'2023_02_01_062030_add_store_translations',1),(122,'2023_02_08_015900_update_options_column_in_ec_order_product_table',1),(123,'2023_02_13_032133_update_fee_column_mp_customer_revenues_table',1),(124,'2023_02_16_042611_drop_table_password_resets',1),(125,'2023_02_17_023648_fix_store_prefix',1),(126,'2023_02_27_095752_remove_duplicate_reviews',1),(127,'2023_03_20_115757_add_user_type_column_to_ec_shipment_histories_table',1),(128,'2023_04_17_062645_add_open_in_new_tab',1),(129,'2023_04_21_082427_create_ec_product_categorizables_table',1),(130,'2023_04_23_005903_add_column_permissions_to_admin_notifications',1),(131,'2023_04_23_061847_increase_state_translations_abbreviation_column',1),(132,'2023_05_03_011331_add_missing_column_price_into_invoice_items_table',1),(133,'2023_05_10_075124_drop_column_id_in_role_users_table',1),(134,'2023_05_17_025812_fix_invoice_issue',1),(135,'2023_05_26_073140_move_option_make_phone_field_optional_at_checkout_page_to_mandatory_fields',1),(136,'2023_05_27_144611_fix_exchange_rate_setting',1),(137,'2023_06_22_084331_add_generate_license_code_to_ec_products_table',1),(138,'2023_06_30_042512_create_ec_order_tax_information_table',1),(139,'2023_07_06_011444_create_slug_translations_table',1),(140,'2023_07_14_022724_remove_column_id_from_ec_product_collection_products',1),(141,'2023_07_26_041451_add_more_columns_to_location_table',1),(142,'2023_07_27_041451_add_more_columns_to_location_translation_table',1),(143,'2023_08_09_012940_remove_column_status_in_ec_product_attributes',1),(144,'2023_08_11_060908_create_announcements_table',1),(145,'2023_08_15_064505_create_ec_tax_rules_table',1),(146,'2023_08_15_073307_drop_unique_in_states_cities_translations',1),(147,'2023_08_21_021819_make_column_address_in_ec_customer_addresses_nullable',1),(148,'2023_08_21_090810_make_page_content_nullable',1),(149,'2023_08_22_094114_drop_unique_for_barcode',1),(150,'2023_08_29_074620_make_column_author_id_nullable',1),(151,'2023_08_29_075308_make_column_user_id_nullable',1),(152,'2023_08_30_031811_add_apply_via_url_column_to_ec_discounts_table',1),(153,'2023_09_07_094312_add_index_to_product_sku_and_translations',1),(154,'2023_09_14_021936_update_index_for_slugs_table',1),(155,'2023_09_14_022423_add_index_for_language_table',1),(156,'2023_09_19_024955_create_discount_product_categories_table',1),(157,'2023_10_17_070728_add_icon_and_icon_image_to_product_categories_table',1),(158,'2023_10_21_065016_make_state_id_in_table_cities_nullable',1),(159,'2023_11_07_023805_add_tablet_mobile_image',1),(160,'2023_11_10_080225_migrate_contact_blacklist_email_domains_to_core',1),(161,'2023_11_14_033417_change_request_column_in_table_audit_histories',1),(162,'2023_11_17_063408_add_description_column_to_faq_categories_table',1),(163,'2023_11_22_154643_add_unique_in_table_ec_products_variations',1),(164,'2023_11_27_032313_add_price_columns_to_ec_product_cross_sale_relations_table',1),(165,'2023_12_06_023945_add_display_on_checkout_column_to_ec_discounts_table',1),(166,'2023_12_07_095130_add_color_column_to_media_folders_table',1),(167,'2023_12_12_105220_drop_translations_table',1),(168,'2023_12_17_162208_make_sure_column_color_in_media_folders_nullable',1),(169,'2023_12_25_040604_ec_create_review_replies_table',1),(170,'2023_12_26_090340_add_private_notes_column_to_ec_customers_table',1),(171,'2024_01_15_000001_create_fob_product_size_guides_table',1),(172,'2024_01_15_000002_create_fob_product_size_guide_relations_table',1),(173,'2024_01_15_000003_create_fob_size_guide_headers_table',1),(174,'2024_01_15_000004_create_fob_size_guide_headers_translations_table',1),(175,'2024_01_16_070706_fix_translation_tables',1),(176,'2024_01_23_075227_add_proof_file_to_ec_orders_table',1),(177,'2024_03_14_041050_migrate_lazy_load_theme_options',1),(178,'2024_03_20_080001_migrate_change_attribute_email_to_nullable_form_contacts_table',1),(179,'2024_03_21_100334_update_section_title_shape',1),(180,'2024_03_25_000001_update_captcha_settings_for_contact',1),(181,'2024_03_25_000001_update_captcha_settings_for_newsletter',1),(182,'2024_03_26_041531_add_cancel_reason_to_ec_orders_table',1),(183,'2024_03_27_062402_create_ec_customer_deletion_requests_table',1),(184,'2024_03_29_042242_migrate_old_captcha_settings',1),(185,'2024_03_29_093946_create_ec_order_return_histories_table',1),(186,'2024_04_01_043317_add_google_adsense_slot_id_to_ads_table',1),(187,'2024_04_01_063523_add_customer_columns_to_ec_reviews_table',1),(188,'2024_04_03_062451_add_cover_image_to_table_mp_stores',1),(189,'2024_04_04_110758_update_value_column_in_user_meta_table',1),(190,'2024_04_15_092654_migrate_ecommerce_google_tag_manager_code_setting',1),(191,'2024_04_16_035713_add_min_max_order_quantity_columns_to_products_table',1),(192,'2024_04_19_063914_create_custom_fields_table',1),(193,'2024_04_27_100730_improve_analytics_setting',1),(194,'2024_05_07_073153_improve_table_wishlist',1),(195,'2024_05_07_082630_create_mp_messages_table',1),(196,'2024_05_07_093703_add_missing_zip_code_into_table_store_locators',1),(197,'2024_05_12_091229_add_column_visibility_to_table_media_files',1),(198,'2024_05_15_021503_fix_invoice_path',1),(199,'2024_06_20_160724_create_ec_shared_wishlists_table',1),(200,'2024_06_28_025104_add_notify_attachment_updated_column_to_ec_products_table',1),(201,'2024_07_03_030900_add_downloaded_at_column_to_ec_order_product_table',1),(202,'2024_07_04_083133_create_payment_logs_table',1),(203,'2024_07_07_091316_fix_column_url_in_menu_nodes_table',1),(204,'2024_07_12_100000_change_random_hash_for_media',1),(205,'2024_07_14_071826_make_customer_email_nullable',1),(206,'2024_07_15_104916_add_video_media_column_to_ec_products_table',1),(207,'2024_07_19_131849_add_documents_to_mp_stores_table',1),(208,'2024_07_26_052530_add_percentage_to_tax_rules_table',1),(209,'2024_07_30_091615_fix_order_column_in_categories_table',1),(210,'2024_08_14_123028_add_customer_delivered_confirmed_at_column_to_ec_shipments_table',1),(211,'2024_08_17_094600_add_image_into_countries',1),(212,'2024_08_18_083119_add_tax_id_column_to_mp_stores_table',1),(213,'2024_08_19_132849_create_specification_tables',1),(214,'2024_08_27_141244_add_block_reason_to_ec_customers_table',1),(215,'2024_09_07_060744_add_author_column_to_specification_tables',1),(216,'2024_09_14_064023_add_can_use_with_flash_sale_column_to_ec_discounts_table',1),(217,'2024_09_14_100108_add_stripe_connect_details_to_ec_customers_table',1),(218,'2024_09_17_125408_add_square_logo_to_stores_table',1),(219,'2024_09_25_073928_remove_wrong_product_slugs',1),(220,'2024_09_30_024515_create_sessions_table',1),(221,'2024_12_01_000000_add_indexes_to_blog_translations_tables',1),(222,'2024_12_01_000000_add_indexes_to_contact_translations_tables',1),(223,'2024_12_01_000000_add_indexes_to_ecommerce_translations_tables',1),(224,'2024_12_01_000000_add_indexes_to_faq_translations_tables',1),(225,'2024_12_01_000000_add_indexes_to_gallery_translations_tables',1),(226,'2024_12_01_000000_add_indexes_to_pages_translations_table',1),(227,'2024_12_01_000000_add_indexes_to_slugs_translations_table',1),(228,'2024_12_01_000000_add_indexes_to_testimonials_translations_table',1),(229,'2024_12_01_000000_add_key_prefix_index_to_slugs_table',1),(230,'2024_12_19_000001_create_device_tokens_table',1),(231,'2024_12_19_000002_create_push_notifications_table',1),(232,'2024_12_19_000003_create_push_notification_recipients_table',1),(233,'2024_12_30_000001_create_user_settings_table',1),(234,'2025_01_06_033807_add_default_value_for_categories_author_type',1),(235,'2025_01_08_093652_add_zip_code_to_cities',1),(236,'2025_01_10_000000_fix_order_invoice_rounding_issues',1),(237,'2025_01_12_094943_correct_blog_posts_images',1),(238,'2025_01_15_050230_migrate_old_theme_options',1),(239,'2025_01_15_optimize_products_export_index',1),(240,'2025_01_17_082713_correct_column_barcode_and_cost_per_item_to_product_table',1),(241,'2025_01_24_044641_migrate_old_country_data',1),(242,'2025_01_28_233602_add_private_notes_into_ec_orders_table',1),(243,'2025_02_11_153025_add_action_label_to_announcement_translations',1),(244,'2025_02_13_021247_add_tax_translations',1),(245,'2025_02_24_152621_add_text_color_to_product_labels_table',1),(246,'2025_04_08_040931_create_social_logins_table',1),(247,'2025_04_12_000001_add_payment_fee_to_ec_orders_table',1),(248,'2025_04_12_000002_add_payment_fee_to_ec_invoices_table',1),(249,'2025_04_12_000003_add_payment_fee_to_payments_table',1),(250,'2025_04_21_000000_add_tablet_mobile_image_to_ads_translations_table',1),(251,'2025_05_05_000001_add_user_type_to_audit_histories_table',1),(252,'2025_05_05_092036_make_user_id_and_tax_amount_nullable',1),(253,'2025_05_15_082342_drop_email_unique_index_in_ec_customers_table',1),(254,'2025_05_22_000001_add_payment_fee_type_to_settings_table',1),(255,'2025_06_07_081731_add_translations_for_specification_groups_and_tables',1),(256,'2025_06_17_091813_increase_note_in_shipments_table',1),(257,'2025_06_24_000001_create_ec_product_license_codes_table',1),(258,'2025_06_24_080427_add_license_code_type_to_products_table',1),(259,'2025_07_06_030754_add_phone_to_users_table',1),(260,'2025_07_06_062402_create_ec_customer_deletion_requests_table',1),(261,'2025_07_07_161729_change_license_code_to_text_in_ec_product_license_codes_table',1),(262,'2025_07_08_162756_increase_license_code_column_size_in_ec_order_product_table',1),(263,'2025_07_09_000001_add_customer_address_fields_to_ec_invoices_table',1),(264,'2025_07_15_090809_create_ec_abandoned_carts_table',1),(265,'2025_07_24_120510_increase_barcode_column_length_in_ec_products_table',1),(266,'2025_07_31_021805_add_indexes_for_vendor_categories_optimization',1),(267,'2025_07_31_083459_add_indexes_for_location_search_performance',1),(268,'2025_07_31_133600_add_performance_indexes_to_ec_product_categories_table',1),(269,'2025_07_31_add_performance_indexes_to_slugs_table',1),(270,'2025_08_01_161205_optimize_product_variation_query_indexes',1),(271,'2025_08_07_073854_add_verification_fields_to_mp_stores_table',1),(272,'2025_08_08_145059_correct_tax_amount_in_order_and_invoice_tables',1),(273,'2025_09_05_025247_create_ec_product_specification_attribute_translations_table',1),(274,'2025_09_08_025516_add_variations_count_to_ec_products_table',1),(275,'2025_09_08_080248_add_slug_column_to_ec_product_categories_table',1),(276,'2025_09_08_080330_add_slug_column_to_ec_product_categories_translations_table',1),(277,'2025_09_08_080443_populate_slug_column_for_product_categories',1),(278,'2025_09_08_081216_add_slug_column_to_ec_products_table',1),(279,'2025_09_08_081237_add_slug_column_to_ec_products_translations_table',1),(280,'2025_09_08_081321_populate_slug_column_for_products',1),(281,'2025_09_10_073321_add_performance_indexes_to_ecommerce_tables',1),(282,'2025_09_18_093922_fix_tax_rounding_in_order_products_and_invoices',1),(283,'2025_09_21_030756_add_reviews_cache_to_ec_products_table',1),(284,'2025_09_30_090432_add_performance_indexes_to_ec_product_categories_table',1),(285,'2025_10_10_090331_add_number_format_style_to_ec_currencies_table',1),(286,'2025_10_10_092235_add_space_between_price_and_currency_to_ec_currencies_table',1),(287,'2025_10_11_074318_add_price_includes_tax_to_ec_products_table',1),(288,'2025_10_13_043527_generate_slugs_for_product_collections',1),(289,'2025_10_22_020518_add_verification_code_to_ec_customer_deletion_requests_table',1),(290,'2025_10_22_090000_remove_duplicate_order_addresses',1),(291,'2025_10_28_133220_add_unique_order_id_to_shipments_table',1),(292,'2025_10_28_134738_fix_order_payment_shipment_discount_data_issues',1),(293,'2025_11_05_000001_add_indexes_for_marketplace_performance_optimization',1),(294,'2025_11_05_032148_add_performance_indexes_to_ecommerce_tables',1),(295,'2025_11_07_000001_add_actor_type_to_audit_histories_table',1),(296,'2025_11_10_000000_cleanup_duplicate_widgets',1),(297,'2025_11_10_100000_create_ec_order_metadata_table',1),(298,'2025_11_12_100000_improve_ec_customer_recently_viewed_products_table',1),(299,'2025_11_18_214150_add_covering_indexes_to_product_relation_tables',1),(300,'2025_12_02_045049_add_index_to_product_labels_table',1),(301,'2025_12_12_150000_add_sequence_columns_to_abandoned_carts',1),(302,'2025_12_16_160000_add_is_new_until_to_ec_products_table',1),(303,'2025_12_28_000628_add_images_column_to_ec_order_returns_table',1),(304,'2026_01_05_162601_update_missing_slugs_for_ec_product_categories_table',1),(305,'2026_01_09_024811_add_currency_code_to_ec_products_table',1),(306,'2026_01_10_000001_add_status_to_simple_slider_items_table',1),(307,'2026_01_11_221755_add_price_columns_to_ec_product_up_sale_relations_table',1),(308,'2026_01_14_035001_add_customer_id_to_ec_cart_table',1),(309,'2026_01_26_084750_add_customer_id_to_ec_review_replies_table',1),(310,'2026_01_31_144854_add_zip_code_range_to_ec_shipping_rule_items_table',1),(311,'2026_02_02_090000_add_tax_location_to_mp_stores_table',1),(312,'2026_02_02_090000_create_ec_order_product_tax_components_table',1),(313,'2026_02_02_090001_create_ec_invoice_item_tax_components_table',1),(314,'2026_02_02_090002_add_tax_class_to_ec_customers_table',1),(315,'2026_02_02_090003_add_tax_class_to_ec_products_table',1),(316,'2026_02_02_090004_add_tax_breakdown_to_ec_order_product_table',1),(317,'2026_02_03_090000_drop_foreign_key_from_ec_order_product_tax_components_table',1),(318,'2026_02_07_090000_remove_duplicate_product_variation_records',1),(319,'2026_02_11_090000_add_price_per_product_to_options_tables',1),(320,'2026_02_11_090000_add_shipping_tax_amount_to_ec_orders_and_invoices_table',1),(321,'2026_02_11_160300_convert_specification_options_to_id_based_format',1),(322,'2026_03_03_150041_add_content_to_ec_product_tags_table',1),(323,'2026_03_04_000001_add_name_to_ec_shipping_rule_items_table',1),(324,'2026_03_04_000002_normalize_zip_codes_in_ec_shipping_rule_items_table',1),(325,'2026_03_06_020547_make_comment_nullable_in_ec_reviews_table',1),(326,'2026_03_06_020805_fix_empty_status_in_ec_invoices_table',1),(327,'2026_03_07_153100_add_index_to_meta_boxes_table',1),(328,'2026_03_10_105000_add_badge_type_to_ec_reviews_table',1),(329,'2026_03_23_000000_create_media_folder_permissions_table',1),(330,'2026_03_27_085220_add_folder_deleted_name_index_to_media_files_table',1),(331,'2026_04_20_000000_add_sessions_invalidated_at_to_users_table',1),(332,'2026_04_24_000001_reconcile_payment_amount_with_order_total',1),(333,'2026_04_25_000001_backfill_missing_order_shipping_addresses',1),(334,'2026_05_12_000000_change_description_column_type_in_blog_tables',1);

--
-- Table structure for table `mp_category_sale_commissions`
--

CREATE TABLE `mp_category_sale_commissions` (
  `id` bigint unsigned NOT NULL AUTO_INCREMENT,
  `product_category_id` bigint unsigned NOT NULL,
  `commission_percentage` decimal(8,2) NOT NULL DEFAULT '0.00',
  PRIMARY KEY (`id`),
  UNIQUE KEY `mp_category_sale_commissions_product_category_id_unique` (`product_category_id`)
) ENGINE=InnoDB DEFAULT CHARSET=utf8mb4 COLLATE=utf8mb4_unicode_ci;

--
-- Dumping data for table `mp_category_sale_commissions`
--


--
-- Table structure for table `mp_customer_revenues`
--

CREATE TABLE `mp_customer_revenues` (
  `id` bigint unsigned NOT NULL AUTO_INCREMENT,
  `customer_id` bigint unsigned DEFAULT NULL,
  `order_id` bigint unsigned DEFAULT NULL,
  `sub_amount` decimal(15,2) DEFAULT '0.00',
  `fee` decimal(15,2) unsigned DEFAULT '0.00',
  `amount` decimal(15,2) DEFAULT '0.00',
  `current_balance` decimal(15,2) DEFAULT '0.00',
  `currency` varchar(120) COLLATE utf8mb4_unicode_ci DEFAULT NULL,
  `description` text COLLATE utf8mb4_unicode_ci,
  `created_at` timestamp NULL DEFAULT NULL,
  `updated_at` timestamp NULL DEFAULT NULL,
  `user_id` bigint unsigned NOT NULL DEFAULT '0',
  `type` varchar(60) COLLATE utf8mb4_unicode_ci DEFAULT NULL,
  PRIMARY KEY (`id`),
  KEY `mp_customer_revenues_customer_id_index` (`customer_id`),
  KEY `mp_customer_revenues_order_id_index` (`order_id`)
) ENGINE=InnoDB DEFAULT CHARSET=utf8mb4 COLLATE=utf8mb4_unicode_ci;

--
-- Dumping data for table `mp_customer_revenues`
--


--
-- Table structure for table `mp_customer_withdrawals`
--

CREATE TABLE `mp_customer_withdrawals` (
  `id` bigint unsigned NOT NULL AUTO_INCREMENT,
  `customer_id` bigint unsigned DEFAULT NULL,
  `fee` decimal(15,2) unsigned DEFAULT '0.00',
  `amount` decimal(15,2) unsigned DEFAULT '0.00',
  `current_balance` decimal(15,2) unsigned DEFAULT '0.00',
  `currency` varchar(120) COLLATE utf8mb4_unicode_ci DEFAULT NULL,
  `description` text COLLATE utf8mb4_unicode_ci,
  `bank_info` text COLLATE utf8mb4_unicode_ci,
  `payment_channel` varchar(60) COLLATE utf8mb4_unicode_ci DEFAULT NULL,
  `user_id` bigint unsigned NOT NULL DEFAULT '0',
  `status` varchar(60) COLLATE utf8mb4_unicode_ci NOT NULL DEFAULT 'pending',
  `images` text COLLATE utf8mb4_unicode_ci,
  `created_at` timestamp NULL DEFAULT NULL,
  `updated_at` timestamp NULL DEFAULT NULL,
  `transaction_id` varchar(60) COLLATE utf8mb4_unicode_ci DEFAULT NULL,
  PRIMARY KEY (`id`),
  KEY `mp_customer_withdrawals_customer_id_index` (`customer_id`),
  KEY `mp_customer_withdrawals_status_index` (`status`)
) ENGINE=InnoDB DEFAULT CHARSET=utf8mb4 COLLATE=utf8mb4_unicode_ci;

--
-- Dumping data for table `mp_customer_withdrawals`
--


--
-- Table structure for table `mp_messages`
--

CREATE TABLE `mp_messages` (
  `id` bigint unsigned NOT NULL AUTO_INCREMENT,
  `store_id` bigint unsigned NOT NULL,
  `customer_id` bigint unsigned DEFAULT NULL,
  `name` varchar(60) COLLATE utf8mb4_unicode_ci NOT NULL,
  `email` varchar(60) COLLATE utf8mb4_unicode_ci NOT NULL,
  `content` longtext COLLATE utf8mb4_unicode_ci NOT NULL,
  `created_at` timestamp NULL DEFAULT NULL,
  `updated_at` timestamp NULL DEFAULT NULL,
  PRIMARY KEY (`id`)
) ENGINE=InnoDB DEFAULT CHARSET=utf8mb4 COLLATE=utf8mb4_unicode_ci;

--
-- Dumping data for table `mp_messages`
--


--
-- Table structure for table `mp_stores`
--

CREATE TABLE `mp_stores` (
  `id` bigint unsigned NOT NULL AUTO_INCREMENT,
  `name` varchar(255) COLLATE utf8mb4_unicode_ci NOT NULL,
  `email` varchar(60) COLLATE utf8mb4_unicode_ci DEFAULT NULL,
  `phone` varchar(20) COLLATE utf8mb4_unicode_ci DEFAULT NULL,
  `address` varchar(255) COLLATE utf8mb4_unicode_ci DEFAULT NULL,
  `country` varchar(120) COLLATE utf8mb4_unicode_ci DEFAULT NULL,
  `state` varchar(120) COLLATE utf8mb4_unicode_ci DEFAULT NULL,
  `city` varchar(120) COLLATE utf8mb4_unicode_ci DEFAULT NULL,
  `customer_id` bigint unsigned DEFAULT NULL,
  `logo` varchar(255) COLLATE utf8mb4_unicode_ci DEFAULT NULL,
  `logo_square` varchar(255) COLLATE utf8mb4_unicode_ci DEFAULT NULL,
  `cover_image` varchar(255) COLLATE utf8mb4_unicode_ci DEFAULT NULL,
  `description` varchar(400) COLLATE utf8mb4_unicode_ci DEFAULT NULL,
  `content` longtext COLLATE utf8mb4_unicode_ci,
  `status` varchar(60) COLLATE utf8mb4_unicode_ci NOT NULL DEFAULT 'published',
  `is_verified` tinyint(1) NOT NULL DEFAULT '0',
  `verified_at` timestamp NULL DEFAULT NULL,
  `verified_by` bigint unsigned DEFAULT NULL,
  `verification_note` text COLLATE utf8mb4_unicode_ci,
  `vendor_verified_at` datetime DEFAULT NULL,
  `created_at` timestamp NULL DEFAULT NULL,
  `updated_at` timestamp NULL DEFAULT NULL,
  `zip_code` varchar(20) COLLATE utf8mb4_unicode_ci DEFAULT NULL,
  `company` varchar(255) COLLATE utf8mb4_unicode_ci DEFAULT NULL,
  `tax_id` varchar(255) COLLATE utf8mb4_unicode_ci DEFAULT NULL,
  `tax_country` varchar(120) COLLATE utf8mb4_unicode_ci DEFAULT NULL,
  `tax_state` varchar(120) COLLATE utf8mb4_unicode_ci DEFAULT NULL,
  `certificate_file` varchar(255) COLLATE utf8mb4_unicode_ci DEFAULT NULL,
  `government_id_file` varchar(255) COLLATE utf8mb4_unicode_ci DEFAULT NULL,
  PRIMARY KEY (`id`),
  KEY `mp_stores_customer_id_index` (`customer_id`),
  KEY `mp_stores_status_index` (`status`)
) ENGINE=InnoDB AUTO_INCREMENT=5 DEFAULT CHARSET=utf8mb4 COLLATE=utf8mb4_unicode_ci;

--
-- Dumping data for table `mp_stores`
--

INSERT INTO `mp_stores` VALUES (1,'Anthro Studio','hello@anthro.example.com','+1-415-555-0142','512 Valencia Street','US','California','San Francisco',2,'testimonials/avatar-1.jpg',NULL,NULL,'Eclectic apparel and home goods inspired by global craftsmanship traditions.','<p>Anthro Studio sources from independent artisans across four continents. Every piece is checked by hand before it ships from our San Francisco fulfilment center.</p>','published',1,NULL,NULL,NULL,NULL,'2026-05-28 19:07:19','2026-05-28 19:07:19','94110','Anthro Studio Inc.',NULL,NULL,NULL,NULL,NULL),(2,'Crate Furniture Co.','orders@crate.example.com','+1-503-555-0188','1840 NE Alberta Street','US','Oregon','Portland',7,'testimonials/avatar-2.jpg',NULL,NULL,'Mid-century-inspired furniture built to last generations.','<p>Every Crate piece is built one at a time in our Portland workshop using sustainably harvested American hardwoods.</p>','published',1,NULL,NULL,NULL,NULL,'2026-05-28 19:07:19','2026-05-28 19:07:19','97211','Crate Furniture Co.',NULL,NULL,NULL,NULL,NULL),(3,'Findr Audio','support@findr.example.com','+44-20-7946-0310','17 Hanbury Street','GB','Greater London','London',7,'testimonials/avatar-3.jpg',NULL,NULL,'Audio gear engineered for studio-grade clarity in everyday environments.','<p>Founded by ex-studio engineers, Findr brings reference-quality sound to wireless headphones and earbuds.</p>','published',1,NULL,NULL,NULL,NULL,'2026-05-28 19:07:19','2026-05-28 19:07:19','E1 6QR','Findr Audio Ltd.',NULL,NULL,NULL,NULL,NULL),(4,'Bohome Living','hello@bohome.example.com','+34-93-555-0122','Carrer de Sepulveda 102','ES','Catalonia','Barcelona',8,'testimonials/avatar-4.jpg',NULL,NULL,'Bohemian-inspired homewares and textiles for the relaxed modern home.','<p>Bohome partners with co-operatives in Morocco, Turkey, and India to bring you authentic, fair-traded textiles.</p>','published',1,NULL,NULL,NULL,NULL,'2026-05-28 19:07:19','2026-05-28 19:07:19','08015','Bohome Living S.L.',NULL,NULL,NULL,NULL,NULL);

--
-- Table structure for table `mp_stores_translations`
--

CREATE TABLE `mp_stores_translations` (
  `lang_code` varchar(255) COLLATE utf8mb4_unicode_ci NOT NULL,
  `mp_stores_id` bigint unsigned NOT NULL,
  `name` varchar(255) COLLATE utf8mb4_unicode_ci DEFAULT NULL,
  `description` varchar(400) COLLATE utf8mb4_unicode_ci DEFAULT NULL,
  `content` longtext COLLATE utf8mb4_unicode_ci,
  `address` varchar(255) COLLATE utf8mb4_unicode_ci DEFAULT NULL,
  `company` varchar(255) COLLATE utf8mb4_unicode_ci DEFAULT NULL,
  `cover_image` varchar(255) COLLATE utf8mb4_unicode_ci DEFAULT NULL,
  PRIMARY KEY (`lang_code`,`mp_stores_id`)
) ENGINE=InnoDB DEFAULT CHARSET=utf8mb4 COLLATE=utf8mb4_unicode_ci;

--
-- Dumping data for table `mp_stores_translations`
--


--
-- Table structure for table `mp_vendor_info`
--

CREATE TABLE `mp_vendor_info` (
  `id` bigint unsigned NOT NULL AUTO_INCREMENT,
  `customer_id` bigint unsigned NOT NULL DEFAULT '0',
  `balance` decimal(15,2) NOT NULL DEFAULT '0.00',
  `total_fee` decimal(15,2) NOT NULL DEFAULT '0.00',
  `total_revenue` decimal(15,2) NOT NULL DEFAULT '0.00',
  `signature` varchar(255) COLLATE utf8mb4_unicode_ci DEFAULT NULL,
  `bank_info` text COLLATE utf8mb4_unicode_ci,
  `created_at` timestamp NULL DEFAULT NULL,
  `updated_at` timestamp NULL DEFAULT NULL,
  `payout_payment_method` varchar(120) COLLATE utf8mb4_unicode_ci DEFAULT 'bank_transfer',
  `tax_info` text COLLATE utf8mb4_unicode_ci,
  PRIMARY KEY (`id`),
  KEY `mp_vendor_info_customer_id_index` (`customer_id`)
) ENGINE=InnoDB DEFAULT CHARSET=utf8mb4 COLLATE=utf8mb4_unicode_ci;

--
-- Dumping data for table `mp_vendor_info`
--


--
-- Table structure for table `newsletters`
--

CREATE TABLE `newsletters` (
  `id` bigint unsigned NOT NULL AUTO_INCREMENT,
  `email` varchar(120) COLLATE utf8mb4_unicode_ci NOT NULL,
  `name` varchar(120) COLLATE utf8mb4_unicode_ci DEFAULT NULL,
  `status` varchar(60) COLLATE utf8mb4_unicode_ci NOT NULL DEFAULT 'subscribed',
  `created_at` timestamp NULL DEFAULT NULL,
  `updated_at` timestamp NULL DEFAULT NULL,
  PRIMARY KEY (`id`)
) ENGINE=InnoDB DEFAULT CHARSET=utf8mb4 COLLATE=utf8mb4_unicode_ci;

--
-- Dumping data for table `newsletters`
--


--
-- Table structure for table `pages`
--

CREATE TABLE `pages` (
  `id` bigint unsigned NOT NULL AUTO_INCREMENT,
  `name` varchar(120) COLLATE utf8mb4_unicode_ci NOT NULL,
  `content` longtext COLLATE utf8mb4_unicode_ci,
  `user_id` bigint unsigned DEFAULT NULL,
  `image` varchar(255) COLLATE utf8mb4_unicode_ci DEFAULT NULL,
  `template` varchar(60) COLLATE utf8mb4_unicode_ci DEFAULT NULL,
  `description` varchar(400) COLLATE utf8mb4_unicode_ci DEFAULT NULL,
  `status` varchar(60) COLLATE utf8mb4_unicode_ci NOT NULL DEFAULT 'published',
  `created_at` timestamp NULL DEFAULT NULL,
  `updated_at` timestamp NULL DEFAULT NULL,
  PRIMARY KEY (`id`),
  KEY `pages_user_id_index` (`user_id`)
) ENGINE=InnoDB AUTO_INCREMENT=13 DEFAULT CHARSET=utf8mb4 COLLATE=utf8mb4_unicode_ci;

--
-- Dumping data for table `pages`
--

INSERT INTO `pages` VALUES (1,'About','[page-banner heading=\"About Us\" subtitle=\"With over 15 years of experience, we craft timeless collections that transcend<br class=\\\"d-none d-lg-block\\\">trends and inspire lasting elegance.\"][/page-banner]\n[stats-counter hero_image=\"section/s-contact-1.jpg\" heading=\"Design, attention to detail & efficiency to delight the world\" description=\"From the moment it is conceived to the moment it is worn, every one of our garments follows this path. We could do it at a fast pace. However, at Amerce, we choose to take care of all those who are walking this path with us.\" quantity=\"4\" value_1=\"8.2k\" animate_to_1=\"\" suffix_1=\"\" label_1=\"Products Available\" desc_1=\"We offer a wide selection of high-quality products to meet every need.\" value_2=\"\" animate_to_2=\"10\" suffix_2=\"k\" label_2=\"Happy Customers\" desc_2=\"Serving over 10,000 delighted customers who trust us for quality and service.\" value_3=\"\" animate_to_3=\"96\" suffix_3=\"\" label_3=\"Partner Brand\" desc_3=\"Our top-brand partnerships bring a trusted collection for your store and home.\" value_4=\"\" animate_to_4=\"16\" suffix_4=\"k\" label_4=\"Products For Sale\" desc_4=\"That\'s why we strive to offer a diverse range of products that cater to all styles.\"][/stats-counter]\n[image-accordion image=\"section/s-contact-2.jpg\" heading=\"Offering Rare And Beautiful Items Worldwide\" quantity=\"4\" title_1=\"Introduction\" body_1=\"Welcome to Amerce Store, your premier destination for fashion-forward clothing and accessories. We pride ourselves on offering a curated selection of rare and beautiful items sourced both locally and globally.\" title_2=\"Our Vision\" body_2=\"We envision a world where thoughtful design meets everyday life — pieces that age gracefully, partners we trust, and customers we treat as people, not transactions.\" title_3=\"What Sets Us Apart\" body_3=\"Independently audited suppliers, hand-checked products, and a 30-day no-questions return policy backed by a human customer support team.\" title_4=\"Our Commitment\" body_4=\"Quality goods, transparent supply chains, and fair labor — every order, every time.\"][/image-accordion]\n[about-testimonials heading=\"Customer Say!\" subtitle=\"Our customers adore our products, and we constantly aim to delight them.\" quantity=\"2\" image_1=\"testimonials/tes-1.jpg\" name_1=\"Emma Collins\" text_1=\"\\\"Totally obsessed with this outfit! The fit is perfect, the fabric feels premium, and I\'ve been getting compliments non-stop. It instantly lifts my confidence — such a great find!\\\"\" image_2=\"testimonials/tes-2.jpg\" name_2=\"Sophia Ramirez\" text_2=\"\\\"I\'m amazed by how comfortable yet stylish this piece is. It pairs effortlessly with everything, and the quality really stands out. Definitely becoming my go-to for everyday looks!\\\"\"][/about-testimonials]\n[about-team heading=\"Meet Our Teams\" subtitle=\"Experts committed to excellence in every detail.\" quantity=\"4\" image_1=\"member/member-1.jpg\" name_1=\"Annette Black\" role_1=\"Founder/CEO\" social_links_1=\"\" image_2=\"member/member-2.jpg\" name_2=\"Brooklyn Simmons\" role_2=\"Manager\" social_links_2=\"\" image_3=\"member/member-3.jpg\" name_3=\"Jane Cooper\" role_3=\"Sales Director\" social_links_3=\"\" image_4=\"member/member-4.jpg\" name_4=\"Lisa Bonet\" role_4=\"Sales Director\" social_links_4=\"\"][/about-team]',1,NULL,'landing','About Amerce — our story, sourcing standards, and the people behind every product.','published','2026-05-28 19:07:19','2026-05-28 19:07:19'),(2,'Contact','',1,NULL,'landing','Reach the Amerce customer support and partnerships teams.','published','2026-05-28 19:07:19','2026-05-28 19:07:19'),(3,'FAQ','[page-banner heading=\"FAQs\" subtitle=\"Got questions? We\'ve got answers! Browse our FAQs to find information on orders, shipping,<br class=\\\"d-none d-lg-block\\\">returns, and more. If you need further assistance, feel free to contact our team.\"][/page-banner]\n[faq-page sidebar_image=\"section/banner-12.jpg\" sidebar_title=\"Save 25% <br class=\\\"d-none d-sm-block\\\">Today\" sidebar_subtitle=\"T-Shirts, Hoodies & More\" sidebar_cta=\"View More\" sidebar_url=\"/products\" quantity=\"16\" category_1=\"My Account\" category_id_1=\"myAccount\" question_1=\"1. What can I do if I forgot my password?\" answer_1=\"Use the \\\"Forgot password\\\" link on the sign-in page. We will email you a one-time link to set a new password — it expires in 30 minutes for security.\" category_2=\"My Account\" category_id_2=\"myAccount\" question_2=\"2. How do I update my email address?\" answer_2=\"Sign in, open Account → Settings, and change the email field. We send a confirmation email to the new address; the change takes effect once you click that link.\" category_3=\"My Account\" category_id_3=\"myAccount\" question_3=\"3. Can I delete my account?\" answer_3=\"Yes. From Account → Settings, scroll to Delete account. We retain order history for tax/legal reasons but personal contact details are removed within 30 days.\" category_4=\"Orders & Purchases\" category_id_4=\"ordersPurchases\" question_4=\"1. How do I place an order?\" answer_4=\"Add items to your cart, click checkout, choose a shipping method, then enter your payment details. You will receive an order confirmation email immediately.\" category_5=\"Orders & Purchases\" category_id_5=\"ordersPurchases\" question_5=\"2. Can I edit or cancel an order?\" answer_5=\"Orders can be edited or cancelled from your account dashboard within 1 hour of placement. After that the warehouse has begun picking and we cannot intercept.\" category_6=\"Orders & Purchases\" category_id_6=\"ordersPurchases\" question_6=\"3. What payment methods are accepted?\" answer_6=\"We accept Visa, Mastercard, American Express, Apple Pay, Google Pay, and PayPal. All transactions use TLS 1.3 encryption.\" category_7=\"Returns & Refunds\" category_id_7=\"returnsRefunds\" question_7=\"1. What is the return window?\" answer_7=\"30 days from delivery for any unworn item in original condition. Sale items, intimate apparel, and final-sale flash sale purchases are excluded.\" category_8=\"Returns & Refunds\" category_id_8=\"returnsRefunds\" question_8=\"2. How do I start a return?\" answer_8=\"Open the order in your account dashboard and click \\\"Start return\\\". We email a prepaid label for domestic orders within one business day.\" category_9=\"Returns & Refunds\" category_id_9=\"returnsRefunds\" question_9=\"3. When will I see my refund?\" answer_9=\"Refunds are processed within 3-5 business days of us receiving the return. Bank posting times vary; allow up to 10 business days for the credit to appear.\" category_10=\"Shipping & Tracking\" category_id_10=\"shippingTracking\" question_10=\"1. How long does shipping take?\" answer_10=\"Domestic standard ships in 3-5 business days. Express in 1-2. International standard takes 7-12 business days; express options are available at checkout.\" category_11=\"Shipping & Tracking\" category_id_11=\"shippingTracking\" question_11=\"2. How do I track my order?\" answer_11=\"A tracking link is included in your shipment confirmation email. You can also see status from Account → Orders → Track.\" category_12=\"Shipping & Tracking\" category_id_12=\"shippingTracking\" question_12=\"3. Do you ship internationally?\" answer_12=\"Yes — to most countries. Duties and taxes are pre-paid at checkout for select destinations; otherwise the courier may collect them on delivery.\" category_13=\"Fees & Billing\" category_id_13=\"feesBilling\" question_13=\"1. Are duties and taxes included?\" answer_13=\"Domestic prices include sales tax shown at checkout. International orders to supported destinations include duties and taxes; otherwise the courier collects on delivery.\" category_14=\"Fees & Billing\" category_id_14=\"feesBilling\" question_14=\"2. Why was I charged twice?\" answer_14=\"You likely see a temporary authorization hold plus the actual charge. The authorization drops off in 3-5 business days. Email billing@amerce.test if you still see two charges after that.\" category_15=\"Other Topic\" category_id_15=\"otherTopic\" question_15=\"1. Do you have physical stores?\" answer_15=\"Yes — visit our Stores page for a list of flagship and partner locations.\" category_16=\"Other Topic\" category_id_16=\"otherTopic\" question_16=\"2. How can I contact customer support?\" answer_16=\"Email hello@amerce.test or use the contact form. We reply within one business day.\"][/faq-page]',1,NULL,'landing','Frequently asked questions about orders, shipping, returns, and account management.','published','2026-05-28 19:07:19','2026-05-28 19:07:19'),(4,'Privacy Policy','[page-banner heading=\"Privacy Policy\"][/page-banner]\n[term-content quantity=\"7\" title_1=\"1. Information We Collect\" body_1=\"<p class=\\\"term-text cl-text-2\\\">When you visit the Site, we automatically collect certain information about your device — web browser, IP address, time zone, and some of the cookies installed on your device. As you browse, we also collect data about the pages or products you view, what referred you to the Site, and how you interact with it. We refer to this as \\\"Device Information\\\".</p><p class=\\\"term-text cl-text-2\\\">When you make a purchase or attempt to purchase through the Site, we collect your name, billing address, shipping address, and payment information (including card number, email address, and phone number). We refer to this as \\\"Order Information\\\".</p>\" title_2=\"2. How We Use Your Information\" body_2=\"<p class=\\\"term-text cl-text-2\\\">We use Order Information to fulfil orders placed through the Site (process payment, arrange shipping, provide invoices and order confirmations). We use it to communicate with you, screen orders for fraud, and — in line with your preferences — share marketing about products you may like.</p><p class=\\\"term-text cl-text-2\\\">We use Device Information to screen for fraud and to improve the Site through analytics about how customers browse and interact with us.</p>\" title_3=\"3. Sharing Your Personal Information\" body_3=\"<p class=\\\"term-text cl-text-2\\\">We share Personal Information with third-party service providers who help us run the Site. We may also share information to comply with applicable laws, respond to a subpoena or lawful request, or otherwise protect our rights.</p>\" title_4=\"4. Data Retention\" body_4=\"<p class=\\\"term-text cl-text-2\\\">When you place an order, we maintain the Order Information for our records unless and until you ask us to delete it.</p>\" title_5=\"5. Your Rights\" body_5=\"<p class=\\\"term-text cl-text-2\\\">You can request access, correction, or deletion of any personal data we hold about you. Email privacy@amerce.test from the address on file and we will respond within 30 days.</p>\" title_6=\"6. Cookies\" body_6=\"<p class=\\\"term-text cl-text-2\\\">Cookies are used to keep your cart between visits, remember your preferences, and measure aggregate traffic. You can disable cookies in your browser, though some Site features may stop working.</p>\" title_7=\"7. Changes\" body_7=\"<p class=\\\"term-text cl-text-2\\\">We may update this policy from time to time to reflect changes to our practices or for operational, legal, or regulatory reasons. The latest version will always be on this page.</p>\"][/term-content]',1,NULL,'landing','How Amerce collects, uses, and protects your personal information.','published','2026-05-28 19:07:19','2026-05-28 19:07:19'),(5,'Terms &amp; Conditions','[page-banner heading=\"Terms & Conditions\"][/page-banner]\n[term-content quantity=\"7\" title_1=\"1. Acceptance of Terms\" body_1=\"<p class=\\\"term-text cl-text-2\\\">By accessing or using the Amerce store you agree to these terms. We reserve the right to update them with reasonable notice; the latest version is always available on this page.</p>\" title_2=\"2. Orders & Payment\" body_2=\"<p class=\\\"term-text cl-text-2\\\">All prices are in USD unless otherwise stated. We accept the payment methods displayed at checkout. An order becomes binding once you receive an order confirmation email.</p>\" title_3=\"3. Shipping\" body_3=\"<p class=\\\"term-text cl-text-2\\\">Shipping options, lead times, and rates are listed on our Shipping page. Risk passes to you on delivery.</p>\" title_4=\"4. Returns\" body_4=\"<p class=\\\"term-text cl-text-2\\\">You have 30 days from delivery to return any unworn item for a refund. See our Returns &amp; Refunds page for the full process.</p>\" title_5=\"5. Intellectual Property\" body_5=\"<p class=\\\"term-text cl-text-2\\\">All content on the Site — text, photography, logos, code — is owned by Amerce or its licensors and may not be reproduced without written permission.</p>\" title_6=\"6. Limitation of Liability\" body_6=\"<p class=\\\"term-text cl-text-2\\\">To the maximum extent permitted by law, Amerce is not liable for indirect or consequential damages arising from use of the Site or the products purchased through it.</p>\" title_7=\"7. Governing Law\" body_7=\"<p class=\\\"term-text cl-text-2\\\">These terms are governed by the laws of the State of New York. Any dispute will be resolved in the state or federal courts located in New York County.</p>\"][/term-content]',1,NULL,'landing','The legal terms governing your use of the Amerce store.','published','2026-05-28 19:07:19','2026-05-28 19:07:19'),(6,'Returns &amp; Refunds','[page-banner heading=\"Returns & Refunds\"][/page-banner]\n[term-content quantity=\"6\" title_1=\"1. Returns\" body_1=\"<p class=\\\"term-text cl-text-2\\\">We want you to be completely satisfied with your purchase. If for any reason you are not, you may return any unworn item within 30 days of receiving your order for a refund or exchange. Items must be in original packaging and the same condition as you received them.</p>\" title_2=\"2. How to Start a Return\" body_2=\"<p class=\\\"term-text cl-text-2\\\">Open the order in your account dashboard and click \\\"Start return\\\", or email returns@amerce.test with your order number. We will send a prepaid return label for domestic orders within one business day.</p>\" title_3=\"3. Refunds\" body_3=\"<p class=\\\"term-text cl-text-2\\\">Refunds are processed within 3-5 business days of us receiving the return and applied to the original payment method. Bank posting times vary; allow up to 10 business days for the credit to appear.</p>\" title_4=\"4. Exclusions\" body_4=\"<p class=\\\"term-text cl-text-2\\\">Sale items, intimate apparel, and final-sale flash sale purchases are excluded from returns. Personalised or made-to-order items are also non-returnable unless faulty.</p>\" title_5=\"5. Damaged or Faulty Items\" body_5=\"<p class=\\\"term-text cl-text-2\\\">If your order arrives damaged or faulty, email us within 7 days with photos. We will replace the item or issue a full refund — including any return shipping cost — at our expense.</p>\" title_6=\"6. International Returns\" body_6=\"<p class=\\\"term-text cl-text-2\\\">International customers are responsible for return shipping unless the item is faulty. We do not refund original shipping or duty charges on international returns.</p>\"][/term-content]',1,NULL,'landing','Our 30-day return policy and the step-by-step return process.','published','2026-05-28 19:07:19','2026-05-28 19:07:19'),(7,'Shipping','[page-banner heading=\"Shipping\"][/page-banner]\n[term-content quantity=\"6\" title_1=\"1. Shipping Methods\" body_1=\"<p class=\\\"term-text cl-text-2\\\">We offer the following shipping methods for domestic and international orders: standard ground, expedited 2-day, and priority overnight (where available).</p>\" title_2=\"2. Domestic Rates\" body_2=\"<p class=\\\"term-text cl-text-2\\\">Standard ground is free on orders over $99. Express 1-2 day shipping is $19.99 flat. Priority overnight is calculated by weight at checkout.</p>\" title_3=\"3. International\" body_3=\"<p class=\\\"term-text cl-text-2\\\">We ship to most countries. International standard shipping is $24.99 with 7-12 business day delivery. Express options appear at checkout. Duties and taxes are pre-paid for select destinations; otherwise the courier collects them on delivery.</p>\" title_4=\"4. Processing Time\" body_4=\"<p class=\\\"term-text cl-text-2\\\">Orders placed before 2pm EST on business days ship the same day. Orders placed after 2pm or on weekends/holidays ship the next business day.</p>\" title_5=\"5. Tracking\" body_5=\"<p class=\\\"term-text cl-text-2\\\">A tracking link is included in your shipment confirmation email. You can also see live status from Account → Orders → Track.</p>\" title_6=\"6. Lost or Stuck Shipments\" body_6=\"<p class=\\\"term-text cl-text-2\\\">If a tracking number has not updated for more than 7 business days, email shipping@amerce.test. We will open an investigation with the carrier and either refund or reship the order at our expense.</p>\"][/term-content]',1,NULL,'landing','Domestic and international shipping options, lead times, and rates.','published','2026-05-28 19:07:19','2026-05-28 19:07:19'),(8,'Our Stores','',1,NULL,'landing','Visit Amerce in person — flagship locations and partner boutiques worldwide.','published','2026-05-28 19:07:19','2026-05-28 19:07:19'),(9,'Blog','<div class=\"container py-5\"><h1>Journal</h1><p>Browse our latest stories — style guides, product spotlights, sustainability deep-dives, and more.</p></div>',1,NULL,'default','Style guides, product spotlights, and stories from the Amerce team.','published','2026-05-28 19:07:19','2026-05-28 19:07:19'),(10,'Careers','<div class=\"container py-5\"><h1>Careers at Amerce</h1><p>We are a small, distributed team building a more thoughtful kind of retail. We hire across product, engineering, supply chain, and customer experience.</p><p>Open roles are posted to our company LinkedIn page. To apply, send a short note and your resume to <a href=\"mailto:careers@amerce.test\">careers@amerce.test</a>.</p></div>',1,NULL,'default','Open roles and what it is like to work at Amerce.','published','2026-05-28 19:07:19','2026-05-28 19:07:19'),(11,'Sustainability','<div class=\"container py-5\"><h1>Sustainability at Amerce</h1><p>Every product carries a story. We work directly with mills and ateliers, prioritise recycled and traceable materials, and ship in plastic-free packaging.</p><p>Our 2026 goal: 90% of materials with a verified chain of custody, and a transparent annual impact report.</p></div>',1,NULL,'default','How Amerce sources responsibly and reduces its environmental footprint.','published','2026-05-28 19:07:19','2026-05-28 19:07:19'),(12,'Homepage','[simple-slider key=\"home-hero\" style=\"style-1\" is_autoplay=\"yes\" autoplay_speed=\"5000\" show_arrows=\"no\" show_dots=\"yes\"][/simple-slider]\n[categories-grid style=\"style-slider\" title=\"Shop By Category\" subtitle=\"Mindful choices for everyday wellbeing.\" limit=\"6\" show_count=\"yes\" view_all_url=\"/products\" view_all_text=\"View All Category\" card_class=\"category-v02\" card_modifier=\"hover-img\" card_image_class=\"img-style overflow-visible\" card_content_class=\"text-center\" count_label=\"products\" swiper_preview_lg=\"6\" swiper_space_lg=\"10\" wrapper_class=\"container\" sale_card_active=\"yes\" sale_card_discount=\"15%\" sale_card_label=\"OFF\" sale_card_title=\"Sale Off\" sale_card_count=\"52 Items\" sale_card_url=\"/products\"][/categories-grid]\n[ecommerce-collections style=\"style-slider\" collection_ids=\"7,8,9\" limit=\"3\" spacing_class=\"\"][/ecommerce-collections]\n[ecommerce-products style=\"style-tabs\" title=\"Top Picks This Week\" subtitle=\"Weekly Favorites Selected With Care To Support Your Wellbeing.\" limit=\"8\" items_per_row=\"4\" card_style=\"style-1\" card_extra_class=\"product-style_stroke\" tab_labels=\"Medications|Devices|Wellness|Offers\" tab_categories=\"16|27|2,1,29,28|\" tab_sources=\"best-seller|featured|best-seller|sale\" tab_nav_style=\"v2\" tab_nav_position=\"right\" tab_nav_class_extra=\"mb-0\" tab_btn_class_extra=\"py-4\" tab_label_class=\"fw-semibold\" load_tabs_ajax=\"yes\"][/ecommerce-products]\n[banner-duo style=\"style-1\" section_class=\"flat-spacing-2 pt-0\" image_1=\"section/banner-4.jpg\" title_1=\"Nature\'s Support&lt;br&gt;for Modern Life\" subtitle_1=\"Boost vitality and balance with clean, mindful ingredients.\" button_text_1=\"Shop Styles\" button_url_1=\"/products\" image_2=\"section/banner-5.jpg\" title_2=\"Vaccines Keep You&lt;br&gt;Strong &amp; Ready\" subtitle_2=\"Stay strong and balanced with vaccines that protect your daily health.\" button_text_2=\"Shop Styles\" button_url_2=\"/products\"][/banner-duo]\n[brand-logos style=\"style-infinite\" modifier_class=\"\" section_class=\"pt-0 pb-0\" clone_count=\"3\"][/brand-logos]\n[ecommerce-products style=\"style-mini-list\" title=\"Featured Products\" subtitle=\"Top styles everyone\'s talking about.\" source=\"featured\" limit=\"6\" items_per_row=\"3\" slides_per_view=\"3\" show_banners=\"yes\" banner_image_1=\"section/banner-6.jpg\" banner_title_1=\"Vitamins &lt;br&gt; Every Day\" banner_desc_1=\"Discover calming products &lt;br&gt; for deeper, peaceful sleep.\" banner_image_2=\"section/banner-7.jpg\" banner_title_2=\"Vitamins &lt;br&gt; Every Day\" banner_desc_2=\"Discover calming products &lt;br&gt; for deeper, peaceful sleep.\"][/ecommerce-products]\n[testimonials style=\"style-v2-product\" title=\"Customer Say!\" subtitle=\"Our customers adore our products, and we constantly aim to delight them.\" autoplay=\"yes\" quantity=\"2\" name_1=\"Emma Collins\" role_1=\"Verified Buyer\" rating_1=\"5\" content_1=\"\\\"I love how calm and balanced I feel after using these products. Everything feels more natural, lighter, and easy again every day.\\\"\" product_image_1=\"products/mental/product-1.jpg\" product_name_1=\"Gaia Herbs Relax Gummies\" product_price_1=\"$74.99\" product_url_1=\"/products\" name_2=\"Sophia Ramirez\" role_2=\"Verified Buyer\" rating_2=\"5\" content_2=\"\\\"These supplements have become part of my nightly routine. I sleep deeper, rest longer, wake up feeling genuinely refreshed every morning.\\\"\" product_image_2=\"products/mental/product-3.jpg\" product_name_2=\"Blooming Blends Sleep Drops\" product_price_2=\"$74.99\" product_url_2=\"/products\"][/testimonials]\n[banner-image-text style=\"style-wide-abs\" heading=\"Nature\'s Support &lt;br class=\\\"d-none d-sm-block\\\"&gt; For Modern Life\" subheading=\"Balanced nutrition made simple &mdash; support &lt;br class=\\\"d-none d-sm-block\\\"&gt; your body and mind every single day.\" button_text=\"Shop Styles\" button_url=\"/products\" image=\"section/banner-8.jpg\"][/banner-image-text]\n[blog-posts style=\"style-slider\" title=\"Insights For A Better You\" subtitle=\"Explore mindful habits, wellness routines, and everyday calm.\" limit=\"6\" show_meta=\"yes\" show_excerpt=\"yes\"][/blog-posts]\n[site-features style=\"style-flat-swiper\" card_modifier=\"style-2\" title_tag=\"h5\" section_class=\"flat-spacing pt-0\" inner_class=\"flat-spacing pb-0\" show_border=\"yes\" quantity=\"4\" title_1=\"14-Day Returns\" description_1=\"Risk-free shopping with easy returns.\" icon_class_1=\"icon-ArrowUDownLeft\" title_2=\"Free Shipping\" description_2=\"No extra costs, just the price you see.\" icon_class_2=\"icon-Package\" title_3=\"24/7 Support\" description_3=\"24/7 support, always here just for you.\" icon_class_3=\"icon-Headset\" title_4=\"Member Discounts\" description_4=\"Special prices for our loyal customers.\" icon_class_4=\"icon-SealPercent\"][/site-features]',NULL,NULL,'homepage','Amerce — multi-purpose ecommerce homepage demo.','published','2026-05-28 19:07:20','2026-05-28 19:07:20');

--
-- Table structure for table `pages_translations`
--

CREATE TABLE `pages_translations` (
  `lang_code` varchar(20) COLLATE utf8mb4_unicode_ci NOT NULL,
  `pages_id` bigint unsigned NOT NULL,
  `name` varchar(255) COLLATE utf8mb4_unicode_ci DEFAULT NULL,
  `description` varchar(400) COLLATE utf8mb4_unicode_ci DEFAULT NULL,
  `content` longtext COLLATE utf8mb4_unicode_ci,
  PRIMARY KEY (`lang_code`,`pages_id`),
  KEY `idx_pages_trans_pages_id` (`pages_id`),
  KEY `idx_pages_trans_page_lang` (`pages_id`,`lang_code`)
) ENGINE=InnoDB DEFAULT CHARSET=utf8mb4 COLLATE=utf8mb4_unicode_ci;

--
-- Dumping data for table `pages_translations`
--

INSERT INTO `pages_translations` VALUES ('ar',1,'عن','تقديم Amerce - قصة العلامة التجارية ومعايير التوريد والفريق الذي يقف وراء كل منتج.','[page-banner heading=\"معلومات عنا\" subtitle=\"With over 15 years of experience, we craft timeless collections that transcend<br class=\\\"d-none d-lg-block\\\">trends and inspire lasting elegance.\"][/page-banner]\n[stats-counter hero_image=\"section/s-contact-1.jpg\" heading=\"التصميم والاهتمام بالتفاصيل والكفاءة يرضي العالم\" description=\"منذ لحظة تصورها وحتى لحظة ارتدائها، يتبع كل منتج من منتجاتنا هذه الرحلة. يمكننا أن نفعل ذلك بمعدل أسرع. ومع ذلك، في Amerce، نختار الاعتناء بكل من يشارك معنا في هذه الرحلة.\" quantity=\"4\" value_1=\"8.2k\" animate_to_1=\"\" suffix_1=\"\" label_1=\"المنتجات الموجودة\" desc_1=\"نحن نقدم مجموعة متنوعة من المنتجات عالية الجودة لتلبية جميع الاحتياجات.\" value_2=\"\" animate_to_2=\"10\" suffix_2=\"k\" label_2=\"العملاء الراضين\" desc_2=\"نخدم أكثر من 10,000 عميل راضٍ يثقون بنا من حيث الجودة والخدمة.\" value_3=\"\" animate_to_3=\"96\" suffix_3=\"\" label_3=\"العلامة التجارية الشريكة\" desc_3=\"تجلب الشراكات مع العلامات التجارية الرائدة مجموعات موثوقة إلى متجرك ومنزلك.\" value_4=\"\" animate_to_4=\"16\" suffix_4=\"k\" label_4=\"منتجات للبيع\" desc_4=\"ولهذا السبب نسعى جاهدين لتقديم مجموعة متنوعة من خطوط الإنتاج، المناسبة لكل نمط.\"][/stats-counter]\n[image-accordion image=\"section/s-contact-2.jpg\" heading=\"جلب العناصر النادرة والرائعة إلى جميع أنحاء العالم\" quantity=\"4\" title_1=\"يقدم\" body_1=\"مرحبًا بك في متجر Amerce، وجهتك الأولى للأزياء والإكسسوارات العصرية. نحن فخورون بتقديم مجموعة مختارة بعناية من القطع النادرة والرائعة المطلوبة على الصعيدين الوطني والدولي.\" title_2=\"رؤيتنا\" body_2=\"نحن نهدف إلى عالم يمتزج فيه التصميم المتطور مع الحياة اليومية - المنتجات التي تصمد أمام اختبار الزمن، والشركاء الموثوق بهم، والعملاء الذين يتم التعامل معهم مثل الأشخاص، وليس المعاملات.\" title_3=\"ما الذي يجعل الفرق\" body_3=\"يتم تدقيق الموردين بشكل مستقل، ويتم اختبار المنتجات يدويًا، وتوجد سياسة إرجاع بدون سبب لمدة 30 يومًا، مدعومة بفريق خدمة عملاء متخصص.\" title_4=\"التزامنا\" body_4=\"منتجات عالية الجودة وسلاسل توريد شفافة وظروف عمل عادلة - في كل طلب وفي كل مرة.\"][/image-accordion]\n[about-testimonials heading=\"ماذا يقول العملاء!\" subtitle=\"العملاء يحبون منتجاتنا، ونحن نسعى جاهدين لإرضائهم.\" quantity=\"2\" image_1=\"testimonials/tes-1.jpg\" name_1=\"إيما كولينز\" text_1=\"\\\"Totally obsessed with this outfit! The fit is perfect, the fabric feels premium, and I\'ve been getting compliments non-stop. It instantly lifts my confidence — such a great find!\\\"\" image_2=\"testimonials/tes-2.jpg\" name_2=\"صوفيا راميريز\" text_2=\"\\\"I\'m amazed by how comfortable yet stylish this piece is. It pairs effortlessly with everything, and the quality really stands out. Definitely becoming my go-to for everyday looks!\\\"\"][/about-testimonials]\n[about-team heading=\"تعرف على الفريق\" subtitle=\"محترفون ملتزمون بالإتقان في كل التفاصيل.\" quantity=\"4\" image_1=\"member/member-1.jpg\" name_1=\"أنيت بلاك\" role_1=\"المؤسس/الرئيس التنفيذي\" social_links_1=\"\" image_2=\"member/member-2.jpg\" name_2=\"بروكلين سيمونز\" role_2=\"يدير\" social_links_2=\"\" image_3=\"member/member-3.jpg\" name_3=\"جين كوبر\" role_3=\"مدير المبيعات\" social_links_3=\"\" image_4=\"member/member-4.jpg\" name_4=\"ليزا بونيت\" role_4=\"مدير المبيعات\" social_links_4=\"\"][/about-team]'),('ar',2,'اتصال','اتصل بفريق خدمة العملاء والتعاون في Amerce.',''),('ar',3,'FAQ','الأسئلة المتداولة حول الطلبات والشحن والمرتجعات وإدارة الحساب.','[page-banner heading=\"الأسئلة المتداولة\" subtitle=\"Got questions? We\'ve got answers! Browse our الأسئلة المتداولة to find information on orders, shipping,<br class=\\\"d-none d-lg-block\\\">returns, and more. If you need further assistance, feel free to contact our team.\"][/page-banner]\n[faq-page sidebar_image=\"section/banner-12.jpg\" sidebar_title=\"Save 25% <br class=\\\"d-none d-sm-block\\\">Today\" sidebar_subtitle=\"قمصان، هوديس وأكثر\" sidebar_cta=\"شاهد المزيد\" sidebar_url=\"/products\" quantity=\"16\" category_1=\"حسابي\" category_id_1=\"myAccount\" question_1=\"1. ماذا يمكنني أن أفعل إذا نسيت كلمة المرور الخاصة بي؟\" answer_1=\"Use the \\\"Forgot password\\\" link on the sign-in page. We will email you a one-time link to set a new password — it expires in 30 minutes for security.\" category_2=\"حسابي\" category_id_2=\"myAccount\" question_2=\"2. كيفية تحديث عنوان البريد الإلكتروني؟\" answer_2=\"قم بتسجيل الدخول، افتح الحساب → الإعدادات وقم بتغيير حقول البريد الإلكتروني. سنرسل رسالة تأكيد بالبريد الإلكتروني إلى العنوان الجديد؛ سيصبح التغيير ساري المفعول عندما تنقر على هذا الرابط.\" category_3=\"حسابي\" category_id_3=\"myAccount\" question_3=\"3. هل يمكنني حذف حسابي؟\" answer_3=\"يملك. من الحساب → الإعدادات، قم بالتمرير لأسفل إلى حذف الحساب. نحن نحتفظ بسجل الطلبات لأسباب ضريبية/قانونية، ولكن يتم حذف معلومات الاتصال الشخصية خلال 30 يومًا.\" category_4=\"الطلبات والتسوق\" category_id_4=\"ordersPurchases\" question_4=\"1. كيف تطلب؟\" answer_4=\"قم بإضافة المنتجات إلى سلة التسوق، ثم انقر فوق إتمام الطلب، ثم حدد طريقة الشحن، ثم أدخل معلومات الدفع. سوف تتلقى رسالة تأكيد الطلب عبر البريد الإلكتروني على الفور.\" category_5=\"الطلبات والتسوق\" category_id_5=\"ordersPurchases\" question_5=\"2. هل يمكنني تعديل أو إلغاء طلبي؟\" answer_5=\"يمكن تعديل الطلبات أو إلغاؤها من لوحة تحكم حسابك خلال ساعة واحدة من تقديمها. بعد ذلك بدأ المستودع بالتعبئة ولم نتمكن من التدخل.\" category_6=\"الطلبات والتسوق\" category_id_6=\"ordersPurchases\" question_6=\"3. ما هي طرق الدفع المقبولة؟\" answer_6=\"نحن نقبل Visa وMastercard وAmerican Express وApple Pay وGoogle Pay وPayPal. تستخدم جميع المعاملات تشفير TLS 1.3.\" category_7=\"العوائد والمبالغ المستردة\" category_id_7=\"returnsRefunds\" question_7=\"1. ما هي مدة الإرجاع؟\" answer_7=\"30 يومًا من تاريخ الاستلام للمنتجات غير المستخدمة وغير المستهلكة. لا ينطبق على سلع البيع والملابس الداخلية وعناصر البيع الفوري.\" category_8=\"العوائد والمبالغ المستردة\" category_id_8=\"returnsRefunds\" question_8=\"2. كيف أبدأ عملية الإرجاع؟\" answer_8=\"Open the order in your account dashboard and click \\\"Start return\\\". We email a prepaid label for domestic orders within one business day.\" category_9=\"العوائد والمبالغ المستردة\" category_id_9=\"returnsRefunds\" question_9=\"3. متى سأسترد أموالي؟\" answer_9=\"تتم معالجة المبالغ المستردة في غضون 3-5 أيام عمل من تاريخ استلامنا للمنتج المرتجع. قد تختلف أوقات الائتمان البنكي؛ يُرجى الانتظار لمدة تصل إلى 10 أيام عمل حتى تظهر دفعتك.\" category_10=\"الشحن والتتبع\" category_id_10=\"shippingTracking\" question_10=\"1. كم من الوقت يستغرق الشحن؟\" answer_10=\"يستغرق الشحن المحلي القياسي من 3 إلى 5 أيام عمل. الشحن السريع 1-2 أيام. يستغرق الشحن القياسي الدولي من 7 إلى 12 يوم عمل؛ تتوفر خيارات الشحن المعجل في صفحة الخروج.\" category_11=\"الشحن والتتبع\" category_id_11=\"shippingTracking\" question_11=\"2. كيفية تتبع الطلبات؟\" answer_11=\"يتم تضمين رابط التتبع في رسالة البريد الإلكتروني لتأكيد الشحن. يمكنك أيضًا عرض الحالة من الحساب → الطلبات → التتبع.\" category_12=\"الشحن والتتبع\" category_id_12=\"shippingTracking\" question_12=\"3. هل تشحن دوليًا؟\" answer_12=\"نعم – لمعظم البلدان. يتم دفع الضرائب والرسوم مسبقًا في صفحة الخروج لوجهات معينة؛ إذا لم يكن الأمر كذلك، يجوز لوحدة الشحن جمعها عند التسليم.\" category_13=\"الرسوم والمدفوعات\" category_id_13=\"feesBilling\" question_13=\"1. هل يشمل السعر الضرائب والرسوم؟\" answer_13=\"الأسعار المحلية تشمل ضريبة المبيعات الموضحة عند الخروج. تشمل الطلبات الدولية للوجهات المدعومة الضرائب والرسوم؛ وبخلاف ذلك، ستقوم وحدة الشحن باستلامها عند التسليم.\" category_14=\"الرسوم والمدفوعات\" category_id_14=\"feesBilling\" question_14=\"2. لماذا تم محاسبتي مرتين؟\" answer_14=\"ربما ترى تعليقًا للتفويض بالإضافة إلى الرسوم الفعلية. سيتم إلغاء الحجز تلقائيًا خلال 3-5 أيام عمل. أرسل بريدًا إلكترونيًا إلى billing@amerce.test إذا كنت لا تزال ترى رسومين بعد ذلك الوقت.\" category_15=\"موضوعات أخرى\" category_id_15=\"otherTopic\" question_15=\"1. هل لديك متجر فعلي؟\" answer_15=\"نعم — يرجى زيارة صفحة المتاجر للحصول على قائمة بالمتاجر الرئيسية والشركاء.\" category_16=\"موضوعات أخرى\" category_id_16=\"otherTopic\" question_16=\"2. كيفية الاتصال بخدمة العملاء؟\" answer_16=\"أرسل بريدًا إلكترونيًا إلى hello@amerce.test أو استخدم نموذج الاتصال. سوف نقوم بالرد خلال يوم عمل واحد.\"][/faq-page]'),('ar',4,'سياسة الخصوصية','كيف تقوم Amerce بجمع معلوماتك الشخصية واستخدامها وحمايتها.','[page-banner heading=\"سياسة الخصوصية\"][/page-banner]\n[term-content quantity=\"7\" title_1=\"1. المعلومات التي نجمعها\" body_1=\"<p class=\\\"term-text cl-text-2\\\">When you visit the Site, we automatically collect certain information about your device — web browser, IP address, time zone, and some of the cookies installed on your device. As you browse, we also collect data about the pages or products you view, what referred you to the Site, and how you interact with it. We refer to this as \\\"Device Information\\\".</p><p class=\\\"term-text cl-text-2\\\">When you make a purchase or attempt to purchase through the Site, we collect your name, billing address, shipping address, and payment information (including card number, email address, and phone number). We refer to this as \\\"Order Information\\\".</p>\" title_2=\"2. كيف نستخدم معلوماتك\" body_2=\"<p class=\\\"term-text cl-text-2\\\">We use Order Information to fulfil orders placed through the Site (process payment, arrange shipping, provide invoices and order confirmations). We use it to communicate with you, screen orders for fraud, and — in line with your preferences — share marketing about products you may like.</p><p class=\\\"term-text cl-text-2\\\">We use Device Information to screen for fraud and to improve the Site through analytics about how customers browse and interact with us.</p>\" title_3=\"3. مشاركة معلوماتك الشخصية\" body_3=\"<p class=\\\"term-text cl-text-2\\\">We share Personal Information with third-party service providers who help us run the Site. We may also share information to comply with applicable laws, respond to a subpoena or lawful request, or otherwise protect our rights.</p>\" title_4=\"4. تخزين البيانات\" body_4=\"<p class=\\\"term-text cl-text-2\\\">When you place an order, we maintain the Order Information for our records unless and until you ask us to delete it.</p>\" title_5=\"5. حقوقك\" body_5=\"<p class=\\\"term-text cl-text-2\\\">You can request access, correction, or deletion of any personal data we hold about you. Email privacy@amerce.test from the address on file and we will respond within 30 days.</p>\" title_6=\"6. ملفات تعريف الارتباط\" body_6=\"<p class=\\\"term-text cl-text-2\\\">Cookies are used to keep your cart between visits, remember your preferences, and measure aggregate traffic. You can disable cookies in your browser, though some Site features may stop working.</p>\" title_7=\"7. التغيير\" body_7=\"<p class=\\\"term-text cl-text-2\\\">We may update this policy from time to time to reflect changes to our practices or for operational, legal, or regulatory reasons. The latest version will always be on this page.</p>\"][/term-content]'),('ar',5,'الشروط والأحكام','تنطبق الشروط القانونية عند استخدام متجر Amerce.','[page-banner heading=\"الشروط والأحكام\"][/page-banner]\n[term-content quantity=\"7\" title_1=\"1. قبول الشروط\" body_1=\"<p class=\\\"term-text cl-text-2\\\">By accessing or using the أميرس store you agree to these terms. We reserve the right to update them with reasonable notice; the latest version is always available on this page.</p>\" title_2=\"2. الطلبات والدفع\" body_2=\"<p class=\\\"term-text cl-text-2\\\">All prices are in USD unless otherwise stated. We accept the payment methods displayed at checkout. An order becomes binding once you receive an order confirmation email.</p>\" title_3=\"3. الشحن\" body_3=\"<p class=\\\"term-text cl-text-2\\\">ينقل options, lead times, and rates are listed on our ينقل page. Risk passes to you on delivery.</p>\" title_4=\"4. المرتجعات\" body_4=\"<p class=\\\"term-text cl-text-2\\\">You have 30 days from delivery to return any unworn item for a refund. See our العوائد والمبالغ المستردة page for the full process.</p>\" title_5=\"5. الملكية الفكرية\" body_5=\"<p class=\\\"term-text cl-text-2\\\">All content on the Site — text, photography, logos, code — is owned by أميرس or its licensors and may not be reproduced without written permission.</p>\" title_6=\"6. حدود المسؤولية\" body_6=\"<p class=\\\"term-text cl-text-2\\\">To the maximum extent permitted by law, أميرس is not liable for indirect or consequential damages arising from use of the Site or the products purchased through it.</p>\" title_7=\"7. القانون المعمول به\" body_7=\"<p class=\\\"term-text cl-text-2\\\">These terms are governed by the laws of the State of New York. Any dispute will be resolved in the state or federal courts located in New York County.</p>\"][/term-content]'),('ar',6,'العوائد والمبالغ المستردة','سياسة الإرجاع الخاصة بنا لمدة 30 يومًا وعملية الإرجاع خطوة بخطوة.','[page-banner heading=\"العوائد والمبالغ المستردة\"][/page-banner]\n[term-content quantity=\"6\" title_1=\"1. المرتجعات\" body_1=\"<p class=\\\"term-text cl-text-2\\\">We want you to be completely satisfied with your purchase. If for any reason you are not, you may return any unworn item within 30 days of receiving your order for a refund or exchange. أغراض must be in original packaging and the same condition as you received them.</p>\" title_2=\"2. كيف تبدأ عملية الإرجاع\" body_2=\"<p class=\\\"term-text cl-text-2\\\">Open the order in your account dashboard and click \\\"Start return\\\", or email returns@amerce.test with your order number. We will send a prepaid return label for domestic orders within one business day.</p>\" title_3=\"3. استرداد الأموال\" body_3=\"<p class=\\\"term-text cl-text-2\\\">Refunds are processed within 3-5 business days of us receiving the return and applied to the original payment method. Bank posting times vary; allow up to 10 business days for the credit to appear.</p>\" title_4=\"4. الاستثناءات\" body_4=\"<p class=\\\"term-text cl-text-2\\\">Sale items, intimate apparel, and final-sale flash sale purchases are excluded from returns. Personalised or made-to-order items are also non-returnable unless faulty.</p>\" title_5=\"5. المنتجات التالفة أو المعيبة\" body_5=\"<p class=\\\"term-text cl-text-2\\\">If your order arrives damaged or faulty, email us within 7 days with photos. We will replace the item or issue a full refund — including any return shipping cost — at our expense.</p>\" title_6=\"6. العودة الدولية\" body_6=\"<p class=\\\"term-text cl-text-2\\\">International customers are responsible for return shipping unless the item is faulty. We do not refund original shipping or duty charges on international returns.</p>\"][/term-content]'),('ar',7,'شحن','طرق الشحن المحلي والدولي وأوقاته ورسومه.','[page-banner heading=\"ينقل\"][/page-banner]\n[term-content quantity=\"6\" title_1=\"1. طريقة الشحن\" body_1=\"<p class=\\\"term-text cl-text-2\\\">We offer the following shipping methods for domestic and international orders: standard ground, expedited 2-day, and priority overnight (where available).</p>\" title_2=\"2. الرسوم المحلية\" body_2=\"<p class=\\\"term-text cl-text-2\\\">Standard ground is free on orders over $99. Express 1-2 day shipping is $19.99 flat. Priority overnight is calculated by weight at checkout.</p>\" title_3=\"3. الدولية\" body_3=\"<p class=\\\"term-text cl-text-2\\\">We ship to most countries. International standard shipping is $24.99 with 7-12 business day delivery. Express options appear at checkout. Duties and taxes are pre-paid for select destinations; otherwise the courier collects them on delivery.</p>\" title_4=\"4. وقت المعالجة\" body_4=\"<p class=\\\"term-text cl-text-2\\\">Orders placed before 2pm EST on business days ship the same day. Orders placed after 2pm or on weekends/holidays ship the next business day.</p>\" title_5=\"5. التتبع\" body_5=\"<p class=\\\"term-text cl-text-2\\\">A tracking link is included in your shipment confirmation email. You can also see live status from Account → Orders → Track.</p>\" title_6=\"6. الطلبات المفقودة أو المعلقة\" body_6=\"<p class=\\\"term-text cl-text-2\\\">If a tracking number has not updated for more than 7 business days, email shipping@amerce.test. We will open an investigation with the carrier and either refund or reship the order at our expense.</p>\"][/term-content]'),('ar',8,'متاجرنا','قم بزيارة Amerce مباشرة — المتاجر الرئيسية والشركاء في جميع أنحاء العالم.',''),('ar',9,'Blog','تعليمات الزي وقصص العلامات التجارية والمحتوى من وراء الكواليس من فريق تحرير Amerce.','<div class=\"container py-5\"><h1>مذكرة</h1><p>اكتشف أحدث قصصنا - أدلة الأسلوب، وأبرز المنتجات، وتحليل الاستدامة المتعمق والمزيد.</p></div>'),('ar',10,'وظائف','انضم إلى Amerce - المناصب المفتوحة والقيم الثقافية وفوائد الفريق.','<div class=\"container py-5\"><h1>التوظيف في Amerce</h1><p>نحن فريق صغير وموزع لبناء نموذج بيع بالتجزئة أكثر دقة. نقوم بالتوظيف عبر المنتجات والهندسة وسلسلة التوريد وتجربة العملاء.</p><p>يتم نشر الوظائف المفتوحة على صفحة LinkedIn الخاصة بالشركة. للتقديم، أرسل خطابًا قصيرًا واستأنفه إلى <a href=\"mailto:careers@amerce.test\">careers@amerce.test</a>.</p></div>'),('ar',11,'Sustainability','How Amerce sources responsibly and reduces its environmental footprint.','<div class=\"container py-5\"><h1>التنمية المستدامة في أمريكا</h1><p>كل منتج يحمل قصة. نحن نعمل مباشرة مع المصانع وورش العمل الحرفية، ونعطي الأولوية للمواد المعاد تدويرها والتي يمكن تتبعها، ونقوم بتغليف عبوات خالية من البلاستيك.</p><p>هدفنا لعام 2026: أن يكون لدى 90% من المواد سلسلة توريد تم التحقق منها وتقارير تأثير سنوية شفافة.</p></div>'),('ar',12,'الصفحة الرئيسية','Amerce — موطن لتجربة التجارة الإلكترونية المتنوعة.','[simple-slider key=\"home-hero\" style=\"style-1\" is_autoplay=\"yes\" autoplay_speed=\"5000\" show_arrows=\"no\" show_dots=\"yes\"][/simple-slider]\n[categories-grid style=\"style-slider\" title=\"شراء حسب الفئة\" subtitle=\"خيارات متطورة للصحة كل يوم.\" limit=\"6\" show_count=\"yes\" view_all_url=\"/products\" view_all_text=\"عرض كافة الفئات\" card_class=\"category-v02\" card_modifier=\"hover-img\" card_image_class=\"img-style overflow-visible\" card_content_class=\"text-center\" count_label=\"products\" swiper_preview_lg=\"6\" swiper_space_lg=\"10\" wrapper_class=\"container\" sale_card_active=\"yes\" sale_card_discount=\"15%\" sale_card_label=\"OFF\" sale_card_title=\"تخفيض\" sale_card_count=\"52 منتج\" sale_card_url=\"/products\"][/categories-grid]\n[ecommerce-collections style=\"style-slider\" collection_ids=\"7,8,9\" limit=\"3\" spacing_class=\"\"][/ecommerce-collections]\n[ecommerce-products style=\"style-tabs\" title=\"أفضل اللقطات لهذا الأسبوع\" subtitle=\"المفضلة الأسبوعية المختارة بعناية لدعم صحتك.\" limit=\"8\" items_per_row=\"4\" card_style=\"style-1\" card_extra_class=\"product-style_stroke\" tab_labels=\"الأدوية|الأجهزة|صحة|العروض\" tab_categories=\"16|27|2,1,29,28|\" tab_sources=\"best-seller|featured|best-seller|sale\" tab_nav_style=\"v2\" tab_nav_position=\"right\" tab_nav_class_extra=\"mb-0\" tab_btn_class_extra=\"py-4\" tab_label_class=\"fw-semibold\" load_tabs_ajax=\"yes\"][/ecommerce-products]\n[banner-duo style=\"style-1\" section_class=\"flat-spacing-2 pt-0\" image_1=\"section/banner-4.jpg\" title_1=\"Nature\'s Support&lt;br&gt;for Modern Life\" subtitle_1=\"عزز الحيوية والتوازن بمكونات نظيفة ومدروسة.\" button_text_1=\"اشتري الآن\" button_url_1=\"/products\" image_2=\"section/banner-5.jpg\" title_2=\"اللقاحات تبقيك&lt;br&gt;بصحة جيدة وجاهزًا\" subtitle_2=\"حافظ على صحتك وتوازنك باللقاحات التي تحمي صحتك اليومية.\" button_text_2=\"اشتري الآن\" button_url_2=\"/products\"][/banner-duo]\n[brand-logos style=\"style-infinite\" modifier_class=\"\" section_class=\"pt-0 pb-0\" clone_count=\"3\"][/brand-logos]\n[ecommerce-products style=\"style-mini-list\" title=\"المنتجات المميزة\" subtitle=\"أفضل الأنماط التي يتحدث عنها الجميع.\" source=\"featured\" limit=\"6\" items_per_row=\"3\" slides_per_view=\"3\" show_banners=\"yes\" banner_image_1=\"section/banner-6.jpg\" banner_title_1=\"فيتامين &lt;br&gt; كل يوم\" banner_desc_1=\"اكتشف منتجات &lt;br&gt; المهدئة لنوم أعمق وأكثر هدوءًا.\" banner_image_2=\"section/banner-7.jpg\" banner_title_2=\"فيتامين &lt;br&gt; كل يوم\" banner_desc_2=\"اكتشف منتجات &lt;br&gt; المهدئة لنوم أعمق وأكثر هدوءًا.\"][/ecommerce-products]\n[testimonials style=\"style-v2-product\" title=\"ماذا يقول العملاء!\" subtitle=\"العملاء يحبون منتجاتنا، ونحن نسعى جاهدين لإرضائهم.\" autoplay=\"yes\" quantity=\"2\" name_1=\"إيما كولينز\" role_1=\"تم التحقق من المشتري\" rating_1=\"5\" content_1=\"\\\"I love how calm and balanced I feel after using these products. Everything feels more natural, lighter, and easy again every day.\\\"\" product_image_1=\"products/mental/product-1.jpg\" product_name_1=\"Gaia Herbs Relax Gummies\" product_price_1=\"$74.99\" product_url_1=\"/products\" name_2=\"صوفيا راميريز\" role_2=\"تم التحقق من المشتري\" rating_2=\"5\" content_2=\"\\\"These supplements have become part of my nightly routine. I sleep deeper, rest longer, wake up feeling genuinely refreshed every morning.\\\"\" product_image_2=\"products/mental/product-3.jpg\" product_name_2=\"Blooming Blends Sleep Drops\" product_price_2=\"$74.99\" product_url_2=\"/products\"][/testimonials]\n[banner-image-text style=\"style-wide-abs\" heading=\"Nature\'s Support &lt;br class=\\\"d-none d-sm-block\\\"&gt; For Modern Life\" subheading=\"Balanced nutrition made simple &mdash; support &lt;br class=\\\"d-none d-sm-block\\\"&gt; your body and mind every single day.\" button_text=\"اشتري الآن\" button_url=\"/products\" image=\"section/banner-8.jpg\"][/banner-image-text]\n[blog-posts style=\"style-slider\" title=\"المعرفة للحصول على نسخة أفضل\" subtitle=\"اكتشف عادات اليقظة الذهنية وإجراءات العافية والسلام اليومي.\" limit=\"6\" show_meta=\"yes\" show_excerpt=\"yes\"][/blog-posts]\n[site-features style=\"style-flat-swiper\" card_modifier=\"style-2\" title_tag=\"h5\" section_class=\"flat-spacing pt-0\" inner_class=\"flat-spacing pb-0\" show_border=\"yes\" quantity=\"4\" title_1=\"العودة في غضون 14 يوما\" description_1=\"تسوق بدون مخاطر مع سياسة إرجاع سهلة.\" icon_class_1=\"icon-ArrowUDownLeft\" title_2=\"ًالشحن مجانا\" description_2=\"لا توجد رسوم إضافية، فقط السعر الذي تراه.\" icon_class_2=\"icon-Package\" title_3=\"دعم 24/7\" description_3=\"دعم على مدار 24 ساعة طوال أيام الأسبوع، دائمًا هنا من أجلك.\" icon_class_3=\"icon-Headset\" title_4=\"عروض الأعضاء\" description_4=\"سعر خاص للعملاء الأوفياء.\" icon_class_4=\"icon-SealPercent\"][/site-features]'),('fr',1,'À propos','Présentation d\'Amerce - histoire de la marque, normes d\'approvisionnement et équipe derrière chaque produit.','[page-banner heading=\"À propos de nous\" subtitle=\"With over 15 years of experience, we craft timeless collections that transcend<br class=\\\"d-none d-lg-block\\\">trends and inspire lasting elegance.\"][/page-banner]\n[stats-counter hero_image=\"section/s-contact-1.jpg\" heading=\"Le design, l’attention aux détails et l’efficacité plaisent au monde\" description=\"De sa conception jusqu\'à son port, chacun de nos produits suit ce voyage. Nous pouvons le faire à un rythme plus rapide. Cependant, chez Amerce, nous choisissons de prendre soin de tous ceux qui font ce voyage avec nous.\" quantity=\"4\" value_1=\"8.2k\" animate_to_1=\"\" suffix_1=\"\" label_1=\"Produits existants\" desc_1=\"Nous proposons une variété de produits de haute qualité pour répondre à tous les besoins.\" value_2=\"\" animate_to_2=\"10\" suffix_2=\"k\" label_2=\"Clients satisfaits\" desc_2=\"Au service de plus de 10 000 clients satisfaits qui nous font confiance pour la qualité et le service.\" value_3=\"\" animate_to_3=\"96\" suffix_3=\"\" label_3=\"Marque partenaire\" desc_3=\"Les partenariats avec de grandes marques apportent des collections de confiance dans votre magasin et chez vous.\" value_4=\"\" animate_to_4=\"16\" suffix_4=\"k\" label_4=\"Produits à vendre\" desc_4=\"C\'est pourquoi nous nous efforçons de proposer une variété de gammes de produits, adaptées à chaque style.\"][/stats-counter]\n[image-accordion image=\"section/s-contact-2.jpg\" heading=\"Apporter des objets rares et exquis dans le monde entier\" quantity=\"4\" title_1=\"Introduire\" body_1=\"Bienvenue chez Amerce Store, votre destination privilégiée pour la mode et les accessoires avant-gardistes. Nous sommes fiers d\'offrir une collection soigneusement sélectionnée de pièces rares et exquises recherchées tant au niveau national qu\'international.\" title_2=\"Notre vision\" body_2=\"Nous visons un monde où le design sophistiqué se mêle à la vie quotidienne : des produits qui résistent à l\'épreuve du temps, des partenaires de confiance et des clients traités comme des personnes et non comme des transactions.\" title_3=\"Ce qui fait la différence\" body_3=\"Les fournisseurs sont audités de manière indépendante, les produits sont testés manuellement et il existe une politique de retour sans motif de 30 jours, soutenue par une équipe de service client dédiée.\" title_4=\"Notre engagement\" body_4=\"Des produits de qualité, des chaînes d\'approvisionnement transparentes et des conditions de travail équitables : à chaque commande, à chaque fois.\"][/image-accordion]\n[about-testimonials heading=\"Ce que disent les clients !\" subtitle=\"Les clients aiment nos produits et nous nous efforçons de leur plaire.\" quantity=\"2\" image_1=\"testimonials/tes-1.jpg\" name_1=\"Emma Collins\" text_1=\"\\\"Totally obsessed with this outfit! The fit is perfect, the fabric feels premium, and I\'ve been getting compliments non-stop. It instantly lifts my confidence — such a great find!\\\"\" image_2=\"testimonials/tes-2.jpg\" name_2=\"Sophie Ramírez\" text_2=\"\\\"I\'m amazed by how comfortable yet stylish this piece is. It pairs effortlessly with everything, and the quality really stands out. Definitely becoming my go-to for everyday looks!\\\"\"][/about-testimonials]\n[about-team heading=\"Rencontrez l\'équipe\" subtitle=\"Des professionnels dédiés à la perfection dans les moindres détails.\" quantity=\"4\" image_1=\"member/member-1.jpg\" name_1=\"Annette Noir\" role_1=\"Fondateur/PDG\" social_links_1=\"\" image_2=\"member/member-2.jpg\" name_2=\"Brooklyn Simmons\" role_2=\"Gérer\" social_links_2=\"\" image_3=\"member/member-3.jpg\" name_3=\"Jane Cooper\" role_3=\"Directeur des ventes\" social_links_3=\"\" image_4=\"member/member-4.jpg\" name_4=\"Lisa Bonet\" role_4=\"Directeur des ventes\" social_links_4=\"\"][/about-team]'),('fr',2,'Contact','Contactez l\'équipe de service client et de coopération d\'Amerce.',''),('fr',3,'FAQ','Questions fréquemment posées sur les commandes, l\'expédition, les retours et la gestion des comptes.','[page-banner heading=\"Foire aux questions\" subtitle=\"Got questions? We\'ve got answers! Browse our Foire aux questions to find information on orders, shipping,<br class=\\\"d-none d-lg-block\\\">returns, and more. If you need further assistance, feel free to contact our team.\"][/page-banner]\n[faq-page sidebar_image=\"section/banner-12.jpg\" sidebar_title=\"Save 25% <br class=\\\"d-none d-sm-block\\\">Today\" sidebar_subtitle=\"T-shirts, sweats à capuche et plus\" sidebar_cta=\"Voir plus\" sidebar_url=\"/products\" quantity=\"16\" category_1=\"Mon compte\" category_id_1=\"myAccount\" question_1=\"1. Que puis-je faire si j\'oublie mon mot de passe ?\" answer_1=\"Use the \\\"Forgot password\\\" link on the sign-in page. We will email you a one-time link to set a new password — it expires in 30 minutes for security.\" category_2=\"Mon compte\" category_id_2=\"myAccount\" question_2=\"2. Comment mettre à jour l\'adresse e-mail ?\" answer_2=\"Connectez-vous, ouvrez Compte → Paramètres et modifiez les champs de courrier électronique. Nous enverrons un e-mail de confirmation à la nouvelle adresse ; Le changement prendra effet lorsque vous cliquerez sur ce lien.\" category_3=\"Mon compte\" category_id_3=\"myAccount\" question_3=\"3. Puis-je supprimer mon compte ?\" answer_3=\"Avoir. Dans Compte → Paramètres, faites défiler jusqu\'à Supprimer le compte. Nous conservons l\'historique des commandes pour des raisons fiscales/légales, mais les coordonnées personnelles sont supprimées dans les 30 jours.\" category_4=\"Commandes et achats\" category_id_4=\"ordersPurchases\" question_4=\"1. Comment commander ?\" answer_4=\"Ajoutez des produits au panier, cliquez sur Commander, sélectionnez le mode d\'expédition, puis saisissez les informations de paiement. Vous recevrez immédiatement un e-mail de confirmation de commande.\" category_5=\"Commandes et achats\" category_id_5=\"ordersPurchases\" question_5=\"2. Puis-je modifier ou annuler ma commande ?\" answer_5=\"Les commandes peuvent être modifiées ou annulées à partir du tableau de bord de votre compte dans l\'heure suivant leur passation. Après cela, l\'entrepôt a commencé à emballer et nous n\'avons pas pu intervenir.\" category_6=\"Commandes et achats\" category_id_6=\"ordersPurchases\" question_6=\"3. Quels modes de paiement sont acceptés ?\" answer_6=\"Nous acceptons Visa, Mastercard, American Express, Apple Pay, Google Pay et PayPal. Toutes les transactions utilisent le cryptage TLS 1.3.\" category_7=\"Retours et remboursements\" category_id_7=\"returnsRefunds\" question_7=\"1. Quelle est la durée du délai de retour ?\" answer_7=\"30 jours à compter de la date de réception pour les produits non utilisés et non portés. Non applicable aux articles soldés, aux sous-vêtements et aux articles en vente flash en vente finale.\" category_8=\"Retours et remboursements\" category_id_8=\"returnsRefunds\" question_8=\"2. Comment démarrer le processus de retour ?\" answer_8=\"Open the order in your account dashboard and click \\\"Start return\\\". We email a prepaid label for domestic orders within one business day.\" category_9=\"Retours et remboursements\" category_id_9=\"returnsRefunds\" question_9=\"3. Quand recevrai-je mon remboursement ?\" answer_9=\"Les remboursements sont traités dans les 3 à 5 jours ouvrables à compter de la réception de l\'article retourné. Les délais de crédit bancaire peuvent varier ; Veuillez prévoir jusqu\'à 10 jours ouvrables pour voir votre paiement reflété.\" category_10=\"Expédition et suivi\" category_id_10=\"shippingTracking\" question_10=\"1. Combien de temps prend l’expédition ?\" answer_10=\"L\'expédition nationale standard prend 3 à 5 jours ouvrables. Expédition rapide 1-2 jours. L\'expédition standard internationale prend 7 à 12 jours ouvrables ; Des options d\'expédition accélérée sont disponibles sur la page de paiement.\" category_11=\"Expédition et suivi\" category_id_11=\"shippingTracking\" question_11=\"2. Comment suivre les commandes ?\" answer_11=\"Le lien de suivi est inclus dans l\'e-mail de confirmation d\'expédition. Vous pouvez également afficher le statut depuis Compte → Commandes → Suivi.\" category_12=\"Expédition et suivi\" category_id_12=\"shippingTracking\" question_12=\"3. Expédiez-vous à l’international ?\" answer_12=\"Oui, dans la plupart des pays. Les taxes et frais sont prépayés sur la page de paiement pour certaines destinations ; Dans le cas contraire, l\'unité d\'expédition pourra le récupérer à la livraison.\" category_13=\"Frais et paiements\" category_id_13=\"feesBilling\" question_13=\"1. Les taxes et frais sont-ils inclus ?\" answer_13=\"Les prix nationaux incluent la taxe de vente indiquée au moment du paiement. Les commandes internationales vers les destinations prises en charge incluent les taxes et les frais ; Dans le cas contraire, l\'unité d\'expédition le récupérera à la livraison.\" category_14=\"Frais et paiements\" category_id_14=\"feesBilling\" question_14=\"2. Pourquoi ai-je été facturé deux fois ?\" answer_14=\"Vous voyez peut-être une autorisation retenue avec le montant réel des frais. La retenue sera automatiquement annulée dans un délai de 3 à 5 jours ouvrables. Envoyez un e-mail à billing@amerce.test si vous voyez toujours deux frais après cette heure.\" category_15=\"Autres sujets\" category_id_15=\"otherTopic\" question_15=\"1. Avez-vous un magasin physique ?\" answer_15=\"Oui, veuillez visiter la page Magasins pour une liste des principaux magasins et partenaires.\" category_16=\"Autres sujets\" category_id_16=\"otherTopic\" question_16=\"2. Comment contacter le service client ?\" answer_16=\"Envoyez un e-mail à hello@amerce.test ou utilisez le formulaire de contact. Nous vous répondrons dans un délai d\'un jour ouvrable.\"][/faq-page]'),('fr',4,'politique de confidentialité','Comment Amerce collecte, utilise et protège vos informations personnelles.','[page-banner heading=\"politique de confidentialité\"][/page-banner]\n[term-content quantity=\"7\" title_1=\"1. Informations que nous collectons\" body_1=\"<p class=\\\"term-text cl-text-2\\\">When you visit the Site, we automatically collect certain information about your device — web browser, IP address, time zone, and some of the cookies installed on your device. As you browse, we also collect data about the pages or products you view, what referred you to the Site, and how you interact with it. We refer to this as \\\"Device Information\\\".</p><p class=\\\"term-text cl-text-2\\\">When you make a purchase or attempt to purchase through the Site, we collect your name, billing address, shipping address, and payment information (including card number, email address, and phone number). We refer to this as \\\"Order Information\\\".</p>\" title_2=\"2. Comment nous utilisons vos informations\" body_2=\"<p class=\\\"term-text cl-text-2\\\">We use Order Information to fulfil orders placed through the Site (process payment, arrange shipping, provide invoices and order confirmations). We use it to communicate with you, screen orders for fraud, and — in line with your preferences — share marketing about products you may like.</p><p class=\\\"term-text cl-text-2\\\">We use Device Information to screen for fraud and to improve the Site through analytics about how customers browse and interact with us.</p>\" title_3=\"3. Partage de vos informations personnelles\" body_3=\"<p class=\\\"term-text cl-text-2\\\">We share Personal Information with third-party service providers who help us run the Site. We may also share information to comply with applicable laws, respond to a subpoena or lawful request, or otherwise protect our rights.</p>\" title_4=\"4. Stockage des données\" body_4=\"<p class=\\\"term-text cl-text-2\\\">When you place an order, we maintain the Order Information for our records unless and until you ask us to delete it.</p>\" title_5=\"5. Vos droits\" body_5=\"<p class=\\\"term-text cl-text-2\\\">You can request access, correction, or deletion of any personal data we hold about you. Email privacy@amerce.test from the address on file and we will respond within 30 days.</p>\" title_6=\"6. Cookies\" body_6=\"<p class=\\\"term-text cl-text-2\\\">Cookies are used to keep your cart between visits, remember your preferences, and measure aggregate traffic. You can disable cookies in your browser, though some Site features may stop working.</p>\" title_7=\"7. Changement\" body_7=\"<p class=\\\"term-text cl-text-2\\\">We may update this policy from time to time to reflect changes to our practices or for operational, legal, or regulatory reasons. The latest version will always be on this page.</p>\"][/term-content]'),('fr',5,'Conditions générales','Les conditions légales s\'appliquent lorsque vous utilisez la boutique Amerce.','[page-banner heading=\"Conditions générales\"][/page-banner]\n[term-content quantity=\"7\" title_1=\"1. Acceptation des conditions\" body_1=\"<p class=\\\"term-text cl-text-2\\\">By accessing or using the Amérique store you agree to these terms. We reserve the right to update them with reasonable notice; the latest version is always available on this page.</p>\" title_2=\"2. Commandes et paiement\" body_2=\"<p class=\\\"term-text cl-text-2\\\">All prices are in USD unless otherwise stated. We accept the payment methods displayed at checkout. An order becomes binding once you receive an order confirmation email.</p>\" title_3=\"3. Expédition\" body_3=\"<p class=\\\"term-text cl-text-2\\\">Transport options, lead times, and rates are listed on our Transport page. Risk passes to you on delivery.</p>\" title_4=\"4. Retours\" body_4=\"<p class=\\\"term-text cl-text-2\\\">You have 30 days from delivery to return any unworn item for a refund. See our Retours et remboursements page for the full process.</p>\" title_5=\"5. Propriété intellectuelle\" body_5=\"<p class=\\\"term-text cl-text-2\\\">All content on the Site — text, photography, logos, code — is owned by Amérique or its licensors and may not be reproduced without written permission.</p>\" title_6=\"6. Limitation de responsabilité\" body_6=\"<p class=\\\"term-text cl-text-2\\\">To the maximum extent permitted by law, Amérique is not liable for indirect or consequential damages arising from use of the Site or the products purchased through it.</p>\" title_7=\"7. Loi applicable\" body_7=\"<p class=\\\"term-text cl-text-2\\\">These terms are governed by the laws of the State of New York. Any dispute will be resolved in the state or federal courts located in New York County.</p>\"][/term-content]'),('fr',6,'Retours et remboursements','Notre politique de retour de 30 jours et notre processus de retour étape par étape.','[page-banner heading=\"Retours et remboursements\"][/page-banner]\n[term-content quantity=\"6\" title_1=\"1. Retours\" body_1=\"<p class=\\\"term-text cl-text-2\\\">We want you to be completely satisfied with your purchase. If for any reason you are not, you may return any unworn item within 30 days of receiving your order for a refund or exchange. Articles must be in original packaging and the same condition as you received them.</p>\" title_2=\"2. Comment démarrer un retour\" body_2=\"<p class=\\\"term-text cl-text-2\\\">Open the order in your account dashboard and click \\\"Start return\\\", or email returns@amerce.test with your order number. We will send a prepaid return label for domestic orders within one business day.</p>\" title_3=\"3. Remboursement\" body_3=\"<p class=\\\"term-text cl-text-2\\\">Refunds are processed within 3-5 business days of us receiving the return and applied to the original payment method. Bank posting times vary; allow up to 10 business days for the credit to appear.</p>\" title_4=\"4. Exclusions\" body_4=\"<p class=\\\"term-text cl-text-2\\\">Sale items, intimate apparel, and final-sale flash sale purchases are excluded from returns. Personalised or made-to-order items are also non-returnable unless faulty.</p>\" title_5=\"5. Produits endommagés ou défectueux\" body_5=\"<p class=\\\"term-text cl-text-2\\\">If your order arrives damaged or faulty, email us within 7 days with photos. We will replace the item or issue a full refund — including any return shipping cost — at our expense.</p>\" title_6=\"6. Retours internationaux\" body_6=\"<p class=\\\"term-text cl-text-2\\\">International customers are responsible for return shipping unless the item is faulty. We do not refund original shipping or duty charges on international returns.</p>\"][/term-content]'),('fr',7,'Expédition','Méthodes, délais et frais d\'expédition nationaux et internationaux.','[page-banner heading=\"Transport\"][/page-banner]\n[term-content quantity=\"6\" title_1=\"1. Méthode d\'expédition\" body_1=\"<p class=\\\"term-text cl-text-2\\\">We offer the following shipping methods for domestic and international orders: standard ground, expedited 2-day, and priority overnight (where available).</p>\" title_2=\"2. Frais nationaux\" body_2=\"<p class=\\\"term-text cl-text-2\\\">Standard ground is free on orders over $99. Express 1-2 day shipping is $19.99 flat. Priority overnight is calculated by weight at checkout.</p>\" title_3=\"3. Internationale\" body_3=\"<p class=\\\"term-text cl-text-2\\\">We ship to most countries. International standard shipping is $24.99 with 7-12 business day delivery. Express options appear at checkout. Duties and taxes are pre-paid for select destinations; otherwise the courier collects them on delivery.</p>\" title_4=\"4. Délai de traitement\" body_4=\"<p class=\\\"term-text cl-text-2\\\">Orders placed before 2pm EST on business days ship the same day. Orders placed after 2pm or on weekends/holidays ship the next business day.</p>\" title_5=\"5. Suivi\" body_5=\"<p class=\\\"term-text cl-text-2\\\">A tracking link is included in your shipment confirmation email. You can also see live status from Account → Orders → Track.</p>\" title_6=\"6. Commandes perdues ou bloquées\" body_6=\"<p class=\\\"term-text cl-text-2\\\">If a tracking number has not updated for more than 7 business days, email shipping@amerce.test. We will open an investigation with the carrier and either refund or reship the order at our expense.</p>\"][/term-content]'),('fr',8,'Nos magasins','Visitez Amerce directement – ​​magasins phares et partenaires dans le monde entier.',''),('fr',9,'Blog','Instructions de tenue, histoires de marque et contenu en coulisses de l\'équipe éditoriale d\'Amerce.','<div class=\"container py-5\"><h1>Agenda</h1><p>Découvrez nos dernières histoires : guides de style, produits phares, analyse approfondie de la durabilité et bien plus encore.</p></div>'),('fr',10,'Carrières','Rejoignez Amerce - postes ouverts, valeurs culturelles et avantages d\'équipe.','<div class=\"container py-5\"><h1>Recrutement chez Amerce</h1><p>Nous sommes une petite équipe distribuée construisant un modèle de vente au détail plus raffiné. Nous recrutons dans les domaines des produits, de l\'ingénierie, de la chaîne d\'approvisionnement et de l\'expérience client.</p><p>Les postes vacants sont publiés sur la page LinkedIn de l\'entreprise. Pour postuler, envoyez une courte lettre et un curriculum vitae à <a href=\"mailto:careers@amerce.test\">careers@amerce.test</a>.</p></div>'),('fr',11,'Sustainability','How Amerce sources responsibly and reduces its environmental footprint.','<div class=\"container py-5\"><h1>Développement durable en Amérique</h1><p>Chaque produit porte une histoire. Nous travaillons directement avec des usines et des ateliers d\'artisans, priorisons les matériaux recyclés et traçables et emballons sans plastique.</p><p>Notre objectif 2026 : 90 % des matériaux disposent d\'une chaîne d\'approvisionnement vérifiée et d\'un rapport d\'impact annuel transparent.</p></div>'),('fr',12,'Page d\'accueil','Amerce – abrite une expérience de commerce électronique polyvalente.','[simple-slider key=\"home-hero\" style=\"style-1\" is_autoplay=\"yes\" autoplay_speed=\"5000\" show_arrows=\"no\" show_dots=\"yes\"][/simple-slider]\n[categories-grid style=\"style-slider\" title=\"Acheter par catégorie\" subtitle=\"Des choix sophistiqués pour la santé au quotidien.\" limit=\"6\" show_count=\"yes\" view_all_url=\"/products\" view_all_text=\"Voir toutes les catégories\" card_class=\"category-v02\" card_modifier=\"hover-img\" card_image_class=\"img-style overflow-visible\" card_content_class=\"text-center\" count_label=\"products\" swiper_preview_lg=\"6\" swiper_space_lg=\"10\" wrapper_class=\"container\" sale_card_active=\"yes\" sale_card_discount=\"15%\" sale_card_label=\"OFF\" sale_card_title=\"Rabais\" sale_card_count=\"52 produits\" sale_card_url=\"/products\"][/categories-grid]\n[ecommerce-collections style=\"style-slider\" collection_ids=\"7,8,9\" limit=\"3\" spacing_class=\"\"][/ecommerce-collections]\n[ecommerce-products style=\"style-tabs\" title=\"Les meilleurs choix de cette semaine\" subtitle=\"Favoris hebdomadaires triés sur le volet pour soutenir votre santé.\" limit=\"8\" items_per_row=\"4\" card_style=\"style-1\" card_extra_class=\"product-style_stroke\" tab_labels=\"Médicaments|Appareils|Bien-être|Offres\" tab_categories=\"16|27|2,1,29,28|\" tab_sources=\"best-seller|featured|best-seller|sale\" tab_nav_style=\"v2\" tab_nav_position=\"right\" tab_nav_class_extra=\"mb-0\" tab_btn_class_extra=\"py-4\" tab_label_class=\"fw-semibold\" load_tabs_ajax=\"yes\"][/ecommerce-products]\n[banner-duo style=\"style-1\" section_class=\"flat-spacing-2 pt-0\" image_1=\"section/banner-4.jpg\" title_1=\"Nature\'s Support&lt;br&gt;for Modern Life\" subtitle_1=\"Améliorez la vitalité et l’équilibre avec des ingrédients propres et conscients.\" button_text_1=\"Acheter maintenant\" button_url_1=\"/products\" image_2=\"section/banner-5.jpg\" title_2=\"Les vaccins vous maintiennent&lt;br&gt;en bonne santé et prêt\" subtitle_2=\"Restez en bonne santé et équilibré grâce à des vaccins qui protègent votre santé au quotidien.\" button_text_2=\"Acheter maintenant\" button_url_2=\"/products\"][/banner-duo]\n[brand-logos style=\"style-infinite\" modifier_class=\"\" section_class=\"pt-0 pb-0\" clone_count=\"3\"][/brand-logos]\n[ecommerce-products style=\"style-mini-list\" title=\"Produits en vedette\" subtitle=\"Les meilleurs styles dont tout le monde parle.\" source=\"featured\" limit=\"6\" items_per_row=\"3\" slides_per_view=\"3\" show_banners=\"yes\" banner_image_1=\"section/banner-6.jpg\" banner_title_1=\"Vitamine &lt;br&gt; chaque jour\" banner_desc_1=\"Découvrez les produits apaisants &lt;br&gt; pour un sommeil plus profond et plus paisible.\" banner_image_2=\"section/banner-7.jpg\" banner_title_2=\"Vitamine &lt;br&gt; chaque jour\" banner_desc_2=\"Découvrez les produits apaisants &lt;br&gt; pour un sommeil plus profond et plus paisible.\"][/ecommerce-products]\n[testimonials style=\"style-v2-product\" title=\"Ce que disent les clients !\" subtitle=\"Les clients aiment nos produits et nous nous efforçons de leur plaire.\" autoplay=\"yes\" quantity=\"2\" name_1=\"Emma Collins\" role_1=\"Acheteur vérifié\" rating_1=\"5\" content_1=\"\\\"I love how calm and balanced I feel after using these products. Everything feels more natural, lighter, and easy again every day.\\\"\" product_image_1=\"products/mental/product-1.jpg\" product_name_1=\"Gaia Herbs Relax Gummies\" product_price_1=\"$74.99\" product_url_1=\"/products\" name_2=\"Sophie Ramírez\" role_2=\"Acheteur vérifié\" rating_2=\"5\" content_2=\"\\\"These supplements have become part of my nightly routine. I sleep deeper, rest longer, wake up feeling genuinely refreshed every morning.\\\"\" product_image_2=\"products/mental/product-3.jpg\" product_name_2=\"Blooming Blends Sleep Drops\" product_price_2=\"$74.99\" product_url_2=\"/products\"][/testimonials]\n[banner-image-text style=\"style-wide-abs\" heading=\"Nature\'s Support &lt;br class=\\\"d-none d-sm-block\\\"&gt; For Modern Life\" subheading=\"Balanced nutrition made simple &mdash; support &lt;br class=\\\"d-none d-sm-block\\\"&gt; your body and mind every single day.\" button_text=\"Acheter maintenant\" button_url=\"/products\" image=\"section/banner-8.jpg\"][/banner-image-text]\n[blog-posts style=\"style-slider\" title=\"Connaissances pour une meilleure version\" subtitle=\"Découvrez les habitudes de pleine conscience, les routines de bien-être et la paix quotidienne.\" limit=\"6\" show_meta=\"yes\" show_excerpt=\"yes\"][/blog-posts]\n[site-features style=\"style-flat-swiper\" card_modifier=\"style-2\" title_tag=\"h5\" section_class=\"flat-spacing pt-0\" inner_class=\"flat-spacing pb-0\" show_border=\"yes\" quantity=\"4\" title_1=\"Retour sous 14 jours\" description_1=\"Achetez sans risque avec une politique de retour simple.\" icon_class_1=\"icon-ArrowUDownLeft\" title_2=\"Livraison gratuite\" description_2=\"Pas de frais supplémentaires, juste le prix que vous voyez.\" icon_class_2=\"icon-Package\" title_3=\"Assistance 24h/24 et 7j/7\" description_3=\"Assistance 24h/24 et 7j/7, toujours là pour vous.\" icon_class_3=\"icon-Headset\" title_4=\"Offres membres\" description_4=\"Prix ​​spécial pour les clients fidèles.\" icon_class_4=\"icon-SealPercent\"][/site-features]'),('id',1,'Tentang','Memperkenalkan Amerce — kisah merek, standar pasokan, dan tim di balik setiap produk.','[page-banner heading=\"Tentang Kami\" subtitle=\"With over 15 years of experience, we craft timeless collections that transcend<br class=\\\"d-none d-lg-block\\\">trends and inspire lasting elegance.\"][/page-banner]\n[stats-counter hero_image=\"section/s-contact-1.jpg\" heading=\"Desain, perhatian terhadap detail dan efisiensi menyenangkan dunia\" description=\"Dari saat dirancang hingga dipakai, setiap produk kami mengikuti perjalanan ini. Kita bisa melakukannya dengan lebih cepat. Namun, di Amerce, kami memilih untuk menjaga semua orang yang melakukan perjalanan bersama kami.\" quantity=\"4\" value_1=\"8.2k\" animate_to_1=\"\" suffix_1=\"\" label_1=\"Produk yang Ada\" desc_1=\"Kami menawarkan berbagai produk berkualitas tinggi untuk memenuhi setiap kebutuhan.\" value_2=\"\" animate_to_2=\"10\" suffix_2=\"k\" label_2=\"Pelanggan yang Puas\" desc_2=\"Melayani lebih dari 10.000 pelanggan yang puas dan mempercayai kami untuk kualitas dan layanan.\" value_3=\"\" animate_to_3=\"96\" suffix_3=\"\" label_3=\"Merek Mitra\" desc_3=\"Kemitraan dengan merek terkemuka menghadirkan koleksi tepercaya ke toko dan rumah Anda.\" value_4=\"\" animate_to_4=\"16\" suffix_4=\"k\" label_4=\"Produk Dijual\" desc_4=\"Itu sebabnya kami berusaha menghadirkan beragam lini produk, cocok untuk setiap gaya.\"][/stats-counter]\n[image-accordion image=\"section/s-contact-2.jpg\" heading=\"Membawa Barang Langka dan Indah ke Seluruh Dunia\" quantity=\"4\" title_1=\"Memperkenalkan\" body_1=\"Selamat datang di Amerce Store, tujuan utama Anda untuk fashion dan aksesoris penentu tren. Kami bangga menawarkan koleksi barang langka dan indah yang dipilih dengan cermat yang dicari baik secara nasional maupun internasional.\" title_2=\"Visi kami\" body_2=\"Kami bertujuan untuk mewujudkan dunia di mana desain canggih berpadu dengan kehidupan sehari-hari — produk yang bertahan dalam ujian waktu, mitra yang tepercaya, dan pelanggan yang diperlakukan seperti manusia, bukan transaksi.\" title_3=\"Apa yang Membuat Perbedaan\" body_3=\"Pemasok diaudit secara independen, produk diuji secara manual, dan terdapat kebijakan pengembalian tanpa alasan selama 30 hari, yang didukung oleh tim layanan pelanggan khusus.\" title_4=\"Komitmen kami\" body_4=\"Produk berkualitas, rantai pasokan yang transparan, dan kondisi tenaga kerja yang adil — setiap pesanan, setiap saat.\"][/image-accordion]\n[about-testimonials heading=\"Apa Kata Pelanggan!\" subtitle=\"Pelanggan menyukai produk kami, dan kami berusaha menyenangkan mereka.\" quantity=\"2\" image_1=\"testimonials/tes-1.jpg\" name_1=\"Emma Collins\" text_1=\"\\\"Totally obsessed with this outfit! The fit is perfect, the fabric feels premium, and I\'ve been getting compliments non-stop. It instantly lifts my confidence — such a great find!\\\"\" image_2=\"testimonials/tes-2.jpg\" name_2=\"Sophia Ramirez\" text_2=\"\\\"I\'m amazed by how comfortable yet stylish this piece is. It pairs effortlessly with everything, and the quality really stands out. Definitely becoming my go-to for everyday looks!\\\"\"][/about-testimonials]\n[about-team heading=\"Temui Tim\" subtitle=\"Profesional yang berdedikasi pada kesempurnaan dalam setiap detail.\" quantity=\"4\" image_1=\"member/member-1.jpg\" name_1=\"Annette Hitam\" role_1=\"Pendiri/CEO\" social_links_1=\"\" image_2=\"member/member-2.jpg\" name_2=\"Brooklyn Simmons\" role_2=\"Mengelola\" social_links_2=\"\" image_3=\"member/member-3.jpg\" name_3=\"Jane Cooper\" role_3=\"Direktur Penjualan\" social_links_3=\"\" image_4=\"member/member-4.jpg\" name_4=\"Lisa Bonet\" role_4=\"Direktur Penjualan\" social_links_4=\"\"][/about-team]'),('id',2,'Kontak','Hubungi tim layanan pelanggan dan kerja sama Amerce.',''),('id',3,'FAQ','Pertanyaan yang sering diajukan tentang pesanan, pengiriman, pengembalian, dan manajemen akun.','[page-banner heading=\"Pertanyaan yang Sering Diajukan\" subtitle=\"Got questions? We\'ve got answers! Browse our Pertanyaan yang Sering Diajukan to find information on orders, shipping,<br class=\\\"d-none d-lg-block\\\">returns, and more. If you need further assistance, feel free to contact our team.\"][/page-banner]\n[faq-page sidebar_image=\"section/banner-12.jpg\" sidebar_title=\"Save 25% <br class=\\\"d-none d-sm-block\\\">Today\" sidebar_subtitle=\"T-Shirt, Hoodie, dan Lainnya\" sidebar_cta=\"Lihat Lebih Banyak\" sidebar_url=\"/products\" quantity=\"16\" category_1=\"Akun Saya\" category_id_1=\"myAccount\" question_1=\"1. Apa yang dapat saya lakukan jika saya lupa kata sandi?\" answer_1=\"Use the \\\"Forgot password\\\" link on the sign-in page. We will email you a one-time link to set a new password — it expires in 30 minutes for security.\" category_2=\"Akun Saya\" category_id_2=\"myAccount\" question_2=\"2. Bagaimana cara memperbarui alamat email?\" answer_2=\"Masuk, buka Akun → Pengaturan dan ubah bidang email. Kami akan mengirimkan email konfirmasi ke alamat baru; Perubahan akan berlaku ketika Anda mengeklik tautan itu.\" category_3=\"Akun Saya\" category_id_3=\"myAccount\" question_3=\"3. Bisakah saya menghapus akun saya?\" answer_3=\"Memiliki. Dari Akun → Pengaturan, gulir ke bawah ke Hapus akun. Kami menyimpan riwayat pesanan karena alasan pajak/hukum, tetapi informasi kontak pribadi akan dihapus dalam waktu 30 hari.\" category_4=\"Pemesanan & Belanja\" category_id_4=\"ordersPurchases\" question_4=\"1. Bagaimana cara memesannya?\" answer_4=\"Tambahkan produk ke keranjang, klik checkout, pilih metode pengiriman, lalu masukkan informasi pembayaran. Anda akan segera menerima email konfirmasi pesanan.\" category_5=\"Pemesanan & Belanja\" category_id_5=\"ordersPurchases\" question_5=\"2. Bisakah saya mengedit atau membatalkan pesanan saya?\" answer_5=\"Pesanan dapat diedit atau dibatalkan dari dasbor akun Anda dalam waktu 1 jam setelah penempatan. Setelah itu, gudang mulai berkemas dan kami tidak bisa campur tangan.\" category_6=\"Pemesanan & Belanja\" category_id_6=\"ordersPurchases\" question_6=\"3. Metode pembayaran apa yang diterima?\" answer_6=\"Kami menerima Visa, Mastercard, American Express, Apple Pay, Google Pay, dan PayPal. Semua transaksi menggunakan enkripsi TLS 1.3.\" category_7=\"Pengembalian & Pengembalian Dana\" category_id_7=\"returnsRefunds\" question_7=\"1. Berapa lama periode pengembaliannya?\" answer_7=\"30 hari sejak tanggal penerimaan untuk produk yang belum terpakai dan belum dipakai. Tidak berlaku untuk item sale, pakaian dalam, dan item flash sale penjualan akhir.\" category_8=\"Pengembalian & Pengembalian Dana\" category_id_8=\"returnsRefunds\" question_8=\"2. Bagaimana cara memulai proses pengembalian?\" answer_8=\"Open the order in your account dashboard and click \\\"Start return\\\". We email a prepaid label for domestic orders within one business day.\" category_9=\"Pengembalian & Pengembalian Dana\" category_id_9=\"returnsRefunds\" question_9=\"3. Kapan saya akan menerima pengembalian dana saya?\" answer_9=\"Pengembalian dana diproses dalam 3-5 hari kerja sejak kami menerima barang yang dikembalikan. Waktu kredit bank mungkin berbeda; Harap tunggu hingga 10 hari kerja agar pembayaran Anda terlihat.\" category_10=\"Pengiriman & Pelacakan\" category_id_10=\"shippingTracking\" question_10=\"1. Berapa lama waktu pengiriman?\" answer_10=\"Pengiriman domestik standar memakan waktu 3-5 hari kerja. Pengiriman cepat 1-2 hari. Pengiriman standar internasional memakan waktu 7-12 hari kerja; Opsi pengiriman yang dipercepat tersedia di halaman checkout.\" category_11=\"Pengiriman & Pelacakan\" category_id_11=\"shippingTracking\" question_11=\"2. Bagaimana cara melacak pesanan?\" answer_11=\"Tautan pelacakan disertakan dalam email konfirmasi pengiriman. Anda juga dapat melihat status dari Akun → Pesanan → Pelacakan.\" category_12=\"Pengiriman & Pelacakan\" category_id_12=\"shippingTracking\" question_12=\"3. Apakah Anda mengirim secara internasional?\" answer_12=\"Ya — di sebagian besar negara. Pajak dan biaya dibayar di muka di halaman checkout untuk tujuan tertentu; Jika tidak, unit pengiriman dapat mengambilnya pada saat pengiriman.\" category_13=\"Biaya & Pembayaran\" category_id_13=\"feesBilling\" question_13=\"1. Apakah sudah termasuk pajak dan biaya?\" answer_13=\"Harga domestik termasuk pajak penjualan yang ditunjukkan saat checkout. Pesanan internasional ke tujuan yang didukung sudah termasuk pajak dan biaya; Jika tidak, unit pengiriman akan mengambilnya pada saat pengiriman.\" category_14=\"Biaya & Pembayaran\" category_id_14=\"feesBilling\" question_14=\"2. Mengapa saya ditagih dua kali?\" answer_14=\"Anda mungkin melihat penangguhan otorisasi bersama dengan tagihan sebenarnya. Penangguhan akan otomatis dibatalkan dalam 3-5 hari kerja. Kirim email ke billing@amerce.test jika Anda masih melihat dua tagihan setelah waktu tersebut.\" category_15=\"Topik Lainnya\" category_id_15=\"otherTopic\" question_15=\"1. Apakah Anda memiliki toko fisik?\" answer_15=\"Ya — silakan kunjungi halaman Toko untuk melihat daftar toko dan mitra utama.\" category_16=\"Topik Lainnya\" category_id_16=\"otherTopic\" question_16=\"2. Bagaimana cara menghubungi layanan pelanggan?\" answer_16=\"Email hello@amerce.test atau gunakan formulir kontak. Kami akan merespons dalam satu hari kerja.\"][/faq-page]'),('id',4,'Kebijakan Privasi','Bagaimana Amerce mengumpulkan, menggunakan dan melindungi informasi pribadi Anda.','[page-banner heading=\"Kebijakan Privasi\"][/page-banner]\n[term-content quantity=\"7\" title_1=\"1. Informasi yang Kami Kumpulkan\" body_1=\"<p class=\\\"term-text cl-text-2\\\">When you visit the Site, we automatically collect certain information about your device — web browser, IP address, time zone, and some of the cookies installed on your device. As you browse, we also collect data about the pages or products you view, what referred you to the Site, and how you interact with it. We refer to this as \\\"Device Information\\\".</p><p class=\\\"term-text cl-text-2\\\">When you make a purchase or attempt to purchase through the Site, we collect your name, billing address, shipping address, and payment information (including card number, email address, and phone number). We refer to this as \\\"Order Information\\\".</p>\" title_2=\"2. Bagaimana Kami Menggunakan Informasi Anda\" body_2=\"<p class=\\\"term-text cl-text-2\\\">We use Order Information to fulfil orders placed through the Site (process payment, arrange shipping, provide invoices and order confirmations). We use it to communicate with you, screen orders for fraud, and — in line with your preferences — share marketing about products you may like.</p><p class=\\\"term-text cl-text-2\\\">We use Device Information to screen for fraud and to improve the Site through analytics about how customers browse and interact with us.</p>\" title_3=\"3. Berbagi Informasi Pribadi Anda\" body_3=\"<p class=\\\"term-text cl-text-2\\\">We share Personal Information with third-party service providers who help us run the Site. We may also share information to comply with applicable laws, respond to a subpoena or lawful request, or otherwise protect our rights.</p>\" title_4=\"4. Penyimpanan Data\" body_4=\"<p class=\\\"term-text cl-text-2\\\">When you place an order, we maintain the Order Information for our records unless and until you ask us to delete it.</p>\" title_5=\"5. Hak Anda\" body_5=\"<p class=\\\"term-text cl-text-2\\\">You can request access, correction, or deletion of any personal data we hold about you. Email privacy@amerce.test from the address on file and we will respond within 30 days.</p>\" title_6=\"6. Kue\" body_6=\"<p class=\\\"term-text cl-text-2\\\">Cookies are used to keep your cart between visits, remember your preferences, and measure aggregate traffic. You can disable cookies in your browser, though some Site features may stop working.</p>\" title_7=\"7. Perubahan\" body_7=\"<p class=\\\"term-text cl-text-2\\\">We may update this policy from time to time to reflect changes to our practices or for operational, legal, or regulatory reasons. The latest version will always be on this page.</p>\"][/term-content]'),('id',5,'Syarat & Ketentuan','Ketentuan hukum berlaku saat Anda menggunakan toko Amerce.','[page-banner heading=\"Syarat & Ketentuan\"][/page-banner]\n[term-content quantity=\"7\" title_1=\"1. Penerimaan Persyaratan\" body_1=\"<p class=\\\"term-text cl-text-2\\\">By accessing or using the Mendenda store you agree to these terms. We reserve the right to update them with reasonable notice; the latest version is always available on this page.</p>\" title_2=\"2. Pemesanan & Pembayaran\" body_2=\"<p class=\\\"term-text cl-text-2\\\">All prices are in USD unless otherwise stated. We accept the payment methods displayed at checkout. An order becomes binding once you receive an order confirmation email.</p>\" title_3=\"3. Pengiriman\" body_3=\"<p class=\\\"term-text cl-text-2\\\">Mengangkut options, lead times, and rates are listed on our Mengangkut page. Risk passes to you on delivery.</p>\" title_4=\"4. Pengembalian\" body_4=\"<p class=\\\"term-text cl-text-2\\\">You have 30 days from delivery to return any unworn item for a refund. See our Pengembalian &amp; Pengembalian Dana page for the full process.</p>\" title_5=\"5. Kekayaan Intelektual\" body_5=\"<p class=\\\"term-text cl-text-2\\\">All content on the Site — text, photography, logos, code — is owned by Mendenda or its licensors and may not be reproduced without written permission.</p>\" title_6=\"6. Batasan Tanggung Jawab\" body_6=\"<p class=\\\"term-text cl-text-2\\\">To the maximum extent permitted by law, Mendenda is not liable for indirect or consequential damages arising from use of the Site or the products purchased through it.</p>\" title_7=\"7. Hukum yang Berlaku\" body_7=\"<p class=\\\"term-text cl-text-2\\\">These terms are governed by the laws of the State of New York. Any dispute will be resolved in the state or federal courts located in New York County.</p>\"][/term-content]'),('id',6,'Pengembalian & Pengembalian Dana','Kebijakan pengembalian 30 hari kami dan proses pengembalian langkah demi langkah.','[page-banner heading=\"Pengembalian & Pengembalian Dana\"][/page-banner]\n[term-content quantity=\"6\" title_1=\"1. Pengembalian\" body_1=\"<p class=\\\"term-text cl-text-2\\\">We want you to be completely satisfied with your purchase. If for any reason you are not, you may return any unworn item within 30 days of receiving your order for a refund or exchange. Barang must be in original packaging and the same condition as you received them.</p>\" title_2=\"2. Bagaimana Memulai Pengembalian\" body_2=\"<p class=\\\"term-text cl-text-2\\\">Open the order in your account dashboard and click \\\"Start return\\\", or email returns@amerce.test with your order number. We will send a prepaid return label for domestic orders within one business day.</p>\" title_3=\"3. Pengembalian dana\" body_3=\"<p class=\\\"term-text cl-text-2\\\">Refunds are processed within 3-5 business days of us receiving the return and applied to the original payment method. Bank posting times vary; allow up to 10 business days for the credit to appear.</p>\" title_4=\"4. Pengecualian\" body_4=\"<p class=\\\"term-text cl-text-2\\\">Sale items, intimate apparel, and final-sale flash sale purchases are excluded from returns. Personalised or made-to-order items are also non-returnable unless faulty.</p>\" title_5=\"5. Produk Rusak atau Cacat\" body_5=\"<p class=\\\"term-text cl-text-2\\\">If your order arrives damaged or faulty, email us within 7 days with photos. We will replace the item or issue a full refund — including any return shipping cost — at our expense.</p>\" title_6=\"6. Pengembalian Internasional\" body_6=\"<p class=\\\"term-text cl-text-2\\\">International customers are responsible for return shipping unless the item is faulty. We do not refund original shipping or duty charges on international returns.</p>\"][/term-content]'),('id',7,'Pengiriman','Metode pengiriman domestik dan internasional, waktu dan biaya.','[page-banner heading=\"Mengangkut\"][/page-banner]\n[term-content quantity=\"6\" title_1=\"1. Metode Pengiriman\" body_1=\"<p class=\\\"term-text cl-text-2\\\">We offer the following shipping methods for domestic and international orders: standard ground, expedited 2-day, and priority overnight (where available).</p>\" title_2=\"2. Biaya Domestik\" body_2=\"<p class=\\\"term-text cl-text-2\\\">Standard ground is free on orders over $99. Express 1-2 day shipping is $19.99 flat. Priority overnight is calculated by weight at checkout.</p>\" title_3=\"3. Internasional\" body_3=\"<p class=\\\"term-text cl-text-2\\\">We ship to most countries. International standard shipping is $24.99 with 7-12 business day delivery. Express options appear at checkout. Duties and taxes are pre-paid for select destinations; otherwise the courier collects them on delivery.</p>\" title_4=\"4. Waktu Pemrosesan\" body_4=\"<p class=\\\"term-text cl-text-2\\\">Orders placed before 2pm EST on business days ship the same day. Orders placed after 2pm or on weekends/holidays ship the next business day.</p>\" title_5=\"5. Pelacakan\" body_5=\"<p class=\\\"term-text cl-text-2\\\">A tracking link is included in your shipment confirmation email. You can also see live status from Account → Orders → Track.</p>\" title_6=\"6. Pesanan Hilang atau Terjebak\" body_6=\"<p class=\\\"term-text cl-text-2\\\">If a tracking number has not updated for more than 7 business days, email shipping@amerce.test. We will open an investigation with the carrier and either refund or reship the order at our expense.</p>\"][/term-content]'),('id',8,'Toko kami','Kunjungi Amerce secara langsung — toko utama dan mitra di seluruh dunia.',''),('id',9,'Blog','Instruksi pakaian, cerita merek, dan konten di balik layar dari tim editorial Amerce.','<div class=\"container py-5\"><h1>Buku harian</h1><p>Jelajahi kisah terbaru kami — panduan gaya, sorotan produk, analisis keberlanjutan mendalam, dan banyak lagi.</p></div>'),('id',10,'Karir','Bergabunglah dengan Amerce — posisi terbuka, nilai budaya, dan keuntungan tim.','<div class=\"container py-5\"><h1>Rekrutmen Di Amerce</h1><p>Kami adalah tim kecil terdistribusi yang membangun model ritel yang lebih baik. Kami merekrut seluruh produk, teknik, rantai pasokan, dan pengalaman pelanggan.</p><p>Posisi terbuka diposting di halaman LinkedIn perusahaan. Untuk melamar, kirim surat pendek dan resume ke <a href=\"mailto:careers@amerce.test\">careers@amerce.test</a>.</p></div>'),('id',11,'Sustainability','How Amerce sources responsibly and reduces its environmental footprint.','<div class=\"container py-5\"><h1>Pembangunan Berkelanjutan di Amerika</h1><p>Setiap produk membawa cerita. Kami bekerja sama langsung dengan pabrik dan bengkel pengrajin, memprioritaskan bahan daur ulang dan dapat dilacak, serta mengemas bebas plastik.</p><p>Sasaran kami pada tahun 2026: 90% material memiliki rantai pasokan yang terverifikasi, dan pelaporan dampak tahunan yang transparan.</p></div>'),('id',12,'Beranda','Amerce — rumah bagi pengalaman e-commerce yang serbaguna.','[simple-slider key=\"home-hero\" style=\"style-1\" is_autoplay=\"yes\" autoplay_speed=\"5000\" show_arrows=\"no\" show_dots=\"yes\"][/simple-slider]\n[categories-grid style=\"style-slider\" title=\"Beli berdasarkan kategori\" subtitle=\"Pilihan canggih untuk kesehatan setiap hari.\" limit=\"6\" show_count=\"yes\" view_all_url=\"/products\" view_all_text=\"Lihat semua kategori\" card_class=\"category-v02\" card_modifier=\"hover-img\" card_image_class=\"img-style overflow-visible\" card_content_class=\"text-center\" count_label=\"products\" swiper_preview_lg=\"6\" swiper_space_lg=\"10\" wrapper_class=\"container\" sale_card_active=\"yes\" sale_card_discount=\"15%\" sale_card_label=\"OFF\" sale_card_title=\"Diskon\" sale_card_count=\"52 produk\" sale_card_url=\"/products\"][/categories-grid]\n[ecommerce-collections style=\"style-slider\" collection_ids=\"7,8,9\" limit=\"3\" spacing_class=\"\"][/ecommerce-collections]\n[ecommerce-products style=\"style-tabs\" title=\"Pilihan Teratas Minggu Ini\" subtitle=\"Favorit mingguan dipilih sendiri untuk mendukung kesehatan Anda.\" limit=\"8\" items_per_row=\"4\" card_style=\"style-1\" card_extra_class=\"product-style_stroke\" tab_labels=\"Obat-obatan|Perangkat|Kesehatan|Penawaran\" tab_categories=\"16|27|2,1,29,28|\" tab_sources=\"best-seller|featured|best-seller|sale\" tab_nav_style=\"v2\" tab_nav_position=\"right\" tab_nav_class_extra=\"mb-0\" tab_btn_class_extra=\"py-4\" tab_label_class=\"fw-semibold\" load_tabs_ajax=\"yes\"][/ecommerce-products]\n[banner-duo style=\"style-1\" section_class=\"flat-spacing-2 pt-0\" image_1=\"section/banner-4.jpg\" title_1=\"Nature\'s Support&lt;br&gt;for Modern Life\" subtitle_1=\"Tingkatkan vitalitas dan keseimbangan dengan bahan-bahan yang bersih dan penuh perhatian.\" button_text_1=\"Beli sekarang\" button_url_1=\"/products\" image_2=\"section/banner-5.jpg\" title_2=\"Vaksin membuat Anda&lt;br&gt;sehat &amp; siap\" subtitle_2=\"Tetap sehat dan seimbang dengan vaksin yang melindungi kesehatan Anda sehari-hari.\" button_text_2=\"Beli sekarang\" button_url_2=\"/products\"][/banner-duo]\n[brand-logos style=\"style-infinite\" modifier_class=\"\" section_class=\"pt-0 pb-0\" clone_count=\"3\"][/brand-logos]\n[ecommerce-products style=\"style-mini-list\" title=\"Produk Unggulan\" subtitle=\"Gaya teratas yang dibicarakan semua orang.\" source=\"featured\" limit=\"6\" items_per_row=\"3\" slides_per_view=\"3\" show_banners=\"yes\" banner_image_1=\"section/banner-6.jpg\" banner_title_1=\"Vitamin &lt;br&gt; setiap hari\" banner_desc_1=\"Temukan &lt;br&gt; produk yang menenangkan untuk tidur yang lebih nyenyak dan damai.\" banner_image_2=\"section/banner-7.jpg\" banner_title_2=\"Vitamin &lt;br&gt; setiap hari\" banner_desc_2=\"Temukan &lt;br&gt; produk yang menenangkan untuk tidur yang lebih nyenyak dan damai.\"][/ecommerce-products]\n[testimonials style=\"style-v2-product\" title=\"Apa Kata Pelanggan!\" subtitle=\"Pelanggan menyukai produk kami, dan kami berusaha menyenangkan mereka.\" autoplay=\"yes\" quantity=\"2\" name_1=\"Emma Collins\" role_1=\"Pembeli Terverifikasi\" rating_1=\"5\" content_1=\"\\\"I love how calm and balanced I feel after using these products. Everything feels more natural, lighter, and easy again every day.\\\"\" product_image_1=\"products/mental/product-1.jpg\" product_name_1=\"Gaia Herbs Relax Gummies\" product_price_1=\"$74.99\" product_url_1=\"/products\" name_2=\"Sophia Ramirez\" role_2=\"Pembeli Terverifikasi\" rating_2=\"5\" content_2=\"\\\"These supplements have become part of my nightly routine. I sleep deeper, rest longer, wake up feeling genuinely refreshed every morning.\\\"\" product_image_2=\"products/mental/product-3.jpg\" product_name_2=\"Blooming Blends Sleep Drops\" product_price_2=\"$74.99\" product_url_2=\"/products\"][/testimonials]\n[banner-image-text style=\"style-wide-abs\" heading=\"Nature\'s Support &lt;br class=\\\"d-none d-sm-block\\\"&gt; For Modern Life\" subheading=\"Balanced nutrition made simple &mdash; support &lt;br class=\\\"d-none d-sm-block\\\"&gt; your body and mind every single day.\" button_text=\"Beli sekarang\" button_url=\"/products\" image=\"section/banner-8.jpg\"][/banner-image-text]\n[blog-posts style=\"style-slider\" title=\"Pengetahuan Untuk Versi Yang Lebih Baik\" subtitle=\"Temukan kebiasaan mindfulness, rutinitas kesehatan, dan kedamaian sehari-hari.\" limit=\"6\" show_meta=\"yes\" show_excerpt=\"yes\"][/blog-posts]\n[site-features style=\"style-flat-swiper\" card_modifier=\"style-2\" title_tag=\"h5\" section_class=\"flat-spacing pt-0\" inner_class=\"flat-spacing pb-0\" show_border=\"yes\" quantity=\"4\" title_1=\"Kembali dalam 14 Hari\" description_1=\"Berbelanja bebas risiko dengan kebijakan pengembalian yang mudah.\" icon_class_1=\"icon-ArrowUDownLeft\" title_2=\"Pengiriman Gratis\" description_2=\"Tidak ada biaya tambahan, hanya harga yang Anda lihat.\" icon_class_2=\"icon-Package\" title_3=\"Dukungan 24/7\" description_3=\"Dukungan 24/7, selalu siap membantu Anda.\" icon_class_3=\"icon-Headset\" title_4=\"Penawaran Anggota\" description_4=\"Harga spesial untuk pelanggan setia.\" icon_class_4=\"icon-SealPercent\"][/site-features]'),('tr',1,'Hakkında','Amerce ile tanışın - marka hikayesi, tedarik standartları ve her ürünün arkasındaki ekip.','[page-banner heading=\"Hakkımızda\" subtitle=\"With over 15 years of experience, we craft timeless collections that transcend<br class=\\\"d-none d-lg-block\\\">trends and inspire lasting elegance.\"][/page-banner]\n[stats-counter hero_image=\"section/s-contact-1.jpg\" heading=\"Tasarım, detaylara verilen önem ve verimlilik dünyayı memnun ediyor\" description=\"Tasarlandığı andan giyildiği ana kadar her ürünümüz bu yolculuğu takip ediyor. Bunu daha hızlı bir şekilde yapabiliriz. Ancak Amerce olarak bu yolculukta bizimle birlikte olan herkesle ilgilenmeyi seçiyoruz.\" quantity=\"4\" value_1=\"8.2k\" animate_to_1=\"\" suffix_1=\"\" label_1=\"Mevcut Ürünler\" desc_1=\"Her türlü ihtiyacı karşılamak için yüksek kaliteli ürünler sunuyoruz.\" value_2=\"\" animate_to_2=\"10\" suffix_2=\"k\" label_2=\"Memnun Müşteriler\" desc_2=\"Kalite ve hizmet konusunda bize güvenen 10.000\'den fazla memnun müşteriye hizmet veriyoruz.\" value_3=\"\" animate_to_3=\"96\" suffix_3=\"\" label_3=\"İş Ortağı Markası\" desc_3=\"Önde gelen markalarla yapılan ortaklıklar, güvenilir koleksiyonları mağazanıza ve evinize getirir.\" value_4=\"\" animate_to_4=\"16\" suffix_4=\"k\" label_4=\"Satılık Ürünler\" desc_4=\"Bu nedenle her tarza uygun çeşitli ürün grupları sunmaya çalışıyoruz.\"][/stats-counter]\n[image-accordion image=\"section/s-contact-2.jpg\" heading=\"Nadir ve Enfes Ürünleri Dünya Çapına Getiriyoruz\" quantity=\"4\" title_1=\"Tanıtmak\" body_1=\"Trend belirleyen moda ve aksesuarlar için ilk adresiniz olan Amerce Store\'a hoş geldiniz. Hem ulusal hem de uluslararası alanda aranan, nadir ve seçkin parçalardan özenle seçilmiş bir koleksiyon sunmaktan gurur duyuyoruz.\" title_2=\"Vizyonumuz\" body_2=\"Sofistike tasarımın günlük yaşamla harmanlandığı bir dünyayı hedefliyoruz; zamana karşı dayanıklı ürünler, güvenilen ortaklar ve işlem değil, insan gibi davranılan müşteriler.\" title_3=\"Farkı Yaratan Nedir?\" body_3=\"Tedarikçiler bağımsız olarak denetlenir, ürünler elle test edilir ve özel bir müşteri hizmetleri ekibi tarafından desteklenen 30 günlük sebepsiz iade politikası vardır.\" title_4=\"Taahhüdümüz\" body_4=\"Kaliteli ürünler, şeffaf tedarik zincirleri ve adil çalışma koşulları - her siparişte, her zaman.\"][/image-accordion]\n[about-testimonials heading=\"Müşteriler Ne Diyor?\" subtitle=\"Müşterilerimiz ürünlerimizi seviyor ve biz de onları memnun etmeye çalışıyoruz.\" quantity=\"2\" image_1=\"testimonials/tes-1.jpg\" name_1=\"Emma Collins\" text_1=\"\\\"Totally obsessed with this outfit! The fit is perfect, the fabric feels premium, and I\'ve been getting compliments non-stop. It instantly lifts my confidence — such a great find!\\\"\" image_2=\"testimonials/tes-2.jpg\" name_2=\"Sofya Ramirez\" text_2=\"\\\"I\'m amazed by how comfortable yet stylish this piece is. It pairs effortlessly with everything, and the quality really stands out. Definitely becoming my go-to for everyday looks!\\\"\"][/about-testimonials]\n[about-team heading=\"Ekiple Tanışın\" subtitle=\"Her ayrıntıda mükemmelliğe kendini adamış profesyoneller.\" quantity=\"4\" image_1=\"member/member-1.jpg\" name_1=\"Annette Siyah\" role_1=\"Kurucu/CEO\" social_links_1=\"\" image_2=\"member/member-2.jpg\" name_2=\"Brooklyn Simmons\" role_2=\"Üstesinden gelmek\" social_links_2=\"\" image_3=\"member/member-3.jpg\" name_3=\"Jane Cooper\" role_3=\"Satış Direktörü\" social_links_3=\"\" image_4=\"member/member-4.jpg\" name_4=\"Lisa Bonet\" role_4=\"Satış Direktörü\" social_links_4=\"\"][/about-team]'),('tr',2,'Temas etmek','Amerce\'in müşteri hizmetleri ve işbirliği ekibiyle iletişime geçin.',''),('tr',3,'FAQ','Siparişler, gönderim, iadeler ve hesap yönetimi hakkında sık sorulan sorular.','[page-banner heading=\"Sıkça Sorulan Sorular\" subtitle=\"Got questions? We\'ve got answers! Browse our Sıkça Sorulan Sorular to find information on orders, shipping,<br class=\\\"d-none d-lg-block\\\">returns, and more. If you need further assistance, feel free to contact our team.\"][/page-banner]\n[faq-page sidebar_image=\"section/banner-12.jpg\" sidebar_title=\"Save 25% <br class=\\\"d-none d-sm-block\\\">Today\" sidebar_subtitle=\"Tişörtler, Kapüşonlular ve Daha Fazlası\" sidebar_cta=\"Daha Fazlasını Gör\" sidebar_url=\"/products\" quantity=\"16\" category_1=\"Hesabım\" category_id_1=\"myAccount\" question_1=\"1. Şifremi unutursam ne yapabilirim?\" answer_1=\"Use the \\\"Forgot password\\\" link on the sign-in page. We will email you a one-time link to set a new password — it expires in 30 minutes for security.\" category_2=\"Hesabım\" category_id_2=\"myAccount\" question_2=\"2. E-posta adresi nasıl güncellenir?\" answer_2=\"Oturum açın, Hesap → Ayarlar\'ı açın ve e-posta alanlarını değiştirin. Yeni adrese bir onay e-postası göndereceğiz; Bu bağlantıya tıkladığınızda değişiklik geçerli olacaktır.\" category_3=\"Hesabım\" category_id_3=\"myAccount\" question_3=\"3. Hesabımı silebilir miyim?\" answer_3=\"Sahip olmak. Hesap → Ayarlar\'dan Hesabı sil seçeneğine ilerleyin. Sipariş geçmişini vergi/yasal nedenlerden dolayı saklıyoruz ancak kişisel iletişim bilgileri 30 gün içinde silinir.\" category_4=\"Siparişler ve Alışveriş\" category_id_4=\"ordersPurchases\" question_4=\"1. Nasıl sipariş verilir?\" answer_4=\"Ürünleri sepete ekleyin, ödeme seçeneğini tıklayın, gönderim yöntemini seçin ve ardından ödeme bilgilerini girin. Hemen bir sipariş onay e-postası alacaksınız.\" category_5=\"Siparişler ve Alışveriş\" category_id_5=\"ordersPurchases\" question_5=\"2. Siparişimi düzenleyebilir veya iptal edebilir miyim?\" answer_5=\"Siparişler, verildikten sonraki 1 saat içinde hesap kontrol panelinizden düzenlenebilir veya iptal edilebilir. Daha sonra depo toplanmaya başladı ve biz müdahale edemedik.\" category_6=\"Siparişler ve Alışveriş\" category_id_6=\"ordersPurchases\" question_6=\"3. Hangi ödeme yöntemleri kabul ediliyor?\" answer_6=\"Visa, Mastercard, American Express, Apple Pay, Google Pay ve PayPal\'ı kabul ediyoruz. Tüm işlemlerde TLS 1.3 şifrelemesi kullanılır.\" category_7=\"İade ve Para İadeleri\" category_id_7=\"returnsRefunds\" question_7=\"1. İade süresi ne kadardır?\" answer_7=\"Kullanılmamış ve giyilmemiş ürünler için teslim tarihinden itibaren 30 gün. İndirimli ürünler, iç giyim ve son indirim flaş indirim ürünleri için geçerli değildir.\" category_8=\"İade ve Para İadeleri\" category_id_8=\"returnsRefunds\" question_8=\"2. İade sürecini nasıl başlatabilirim?\" answer_8=\"Open the order in your account dashboard and click \\\"Start return\\\". We email a prepaid label for domestic orders within one business day.\" category_9=\"İade ve Para İadeleri\" category_id_9=\"returnsRefunds\" question_9=\"3. Geri ödememi ne zaman alacağım?\" answer_9=\"Geri ödemeler, iade edilen ürünün tarafımıza ulaşmasından itibaren 3-5 iş günü içerisinde gerçekleştirilir. Banka kredi süreleri değişiklik gösterebilir; Ödemenizin yansıtıldığını görmek için lütfen 10 iş gününe kadar bekleyin.\" category_10=\"Nakliye ve Takip\" category_id_10=\"shippingTracking\" question_10=\"1. Nakliye ne kadar sürer?\" answer_10=\"Standart yurt içi kargo 3-5 iş günü sürmektedir. Hızlı kargo 1-2 gün. Uluslararası standart nakliye 7-12 iş günü sürer; Ödeme sayfasında hızlandırılmış gönderim seçenekleri mevcuttur.\" category_11=\"Nakliye ve Takip\" category_id_11=\"shippingTracking\" question_11=\"2. Siparişler nasıl takip edilir?\" answer_11=\"Takip bağlantısı gönderim onayı e-postasına dahildir. Durumu Hesap → Siparişler → Takip bölümünden de görüntüleyebilirsiniz.\" category_12=\"Nakliye ve Takip\" category_id_12=\"shippingTracking\" question_12=\"3. Uluslararası gönderim yapıyor musunuz?\" answer_12=\"Evet — çoğu ülkeye. Belirli destinasyonlar için vergi ve harçlar ödeme sayfasında önceden ödenir; Aksi takdirde nakliye birimi teslimat sırasında ürünü teslim alabilir.\" category_13=\"Ücretler ve Ödemeler\" category_id_13=\"feesBilling\" question_13=\"1. Vergi ve harçlar dahil mi?\" answer_13=\"Yurt içi fiyatlara ödeme sırasında gösterilen satış vergisi dahildir. Desteklenen varış noktalarına verilen uluslararası siparişlere vergiler ve harçlar dahildir; Aksi takdirde kargo birimi teslimat sırasında ürünü teslim alacaktır.\" category_14=\"Ücretler ve Ödemeler\" category_id_14=\"feesBilling\" question_14=\"2. Neden iki kez ücretlendirildim?\" answer_14=\"Gerçek ödemeyle birlikte bir provizyon bekletmesi görüyor olabilirsiniz. Durdurma 3-5 iş günü içinde otomatik olarak iptal edilecektir. Bu sürenin sonunda hala iki ödeme görüyorsanız billing@amerce.test adresine e-posta gönderin.\" category_15=\"Diğer Konular\" category_id_15=\"otherTopic\" question_15=\"1. Fiziksel bir mağazanız var mı?\" answer_15=\"Evet — önemli mağazaların ve iş ortaklarının listesi için lütfen Mağazalar sayfasını ziyaret edin.\" category_16=\"Diğer Konular\" category_id_16=\"otherTopic\" question_16=\"2. Müşteri hizmetleriyle nasıl iletişime geçilir?\" answer_16=\"hello@amerce.test adresine e-posta gönderin veya iletişim formunu kullanın. Bir iş günü içinde yanıt vereceğiz.\"][/faq-page]'),('tr',4,'Gizlilik Politikası','Amerce kişisel bilgilerinizi nasıl toplar, kullanır ve korur.','[page-banner heading=\"Gizlilik Politikası\"][/page-banner]\n[term-content quantity=\"7\" title_1=\"1. Topladığımız Bilgiler\" body_1=\"<p class=\\\"term-text cl-text-2\\\">When you visit the Site, we automatically collect certain information about your device — web browser, IP address, time zone, and some of the cookies installed on your device. As you browse, we also collect data about the pages or products you view, what referred you to the Site, and how you interact with it. We refer to this as \\\"Device Information\\\".</p><p class=\\\"term-text cl-text-2\\\">When you make a purchase or attempt to purchase through the Site, we collect your name, billing address, shipping address, and payment information (including card number, email address, and phone number). We refer to this as \\\"Order Information\\\".</p>\" title_2=\"2. Bilgilerinizi Nasıl Kullanıyoruz\" body_2=\"<p class=\\\"term-text cl-text-2\\\">We use Order Information to fulfil orders placed through the Site (process payment, arrange shipping, provide invoices and order confirmations). We use it to communicate with you, screen orders for fraud, and — in line with your preferences — share marketing about products you may like.</p><p class=\\\"term-text cl-text-2\\\">We use Device Information to screen for fraud and to improve the Site through analytics about how customers browse and interact with us.</p>\" title_3=\"3. Kişisel Bilgilerinizin Paylaşılması\" body_3=\"<p class=\\\"term-text cl-text-2\\\">We share Personal Information with third-party service providers who help us run the Site. We may also share information to comply with applicable laws, respond to a subpoena or lawful request, or otherwise protect our rights.</p>\" title_4=\"4. Veri Depolama\" body_4=\"<p class=\\\"term-text cl-text-2\\\">When you place an order, we maintain the Order Information for our records unless and until you ask us to delete it.</p>\" title_5=\"5. Haklarınız\" body_5=\"<p class=\\\"term-text cl-text-2\\\">You can request access, correction, or deletion of any personal data we hold about you. Email privacy@amerce.test from the address on file and we will respond within 30 days.</p>\" title_6=\"6. Çerezler\" body_6=\"<p class=\\\"term-text cl-text-2\\\">Cookies are used to keep your cart between visits, remember your preferences, and measure aggregate traffic. You can disable cookies in your browser, though some Site features may stop working.</p>\" title_7=\"7. Değişim\" body_7=\"<p class=\\\"term-text cl-text-2\\\">We may update this policy from time to time to reflect changes to our practices or for operational, legal, or regulatory reasons. The latest version will always be on this page.</p>\"][/term-content]'),('tr',5,'Şartlar ve Koşullar','Amerce mağazasını kullandığınızda yasal şartlar geçerlidir.','[page-banner heading=\"Şartlar ve Koşullar\"][/page-banner]\n[term-content quantity=\"7\" title_1=\"1. Şartların Kabulü\" body_1=\"<p class=\\\"term-text cl-text-2\\\">By accessing or using the Amerika store you agree to these terms. We reserve the right to update them with reasonable notice; the latest version is always available on this page.</p>\" title_2=\"2. Siparişler ve Ödeme\" body_2=\"<p class=\\\"term-text cl-text-2\\\">All prices are in USD unless otherwise stated. We accept the payment methods displayed at checkout. An order becomes binding once you receive an order confirmation email.</p>\" title_3=\"3. Nakliye\" body_3=\"<p class=\\\"term-text cl-text-2\\\">Taşıma options, lead times, and rates are listed on our Taşıma page. Risk passes to you on delivery.</p>\" title_4=\"4. İade\" body_4=\"<p class=\\\"term-text cl-text-2\\\">You have 30 days from delivery to return any unworn item for a refund. See our İade ve Para İadeleri page for the full process.</p>\" title_5=\"5. Fikri Mülkiyet\" body_5=\"<p class=\\\"term-text cl-text-2\\\">All content on the Site — text, photography, logos, code — is owned by Amerika or its licensors and may not be reproduced without written permission.</p>\" title_6=\"6. Sorumluluğun Sınırlandırılması\" body_6=\"<p class=\\\"term-text cl-text-2\\\">To the maximum extent permitted by law, Amerika is not liable for indirect or consequential damages arising from use of the Site or the products purchased through it.</p>\" title_7=\"7. Geçerli Kanun\" body_7=\"<p class=\\\"term-text cl-text-2\\\">These terms are governed by the laws of the State of New York. Any dispute will be resolved in the state or federal courts located in New York County.</p>\"][/term-content]'),('tr',6,'İade ve Para İadeleri','30 günlük iade politikamız ve adım adım iade sürecimiz.','[page-banner heading=\"İade ve Para İadeleri\"][/page-banner]\n[term-content quantity=\"6\" title_1=\"1. İade\" body_1=\"<p class=\\\"term-text cl-text-2\\\">We want you to be completely satisfied with your purchase. If for any reason you are not, you may return any unworn item within 30 days of receiving your order for a refund or exchange. Öğeler must be in original packaging and the same condition as you received them.</p>\" title_2=\"2. İade Nasıl Başlatılır\" body_2=\"<p class=\\\"term-text cl-text-2\\\">Open the order in your account dashboard and click \\\"Start return\\\", or email returns@amerce.test with your order number. We will send a prepaid return label for domestic orders within one business day.</p>\" title_3=\"3. İade\" body_3=\"<p class=\\\"term-text cl-text-2\\\">Refunds are processed within 3-5 business days of us receiving the return and applied to the original payment method. Bank posting times vary; allow up to 10 business days for the credit to appear.</p>\" title_4=\"4. İstisnalar\" body_4=\"<p class=\\\"term-text cl-text-2\\\">Sale items, intimate apparel, and final-sale flash sale purchases are excluded from returns. Personalised or made-to-order items are also non-returnable unless faulty.</p>\" title_5=\"5. Hasarlı veya Arızalı Ürünler\" body_5=\"<p class=\\\"term-text cl-text-2\\\">If your order arrives damaged or faulty, email us within 7 days with photos. We will replace the item or issue a full refund — including any return shipping cost — at our expense.</p>\" title_6=\"6. Uluslararası İadeler\" body_6=\"<p class=\\\"term-text cl-text-2\\\">International customers are responsible for return shipping unless the item is faulty. We do not refund original shipping or duty charges on international returns.</p>\"][/term-content]'),('tr',7,'Nakliye','Yurt içi ve yurt dışı gönderim yöntemleri, süreleri ve ücretleri.','[page-banner heading=\"Taşıma\"][/page-banner]\n[term-content quantity=\"6\" title_1=\"1. Nakliye Yöntemi\" body_1=\"<p class=\\\"term-text cl-text-2\\\">We offer the following shipping methods for domestic and international orders: standard ground, expedited 2-day, and priority overnight (where available).</p>\" title_2=\"2. Yurtiçi Ücretler\" body_2=\"<p class=\\\"term-text cl-text-2\\\">Standard ground is free on orders over $99. Express 1-2 day shipping is $19.99 flat. Priority overnight is calculated by weight at checkout.</p>\" title_3=\"3. Uluslararası\" body_3=\"<p class=\\\"term-text cl-text-2\\\">We ship to most countries. International standard shipping is $24.99 with 7-12 business day delivery. Express options appear at checkout. Duties and taxes are pre-paid for select destinations; otherwise the courier collects them on delivery.</p>\" title_4=\"4. İşlem Süresi\" body_4=\"<p class=\\\"term-text cl-text-2\\\">Orders placed before 2pm EST on business days ship the same day. Orders placed after 2pm or on weekends/holidays ship the next business day.</p>\" title_5=\"5. Takip\" body_5=\"<p class=\\\"term-text cl-text-2\\\">A tracking link is included in your shipment confirmation email. You can also see live status from Account → Orders → Track.</p>\" title_6=\"6. Kayıp veya Takılan Siparişler\" body_6=\"<p class=\\\"term-text cl-text-2\\\">If a tracking number has not updated for more than 7 business days, email shipping@amerce.test. We will open an investigation with the carrier and either refund or reship the order at our expense.</p>\"][/term-content]'),('tr',8,'Mağazalarımız','Amerce\'i doğrudan ziyaret edin; dünya çapındaki amiral mağazaları ve ortakları.',''),('tr',9,'Blog','Amerce editör ekibinden kıyafet talimatları, marka hikayeleri ve kamera arkası içerikleri.','<div class=\"container py-5\"><h1>Günlük</h1><p>Stil kılavuzları, öne çıkan ürünler, derinlemesine sürdürülebilirlik analizi ve daha fazlasını içeren en son hikayelerimizi keşfedin.</p></div>'),('tr',10,'Kariyer','Amerce\'e katılın — açık pozisyonlar, kültürel değerler ve takım avantajları.','<div class=\"container py-5\"><h1>Amerce\'de İşe Alım</h1><p>Biz daha rafine bir perakende modeli inşa eden küçük, dağınık bir ekibiz. Ürün, mühendislik, tedarik zinciri ve müşteri deneyimi genelinde işe alım yapıyoruz.</p><p>Açık pozisyonlar şirketin LinkedIn sayfasında yayınlanmaktadır. Başvurmak için <a href=\"mailto:careers@amerce.test\">careers@amerce.test</a> adresine kısa bir mektup ve özgeçmiş gönderin.</p></div>'),('tr',11,'Sustainability','How Amerce sources responsibly and reduces its environmental footprint.','<div class=\"container py-5\"><h1>Amerika\'da Sürdürülebilir Kalkınma</h1><p>Her ürün bir hikaye taşır. Doğrudan fabrikalar ve zanaatkar atölyeleriyle çalışıyoruz, geri dönüştürülmüş ve izlenebilir malzemelere öncelik veriyoruz ve plastik içermeyen ambalajlar yapıyoruz.</p><p>2026 hedefimiz: Malzemelerin %90\'ının doğrulanmış bir tedarik zincirine ve şeffaf yıllık etki raporlamasına sahip olması.</p></div>'),('tr',12,'Ana sayfa','Amerce — çok yönlü bir e-ticaret deneyimine ev sahipliği yapıyor.','[simple-slider key=\"home-hero\" style=\"style-1\" is_autoplay=\"yes\" autoplay_speed=\"5000\" show_arrows=\"no\" show_dots=\"yes\"][/simple-slider]\n[categories-grid style=\"style-slider\" title=\"Kategoriye göre satın al\" subtitle=\"Her gün sağlık için gelişmiş seçimler.\" limit=\"6\" show_count=\"yes\" view_all_url=\"/products\" view_all_text=\"Tüm kategorileri görüntüle\" card_class=\"category-v02\" card_modifier=\"hover-img\" card_image_class=\"img-style overflow-visible\" card_content_class=\"text-center\" count_label=\"products\" swiper_preview_lg=\"6\" swiper_space_lg=\"10\" wrapper_class=\"container\" sale_card_active=\"yes\" sale_card_discount=\"15%\" sale_card_label=\"OFF\" sale_card_title=\"İndirim\" sale_card_count=\"52 ürün\" sale_card_url=\"/products\"][/categories-grid]\n[ecommerce-collections style=\"style-slider\" collection_ids=\"7,8,9\" limit=\"3\" spacing_class=\"\"][/ecommerce-collections]\n[ecommerce-products style=\"style-tabs\" title=\"Bu Haftanın En Çok Tercih Edilenleri\" subtitle=\"Sağlığınızı desteklemek için özenle seçilmiş haftalık favoriler.\" limit=\"8\" items_per_row=\"4\" card_style=\"style-1\" card_extra_class=\"product-style_stroke\" tab_labels=\"İlaçlar|Cihazlar|Sağlık|Teklifler\" tab_categories=\"16|27|2,1,29,28|\" tab_sources=\"best-seller|featured|best-seller|sale\" tab_nav_style=\"v2\" tab_nav_position=\"right\" tab_nav_class_extra=\"mb-0\" tab_btn_class_extra=\"py-4\" tab_label_class=\"fw-semibold\" load_tabs_ajax=\"yes\"][/ecommerce-products]\n[banner-duo style=\"style-1\" section_class=\"flat-spacing-2 pt-0\" image_1=\"section/banner-4.jpg\" title_1=\"Nature\'s Support&lt;br&gt;for Modern Life\" subtitle_1=\"Temiz, farkındalık yaratan içeriklerle canlılığı ve dengeyi artırın.\" button_text_1=\"Şimdi al\" button_url_1=\"/products\" image_2=\"section/banner-5.jpg\" title_2=\"Aşılar sizi&lt;br&gt;sağlıklı ve hazır tutar\" subtitle_2=\"Günlük sağlığınızı koruyan aşılarla sağlıklı ve dengeli kalın.\" button_text_2=\"Şimdi al\" button_url_2=\"/products\"][/banner-duo]\n[brand-logos style=\"style-infinite\" modifier_class=\"\" section_class=\"pt-0 pb-0\" clone_count=\"3\"][/brand-logos]\n[ecommerce-products style=\"style-mini-list\" title=\"Öne Çıkan Ürünler\" subtitle=\"Herkesin bahsettiği en iyi stiller.\" source=\"featured\" limit=\"6\" items_per_row=\"3\" slides_per_view=\"3\" show_banners=\"yes\" banner_image_1=\"section/banner-6.jpg\" banner_title_1=\"&lt;br&gt; Vitamini her gün\" banner_desc_1=\"Daha derin ve huzurlu bir uyku için &lt;br&gt; rahatlatıcı ürünlerini keşfedin.\" banner_image_2=\"section/banner-7.jpg\" banner_title_2=\"&lt;br&gt; Vitamini her gün\" banner_desc_2=\"Daha derin ve huzurlu bir uyku için &lt;br&gt; rahatlatıcı ürünlerini keşfedin.\"][/ecommerce-products]\n[testimonials style=\"style-v2-product\" title=\"Müşteriler Ne Diyor?\" subtitle=\"Müşterilerimiz ürünlerimizi seviyor ve biz de onları memnun etmeye çalışıyoruz.\" autoplay=\"yes\" quantity=\"2\" name_1=\"Emma Collins\" role_1=\"Doğrulanmış Alıcı\" rating_1=\"5\" content_1=\"\\\"I love how calm and balanced I feel after using these products. Everything feels more natural, lighter, and easy again every day.\\\"\" product_image_1=\"products/mental/product-1.jpg\" product_name_1=\"Gaia Herbs Relax Gummies\" product_price_1=\"$74.99\" product_url_1=\"/products\" name_2=\"Sofya Ramirez\" role_2=\"Doğrulanmış Alıcı\" rating_2=\"5\" content_2=\"\\\"These supplements have become part of my nightly routine. I sleep deeper, rest longer, wake up feeling genuinely refreshed every morning.\\\"\" product_image_2=\"products/mental/product-3.jpg\" product_name_2=\"Blooming Blends Sleep Drops\" product_price_2=\"$74.99\" product_url_2=\"/products\"][/testimonials]\n[banner-image-text style=\"style-wide-abs\" heading=\"Nature\'s Support &lt;br class=\\\"d-none d-sm-block\\\"&gt; For Modern Life\" subheading=\"Balanced nutrition made simple &mdash; support &lt;br class=\\\"d-none d-sm-block\\\"&gt; your body and mind every single day.\" button_text=\"Şimdi al\" button_url=\"/products\" image=\"section/banner-8.jpg\"][/banner-image-text]\n[blog-posts style=\"style-slider\" title=\"Daha İyi Bir Sürüm İçin Bilgi\" subtitle=\"Farkındalık alışkanlıklarını, sağlıklı yaşam rutinlerini ve günlük huzuru keşfedin.\" limit=\"6\" show_meta=\"yes\" show_excerpt=\"yes\"][/blog-posts]\n[site-features style=\"style-flat-swiper\" card_modifier=\"style-2\" title_tag=\"h5\" section_class=\"flat-spacing pt-0\" inner_class=\"flat-spacing pb-0\" show_border=\"yes\" quantity=\"4\" title_1=\"14 Gün İçinde İade\" description_1=\"Kolay iade politikasıyla risksiz alışveriş yapın.\" icon_class_1=\"icon-ArrowUDownLeft\" title_2=\"Ücretsiz Kargo\" description_2=\"Hiçbir ek ücret yok, yalnızca gördüğünüz fiyat.\" icon_class_2=\"icon-Package\" title_3=\"7/24 Destek\" description_3=\"7/24 destek, her zaman yanınızda.\" icon_class_3=\"icon-Headset\" title_4=\"Üye Teklifleri\" description_4=\"Sadık müşteriler için özel fiyat.\" icon_class_4=\"icon-SealPercent\"][/site-features]'),('vi',1,'Giới thiệu','Giới thiệu Amerce — câu chuyện thương hiệu, tiêu chuẩn nguồn cung và đội ngũ đứng sau từng sản phẩm.','[page-banner heading=\"Về Chúng Tôi\" subtitle=\"With over 15 years of experience, we craft timeless collections that transcend<br class=\\\"d-none d-lg-block\\\">trends and inspire lasting elegance.\"][/page-banner]\n[stats-counter hero_image=\"section/s-contact-1.jpg\" heading=\"Thiết kế, sự tỉ mỉ trong từng chi tiết và hiệu quả làm hài lòng thế giới\" description=\"Từ khoảnh khắc được hình thành đến khi được khoác lên người, mỗi sản phẩm của chúng tôi đều đi theo hành trình này. Chúng tôi có thể làm điều đó với tốc độ nhanh hơn. Tuy nhiên, tại Amerce, chúng tôi chọn chăm sóc tất cả những ai đang đồng hành cùng chúng tôi trên hành trình này.\" quantity=\"4\" value_1=\"8.2k\" animate_to_1=\"\" suffix_1=\"\" label_1=\"Sản Phẩm Hiện Có\" desc_1=\"Chúng tôi cung cấp đa dạng sản phẩm chất lượng cao để đáp ứng mọi nhu cầu.\" value_2=\"\" animate_to_2=\"10\" suffix_2=\"k\" label_2=\"Khách Hàng Hài Lòng\" desc_2=\"Phục vụ hơn 10.000 khách hàng hài lòng tin tưởng chúng tôi về chất lượng và dịch vụ.\" value_3=\"\" animate_to_3=\"96\" suffix_3=\"\" label_3=\"Thương Hiệu Đối Tác\" desc_3=\"Quan hệ đối tác với các thương hiệu hàng đầu mang đến bộ sưu tập đáng tin cậy cho cửa hàng và ngôi nhà của bạn.\" value_4=\"\" animate_to_4=\"16\" suffix_4=\"k\" label_4=\"Sản Phẩm Đang Bán\" desc_4=\"Đó là lý do chúng tôi nỗ lực mang đến nhiều dòng sản phẩm đa dạng, phù hợp với mọi phong cách.\"][/stats-counter]\n[image-accordion image=\"section/s-contact-2.jpg\" heading=\"Mang Đến Những Món Đồ Quý Hiếm Và Tinh Tế Trên Toàn Thế Giới\" quantity=\"4\" title_1=\"Giới Thiệu\" body_1=\"Chào mừng đến với Cửa hàng Amerce, điểm đến hàng đầu cho thời trang và phụ kiện đi đầu xu hướng. Chúng tôi tự hào mang đến bộ sưu tập được tuyển chọn kỹ lưỡng những món đồ quý hiếm và tinh tế được tìm kiếm cả trong nước lẫn quốc tế.\" title_2=\"Tầm Nhìn Của Chúng Tôi\" body_2=\"Chúng tôi hướng đến một thế giới nơi thiết kế tinh tế hòa quyện cùng cuộc sống thường ngày — những sản phẩm bền đẹp theo thời gian, những đối tác đáng tin cậy, và những khách hàng được đối xử như con người, không phải giao dịch.\" title_3=\"Điều Làm Nên Sự Khác Biệt\" body_3=\"Nhà cung cấp được kiểm toán độc lập, sản phẩm được kiểm tra thủ công, và chính sách đổi trả 30 ngày không cần lý do, hỗ trợ bởi đội ngũ chăm sóc khách hàng tận tâm.\" title_4=\"Cam Kết Của Chúng Tôi\" body_4=\"Sản phẩm chất lượng, chuỗi cung ứng minh bạch và điều kiện lao động công bằng — mỗi đơn hàng, mỗi lần đặt.\"][/image-accordion]\n[about-testimonials heading=\"Khách Hàng Nói Gì!\" subtitle=\"Khách hàng yêu thích sản phẩm của chúng tôi, và chúng tôi luôn nỗ lực làm hài lòng họ.\" quantity=\"2\" image_1=\"testimonials/tes-1.jpg\" name_1=\"Emma Collins\" text_1=\"\\\"Totally obsessed with this outfit! The fit is perfect, the fabric feels premium, and I\'ve been getting compliments non-stop. It instantly lifts my confidence — such a great find!\\\"\" image_2=\"testimonials/tes-2.jpg\" name_2=\"Sophia Ramirez\" text_2=\"\\\"I\'m amazed by how comfortable yet stylish this piece is. It pairs effortlessly with everything, and the quality really stands out. Definitely becoming my go-to for everyday looks!\\\"\"][/about-testimonials]\n[about-team heading=\"Gặp Gỡ Đội Ngũ\" subtitle=\"Những chuyên gia tận tâm với sự hoàn hảo trong từng chi tiết.\" quantity=\"4\" image_1=\"member/member-1.jpg\" name_1=\"Annette Black\" role_1=\"Nhà Sáng Lập/CEO\" social_links_1=\"\" image_2=\"member/member-2.jpg\" name_2=\"Brooklyn Simmons\" role_2=\"Quản Lý\" social_links_2=\"\" image_3=\"member/member-3.jpg\" name_3=\"Jane Cooper\" role_3=\"Giám Đốc Kinh Doanh\" social_links_3=\"\" image_4=\"member/member-4.jpg\" name_4=\"Lisa Bonet\" role_4=\"Giám Đốc Kinh Doanh\" social_links_4=\"\"][/about-team]'),('vi',2,'Liên hệ','Liên hệ với đội ngũ chăm sóc khách hàng và hợp tác của Amerce.',''),('vi',3,'Câu hỏi thường gặp','Câu hỏi thường gặp về đơn hàng, vận chuyển, đổi trả và quản lý tài khoản.','[page-banner heading=\"Câu Hỏi Thường Gặp\" subtitle=\"Got questions? We\'ve got answers! Browse our Câu Hỏi Thường Gặp to find information on orders, shipping,<br class=\\\"d-none d-lg-block\\\">returns, and more. If you need further assistance, feel free to contact our team.\"][/page-banner]\n[faq-page sidebar_image=\"section/banner-12.jpg\" sidebar_title=\"Save 25% <br class=\\\"d-none d-sm-block\\\">Today\" sidebar_subtitle=\"Áo Thun, Áo Hoodie Và Hơn Thế Nữa\" sidebar_cta=\"Xem Thêm\" sidebar_url=\"/products\" quantity=\"16\" category_1=\"Tài Khoản Của Tôi\" category_id_1=\"myAccount\" question_1=\"1. Tôi có thể làm gì nếu quên mật khẩu?\" answer_1=\"Use the \\\"Forgot password\\\" link on the sign-in page. We will email you a one-time link to set a new password — it expires in 30 minutes for security.\" category_2=\"Tài Khoản Của Tôi\" category_id_2=\"myAccount\" question_2=\"2. Làm thế nào để cập nhật địa chỉ email?\" answer_2=\"Đăng nhập, mở Tài khoản → Cài đặt và thay đổi trường email. Chúng tôi sẽ gửi email xác nhận đến địa chỉ mới; thay đổi sẽ có hiệu lực khi bạn nhấp vào liên kết đó.\" category_3=\"Tài Khoản Của Tôi\" category_id_3=\"myAccount\" question_3=\"3. Tôi có thể xóa tài khoản của mình không?\" answer_3=\"Có. Từ Tài khoản → Cài đặt, kéo xuống mục Xóa tài khoản. Chúng tôi giữ lại lịch sử đơn hàng vì lý do thuế/pháp lý, nhưng thông tin liên hệ cá nhân sẽ được xóa trong vòng 30 ngày.\" category_4=\"Đơn Hàng & Mua Sắm\" category_id_4=\"ordersPurchases\" question_4=\"1. Làm thế nào để đặt hàng?\" answer_4=\"Thêm sản phẩm vào giỏ hàng, nhấp thanh toán, chọn phương thức vận chuyển, sau đó nhập thông tin thanh toán. Bạn sẽ nhận được email xác nhận đơn hàng ngay lập tức.\" category_5=\"Đơn Hàng & Mua Sắm\" category_id_5=\"ordersPurchases\" question_5=\"2. Tôi có thể chỉnh sửa hoặc hủy đơn hàng không?\" answer_5=\"Đơn hàng có thể được chỉnh sửa hoặc hủy từ bảng điều khiển tài khoản của bạn trong vòng 1 giờ sau khi đặt. Sau đó, kho hàng đã bắt đầu soạn hàng và chúng tôi không thể can thiệp.\" category_6=\"Đơn Hàng & Mua Sắm\" category_id_6=\"ordersPurchases\" question_6=\"3. Những phương thức thanh toán nào được chấp nhận?\" answer_6=\"Chúng tôi chấp nhận Visa, Mastercard, American Express, Apple Pay, Google Pay và PayPal. Mọi giao dịch đều sử dụng mã hóa TLS 1.3.\" category_7=\"Đổi Trả & Hoàn Tiền\" category_id_7=\"returnsRefunds\" question_7=\"1. Thời hạn đổi trả là bao lâu?\" answer_7=\"30 ngày kể từ ngày nhận hàng đối với sản phẩm chưa qua sử dụng, còn nguyên trạng. Không áp dụng cho hàng giảm giá, đồ lót và các mặt hàng flash sale bán cuối cùng.\" category_8=\"Đổi Trả & Hoàn Tiền\" category_id_8=\"returnsRefunds\" question_8=\"2. Làm thế nào để bắt đầu quy trình đổi trả?\" answer_8=\"Open the order in your account dashboard and click \\\"Start return\\\". We email a prepaid label for domestic orders within one business day.\" category_9=\"Đổi Trả & Hoàn Tiền\" category_id_9=\"returnsRefunds\" question_9=\"3. Khi nào tôi sẽ nhận được tiền hoàn lại?\" answer_9=\"Tiền hoàn được xử lý trong vòng 3-5 ngày làm việc kể từ khi chúng tôi nhận được hàng trả lại. Thời gian ghi có của ngân hàng có thể khác nhau; vui lòng đợi tối đa 10 ngày làm việc để thấy khoản tiền được ghi nhận.\" category_10=\"Vận Chuyển & Theo Dõi\" category_id_10=\"shippingTracking\" question_10=\"1. Vận chuyển mất bao lâu?\" answer_10=\"Vận chuyển tiêu chuẩn nội địa mất 3-5 ngày làm việc. Vận chuyển nhanh 1-2 ngày. Vận chuyển tiêu chuẩn quốc tế mất 7-12 ngày làm việc; tùy chọn vận chuyển nhanh có sẵn ở trang thanh toán.\" category_11=\"Vận Chuyển & Theo Dõi\" category_id_11=\"shippingTracking\" question_11=\"2. Làm thế nào để theo dõi đơn hàng?\" answer_11=\"Liên kết theo dõi được đính kèm trong email xác nhận vận chuyển. Bạn cũng có thể xem trạng thái từ Tài khoản → Đơn hàng → Theo dõi.\" category_12=\"Vận Chuyển & Theo Dõi\" category_id_12=\"shippingTracking\" question_12=\"3. Bạn có vận chuyển quốc tế không?\" answer_12=\"Có — đến hầu hết các quốc gia. Thuế và phí được trả trước ở trang thanh toán cho một số điểm đến nhất định; nếu không, đơn vị vận chuyển có thể thu khi giao hàng.\" category_13=\"Phí & Thanh Toán\" category_id_13=\"feesBilling\" question_13=\"1. Thuế và phí đã được bao gồm chưa?\" answer_13=\"Giá nội địa bao gồm thuế bán hàng hiển thị ở trang thanh toán. Đơn hàng quốc tế đến các điểm đến được hỗ trợ đã bao gồm thuế và phí; nếu không, đơn vị vận chuyển sẽ thu khi giao hàng.\" category_14=\"Phí & Thanh Toán\" category_id_14=\"feesBilling\" question_14=\"2. Tại sao tôi bị tính phí hai lần?\" answer_14=\"Có thể bạn đang thấy khoản tạm giữ ủy quyền cùng với khoản phí thực tế. Khoản tạm giữ sẽ tự hủy trong 3-5 ngày làm việc. Hãy gửi email đến billing@amerce.test nếu sau thời gian đó bạn vẫn thấy hai khoản phí.\" category_15=\"Chủ Đề Khác\" category_id_15=\"otherTopic\" question_15=\"1. Bạn có cửa hàng vật lý không?\" answer_15=\"Có — vui lòng truy cập trang Cửa hàng để xem danh sách các cửa hàng chính và đối tác.\" category_16=\"Chủ Đề Khác\" category_id_16=\"otherTopic\" question_16=\"2. Làm thế nào để liên hệ bộ phận chăm sóc khách hàng?\" answer_16=\"Gửi email đến hello@amerce.test hoặc sử dụng biểu mẫu liên hệ. Chúng tôi sẽ phản hồi trong vòng một ngày làm việc.\"][/faq-page]'),('vi',4,'Chính sách bảo mật','Cách Amerce thu thập, sử dụng và bảo vệ thông tin cá nhân của bạn.','[page-banner heading=\"Chính Sách Bảo Mật\"][/page-banner]\n[term-content quantity=\"7\" title_1=\"1. Thông Tin Chúng Tôi Thu Thập\" body_1=\"<p class=\\\"term-text cl-text-2\\\">When you visit the Site, we automatically collect certain information about your device — web browser, IP address, time zone, and some of the cookies installed on your device. As you browse, we also collect data about the pages or products you view, what referred you to the Site, and how you interact with it. We refer to this as \\\"Device Information\\\".</p><p class=\\\"term-text cl-text-2\\\">When you make a purchase or attempt to purchase through the Site, we collect your name, billing address, shipping address, and payment information (including card number, email address, and phone number). We refer to this as \\\"Order Information\\\".</p>\" title_2=\"2. Cách Chúng Tôi Sử Dụng Thông Tin Của Bạn\" body_2=\"<p class=\\\"term-text cl-text-2\\\">We use Order Information to fulfil orders placed through the Site (process payment, arrange shipping, provide invoices and order confirmations). We use it to communicate with you, screen orders for fraud, and — in line with your preferences — share marketing about products you may like.</p><p class=\\\"term-text cl-text-2\\\">We use Device Information to screen for fraud and to improve the Site through analytics about how customers browse and interact with us.</p>\" title_3=\"3. Chia Sẻ Thông Tin Cá Nhân Của Bạn\" body_3=\"<p class=\\\"term-text cl-text-2\\\">We share Personal Information with third-party service providers who help us run the Site. We may also share information to comply with applicable laws, respond to a subpoena or lawful request, or otherwise protect our rights.</p>\" title_4=\"4. Lưu Trữ Dữ Liệu\" body_4=\"<p class=\\\"term-text cl-text-2\\\">When you place an order, we maintain the Order Information for our records unless and until you ask us to delete it.</p>\" title_5=\"5. Quyền Của Bạn\" body_5=\"<p class=\\\"term-text cl-text-2\\\">You can request access, correction, or deletion of any personal data we hold about you. Email privacy@amerce.test from the address on file and we will respond within 30 days.</p>\" title_6=\"6. Cookie\" body_6=\"<p class=\\\"term-text cl-text-2\\\">Cookies are used to keep your cart between visits, remember your preferences, and measure aggregate traffic. You can disable cookies in your browser, though some Site features may stop working.</p>\" title_7=\"7. Thay Đổi\" body_7=\"<p class=\\\"term-text cl-text-2\\\">We may update this policy from time to time to reflect changes to our practices or for operational, legal, or regulatory reasons. The latest version will always be on this page.</p>\"][/term-content]'),('vi',5,'Điều khoản & Điều kiện','Các điều khoản pháp lý áp dụng khi bạn sử dụng cửa hàng Amerce.','[page-banner heading=\"Điều Khoản & Điều Kiện\"][/page-banner]\n[term-content quantity=\"7\" title_1=\"1. Chấp Thuận Điều Khoản\" body_1=\"<p class=\\\"term-text cl-text-2\\\">By accessing or using the Mỹ store you agree to these terms. We reserve the right to update them with reasonable notice; the latest version is always available on this page.</p>\" title_2=\"2. Đơn Hàng & Thanh Toán\" body_2=\"<p class=\\\"term-text cl-text-2\\\">All prices are in USD unless otherwise stated. We accept the payment methods displayed at checkout. An order becomes binding once you receive an order confirmation email.</p>\" title_3=\"3. Vận Chuyển\" body_3=\"<p class=\\\"term-text cl-text-2\\\">Vận Chuyển options, lead times, and rates are listed on our Vận Chuyển page. Risk passes to you on delivery.</p>\" title_4=\"4. Đổi Trả\" body_4=\"<p class=\\\"term-text cl-text-2\\\">You have 30 days from delivery to return any unworn item for a refund. See our Đổi Trả &amp; Hoàn Tiền page for the full process.</p>\" title_5=\"5. Sở Hữu Trí Tuệ\" body_5=\"<p class=\\\"term-text cl-text-2\\\">All content on the Site — text, photography, logos, code — is owned by Mỹ or its licensors and may not be reproduced without written permission.</p>\" title_6=\"6. Giới Hạn Trách Nhiệm\" body_6=\"<p class=\\\"term-text cl-text-2\\\">To the maximum extent permitted by law, Mỹ is not liable for indirect or consequential damages arising from use of the Site or the products purchased through it.</p>\" title_7=\"7. Luật Áp Dụng\" body_7=\"<p class=\\\"term-text cl-text-2\\\">These terms are governed by the laws of the State of New York. Any dispute will be resolved in the state or federal courts located in New York County.</p>\"][/term-content]'),('vi',6,'Đổi trả & Hoàn tiền','Chính sách đổi trả 30 ngày và quy trình đổi trả từng bước của chúng tôi.','[page-banner heading=\"Đổi Trả & Hoàn Tiền\"][/page-banner]\n[term-content quantity=\"6\" title_1=\"1. Đổi Trả\" body_1=\"<p class=\\\"term-text cl-text-2\\\">We want you to be completely satisfied with your purchase. If for any reason you are not, you may return any unworn item within 30 days of receiving your order for a refund or exchange. Mặt hàng must be in original packaging and the same condition as you received them.</p>\" title_2=\"2. Cách Bắt Đầu Đổi Trả\" body_2=\"<p class=\\\"term-text cl-text-2\\\">Open the order in your account dashboard and click \\\"Start return\\\", or email returns@amerce.test with your order number. We will send a prepaid return label for domestic orders within one business day.</p>\" title_3=\"3. Hoàn Tiền\" body_3=\"<p class=\\\"term-text cl-text-2\\\">Refunds are processed within 3-5 business days of us receiving the return and applied to the original payment method. Bank posting times vary; allow up to 10 business days for the credit to appear.</p>\" title_4=\"4. Các Trường Hợp Loại Trừ\" body_4=\"<p class=\\\"term-text cl-text-2\\\">Sale items, intimate apparel, and final-sale flash sale purchases are excluded from returns. Personalised or made-to-order items are also non-returnable unless faulty.</p>\" title_5=\"5. Sản Phẩm Bị Hư Hỏng Hoặc Lỗi\" body_5=\"<p class=\\\"term-text cl-text-2\\\">If your order arrives damaged or faulty, email us within 7 days with photos. We will replace the item or issue a full refund — including any return shipping cost — at our expense.</p>\" title_6=\"6. Đổi Trả Quốc Tế\" body_6=\"<p class=\\\"term-text cl-text-2\\\">International customers are responsible for return shipping unless the item is faulty. We do not refund original shipping or duty charges on international returns.</p>\"][/term-content]'),('vi',7,'Vận chuyển','Các phương thức vận chuyển trong nước và quốc tế, thời gian và cước phí.','[page-banner heading=\"Vận Chuyển\"][/page-banner]\n[term-content quantity=\"6\" title_1=\"1. Phương Thức Vận Chuyển\" body_1=\"<p class=\\\"term-text cl-text-2\\\">We offer the following shipping methods for domestic and international orders: standard ground, expedited 2-day, and priority overnight (where available).</p>\" title_2=\"2. Phí Nội Địa\" body_2=\"<p class=\\\"term-text cl-text-2\\\">Standard ground is free on orders over $99. Express 1-2 day shipping is $19.99 flat. Priority overnight is calculated by weight at checkout.</p>\" title_3=\"3. Quốc Tế\" body_3=\"<p class=\\\"term-text cl-text-2\\\">We ship to most countries. International standard shipping is $24.99 with 7-12 business day delivery. Express options appear at checkout. Duties and taxes are pre-paid for select destinations; otherwise the courier collects them on delivery.</p>\" title_4=\"4. Thời Gian Xử Lý\" body_4=\"<p class=\\\"term-text cl-text-2\\\">Orders placed before 2pm EST on business days ship the same day. Orders placed after 2pm or on weekends/holidays ship the next business day.</p>\" title_5=\"5. Theo Dõi\" body_5=\"<p class=\\\"term-text cl-text-2\\\">A tracking link is included in your shipment confirmation email. You can also see live status from Account → Orders → Track.</p>\" title_6=\"6. Đơn Hàng Bị Thất Lạc Hoặc Bị Kẹt\" body_6=\"<p class=\\\"term-text cl-text-2\\\">If a tracking number has not updated for more than 7 business days, email shipping@amerce.test. We will open an investigation with the carrier and either refund or reship the order at our expense.</p>\"][/term-content]'),('vi',8,'Hệ thống cửa hàng','Ghé thăm Amerce trực tiếp — các cửa hàng chính và đối tác trên toàn thế giới.',''),('vi',9,'Tạp chí','Hướng dẫn phối đồ, câu chuyện thương hiệu và nội dung hậu trường từ đội ngũ biên tập Amerce.','<div class=\"container py-5\"><h1>Nhật Ký</h1><p>Khám phá những câu chuyện mới nhất của chúng tôi — hướng dẫn phong cách, điểm nhấn sản phẩm, phân tích chuyên sâu về bền vững và nhiều hơn nữa.</p></div>'),('vi',10,'Tuyển dụng','Tham gia Amerce — các vị trí đang mở, giá trị văn hóa và quyền lợi dành cho đội ngũ.','<div class=\"container py-5\"><h1>Tuyển Dụng Tại Amerce</h1><p>Chúng tôi là một đội ngũ nhỏ, làm việc phân tán, đang xây dựng một mô hình bán lẻ tinh tế hơn. Chúng tôi tuyển dụng trong các mảng sản phẩm, kỹ thuật, chuỗi cung ứng và trải nghiệm khách hàng.</p><p>Các vị trí đang tuyển được đăng trên trang LinkedIn của công ty. Để ứng tuyển, hãy gửi một thư ngắn và sơ yếu lý lịch đến <a href=\"mailto:careers@amerce.test\">careers@amerce.test</a>.</p></div>'),('vi',11,'Sustainability','How Amerce sources responsibly and reduces its environmental footprint.','<div class=\"container py-5\"><h1>Phát Triển Bền Vững Tại Amerce</h1><p>Mỗi sản phẩm đều mang một câu chuyện. Chúng tôi làm việc trực tiếp với các nhà máy và xưởng thủ công, ưu tiên vật liệu tái chế và có thể truy xuất nguồn gốc, và đóng gói không sử dụng nhựa.</p><p>Mục tiêu năm 2026 của chúng tôi: 90% nguyên vật liệu có chuỗi cung ứng được xác minh, và báo cáo tác động hằng năm minh bạch.</p></div>'),('vi',12,'Trang chủ','Amerce — trang chủ trải nghiệm thương mại điện tử đa năng.','[simple-slider key=\"home-hero\" style=\"style-1\" is_autoplay=\"yes\" autoplay_speed=\"5000\" show_arrows=\"no\" show_dots=\"yes\"][/simple-slider]\n[categories-grid style=\"style-slider\" title=\"Mua theo danh mục\" subtitle=\"Những lựa chọn tinh tế cho sức khỏe mỗi ngày.\" limit=\"6\" show_count=\"yes\" view_all_url=\"/products\" view_all_text=\"Xem tất cả danh mục\" card_class=\"category-v02\" card_modifier=\"hover-img\" card_image_class=\"img-style overflow-visible\" card_content_class=\"text-center\" count_label=\"products\" swiper_preview_lg=\"6\" swiper_space_lg=\"10\" wrapper_class=\"container\" sale_card_active=\"yes\" sale_card_discount=\"15%\" sale_card_label=\"OFF\" sale_card_title=\"Giảm Giá\" sale_card_count=\"52 sản phẩm\" sale_card_url=\"/products\"][/categories-grid]\n[ecommerce-collections style=\"style-slider\" collection_ids=\"7,8,9\" limit=\"3\" spacing_class=\"\"][/ecommerce-collections]\n[ecommerce-products style=\"style-tabs\" title=\"Lựa Chọn Hàng Đầu Tuần Này\" subtitle=\"Những lựa chọn yêu thích hàng tuần được tuyển chọn kỹ lưỡng để hỗ trợ sức khỏe của bạn.\" limit=\"8\" items_per_row=\"4\" card_style=\"style-1\" card_extra_class=\"product-style_stroke\" tab_labels=\"Thuốc|Thiết bị|Sức khỏe|Ưu đãi\" tab_categories=\"16|27|2,1,29,28|\" tab_sources=\"best-seller|featured|best-seller|sale\" tab_nav_style=\"v2\" tab_nav_position=\"right\" tab_nav_class_extra=\"mb-0\" tab_btn_class_extra=\"py-4\" tab_label_class=\"fw-semibold\" load_tabs_ajax=\"yes\"][/ecommerce-products]\n[banner-duo style=\"style-1\" section_class=\"flat-spacing-2 pt-0\" image_1=\"section/banner-4.jpg\" title_1=\"Nature\'s Support&lt;br&gt;for Modern Life\" subtitle_1=\"Tăng cường sức sống và sự cân bằng với những nguyên liệu sạch, chánh niệm.\" button_text_1=\"Mua ngay\" button_url_1=\"/products\" image_2=\"section/banner-5.jpg\" title_2=\"Vắc-xin giúp bạn&lt;br&gt;khỏe mạnh &amp; sẵn sàng\" subtitle_2=\"Giữ sức khỏe và sự cân bằng với vắc-xin bảo vệ sức khỏe hằng ngày của bạn.\" button_text_2=\"Mua ngay\" button_url_2=\"/products\"][/banner-duo]\n[brand-logos style=\"style-infinite\" modifier_class=\"\" section_class=\"pt-0 pb-0\" clone_count=\"3\"][/brand-logos]\n[ecommerce-products style=\"style-mini-list\" title=\"Sản Phẩm Nổi Bật\" subtitle=\"Những phong cách hàng đầu mà ai cũng nhắc đến.\" source=\"featured\" limit=\"6\" items_per_row=\"3\" slides_per_view=\"3\" show_banners=\"yes\" banner_image_1=\"section/banner-6.jpg\" banner_title_1=\"Vitamin &lt;br&gt; mỗi ngày\" banner_desc_1=\"Khám phá những sản phẩm xoa dịu &lt;br&gt; cho giấc ngủ sâu và yên bình hơn.\" banner_image_2=\"section/banner-7.jpg\" banner_title_2=\"Vitamin &lt;br&gt; mỗi ngày\" banner_desc_2=\"Khám phá những sản phẩm xoa dịu &lt;br&gt; cho giấc ngủ sâu và yên bình hơn.\"][/ecommerce-products]\n[testimonials style=\"style-v2-product\" title=\"Khách Hàng Nói Gì!\" subtitle=\"Khách hàng yêu thích sản phẩm của chúng tôi, và chúng tôi luôn nỗ lực làm hài lòng họ.\" autoplay=\"yes\" quantity=\"2\" name_1=\"Emma Collins\" role_1=\"Người Mua Đã Xác Thực\" rating_1=\"5\" content_1=\"\\\"I love how calm and balanced I feel after using these products. Everything feels more natural, lighter, and easy again every day.\\\"\" product_image_1=\"products/mental/product-1.jpg\" product_name_1=\"Gaia Herbs Relax Gummies\" product_price_1=\"$74.99\" product_url_1=\"/products\" name_2=\"Sophia Ramirez\" role_2=\"Người Mua Đã Xác Thực\" rating_2=\"5\" content_2=\"\\\"These supplements have become part of my nightly routine. I sleep deeper, rest longer, wake up feeling genuinely refreshed every morning.\\\"\" product_image_2=\"products/mental/product-3.jpg\" product_name_2=\"Blooming Blends Sleep Drops\" product_price_2=\"$74.99\" product_url_2=\"/products\"][/testimonials]\n[banner-image-text style=\"style-wide-abs\" heading=\"Nature\'s Support &lt;br class=\\\"d-none d-sm-block\\\"&gt; For Modern Life\" subheading=\"Balanced nutrition made simple &mdash; support &lt;br class=\\\"d-none d-sm-block\\\"&gt; your body and mind every single day.\" button_text=\"Mua ngay\" button_url=\"/products\" image=\"section/banner-8.jpg\"][/banner-image-text]\n[blog-posts style=\"style-slider\" title=\"Kiến Thức Cho Một Phiên Bản Tốt Hơn\" subtitle=\"Khám phá những thói quen tỉnh thức, quy trình chăm sóc sức khỏe và sự bình yên mỗi ngày.\" limit=\"6\" show_meta=\"yes\" show_excerpt=\"yes\"][/blog-posts]\n[site-features style=\"style-flat-swiper\" card_modifier=\"style-2\" title_tag=\"h5\" section_class=\"flat-spacing pt-0\" inner_class=\"flat-spacing pb-0\" show_border=\"yes\" quantity=\"4\" title_1=\"Đổi Trả Trong 14 Ngày\" description_1=\"Mua sắm không rủi ro với chính sách đổi trả dễ dàng.\" icon_class_1=\"icon-ArrowUDownLeft\" title_2=\"Miễn Phí Vận Chuyển\" description_2=\"Không phí phát sinh, chỉ đúng mức giá bạn thấy.\" icon_class_2=\"icon-Package\" title_3=\"Hỗ Trợ 24/7\" description_3=\"Hỗ trợ 24/7, luôn ở đây vì bạn.\" icon_class_3=\"icon-Headset\" title_4=\"Ưu Đãi Thành Viên\" description_4=\"Giá đặc biệt dành cho khách hàng thân thiết.\" icon_class_4=\"icon-SealPercent\"][/site-features]');

--
-- Table structure for table `password_reset_tokens`
--

CREATE TABLE `password_reset_tokens` (
  `email` varchar(255) COLLATE utf8mb4_unicode_ci NOT NULL,
  `token` varchar(255) COLLATE utf8mb4_unicode_ci NOT NULL,
  `created_at` timestamp NULL DEFAULT NULL,
  PRIMARY KEY (`email`)
) ENGINE=InnoDB DEFAULT CHARSET=utf8mb4 COLLATE=utf8mb4_unicode_ci;

--
-- Dumping data for table `password_reset_tokens`
--


--
-- Table structure for table `payment_logs`
--

CREATE TABLE `payment_logs` (
  `id` bigint unsigned NOT NULL AUTO_INCREMENT,
  `payment_method` varchar(255) COLLATE utf8mb4_unicode_ci NOT NULL,
  `request` longtext COLLATE utf8mb4_unicode_ci,
  `response` longtext COLLATE utf8mb4_unicode_ci,
  `ip_address` varchar(45) COLLATE utf8mb4_unicode_ci NOT NULL,
  `created_at` timestamp NULL DEFAULT NULL,
  `updated_at` timestamp NULL DEFAULT NULL,
  PRIMARY KEY (`id`)
) ENGINE=InnoDB DEFAULT CHARSET=utf8mb4 COLLATE=utf8mb4_unicode_ci;

--
-- Dumping data for table `payment_logs`
--


--
-- Table structure for table `payments`
--

CREATE TABLE `payments` (
  `id` bigint unsigned NOT NULL AUTO_INCREMENT,
  `currency` varchar(120) COLLATE utf8mb4_unicode_ci DEFAULT NULL,
  `user_id` bigint unsigned NOT NULL DEFAULT '0',
  `charge_id` varchar(255) COLLATE utf8mb4_unicode_ci DEFAULT NULL,
  `payment_channel` varchar(60) COLLATE utf8mb4_unicode_ci DEFAULT NULL,
  `description` varchar(400) COLLATE utf8mb4_unicode_ci DEFAULT NULL,
  `amount` decimal(15,2) unsigned NOT NULL,
  `payment_fee` decimal(15,2) DEFAULT '0.00',
  `order_id` bigint unsigned DEFAULT NULL,
  `status` varchar(60) COLLATE utf8mb4_unicode_ci DEFAULT 'pending',
  `payment_type` varchar(255) COLLATE utf8mb4_unicode_ci DEFAULT 'confirm',
  `customer_id` bigint unsigned DEFAULT NULL,
  `refunded_amount` decimal(15,2) unsigned DEFAULT NULL,
  `refund_note` varchar(255) COLLATE utf8mb4_unicode_ci DEFAULT NULL,
  `created_at` timestamp NULL DEFAULT NULL,
  `updated_at` timestamp NULL DEFAULT NULL,
  `customer_type` varchar(255) COLLATE utf8mb4_unicode_ci DEFAULT NULL,
  `metadata` mediumtext COLLATE utf8mb4_unicode_ci,
  PRIMARY KEY (`id`)
) ENGINE=InnoDB DEFAULT CHARSET=utf8mb4 COLLATE=utf8mb4_unicode_ci;

--
-- Dumping data for table `payments`
--


--
-- Table structure for table `personal_access_tokens`
--

CREATE TABLE `personal_access_tokens` (
  `id` bigint unsigned NOT NULL AUTO_INCREMENT,
  `tokenable_type` varchar(255) COLLATE utf8mb4_unicode_ci NOT NULL,
  `tokenable_id` bigint unsigned NOT NULL,
  `name` varchar(255) COLLATE utf8mb4_unicode_ci NOT NULL,
  `token` varchar(64) COLLATE utf8mb4_unicode_ci NOT NULL,
  `abilities` text COLLATE utf8mb4_unicode_ci,
  `last_used_at` timestamp NULL DEFAULT NULL,
  `expires_at` timestamp NULL DEFAULT NULL,
  `created_at` timestamp NULL DEFAULT NULL,
  `updated_at` timestamp NULL DEFAULT NULL,
  PRIMARY KEY (`id`),
  UNIQUE KEY `personal_access_tokens_token_unique` (`token`),
  KEY `personal_access_tokens_tokenable_type_tokenable_id_index` (`tokenable_type`,`tokenable_id`)
) ENGINE=InnoDB DEFAULT CHARSET=utf8mb4 COLLATE=utf8mb4_unicode_ci;

--
-- Dumping data for table `personal_access_tokens`
--


--
-- Table structure for table `post_categories`
--

CREATE TABLE `post_categories` (
  `category_id` bigint unsigned NOT NULL,
  `post_id` bigint unsigned NOT NULL,
  KEY `post_categories_category_id_index` (`category_id`),
  KEY `post_categories_post_id_index` (`post_id`)
) ENGINE=InnoDB DEFAULT CHARSET=utf8mb4 COLLATE=utf8mb4_unicode_ci;

--
-- Dumping data for table `post_categories`
--

INSERT INTO `post_categories` VALUES (1,1),(4,2),(3,2),(2,3),(5,3),(3,4),(2,4),(4,5),(2,5),(2,6);

--
-- Table structure for table `post_tags`
--

CREATE TABLE `post_tags` (
  `tag_id` bigint unsigned NOT NULL,
  `post_id` bigint unsigned NOT NULL,
  KEY `post_tags_tag_id_index` (`tag_id`),
  KEY `post_tags_post_id_index` (`post_id`)
) ENGINE=InnoDB DEFAULT CHARSET=utf8mb4 COLLATE=utf8mb4_unicode_ci;

--
-- Dumping data for table `post_tags`
--

INSERT INTO `post_tags` VALUES (9,1),(12,1),(4,1),(7,2),(5,2),(1,2),(9,3),(7,3),(1,3),(1,4),(7,4),(9,5),(6,5),(5,5),(4,6),(2,6),(8,6);

--
-- Table structure for table `posts`
--

CREATE TABLE `posts` (
  `id` bigint unsigned NOT NULL AUTO_INCREMENT,
  `name` varchar(255) COLLATE utf8mb4_unicode_ci NOT NULL,
  `description` text COLLATE utf8mb4_unicode_ci,
  `content` longtext COLLATE utf8mb4_unicode_ci,
  `status` varchar(60) COLLATE utf8mb4_unicode_ci NOT NULL DEFAULT 'published',
  `author_id` bigint unsigned DEFAULT NULL,
  `author_type` varchar(255) COLLATE utf8mb4_unicode_ci NOT NULL,
  `is_featured` tinyint unsigned NOT NULL DEFAULT '0',
  `image` varchar(255) COLLATE utf8mb4_unicode_ci DEFAULT NULL,
  `views` int unsigned NOT NULL DEFAULT '0',
  `format_type` varchar(30) COLLATE utf8mb4_unicode_ci DEFAULT NULL,
  `created_at` timestamp NULL DEFAULT NULL,
  `updated_at` timestamp NULL DEFAULT NULL,
  PRIMARY KEY (`id`),
  KEY `posts_status_index` (`status`),
  KEY `posts_author_id_index` (`author_id`),
  KEY `posts_author_type_index` (`author_type`),
  KEY `posts_created_at_index` (`created_at`)
) ENGINE=InnoDB AUTO_INCREMENT=7 DEFAULT CHARSET=utf8mb4 COLLATE=utf8mb4_unicode_ci;

--
-- Dumping data for table `posts`
--

INSERT INTO `posts` VALUES (1,'Daily Rituals That Calm an Anxious Mind','Five small habits — morning sunlight, breathwork, journaling — that compound into measurable calm.','<p>The nervous system loves predictability. A morning ritual signals safety to your body before the inbox arrives. Start with two minutes of slow nasal breathing, two pages of writing whatever surfaces, and ten minutes of natural light. Repeat for three weeks before judging the effect.</p><p>The point is not to optimize the ritual — it is to make showing up feel automatic.</p>','published',1,'Botble\\ACL\\Models\\User',1,'blog/blog-7.jpg',1007,NULL,'2026-05-28 19:07:07','2026-05-28 19:07:07'),(2,'The Quiet Power of Adaptogens','Ashwagandha, rhodiola, and the herbs your grandmother probably already knew about.','<p>Adaptogens do not blunt stress — they help the body handle it. Ashwagandha (KSM-66) shows the strongest cortisol-lowering data in modern trials. Rhodiola supports endurance under fatigue. Lions mane has emerging cognitive benefits.</p><p>None of these replace sleep, sunlight, or movement. They support a foundation already in place.</p>','published',1,'Botble\\ACL\\Models\\User',1,'blog/blog-8.jpg',733,NULL,'2026-05-28 19:07:07','2026-05-28 19:07:07'),(3,'Gentle Mornings: Building a Wake-Up Routine That Sticks','A slower start beats a louder alarm. Heres how to redesign the first 60 minutes of your day.','<p>Morning anxiety often peaks in the first hour. The fix is not motivation — it is friction reduction. Phone in another room. Water by the bed. Coffee timer set the night before. Walk before scroll.</p><p>The cumulative effect of small upstream choices is what most people credit to discipline.</p>','published',1,'Botble\\ACL\\Models\\User',1,'blog/blog-9.jpg',1895,NULL,'2026-05-28 19:07:08','2026-05-28 19:07:08'),(4,'Why Your Sleep Score Lies (And What to Trust Instead)','Smart rings overcount deep sleep. Here is what actually correlates with morning energy.','<p>Wearable sleep stages are estimates, not measurements. The metric that consistently predicts how you feel: total time asleep, plus consistency of bedtime within a 30-minute window.</p><p>Optimize for boring before optimizing for fancy.</p>','published',1,'Botble\\ACL\\Models\\User',1,'blog/blog-7.jpg',1676,NULL,'2026-05-28 19:07:08','2026-05-28 19:07:08'),(5,'Magnesium, Glycinate vs Citrate: A Practical Guide','Two forms, two purposes. The right one depends on whether you want sleep, regularity, or both.','<p>Magnesium glycinate is gentler on the gut and supports relaxation and sleep. Citrate has a mild laxative effect and helps with regularity. Oxide is poorly absorbed and largely a waste outside of clinical use.</p><p>Most adults benefit from 200-400mg of glycinate taken in the evening.</p>','published',1,'Botble\\ACL\\Models\\User',1,'blog/blog-8.jpg',1428,NULL,'2026-05-28 19:07:08','2026-05-28 19:07:08'),(6,'Box Breathing: The Calm-Down Tool That Actually Works','Four seconds in, four hold, four out, four hold. The Navy SEAL favorite, explained without the hype.','<p>Box breathing engages the parasympathetic nervous system within ninety seconds. The mechanism is mechanical: extending the exhale and pausing increases vagal tone, dropping heart rate.</p><p>Use it before a difficult conversation, on a stressful commute, or when winding down before bed.</p>','published',1,'Botble\\ACL\\Models\\User',0,'blog/blog-9.jpg',2345,NULL,'2026-05-28 19:07:08','2026-05-28 19:07:08');

--
-- Table structure for table `posts_translations`
--

CREATE TABLE `posts_translations` (
  `lang_code` varchar(20) COLLATE utf8mb4_unicode_ci NOT NULL,
  `posts_id` bigint unsigned NOT NULL,
  `name` varchar(255) COLLATE utf8mb4_unicode_ci DEFAULT NULL,
  `description` text COLLATE utf8mb4_unicode_ci,
  `content` longtext COLLATE utf8mb4_unicode_ci,
  PRIMARY KEY (`lang_code`,`posts_id`),
  KEY `idx_posts_trans_posts_id` (`posts_id`),
  KEY `idx_posts_trans_post_lang` (`posts_id`,`lang_code`)
) ENGINE=InnoDB DEFAULT CHARSET=utf8mb4 COLLATE=utf8mb4_unicode_ci;

--
-- Dumping data for table `posts_translations`
--

INSERT INTO `posts_translations` VALUES ('ar',1,'طقوس يومية تهدئ العقل القلق','خمس عادات صغيرة - ضوء الشمس الصباحي، وتمارين التنفس، وتدوين اليوميات - تضيف إلى السلام القابل للقياس.','<p> الجهاز العصبي يحب القدرة على التنبؤ. تشير طقوس الصباح إلى أمان جسمك قبل وصول البريد الوارد. ابدأ بدقيقتين من التنفس البطيء من خلال أنفك، وصفحتين من كتابة كل ما يأتي، وعشر دقائق من الضوء الطبيعي. كرر ذلك لمدة ثلاثة أسابيع قبل تقييم الفعالية.</p><p>المفتاح ليس تحسين الطقوس - بل جعلها تلقائية.</p>'),('ar',2,'القوة الهادئة للAdaptogens','الأشواغاندا والروديولا والأعشاب التي ربما عرفتها جدتك منذ فترة طويلة.','<p> لا تعمل الأدابتوجينات على تخفيف التوتر، بل تساعد الجسم على التعامل مع التوتر. تظهر أشواغاندا (KSM-66) أقوى بيانات خفض الكورتيزول في التجارب الحديثة. رهوديولا يدعم القدرة على التحمل أثناء التعب. يتمتع فطر عرف الأسد بفوائد معرفية قيد البحث.</p><p>لا يعد أي منها بديلاً عن النوم أو ضوء الشمس أو ممارسة الرياضة. إنهم يدعمون منصة موجودة.</p>'),('ar',3,'الصباح اللطيف: بناء روتين الاستيقاظ الذي يلتصق','البداية البطيئة أفضل من المنبه الأكثر ضجيجًا. إليك كيفية إعادة تصميم أول 60 دقيقة من يومك.','<p> غالبًا ما يصل القلق الصباحي إلى ذروته في الساعة الأولى. الحل ليس في التحفيز، بل في تقليل العقبات. الهاتف في غرفة أخرى. الماء يوضع بجوار السرير. اضبط مؤقت القهوة في الليلة السابقة. قم بالمشي قبل التمرير خلال هاتفك.</p><p>التأثير التراكمي للاختيارات الصغيرة من الألف إلى الياء هو ما يعزوه معظم الناس إلى الانضباط.</p>'),('ar',4,'لماذا تكذب درجة نومك (وما الذي يجب أن تثق به بدلاً من ذلك)','الحلقة الذكية تتفوق على النوم العميق. وهذا شيء يرتبط فعليًا بالطاقة الصباحية.','<p> مراحل النوم على الأجهزة القابلة للارتداء هي تقديرات وليست قياسات. يتنبأ المؤشر دائمًا بما تشعر به: إجمالي وقت النوم، بالإضافة إلى اتساق وقت النوم خلال نافذة مدتها 30 دقيقة.</p><p>تخلص من الملل قبل تحسين السحر.</p>'),('ar',5,'المغنيسيوم والجليسينات والسيترات: دليل عملي','شكلان، غرضان. يعتمد النوع الصحيح على ما إذا كنت تريد نومًا جيدًا أو هضمًا منتظمًا أو كليهما.','<p> غليسينات المغنيسيوم ألطف على الأمعاء ويساعد على الاسترخاء والنوم. السيترات له تأثير ملين خفيف ويساعد على الهضم المنتظم. يتم امتصاص الأكسيد بشكل سيئ ويتم إهداره إلى حد كبير خارج الاستخدام السريري.</p><p>يستفيد معظم البالغين من 200-400 ملغ من الجليسينات التي يتم تناولها ليلاً.</p>'),('ar',6,'التنفس الصندوقي: أداة التهدئة التي تعمل بالفعل','أربع ثواني شهيق، وأربع ثواني حبس، وأربع ثواني زفير، وأربع ثواني حبس. تمرين تفضله قوات البحرية الأمريكية، تم شرحه دون مبالغة.','<p> التنفس الصندوقي ينشط الجهاز العصبي السمبتاوي لمدة تسعين ثانية. الآلية ميكانيكية: إطالة الزفير والتوقف مؤقتًا يزيد من قوة العصب المبهم، مما يساعد على تقليل معدل ضربات القلب.</p><p>استخدمه قبل محادثة صعبة، أو أثناء التنقل المجهد، أو عند الاسترخاء قبل النوم.</p>'),('fr',1,'Des rituels quotidiens qui calment un esprit anxieux','Cinq petites habitudes – lumière du soleil le matin, exercices de respiration, journalisation – contribuent à une paix mesurable.','<p>Le système nerveux aime la prévisibilité. Un rituel matinal signale la sécurité à votre corps avant que la boîte de réception n\'arrive. Commencez par deux minutes de respiration lente par le nez, deux pages d\'écriture quoi qu\'il arrive et dix minutes de lumière naturelle. Répétez pendant trois semaines avant d\'évaluer l\'efficacité.</p><p>La clé n\'est pas d\'optimiser le rituel, mais de le rendre automatique.</p>'),('fr',2,'Le pouvoir silencieux des adaptogènes','Ashwagandha, rhodiola et herbes que votre grand-mère connaît probablement depuis longtemps.','<p>Les adaptogènes n’atténuent pas le stress – ils aident le corps à gérer le stress. Ashwagandha (KSM-66) présente les données de réduction de cortisol les plus fortes dans les essais modernes. La Rhodiola soutient l\'endurance en cas de fatigue. Le champignon crinière de lion présente des avantages cognitifs qui font l\'objet de recherches.</p><p>Aucun de ceux-ci ne remplace le sommeil, la lumière du soleil ou l\'exercice. Ils prennent en charge une plateforme existante.</p>'),('fr',3,'Matins doux : créer une routine de réveil qui dure','Un démarrage plus lent vaut mieux qu’un réveil plus bruyant. Voici comment repenser les 60 premières minutes de votre journée.','<p>L\'anxiété matinale culmine souvent au cours de la première heure. La solution n\'est pas la motivation, mais la réduction des obstacles. Le téléphone est dans une autre pièce. Eau placée à côté du lit. Réglez une minuterie à café la veille. Marchez avant de faire défiler votre téléphone.</p><p>L\'effet cumulatif de petits choix à partir de la base est ce que la plupart des gens attribuent à la discipline.</p>'),('fr',4,'Pourquoi votre score de sommeil ment (et à quoi faire confiance à la place)','La bague intelligente surcompte le sommeil profond. C’est quelque chose qui est en corrélation avec l’énergie matinale.','<p>Les phases de sommeil sur les appareils portables sont des estimations et non des mesures. L\'indice prédit toujours ce que vous ressentez : la durée totale du sommeil et la régularité de l\'heure du coucher dans une fenêtre de 30 minutes.</p><p>Optimisez pour l\'ennui avant d\'optimiser pour le glamour.</p>'),('fr',5,'Magnésium, Glycinate vs Citrate : Un guide pratique','Deux formes, deux finalités. Le bon type dépend si vous souhaitez un bon sommeil, une digestion régulière ou les deux.','<p>Le glycinate de magnésium est plus doux pour les intestins et favorise la relaxation et le sommeil. Le citrate a un léger effet laxatif et favorise une digestion régulière. L\'oxyde est mal absorbé et est largement gaspillé en dehors de l\'utilisation clinique.</p><p>La plupart des adultes bénéficient de 200 à 400 mg de glycinate pris le soir.</p>'),('fr',6,'Box Breathing : l’outil de calme qui fonctionne réellement','Inspirez pendant quatre secondes, maintenez pendant quatre secondes, expirez pendant quatre secondes, maintenez pendant quatre secondes. Un exercice privilégié par les Navy SEAL, expliqué sans exagération.','La respiration <p>Box active le système nerveux parasympathique pendant quatre-vingt-dix secondes. Le mécanisme est mécanique : l\'allongement de l\'expiration et la pause augmentent le tonus du nerf vague, contribuant ainsi à réduire la fréquence cardiaque.</p><p>Utilisez-le avant une conversation difficile, lors d\'un trajet stressant ou pour vous détendre avant de vous coucher.</p>'),('id',1,'Ritual Sehari-hari yang Menenangkan Pikiran yang Cemas','Lima kebiasaan kecil - sinar matahari pagi, latihan pernapasan, membuat jurnal - menambah kedamaian yang terukur.','<p>Sistem saraf menyukai prediktabilitas. Ritual pagi memberi sinyal keamanan pada tubuh Anda sebelum kotak masuk masuk. Mulailah dengan dua menit bernapas perlahan melalui hidung, dua halaman tulisan apa pun yang muncul, dan sepuluh menit cahaya alami. Ulangi selama tiga minggu sebelum mengevaluasi efektivitas.</p><p>Kuncinya bukanlah mengoptimalkan ritual — tetapi menjadikannya otomatis.</p>'),('id',2,'Kekuatan Tenang Adaptogen','Ashwagandha, rhodiola dan herba yang mungkin sudah dikenal nenek Anda sejak lama.','<p>Adaptogen tidak menumpulkan stres — mereka membantu tubuh menangani stres. Ashwagandha (KSM-66) menunjukkan data penurunan kortisol terkuat dalam uji coba modern. Rhodiola mendukung daya tahan tubuh saat kelelahan. Jamur surai singa memiliki manfaat kognitif yang sedang diteliti.</p><p>Tidak ada satupun yang dapat menggantikan tidur, sinar matahari, atau olahraga. Mereka mendukung platform yang ada.</p>'),('id',3,'Pagi yang Lembut: Membangun Rutinitas Bangun yang Tetap','Memulai lebih lambat lebih baik daripada jam alarm yang berisik. Inilah cara mendesain ulang 60 menit pertama hari Anda.','<p>Kecemasan di pagi hari seringkali mencapai puncaknya pada jam-jam pertama. Cara mengatasinya bukanlah motivasi, melainkan mengurangi hambatan. Teleponnya ada di ruangan lain. Air ditempatkan di samping tempat tidur. Setel pengatur waktu minum kopi pada malam sebelumnya. Berjalanlah sebelum menelusuri ponsel Anda.</p><p>Efek kumulatif dari pilihan-pilihan kecil dari awal adalah apa yang oleh kebanyakan orang dikaitkan dengan disiplin.</p>'),('id',4,'Mengapa Skor Tidur Anda Berbohong (Dan Apa yang Harus Dipercayai)','Cincin pintar melebihi tidur nyenyak. Ini adalah sesuatu yang sebenarnya berkorelasi dengan energi pagi.','<p>Tahap tidur pada perangkat wearable merupakan perkiraan, bukan pengukuran. Indeks selalu memprediksi perasaan Anda: total waktu tidur, ditambah konsistensi waktu tidur dalam jangka waktu 30 menit.</p><p>Optimalkan kebosanan sebelum mengoptimalkan glamor.</p>'),('id',5,'Magnesium, Glisinat vs Sitrat: Panduan Praktis','Dua bentuk, dua tujuan. Jenis yang tepat bergantung pada apakah Anda ingin tidur nyenyak, pencernaan teratur, atau keduanya.','<p>Magnesium glisinat lebih lembut di usus dan membantu relaksasi dan tidur. Sitrat memiliki efek pencahar ringan dan membantu pencernaan teratur. Oksida diserap dengan buruk dan sebagian besar terbuang di luar penggunaan klinis.</p><p>Kebanyakan orang dewasa mendapat manfaat dari 200-400 mg glisinat yang diminum pada malam hari.</p>'),('id',6,'Pernapasan Kotak: Alat Penenang yang Benar-benar Berfungsi','Empat detik tarik napas, empat detik tahan, empat detik buang napas, empat detik tahan. Latihan yang disukai oleh Navy SEAL, dijelaskan tanpa berlebihan.','<p>Pernapasan kotak mengaktifkan sistem saraf parasimpatis selama sembilan puluh detik. Mekanismenya mekanis: memperpanjang pernafasan dan jeda meningkatkan tonus saraf vagus, membantu mengurangi detak jantung.</p><p>Gunakan sebelum percakapan yang sulit, dalam perjalanan yang penuh tekanan, atau saat bersantai sebelum tidur.</p>'),('tr',1,'Daily Rituals That Calm an Anxious Mind','Beş küçük alışkanlık (sabah güneş ışığı, nefes egzersizleri, günlük tutma) ölçülebilir huzura katkıda bulunur.','<p>Sinir sistemi öngörülebilirliği sever. Bir sabah ritüeli, gelen kutusu gelmeden önce vücudunuza güvenliğin sinyalini verir. Burnunuzdan iki dakika yavaş nefes alarak, iki sayfa ne bulursanız yazarak ve on dakika doğal ışıkla başlayın. Etkinliğini değerlendirmeden önce üç hafta boyunca tekrarlayın.</p><p>Önemli olan ritüeli optimize etmek değil, onu otomatik hale getirmektir.</p>'),('tr',2,'The Quiet Power of Adaptogens','Büyükannenizin muhtemelen uzun zamandır tanıdığı Ashwagandha, rhodiola ve şifalı bitkiler.','<p>Adaptojenler stresi köreltmez; vücudun stresle başa çıkmasına yardımcı olur. Ashwagandha (KSM-66), modern denemelerdeki en güçlü kortizol azaltma verilerini göstermektedir. Rhodiola yorgunluk sırasında dayanıklılığı destekler. Aslan yelesi mantarının araştırılan bilişsel faydaları vardır.</p><p>Bunların hiçbiri uyku, güneş ışığı veya egzersizin yerini tutmaz. Mevcut bir platformu destekliyorlar.</p>'),('tr',3,'Gentle Mornings: Building a Wake-Up Routine That Sticks','Daha yavaş bir başlangıç, daha gürültülü bir alarm saatinden daha iyidir. İşte günün ilk 60 dakikasını nasıl yeniden tasarlayacağınız.','<p>Sabah kaygısı çoğu zaman ilk saatte zirveye ulaşır. Çözüm motivasyon değil, engelleri azaltmaktır. Telefon başka bir odada. Yatağın yanına su konur. Bir gece önce kahve zamanlayıcısını ayarlayın. Telefonunuzda gezinmeden önce yürüyün.</p><p>Baştan sona küçük seçimlerin kümülatif etkisi, çoğu insanın disipline atfettiği şeydir.</p>'),('tr',4,'Why Your Sleep Score Lies (And What to Trust Instead)','Akıllı yüzük derin uykuyu aşıyor Bu aslında sabah enerjisiyle bağlantılı bir şeydir.','<p>Giyilebilir cihazlardaki uyku aşamaları ölçüm değil tahmindir. Dizin her zaman nasıl hissettiğinizi tahmin eder: toplam uyku süresi artı 30 dakikalık bir aralıkta yatma zamanı tutarlılığı.</p><p>Gösteriş için optimizasyon yapmadan önce can sıkıntısı için optimizasyon yapın.</p>'),('tr',5,'Magnesium, Glycinate vs Citrate: A Practical Guide','İki biçim, iki amaç. Doğru tür, iyi bir uyku, düzenli sindirim veya her ikisini birden isteyip istemediğinize bağlıdır.','<p>Magnezyum glisinat bağırsaklara karşı daha naziktir ve rahatlamaya ve uykuya yardımcı olur. Sitrat hafif bir müshil etkisine sahiptir ve düzenli sindirime yardımcı olur. Oksit emilimi zayıftır ve klinik kullanım dışında büyük oranda israf edilir.</p><p>Yetişkinlerin çoğu, geceleri alınan 200-400 mg glisinattan fayda görür.</p>'),('tr',6,'Box Breathing: The Calm-Down Tool That Actually Works','Dört saniye nefes alın, dört saniye tutun, dört saniye nefes verin, dört saniye tutun. Abartmadan açıklanan, Donanma SEAL\'leri tarafından tercih edilen bir tatbikat.','<p>Kutu nefesi parasempatik sinir sistemini doksan saniye boyunca harekete geçirir. Mekanizma mekaniktir: Nefes vermenin uzatılması ve duraklama vagus sinirinin tonunu artırarak kalp atış hızının azalmasına yardımcı olur.</p><p>Zor bir konuşmadan önce, stresli bir işe giderken veya yatmadan önce dinlenirken kullanın.</p>'),('vi',1,'Những nghi thức hằng ngày làm dịu một tâm trí lo âu','Năm thói quen nhỏ — ánh nắng buổi sáng, bài tập thở, viết nhật ký — tích lũy thành sự bình yên đo lường được.','<p>Hệ thần kinh ưa sự dự đoán được. Một nghi thức buổi sáng báo hiệu sự an toàn cho cơ thể bạn trước khi hộp thư đến xuất hiện. Hãy bắt đầu với hai phút thở chậm bằng mũi, hai trang viết bất cứ điều gì hiện lên, và mười phút dưới ánh sáng tự nhiên. Lặp lại trong ba tuần trước khi đánh giá hiệu quả.</p><p>Điểm mấu chốt không phải là tối ưu nghi thức — mà là làm cho việc thực hiện trở nên tự động.</p>'),('vi',2,'Sức mạnh thầm lặng của adaptogen','Ashwagandha, rhodiola và những loại thảo mộc mà bà của bạn có lẽ đã biết từ lâu.','<p>Adaptogen không làm cùn căng thẳng — chúng giúp cơ thể xử lý căng thẳng. Ashwagandha (KSM-66) cho thấy dữ liệu giảm cortisol mạnh nhất trong các thử nghiệm hiện đại. Rhodiola hỗ trợ sức bền khi mệt mỏi. Nấm bờm sư tử có những lợi ích nhận thức đang được nghiên cứu.</p><p>Không loại nào trong số này thay thế được giấc ngủ, ánh nắng hay vận động. Chúng hỗ trợ một nền tảng đã sẵn có.</p>'),('vi',3,'Buổi sáng nhẹ nhàng: Xây dựng thói quen thức dậy bền vững','Một khởi đầu chậm rãi hơn hẳn một chiếc đồng hồ báo thức ồn ào hơn. Đây là cách thiết kế lại 60 phút đầu tiên trong ngày của bạn.','<p>Lo âu buổi sáng thường lên đỉnh điểm trong giờ đầu tiên. Cách khắc phục không phải là động lực — mà là giảm trở ngại. Điện thoại để ở phòng khác. Nước đặt cạnh giường. Hẹn giờ cà phê từ tối hôm trước. Đi bộ trước khi lướt điện thoại.</p><p>Hiệu ứng tích lũy của những lựa chọn nhỏ từ gốc là điều mà hầu hết mọi người gán cho kỷ luật.</p>'),('vi',4,'Vì sao điểm giấc ngủ của bạn nói dối (Và nên tin vào điều gì thay thế)','Nhẫn thông minh đếm thừa giấc ngủ sâu. Đây là điều thực sự tương quan với năng lượng buổi sáng.','<p>Các giai đoạn giấc ngủ trên thiết bị đeo là ước tính, không phải đo lường. Chỉ số luôn dự báo được cảm giác của bạn: tổng thời gian ngủ, cộng với sự nhất quán của giờ đi ngủ trong khung 30 phút.</p><p>Hãy tối ưu cho sự nhàm chán trước khi tối ưu cho sự hào nhoáng.</p>'),('vi',5,'Magie, Glycinate và Citrate: Một cẩm nang thực tế','Hai dạng, hai mục đích. Loại phù hợp tùy thuộc vào việc bạn muốn ngủ ngon, đều đặn tiêu hóa, hay cả hai.','<p>Magie glycinate dịu nhẹ với đường ruột hơn và hỗ trợ thư giãn cùng giấc ngủ. Citrate có tác dụng nhuận tràng nhẹ và giúp tiêu hóa đều đặn. Oxide hấp thụ kém và phần lớn lãng phí ngoài mục đích lâm sàng.</p><p>Hầu hết người trưởng thành hưởng lợi từ 200-400mg glycinate uống vào buổi tối.</p>'),('vi',6,'Thở hộp: Công cụ làm dịu thực sự hiệu quả','Bốn giây hít vào, bốn giây giữ, bốn giây thở ra, bốn giây giữ. Bài tập được lính SEAL Hải quân ưa chuộng, giải thích không thổi phồng.','<p>Thở hộp kích hoạt hệ thần kinh phó giao cảm trong vòng chín mươi giây. Cơ chế mang tính cơ học: kéo dài hơi thở ra và tạm dừng làm tăng trương lực dây thần kinh phế vị, giúp giảm nhịp tim.</p><p>Hãy dùng nó trước một cuộc trò chuyện khó khăn, trên một quãng đường đi làm căng thẳng, hoặc khi thư giãn trước khi ngủ.</p>');

--
-- Table structure for table `push_notification_recipients`
--

CREATE TABLE `push_notification_recipients` (
  `id` bigint unsigned NOT NULL AUTO_INCREMENT,
  `push_notification_id` bigint unsigned NOT NULL,
  `user_type` varchar(50) COLLATE utf8mb4_unicode_ci NOT NULL,
  `user_id` bigint unsigned NOT NULL,
  `device_token` varchar(255) COLLATE utf8mb4_unicode_ci DEFAULT NULL,
  `platform` varchar(20) COLLATE utf8mb4_unicode_ci DEFAULT NULL,
  `status` varchar(20) COLLATE utf8mb4_unicode_ci NOT NULL DEFAULT 'sent',
  `sent_at` timestamp NULL DEFAULT NULL,
  `delivered_at` timestamp NULL DEFAULT NULL,
  `read_at` timestamp NULL DEFAULT NULL,
  `clicked_at` timestamp NULL DEFAULT NULL,
  `fcm_response` json DEFAULT NULL,
  `error_message` varchar(255) COLLATE utf8mb4_unicode_ci DEFAULT NULL,
  `created_at` timestamp NULL DEFAULT NULL,
  `updated_at` timestamp NULL DEFAULT NULL,
  PRIMARY KEY (`id`),
  KEY `pnr_notification_user_index` (`push_notification_id`,`user_type`,`user_id`),
  KEY `pnr_user_status_index` (`user_type`,`user_id`,`status`),
  KEY `pnr_user_read_index` (`user_type`,`user_id`,`read_at`),
  KEY `pnr_status_index` (`status`)
) ENGINE=InnoDB DEFAULT CHARSET=utf8mb4 COLLATE=utf8mb4_unicode_ci;

--
-- Dumping data for table `push_notification_recipients`
--


--
-- Table structure for table `push_notifications`
--

CREATE TABLE `push_notifications` (
  `id` bigint unsigned NOT NULL AUTO_INCREMENT,
  `title` varchar(255) COLLATE utf8mb4_unicode_ci NOT NULL,
  `message` text COLLATE utf8mb4_unicode_ci NOT NULL,
  `type` varchar(255) COLLATE utf8mb4_unicode_ci NOT NULL DEFAULT 'general',
  `target_type` varchar(255) COLLATE utf8mb4_unicode_ci DEFAULT NULL,
  `target_value` varchar(255) COLLATE utf8mb4_unicode_ci DEFAULT NULL,
  `action_url` varchar(255) COLLATE utf8mb4_unicode_ci DEFAULT NULL,
  `image_url` varchar(255) COLLATE utf8mb4_unicode_ci DEFAULT NULL,
  `data` json DEFAULT NULL,
  `status` varchar(255) COLLATE utf8mb4_unicode_ci NOT NULL DEFAULT 'sent',
  `sent_count` int NOT NULL DEFAULT '0',
  `failed_count` int NOT NULL DEFAULT '0',
  `delivered_count` int NOT NULL DEFAULT '0',
  `read_count` int NOT NULL DEFAULT '0',
  `scheduled_at` timestamp NULL DEFAULT NULL,
  `sent_at` timestamp NULL DEFAULT NULL,
  `created_by` bigint unsigned DEFAULT NULL,
  `created_at` timestamp NULL DEFAULT NULL,
  `updated_at` timestamp NULL DEFAULT NULL,
  PRIMARY KEY (`id`),
  KEY `push_notifications_type_created_at_index` (`type`,`created_at`),
  KEY `push_notifications_status_scheduled_at_index` (`status`,`scheduled_at`),
  KEY `push_notifications_created_by_index` (`created_by`)
) ENGINE=InnoDB DEFAULT CHARSET=utf8mb4 COLLATE=utf8mb4_unicode_ci;

--
-- Dumping data for table `push_notifications`
--


--
-- Table structure for table `request_logs`
--

CREATE TABLE `request_logs` (
  `id` bigint unsigned NOT NULL AUTO_INCREMENT,
  `status_code` int DEFAULT NULL,
  `url` varchar(255) COLLATE utf8mb4_unicode_ci DEFAULT NULL,
  `count` int unsigned NOT NULL DEFAULT '0',
  `user_id` varchar(255) COLLATE utf8mb4_unicode_ci DEFAULT NULL,
  `referrer` text COLLATE utf8mb4_unicode_ci,
  `created_at` timestamp NULL DEFAULT NULL,
  `updated_at` timestamp NULL DEFAULT NULL,
  PRIMARY KEY (`id`)
) ENGINE=InnoDB DEFAULT CHARSET=utf8mb4 COLLATE=utf8mb4_unicode_ci;

--
-- Dumping data for table `request_logs`
--


--
-- Table structure for table `revisions`
--

CREATE TABLE `revisions` (
  `id` bigint unsigned NOT NULL AUTO_INCREMENT,
  `revisionable_type` varchar(255) COLLATE utf8mb4_unicode_ci NOT NULL,
  `revisionable_id` bigint unsigned NOT NULL,
  `user_id` bigint unsigned DEFAULT NULL,
  `key` varchar(120) COLLATE utf8mb4_unicode_ci NOT NULL,
  `old_value` text COLLATE utf8mb4_unicode_ci,
  `new_value` text COLLATE utf8mb4_unicode_ci,
  `created_at` timestamp NULL DEFAULT NULL,
  `updated_at` timestamp NULL DEFAULT NULL,
  PRIMARY KEY (`id`),
  KEY `revisions_revisionable_id_revisionable_type_index` (`revisionable_id`,`revisionable_type`)
) ENGINE=InnoDB DEFAULT CHARSET=utf8mb4 COLLATE=utf8mb4_unicode_ci;

--
-- Dumping data for table `revisions`
--


--
-- Table structure for table `role_users`
--

CREATE TABLE `role_users` (
  `user_id` bigint unsigned NOT NULL,
  `role_id` bigint unsigned NOT NULL,
  `created_at` timestamp NULL DEFAULT NULL,
  `updated_at` timestamp NULL DEFAULT NULL,
  PRIMARY KEY (`user_id`,`role_id`),
  KEY `role_users_user_id_index` (`user_id`),
  KEY `role_users_role_id_index` (`role_id`)
) ENGINE=InnoDB DEFAULT CHARSET=utf8mb4 COLLATE=utf8mb4_unicode_ci;

--
-- Dumping data for table `role_users`
--


--
-- Table structure for table `roles`
--

CREATE TABLE `roles` (
  `id` bigint unsigned NOT NULL AUTO_INCREMENT,
  `slug` varchar(120) COLLATE utf8mb4_unicode_ci NOT NULL,
  `name` varchar(120) COLLATE utf8mb4_unicode_ci NOT NULL,
  `permissions` text COLLATE utf8mb4_unicode_ci,
  `description` varchar(400) COLLATE utf8mb4_unicode_ci DEFAULT NULL,
  `is_default` tinyint unsigned NOT NULL DEFAULT '0',
  `created_by` bigint unsigned NOT NULL,
  `updated_by` bigint unsigned NOT NULL,
  `created_at` timestamp NULL DEFAULT NULL,
  `updated_at` timestamp NULL DEFAULT NULL,
  PRIMARY KEY (`id`),
  UNIQUE KEY `roles_slug_unique` (`slug`),
  KEY `roles_created_by_index` (`created_by`),
  KEY `roles_updated_by_index` (`updated_by`)
) ENGINE=InnoDB AUTO_INCREMENT=2 DEFAULT CHARSET=utf8mb4 COLLATE=utf8mb4_unicode_ci;

--
-- Dumping data for table `roles`
--

INSERT INTO `roles` VALUES (1,'admin','Admin','{\"users.index\":true,\"users.create\":true,\"users.edit\":true,\"users.destroy\":true,\"roles.index\":true,\"roles.create\":true,\"roles.edit\":true,\"roles.destroy\":true,\"core.system\":true,\"core.cms\":true,\"core.manage.license\":true,\"systems.cronjob\":true,\"core.tools\":true,\"tools.data-synchronize\":true,\"media.index\":true,\"files.index\":true,\"files.create\":true,\"files.edit\":true,\"files.trash\":true,\"files.destroy\":true,\"folders.index\":true,\"folders.create\":true,\"folders.edit\":true,\"folders.trash\":true,\"folders.destroy\":true,\"settings.index\":true,\"settings.common\":true,\"settings.options\":true,\"settings.email\":true,\"settings.media\":true,\"settings.admin-appearance\":true,\"settings.cache\":true,\"settings.datatables\":true,\"settings.email.rules\":true,\"settings.phone-number\":true,\"settings.others\":true,\"menus.index\":true,\"menus.create\":true,\"menus.edit\":true,\"menus.destroy\":true,\"optimize.settings\":true,\"pages.index\":true,\"pages.create\":true,\"pages.edit\":true,\"pages.destroy\":true,\"pages.export\":true,\"pages.import\":true,\"plugins.index\":true,\"plugins.edit\":true,\"plugins.remove\":true,\"plugins.marketplace\":true,\"sitemap.settings\":true,\"core.appearance\":true,\"theme.index\":true,\"theme.activate\":true,\"theme.remove\":true,\"theme.options\":true,\"theme.custom-css\":true,\"theme.custom-js\":true,\"theme.custom-html\":true,\"theme.robots-txt\":true,\"settings.website-tracking\":true,\"widgets.index\":true,\"ads.index\":true,\"ads.create\":true,\"ads.edit\":true,\"ads.destroy\":true,\"ads.settings\":true,\"analytics.general\":true,\"analytics.page\":true,\"analytics.browser\":true,\"analytics.referrer\":true,\"analytics.settings\":true,\"announcements.index\":true,\"announcements.create\":true,\"announcements.edit\":true,\"announcements.destroy\":true,\"announcements.settings\":true,\"audit-log.index\":true,\"audit-log.destroy\":true,\"backups.index\":true,\"backups.create\":true,\"backups.restore\":true,\"backups.destroy\":true,\"plugins.blog\":true,\"posts.index\":true,\"posts.create\":true,\"posts.edit\":true,\"posts.destroy\":true,\"categories.index\":true,\"categories.create\":true,\"categories.edit\":true,\"categories.destroy\":true,\"tags.index\":true,\"blog.reports\":true,\"tags.create\":true,\"tags.edit\":true,\"tags.destroy\":true,\"blog.settings\":true,\"posts.export\":true,\"posts.import\":true,\"captcha.settings\":true,\"contacts.index\":true,\"contacts.edit\":true,\"contacts.destroy\":true,\"contact.custom-fields\":true,\"contact.settings\":true,\"plugins.ecommerce\":true,\"ecommerce.report.index\":true,\"products.index\":true,\"products.create\":true,\"products.edit\":true,\"products.destroy\":true,\"products.duplicate\":true,\"ecommerce.product-prices.index\":true,\"ecommerce.product-prices.edit\":true,\"ecommerce.product-inventory.index\":true,\"ecommerce.product-inventory.edit\":true,\"product-categories.index\":true,\"product-categories.create\":true,\"product-categories.edit\":true,\"product-categories.destroy\":true,\"product-tag.index\":true,\"product-tag.create\":true,\"product-tag.edit\":true,\"product-tag.destroy\":true,\"brands.index\":true,\"brands.create\":true,\"brands.edit\":true,\"brands.destroy\":true,\"product-collections.index\":true,\"product-collections.create\":true,\"product-collections.edit\":true,\"product-collections.destroy\":true,\"product-attribute-sets.index\":true,\"product-attribute-sets.create\":true,\"product-attribute-sets.edit\":true,\"product-attribute-sets.destroy\":true,\"product-attributes.index\":true,\"product-attributes.create\":true,\"product-attributes.edit\":true,\"product-attributes.destroy\":true,\"tax.index\":true,\"tax.create\":true,\"tax.edit\":true,\"tax.destroy\":true,\"reviews.index\":true,\"reviews.create\":true,\"reviews.destroy\":true,\"reviews.publish\":true,\"reviews.reply\":true,\"ecommerce.shipments.index\":true,\"ecommerce.shipments.create\":true,\"ecommerce.shipments.edit\":true,\"ecommerce.shipments.destroy\":true,\"orders.index\":true,\"orders.create\":true,\"orders.edit\":true,\"orders.destroy\":true,\"discounts.index\":true,\"discounts.create\":true,\"discounts.edit\":true,\"discounts.destroy\":true,\"customers.index\":true,\"customers.create\":true,\"customers.edit\":true,\"customers.destroy\":true,\"ecommerce.customers.import\":true,\"ecommerce.customers.export\":true,\"ecommerce.customer-carts.index\":true,\"ecommerce.customer-carts.destroy\":true,\"flash-sale.index\":true,\"flash-sale.create\":true,\"flash-sale.edit\":true,\"flash-sale.destroy\":true,\"product-label.index\":true,\"product-label.create\":true,\"product-label.edit\":true,\"product-label.destroy\":true,\"ecommerce.import.products.index\":true,\"ecommerce.export.products.index\":true,\"order_returns.index\":true,\"order_returns.edit\":true,\"order_returns.destroy\":true,\"global-option.index\":true,\"global-option.create\":true,\"global-option.edit\":true,\"global-option.destroy\":true,\"ecommerce.invoice.index\":true,\"ecommerce.invoice.edit\":true,\"ecommerce.invoice.destroy\":true,\"ecommerce.settings\":true,\"ecommerce.settings.general\":true,\"ecommerce.invoice-template.index\":true,\"ecommerce.settings.currencies\":true,\"ecommerce.settings.products\":true,\"ecommerce.settings.product-search\":true,\"ecommerce.settings.digital-products\":true,\"ecommerce.settings.store-locators\":true,\"ecommerce.settings.invoices\":true,\"ecommerce.settings.product-reviews\":true,\"ecommerce.settings.customers\":true,\"ecommerce.settings.shopping\":true,\"ecommerce.settings.taxes\":true,\"ecommerce.settings.shipping\":true,\"ecommerce.shipping-rule-items.index\":true,\"ecommerce.shipping-rule-items.create\":true,\"ecommerce.shipping-rule-items.edit\":true,\"ecommerce.shipping-rule-items.destroy\":true,\"ecommerce.shipping-rule-items.bulk-import\":true,\"ecommerce.settings.tracking\":true,\"ecommerce.settings.standard-and-format\":true,\"ecommerce.settings.checkout\":true,\"ecommerce.settings.return\":true,\"ecommerce.settings.flash-sale\":true,\"ecommerce.settings.pending-orders\":true,\"ecommerce.settings.product-specification\":true,\"product-categories.export\":true,\"product-categories.import\":true,\"product-license-codes.import\":true,\"orders.export\":true,\"ecommerce.product-specification.index\":true,\"ecommerce.specification-groups.index\":true,\"ecommerce.specification-groups.create\":true,\"ecommerce.specification-groups.edit\":true,\"ecommerce.specification-groups.destroy\":true,\"ecommerce.specification-attributes.index\":true,\"ecommerce.specification-attributes.create\":true,\"ecommerce.specification-attributes.edit\":true,\"ecommerce.specification-attributes.destroy\":true,\"ecommerce.specification-tables.index\":true,\"ecommerce.specification-tables.create\":true,\"ecommerce.specification-tables.edit\":true,\"ecommerce.specification-tables.destroy\":true,\"ecommerce.product-specifications.import\":true,\"ecommerce.product-specifications.export\":true,\"plugin.faq\":true,\"faq.index\":true,\"faq.create\":true,\"faq.edit\":true,\"faq.destroy\":true,\"faq_category.index\":true,\"faq_category.create\":true,\"faq_category.edit\":true,\"faq_category.destroy\":true,\"faqs.settings\":true,\"product-size-guide.index\":true,\"product-size-guide.create\":true,\"product-size-guide.edit\":true,\"product-size-guide.destroy\":true,\"size-guide-headers.index\":true,\"size-guide-headers.create\":true,\"size-guide-headers.edit\":true,\"size-guide-headers.destroy\":true,\"product-size-guide.settings\":true,\"galleries.index\":true,\"galleries.create\":true,\"galleries.edit\":true,\"galleries.destroy\":true,\"languages.index\":true,\"languages.create\":true,\"languages.edit\":true,\"languages.destroy\":true,\"translations.import\":true,\"translations.export\":true,\"property-translations.import\":true,\"property-translations.export\":true,\"page-translations.export\":true,\"page-translations.import\":true,\"plugin.location\":true,\"country.index\":true,\"country.create\":true,\"country.edit\":true,\"country.destroy\":true,\"state.index\":true,\"state.create\":true,\"state.edit\":true,\"state.destroy\":true,\"city.index\":true,\"city.create\":true,\"city.edit\":true,\"city.destroy\":true,\"marketplace.index\":true,\"marketplace.store.index\":true,\"marketplace.store.create\":true,\"marketplace.store.edit\":true,\"marketplace.store.destroy\":true,\"marketplace.store.view\":true,\"marketplace.store.revenue.create\":true,\"marketplace.withdrawal.index\":true,\"marketplace.withdrawal.edit\":true,\"marketplace.withdrawal.destroy\":true,\"marketplace.withdrawal.invoice\":true,\"marketplace.vendors.index\":true,\"marketplace.unverified-vendors.index\":true,\"marketplace.vendors.control\":true,\"marketplace.unverified-vendors.edit\":true,\"marketplace.reports\":true,\"marketplace.settings\":true,\"marketplace.messages.index\":true,\"marketplace.messages.edit\":true,\"marketplace.messages.destroy\":true,\"newsletter.index\":true,\"newsletter.destroy\":true,\"newsletter.settings\":true,\"payment.index\":true,\"payments.settings\":true,\"payment.destroy\":true,\"payments.logs\":true,\"payments.logs.show\":true,\"payments.logs.destroy\":true,\"request-log.index\":true,\"request-log.destroy\":true,\"sale-popup.settings\":true,\"simple-slider.index\":true,\"simple-slider.create\":true,\"simple-slider.edit\":true,\"simple-slider.destroy\":true,\"simple-slider-item.index\":true,\"simple-slider-item.create\":true,\"simple-slider-item.edit\":true,\"simple-slider-item.destroy\":true,\"social-login.settings\":true,\"testimonial.index\":true,\"testimonial.create\":true,\"testimonial.edit\":true,\"testimonial.destroy\":true,\"plugins.translation\":true,\"translations.locales\":true,\"translations.theme-translations\":true,\"translations.index\":true,\"theme-translations.export\":true,\"other-translations.export\":true,\"theme-translations.import\":true,\"other-translations.import\":true,\"api.settings\":true,\"api.sanctum-token.index\":true,\"api.sanctum-token.create\":true,\"api.sanctum-token.destroy\":true}','Admin users role',1,1,1,'2026-05-28 19:07:05','2026-05-28 19:07:05');

--
-- Table structure for table `sessions`
--

CREATE TABLE `sessions` (
  `id` varchar(255) COLLATE utf8mb4_unicode_ci NOT NULL,
  `user_id` bigint unsigned DEFAULT NULL,
  `ip_address` varchar(45) COLLATE utf8mb4_unicode_ci DEFAULT NULL,
  `user_agent` text COLLATE utf8mb4_unicode_ci,
  `payload` longtext COLLATE utf8mb4_unicode_ci NOT NULL,
  `last_activity` int NOT NULL,
  PRIMARY KEY (`id`),
  KEY `sessions_user_id_index` (`user_id`),
  KEY `sessions_last_activity_index` (`last_activity`)
) ENGINE=InnoDB DEFAULT CHARSET=utf8mb4 COLLATE=utf8mb4_unicode_ci;

--
-- Dumping data for table `sessions`
--


--
-- Table structure for table `settings`
--

CREATE TABLE `settings` (
  `id` bigint unsigned NOT NULL AUTO_INCREMENT,
  `key` varchar(255) COLLATE utf8mb4_unicode_ci NOT NULL,
  `value` text COLLATE utf8mb4_unicode_ci,
  `created_at` timestamp NULL DEFAULT NULL,
  `updated_at` timestamp NULL DEFAULT NULL,
  PRIMARY KEY (`id`),
  UNIQUE KEY `settings_key_unique` (`key`)
) ENGINE=InnoDB AUTO_INCREMENT=199 DEFAULT CHARSET=utf8mb4 COLLATE=utf8mb4_unicode_ci;

--
-- Dumping data for table `settings`
--

INSERT INTO `settings` VALUES (2,'api_enabled','0',NULL,'2026-05-28 19:07:31'),(3,'activated_plugins','[\"language\",\"language-advanced\",\"ads\",\"analytics\",\"announcement\",\"audit-log\",\"backup\",\"blog\",\"captcha\",\"contact\",\"cookie-consent\",\"ecommerce\",\"faq\",\"fob-product-size-guide\",\"gallery\",\"location\",\"marketplace\",\"mollie\",\"newsletter\",\"payment\",\"paypal\",\"paypal-payout\",\"paystack\",\"razorpay\",\"request-log\",\"sale-popup\",\"shippo\",\"simple-slider\",\"social-login\",\"sslcommerz\",\"stripe\",\"stripe-connect\",\"testimonial\",\"translation\"]',NULL,'2026-05-28 19:07:31'),(8,'media_random_hash','94085cb21d80eee89c50f28a15890402',NULL,'2026-05-28 19:07:31'),(9,'theme','amerce',NULL,'2026-05-28 19:07:31'),(10,'show_admin_bar','1',NULL,'2026-05-28 19:07:31'),(11,'admin_email.0','support@amerce.test',NULL,'2026-05-28 19:07:31'),(12,'admin_logo',NULL,NULL,'2026-05-28 19:07:31'),(13,'admin_favicon',NULL,NULL,'2026-05-28 19:07:31'),(14,'admin_title','Amerce',NULL,'2026-05-28 19:07:31'),(15,'enable_change_admin_theme','1',NULL,'2026-05-28 19:07:31'),(16,'language_hide_default','1',NULL,'2026-05-28 19:07:31'),(17,'language_switcher_display','dropdown',NULL,'2026-05-28 19:07:31'),(18,'language_display','all',NULL,'2026-05-28 19:07:31'),(19,'language_hide_languages','[]',NULL,'2026-05-28 19:07:31'),(20,'locale','en',NULL,'2026-05-28 19:07:31'),(21,'locale_direction','ltr',NULL,'2026-05-28 19:07:31'),(22,'enable_send_error_reporting_via_email','0',NULL,'2026-05-28 19:07:31'),(23,'enable_https','0',NULL,'2026-05-28 19:07:31'),(24,'enable_cache','0',NULL,'2026-05-28 19:07:31'),(25,'cache_admin_menu_enable','1',NULL,'2026-05-28 19:07:31'),(26,'cache_time_site_map','3600',NULL,'2026-05-28 19:07:31'),(27,'enable_send_mail_when_new_user_registered','0',NULL,'2026-05-28 19:07:31'),(28,'enable_send_mail_user_registered_to_admin','0',NULL,'2026-05-28 19:07:31'),(29,'enable_change_password','1',NULL,'2026-05-28 19:07:31'),(30,'enable_register','1',NULL,'2026-05-28 19:07:31'),(31,'enable_recaptcha','0',NULL,'2026-05-28 19:07:31'),(32,'enable_captcha','0',NULL,'2026-05-28 19:07:31'),(33,'show_site_name_when_logged_in','1',NULL,'2026-05-28 19:07:31'),(34,'time_zone','UTC',NULL,'2026-05-28 19:07:31'),(35,'enable_multi_language_in_admin','0',NULL,'2026-05-28 19:07:31'),(36,'media_chunk_enabled','0',NULL,'2026-05-28 19:07:31'),(37,'media_chunk_size','1048576',NULL,'2026-05-28 19:07:31'),(38,'media_max_upload_filesize',NULL,NULL,'2026-05-28 19:07:31'),(39,'media_aws_use_signed_urls','0',NULL,'2026-05-28 19:07:31'),(40,'media_aws_signed_url_expiry','60',NULL,'2026-05-28 19:07:31'),(41,'enable_geo_ip','0',NULL,'2026-05-28 19:07:31'),(42,'enable_audit_log','1',NULL,'2026-05-28 19:07:31'),(43,'payment_cod_status','1',NULL,'2026-05-28 19:07:31'),(44,'payment_bank_transfer_status','1',NULL,'2026-05-28 19:07:31'),(45,'payment_cod_description','Please pay money directly to the postman, if you choose cash on delivery method (COD).',NULL,'2026-05-28 19:07:31'),(46,'payment_bank_transfer_description','Please send money to our bank account: AMERCE - 0123 4567 8901.',NULL,'2026-05-28 19:07:31'),(47,'payment_stripe_payment_type','stripe_checkout',NULL,'2026-05-28 19:07:31'),(48,'plugins_ecommerce_customer_new_order_status','0',NULL,'2026-05-28 19:07:31'),(49,'plugins_ecommerce_admin_new_order_status','0',NULL,'2026-05-28 19:07:31'),(50,'ecommerce_is_enabled_support_digital_products','1',NULL,'2026-05-28 19:07:31'),(51,'ecommerce_enable_license_codes_for_digital_products','1',NULL,'2026-05-28 19:07:31'),(52,'ecommerce_auto_complete_digital_orders_after_payment','1',NULL,'2026-05-28 19:07:31'),(53,'ecommerce_load_countries_states_cities_from_location_plugin','0',NULL,'2026-05-28 19:07:31'),(54,'ecommerce_product_sku_format','AM-%s%s%s%s',NULL,'2026-05-28 19:07:31'),(55,'ecommerce_store_order_prefix','AM',NULL,'2026-05-28 19:07:31'),(56,'ecommerce_enable_product_specification','1',NULL,'2026-05-28 19:07:31'),(57,'payment_bank_transfer_display_bank_info_at_the_checkout_success_page','1',NULL,'2026-05-28 19:07:31'),(58,'payment_cod_logo','payments/cod.png',NULL,'2026-05-28 19:07:31'),(59,'payment_bank_transfer_logo','payments/bank-transfer.png',NULL,'2026-05-28 19:07:31'),(60,'payment_stripe_logo','payments/stripe.webp',NULL,'2026-05-28 19:07:31'),(61,'payment_paypal_logo','payments/paypal.png',NULL,'2026-05-28 19:07:31'),(62,'payment_mollie_logo','payments/mollie.png',NULL,'2026-05-28 19:07:31'),(63,'payment_paystack_logo','payments/paystack.png',NULL,'2026-05-28 19:07:31'),(64,'payment_razorpay_logo','payments/razorpay.png',NULL,'2026-05-28 19:07:31'),(65,'payment_sslcommerz_logo','payments/sslcommerz.png',NULL,'2026-05-28 19:07:31'),(66,'product_size_guide_display_mode','popup',NULL,'2026-05-28 19:07:31'),(67,'show_on_front','12',NULL,'2026-05-28 19:07:31'),(68,'blog_page_id','9',NULL,'2026-05-28 19:07:31'),(69,'theme-amerce-homepage_id','12',NULL,'2026-05-28 19:07:31'),(70,'theme-amerce-blog_page_id','9',NULL,'2026-05-28 19:07:31'),(71,'theme-amerce-logo','general/logo.png',NULL,'2026-05-28 19:07:31'),(72,'theme-amerce-logo_dark','general/logo-white.png',NULL,'2026-05-28 19:07:31'),(73,'theme-amerce-logo_text','Amerce',NULL,'2026-05-28 19:07:31'),(74,'theme-amerce-favicon','general/favicon.png',NULL,'2026-05-28 19:07:31'),(75,'theme-amerce-default_theme_mode','light',NULL,'2026-05-28 19:07:31'),(76,'theme-amerce-header_style','style-7',NULL,'2026-05-28 19:07:31'),(77,'theme-amerce-show_topbar','1',NULL,'2026-05-28 19:07:31'),(78,'theme-amerce-contact_phone','(+01) 1234 8888',NULL,'2026-05-28 19:07:31'),(79,'theme-amerce-topbar_slides','',NULL,'2026-05-28 19:07:31'),(80,'theme-amerce-sticky_header','1',NULL,'2026-05-28 19:07:31'),(81,'theme-amerce-header_transparent_on_homepage','0',NULL,'2026-05-28 19:07:31'),(82,'theme-amerce-header_top_background_color','#010F1C',NULL,'2026-05-28 19:07:31'),(83,'theme-amerce-header_top_text_color','#FFFFFF',NULL,'2026-05-28 19:07:31'),(84,'theme-amerce-header_main_background_color','#FFFFFF',NULL,'2026-05-28 19:07:31'),(85,'theme-amerce-header_main_text_color','#1E1E1E',NULL,'2026-05-28 19:07:31'),(86,'theme-amerce-primary_color','#DC4646',NULL,'2026-05-28 19:07:31'),(87,'theme-amerce-secondary_color','#1E1E1E',NULL,'2026-05-28 19:07:31'),(88,'theme-amerce-heading_color','#101010',NULL,'2026-05-28 19:07:31'),(89,'theme-amerce-body_text_color','#696E73',NULL,'2026-05-28 19:07:31'),(90,'theme-amerce-link_color','#DC4646',NULL,'2026-05-28 19:07:31'),(91,'theme-amerce-link_hover_color','#B83838',NULL,'2026-05-28 19:07:31'),(92,'theme-amerce-border_color','#E9E9E9',NULL,'2026-05-28 19:07:31'),(93,'theme-amerce-success_color','#3DAB25',NULL,'2026-05-28 19:07:31'),(94,'theme-amerce-danger_color','#F03E3E',NULL,'2026-05-28 19:07:31'),(95,'theme-amerce-footer_style','style-2',NULL,'2026-05-28 19:07:31'),(96,'theme-amerce-footer_payment_icons','payment/visa.png,payment/master-card.png,payment/amex.png,payment/paypal.png,payment/water.png,payment/discover.png',NULL,'2026-05-28 19:07:31'),(97,'theme-amerce-footer_address','600 N Michigan Ave, Chicago, IL 60611, USA',NULL,'2026-05-28 19:07:31'),(98,'theme-amerce-footer_email','hi.amere@gmail.com',NULL,'2026-05-28 19:07:31'),(99,'theme-amerce-footer_phone','315-666-6688',NULL,'2026-05-28 19:07:31'),(100,'theme-amerce-facebook_url','https://facebook.com',NULL,'2026-05-28 19:07:31'),(101,'theme-amerce-twitter_url','https://x.com',NULL,'2026-05-28 19:07:31'),(102,'theme-amerce-instagram_url','https://instagram.com',NULL,'2026-05-28 19:07:31'),(103,'theme-amerce-tiktok_url','https://tiktok.com',NULL,'2026-05-28 19:07:31'),(104,'theme-amerce-snapchat_url','https://snapchat.com',NULL,'2026-05-28 19:07:31'),(105,'theme-amerce-product_card_default_style','style-1',NULL,'2026-05-28 19:07:31'),(106,'theme-amerce-product_card_hover_style','hover-01',NULL,'2026-05-28 19:07:31'),(107,'theme-amerce-product_card_show_color_swatches','1',NULL,'2026-05-28 19:07:31'),(108,'theme-amerce-default_filter_position','sidebar',NULL,'2026-05-28 19:07:31'),(109,'theme-amerce-default_pagination_style','numbered',NULL,'2026-05-28 19:07:31'),(110,'theme-amerce-ecommerce_product_item_layout','grid',NULL,'2026-05-28 19:07:31'),(111,'theme-amerce-ecommerce_products_per_row','4',NULL,'2026-05-28 19:07:31'),(112,'theme-amerce-ecommerce_products_per_row_tablet','3',NULL,'2026-05-28 19:07:31'),(113,'theme-amerce-ecommerce_products_per_row_mobile','2',NULL,'2026-05-28 19:07:31'),(114,'theme-amerce-enable_quick_view','1',NULL,'2026-05-28 19:07:31'),(115,'theme-amerce-enable_quick_shop','1',NULL,'2026-05-28 19:07:31'),(116,'theme-amerce-preloader_enabled','1',NULL,'2026-05-28 19:07:31'),(117,'theme-amerce-scroll_to_top_enabled','1',NULL,'2026-05-28 19:07:31'),(118,'theme-amerce-homepage_body_class','home-mental',NULL,'2026-05-28 19:07:31'),(119,'theme-amerce-site_title','Amerce',NULL,'2026-05-28 19:07:31'),(120,'theme-amerce-seo_title','Amerce — Multi-Purpose eCommerce Theme',NULL,'2026-05-28 19:07:31'),(121,'theme-amerce-seo_description','Amerce is a multi-purpose eCommerce and marketplace theme for Botble CMS — 21 niche presets, sustainable shopping, and fast checkout.',NULL,'2026-05-28 19:07:31'),(122,'theme-amerce-copyright','©2026 Amerce. All Rights Reserved.',NULL,'2026-05-28 19:07:31'),(123,'theme-amerce-newsletter_popup_enable','1',NULL,'2026-05-28 19:07:31'),(124,'theme-amerce-newsletter_popup_image','section/banner-newsletter.jpg',NULL,'2026-05-28 19:07:31'),(125,'theme-amerce-newsletter_popup_subtitle','Subscribe & Enjoy',NULL,'2026-05-28 19:07:31'),(126,'theme-amerce-newsletter_popup_title','10% OFF',NULL,'2026-05-28 19:07:31'),(127,'theme-amerce-newsletter_popup_description','Join our email list & be first to Receive 10% OFF your next order, exclusive offers & more!',NULL,'2026-05-28 19:07:31'),(128,'theme-amerce-newsletter_popup_delay','5',NULL,'2026-05-28 19:07:31'),(129,'theme-amerce-newsletter_popup_display_pages','[\"public.index\"]',NULL,'2026-05-28 19:07:31'),(130,'theme-amerce-store_phone','+1 666 234 8888',NULL,'2026-05-28 19:07:31'),(131,'theme-amerce-store_email','hi.amere@gmail.com',NULL,'2026-05-28 19:07:31'),(132,'theme-amerce-store_address','2163 Phillips Gap Rd, West Jefferson, North Carolina, United States',NULL,'2026-05-28 19:07:31'),(133,'theme-amerce-store_business_hours_weekday','Mon - Sat: 7:30am - 8:00pm PST',NULL,'2026-05-28 19:07:31'),(134,'theme-amerce-store_business_hours_weekend','Sunday: 9:00am - 5:00pm PST',NULL,'2026-05-28 19:07:31'),(135,'theme-amerce-store_map_address','2163 Phillips Gap Rd, West Jefferson, NC',NULL,'2026-05-28 19:07:31'),(136,'theme-amerce-store_locations','[{\"name\":\"New York Office\",\"image\":\"section\\/store-1.jpg\",\"address\":\"900 Ocean Dr, Miami Beach, FL 33139, US\",\"phone\":\"+1 305 555 2468\",\"email\":\"hi.amerce@gmail.com\"},{\"name\":\"Los Angeles Store\",\"image\":\"section\\/store-2.jpg\",\"address\":\"8723 Melrose Avenue, CA 90069, USA\",\"phone\":\"+1 305 555 2468\",\"email\":\"hi.amerce@gmail.com\"},{\"name\":\"Chicago Boutique\",\"image\":\"section\\/store-3.jpg\",\"address\":\"415 North Clark Street, Chicago, IL 60654, USA\",\"phone\":\"+1 305 555 2468\",\"email\":\"hi.amerce@gmail.com\"},{\"name\":\"Miami Showroom\",\"image\":\"section\\/store-4.jpg\",\"address\":\"1101 Brickell Avenue, Miami, FL 33131, USA\",\"phone\":\"+1 305 555 2468\",\"email\":\"hi.amerce@gmail.com\"},{\"name\":\"London Flagship Store\",\"image\":\"section\\/store-5.jpg\",\"address\":\"152 Regent Street, London W1B 5TF, UK\",\"phone\":\"+44 20 555 2468\",\"email\":\"hi.amerce@gmail.com\"},{\"name\":\"Paris Atelier\",\"image\":\"section\\/store-6.jpg\",\"address\":\"18 Rue du Faubourg Saint-Honor\\u00e9, Paris, France\",\"phone\":\"+33 1 555 2468\",\"email\":\"hi.amerce@gmail.com\"}]',NULL,'2026-05-28 19:07:31'),(137,'theme-amerce-header_category_modifier','',NULL,'2026-05-28 19:07:31'),(138,'theme-amerce-topbar_style','style-2',NULL,'2026-05-28 19:07:31'),(139,'theme-amerce-topbar_bg_class','',NULL,'2026-05-28 19:07:31'),(140,'theme-amerce-hotline','(+01) 1234 8888',NULL,'2026-05-28 19:07:31'),(141,'theme-amerce-our_store_url','/our-stores',NULL,'2026-05-28 19:07:31'),(142,'theme-amerce-contact_url','/contact',NULL,'2026-05-28 19:07:31'),(143,'theme-amerce-footer_wrapper_override','footer-s2 bg-dark',NULL,'2026-05-28 19:07:31'),(144,'theme-amerce-header_account_label','Login/Register',NULL,'2026-05-28 19:07:31'),(145,'theme-amerce-header_bottom_offer_text','Special Offers!',NULL,'2026-05-28 19:07:31'),(146,'theme-amerce-header_bottom_offer_url','/products',NULL,'2026-05-28 19:07:31'),(147,'theme-amerce-vi-topbar_text','Miễn phí vận chuyển cho đơn hàng trên 99$',NULL,'2026-05-28 19:07:31'),(148,'theme-amerce-vi-site_title','Amerce',NULL,'2026-05-28 19:07:31'),(149,'theme-amerce-vi-seo_title','Amerce — Theme Thương mại điện tử Đa năng',NULL,'2026-05-28 19:07:31'),(150,'theme-amerce-vi-seo_description','Amerce là theme thương mại điện tử và marketplace đa năng dành cho Botble CMS — 21 preset theo từng ngách, mua sắm bền vững và thanh toán nhanh.',NULL,'2026-05-28 19:07:31'),(151,'theme-amerce-vi-copyright','© 2026 Amerce. Bảo lưu mọi quyền.',NULL,'2026-05-28 19:07:31'),(152,'theme-amerce-vi-header_account_label','Đăng nhập/Đăng ký',NULL,'2026-05-28 19:07:31'),(153,'theme-amerce-vi-header_bottom_offer_text','Ưu Đãi Đặc Biệt!',NULL,'2026-05-28 19:07:31'),(154,'theme-amerce-vi-footer_marquee_text','AMERCE THƯƠNG MẠI ĐIỆN TỬ ĐA NĂNG',NULL,'2026-05-28 19:07:31'),(155,'theme-amerce-vi-header_announcement_slides','Khuyến Mãi Giữa Mùa: Giảm 20% - Tự Động Áp Dụng Khi Thanh Toán - Số Lượng Có Hạn\nGiảm 20% - Tự Động Áp Dụng Khi Thanh Toán - Số Lượng Có Hạn',NULL,'2026-05-28 19:07:31'),(156,'theme-amerce-vi-topbar_slides','Khuyến Mãi Giữa Mùa: Giảm 20% - Tự Động Áp Dụng Khi Thanh Toán - Chỉ Trong Thời Gian Giới Hạn\nGiảm 20% - Tự Động Áp Dụng Khi Thanh Toán - Chỉ Trong Thời Gian Giới Hạn',NULL,'2026-05-28 19:07:31'),(157,'theme-amerce-ar-topbar_text','شحن مجاني للطلبات التي تزيد عن 99 دولارًا',NULL,'2026-05-28 19:07:31'),(158,'theme-amerce-ar-site_title','أميرس',NULL,'2026-05-28 19:07:31'),(159,'theme-amerce-ar-seo_title','Amerce — موضوع التجارة الإلكترونية متعدد الأغراض',NULL,'2026-05-28 19:07:31'),(160,'theme-amerce-ar-seo_description','Amerce هو موضوع متعدد الأغراض للتجارة الإلكترونية والسوق لـ Botble CMS - 21 إعدادًا مسبقًا متخصصًا وتسوقًا مستدامًا وسداد سريع.',NULL,'2026-05-28 19:07:31'),(161,'theme-amerce-ar-copyright','© 2026 أمريكا. جميع الحقوق محفوظة.',NULL,'2026-05-28 19:07:31'),(162,'theme-amerce-ar-header_account_label','تسجيل الدخول / التسجيل',NULL,'2026-05-28 19:07:31'),(163,'theme-amerce-ar-header_bottom_offer_text','عرض خاص!',NULL,'2026-05-28 19:07:31'),(164,'theme-amerce-ar-footer_marquee_text','AMERCE التجارة الإلكترونية متعددة الوظائف',NULL,'2026-05-28 19:07:31'),(165,'theme-amerce-ar-header_announcement_slides','عرض منتصف الموسم: خصم 20% - يتم تطبيقه تلقائيًا عند الدفع - الكمية محدودة\nخصم 20% - يتم تطبيقه تلقائيًا عند الدفع - الكمية محدودة',NULL,'2026-05-28 19:07:31'),(166,'theme-amerce-ar-topbar_slides','عرض منتصف الموسم: خصم 20% - يُطبق تلقائيًا عند الدفع - لفترة محدودة فقط\nخصم 20% - يُطبق تلقائيًا عند الدفع - لفترة محدودة فقط',NULL,'2026-05-28 19:07:31'),(167,'theme-amerce-fr-topbar_text','Livraison gratuite pour les commandes de plus de 99 $',NULL,'2026-05-28 19:07:31'),(168,'theme-amerce-fr-site_title','Amérique',NULL,'2026-05-28 19:07:31'),(169,'theme-amerce-fr-seo_title','Amerce — Thème de commerce électronique polyvalent',NULL,'2026-05-28 19:07:31'),(170,'theme-amerce-fr-seo_description','Amerce est un thème polyvalent de commerce électronique et de marché pour Botble CMS : 21 préréglages de niche, achats durables et paiement rapide.',NULL,'2026-05-28 19:07:31'),(171,'theme-amerce-fr-copyright','© 2026 Amérique. Tous droits réservés.',NULL,'2026-05-28 19:07:31'),(172,'theme-amerce-fr-header_account_label','Connexion/Inscription',NULL,'2026-05-28 19:07:31'),(173,'theme-amerce-fr-header_bottom_offer_text','Offre spéciale!',NULL,'2026-05-28 19:07:31'),(174,'theme-amerce-fr-footer_marquee_text','COMMERCE ÉLECTRONIQUE MULTIFONCTIONNEL AMERCE',NULL,'2026-05-28 19:07:31'),(175,'theme-amerce-fr-header_announcement_slides','Promotion mi-saison : 20 % de réduction - Appliquée automatiquement à la caisse - Quantité limitée\n20 % de réduction - Appliqué automatiquement à la caisse - Quantité limitée',NULL,'2026-05-28 19:07:31'),(176,'theme-amerce-fr-topbar_slides','Promotion de mi-saison : 20 % de réduction - Appliquée automatiquement à la caisse - Durée limitée seulement\n20 % de réduction - Appliqué automatiquement à la caisse - Durée limitée uniquement',NULL,'2026-05-28 19:07:31'),(177,'theme-amerce-id-topbar_text','Pengiriman gratis untuk pesanan di atas $99',NULL,'2026-05-28 19:07:31'),(178,'theme-amerce-id-site_title','Mendenda',NULL,'2026-05-28 19:07:31'),(179,'theme-amerce-id-seo_title','Amerce — Tema eCommerce Serbaguna',NULL,'2026-05-28 19:07:31'),(180,'theme-amerce-id-seo_description','Amerce adalah tema e-niaga dan pasar multiguna untuk Botble CMS — 21 preset khusus, belanja berkelanjutan, dan pembayaran cepat.',NULL,'2026-05-28 19:07:31'),(181,'theme-amerce-id-copyright','© 2026 Amerika. Semua hak dilindungi undang-undang.',NULL,'2026-05-28 19:07:31'),(182,'theme-amerce-id-header_account_label','Masuk/Daftar',NULL,'2026-05-28 19:07:31'),(183,'theme-amerce-id-header_bottom_offer_text','Penawaran khusus!',NULL,'2026-05-28 19:07:31'),(184,'theme-amerce-id-footer_marquee_text','E-COMMERCE MULTI-FUNGSIONAL AMERCE',NULL,'2026-05-28 19:07:31'),(185,'theme-amerce-id-header_announcement_slides','Promosi Pertengahan Musim: Diskon 20% - Otomatis diterapkan saat checkout - Jumlah terbatas\nDiskon 20% - Diterapkan Secara Otomatis Saat Checkout - Jumlah Terbatas',NULL,'2026-05-28 19:07:31'),(186,'theme-amerce-id-topbar_slides','Promosi Pertengahan Musim: Diskon 20% - Berlaku Otomatis saat Checkout - Hanya Waktu Terbatas\nDiskon 20% - Berlaku Otomatis saat Checkout - Hanya Waktu Terbatas',NULL,'2026-05-28 19:07:31'),(187,'theme-amerce-tr-topbar_text','99$ üzeri siparişlerde ücretsiz gönderim',NULL,'2026-05-28 19:07:31'),(188,'theme-amerce-tr-site_title','Amerce',NULL,'2026-05-28 19:07:31'),(189,'theme-amerce-tr-seo_title','Amerce — Çok Amaçlı e-Ticaret Teması',NULL,'2026-05-28 19:07:31'),(190,'theme-amerce-tr-seo_description','Amerce, Botble CMS için çok amaçlı bir e-ticaret ve pazar yeri temasıdır - 21 niş ön ayar, sürdürülebilir alışveriş ve hızlı ödeme.',NULL,'2026-05-28 19:07:31'),(191,'theme-amerce-tr-copyright','© 2026 Amerika. Her hakkı saklıdır.',NULL,'2026-05-28 19:07:31'),(192,'theme-amerce-tr-header_account_label','Giriş yap/Kayıt ol',NULL,'2026-05-28 19:07:31'),(193,'theme-amerce-tr-header_bottom_offer_text','Özel Teklif!',NULL,'2026-05-28 19:07:31'),(194,'theme-amerce-tr-footer_marquee_text','AMERCE ÇOK FONKSİYONLU E-TİCARET',NULL,'2026-05-28 19:07:31'),(195,'theme-amerce-tr-header_announcement_slides','Sezon Ortası Promosyonu: %20 indirim - Ödeme sırasında otomatik olarak uygulanır - Sınırlı miktar\n%20 İndirim - Ödeme Sırasında Otomatik Olarak Uygulanır - Sınırlı Adet',NULL,'2026-05-28 19:07:31'),(196,'theme-amerce-tr-topbar_slides','Sezon Ortası Promosyonu: %20 İndirim - Ödeme Sırasında Otomatik Olarak Uygulanır - Yalnızca Sınırlı Süre için\n%20 İndirim - Ödeme Sırasında Otomatik Olarak Uygulanır - Yalnızca Sınırlı Süre için',NULL,'2026-05-28 19:07:31'),(197,'media_sizes_hero-sm_height','0',NULL,'2026-05-28 19:07:31'),(198,'media_sizes_hero-md_height','0',NULL,NULL);

--
-- Table structure for table `simple_slider_items`
--

CREATE TABLE `simple_slider_items` (
  `id` bigint unsigned NOT NULL AUTO_INCREMENT,
  `simple_slider_id` bigint unsigned NOT NULL,
  `title` varchar(255) COLLATE utf8mb4_unicode_ci DEFAULT NULL,
  `image` varchar(255) COLLATE utf8mb4_unicode_ci NOT NULL,
  `link` varchar(255) COLLATE utf8mb4_unicode_ci DEFAULT NULL,
  `description` text COLLATE utf8mb4_unicode_ci,
  `order` int unsigned NOT NULL DEFAULT '0',
  `status` varchar(60) COLLATE utf8mb4_unicode_ci NOT NULL DEFAULT 'published',
  `created_at` timestamp NULL DEFAULT NULL,
  `updated_at` timestamp NULL DEFAULT NULL,
  PRIMARY KEY (`id`)
) ENGINE=InnoDB AUTO_INCREMENT=4 DEFAULT CHARSET=utf8mb4 COLLATE=utf8mb4_unicode_ci;

--
-- Dumping data for table `simple_slider_items`
--

INSERT INTO `simple_slider_items` VALUES (1,1,'Nourish Your Body &amp;\nElevate Your Mind','slider/slider-4.jpg','/products','Discover wellness essentials packed with vitamins and nutrients to keep your body balanced and energy high every day.',0,'published','2026-05-28 19:07:07','2026-05-28 19:07:07'),(2,1,'Track Your Vital Health\nwith Smart Devices','slider/slider-5.jpg','/products','Discover easy-to-use tools that help you monitor health data, stay consistent, and build a stronger daily routine.',1,'published','2026-05-28 19:07:07','2026-05-28 19:07:07'),(3,1,'Expert Advice to\nBalance Body &amp; Mind','slider/slider-6.jpg','/products','Get personalized guidance that helps you stay mindful, feel lighter, and achieve a healthier everyday life.',2,'published','2026-05-28 19:07:07','2026-05-28 19:07:07');

--
-- Table structure for table `simple_sliders`
--

CREATE TABLE `simple_sliders` (
  `id` bigint unsigned NOT NULL AUTO_INCREMENT,
  `name` varchar(120) COLLATE utf8mb4_unicode_ci NOT NULL,
  `key` varchar(120) COLLATE utf8mb4_unicode_ci NOT NULL,
  `description` varchar(400) COLLATE utf8mb4_unicode_ci DEFAULT NULL,
  `status` varchar(60) COLLATE utf8mb4_unicode_ci NOT NULL DEFAULT 'published',
  `created_at` timestamp NULL DEFAULT NULL,
  `updated_at` timestamp NULL DEFAULT NULL,
  PRIMARY KEY (`id`)
) ENGINE=InnoDB AUTO_INCREMENT=2 DEFAULT CHARSET=utf8mb4 COLLATE=utf8mb4_unicode_ci;

--
-- Dumping data for table `simple_sliders`
--

INSERT INTO `simple_sliders` VALUES (1,'Homepage Hero','home-hero','Hero slider for the home-mental wellness preset.','published','2026-05-28 19:07:07','2026-05-28 19:07:07');

--
-- Table structure for table `slugs`
--

CREATE TABLE `slugs` (
  `id` bigint unsigned NOT NULL AUTO_INCREMENT,
  `key` varchar(255) COLLATE utf8mb4_unicode_ci NOT NULL,
  `reference_id` bigint unsigned NOT NULL,
  `reference_type` varchar(255) COLLATE utf8mb4_unicode_ci NOT NULL,
  `prefix` varchar(120) COLLATE utf8mb4_unicode_ci DEFAULT '',
  `created_at` timestamp NULL DEFAULT NULL,
  `updated_at` timestamp NULL DEFAULT NULL,
  PRIMARY KEY (`id`),
  KEY `slugs_reference_id_index` (`reference_id`),
  KEY `slugs_key_index` (`key`),
  KEY `slugs_prefix_index` (`prefix`),
  KEY `slugs_reference_index` (`reference_id`,`reference_type`),
  KEY `idx_key_prefix` (`key`,`prefix`),
  KEY `idx_slugs_reference` (`reference_type`,`reference_id`)
) ENGINE=InnoDB AUTO_INCREMENT=118 DEFAULT CHARSET=utf8mb4 COLLATE=utf8mb4_unicode_ci;

--
-- Dumping data for table `slugs`
--

INSERT INTO `slugs` VALUES (1,'trends',1,'Botble\\Blog\\Models\\Tag','tag','2026-05-28 19:07:05','2026-05-28 19:07:05'),(2,'styling-tips',2,'Botble\\Blog\\Models\\Tag','tag','2026-05-28 19:07:05','2026-05-28 19:07:05'),(3,'sustainable',3,'Botble\\Blog\\Models\\Tag','tag','2026-05-28 19:07:05','2026-05-28 19:07:05'),(4,'new-arrivals',4,'Botble\\Blog\\Models\\Tag','tag','2026-05-28 19:07:05','2026-05-28 19:07:05'),(5,'limited-edition',5,'Botble\\Blog\\Models\\Tag','tag','2026-05-28 19:07:05','2026-05-28 19:07:05'),(6,'behind-the-scenes',6,'Botble\\Blog\\Models\\Tag','tag','2026-05-28 19:07:05','2026-05-28 19:07:05'),(7,'buyer-guide',7,'Botble\\Blog\\Models\\Tag','tag','2026-05-28 19:07:05','2026-05-28 19:07:05'),(8,'care-tips',8,'Botble\\Blog\\Models\\Tag','tag','2026-05-28 19:07:05','2026-05-28 19:07:05'),(9,'capsule-wardrobe',9,'Botble\\Blog\\Models\\Tag','tag','2026-05-28 19:07:05','2026-05-28 19:07:05'),(10,'material-stories',10,'Botble\\Blog\\Models\\Tag','tag','2026-05-28 19:07:05','2026-05-28 19:07:05'),(11,'holiday-gifting',11,'Botble\\Blog\\Models\\Tag','tag','2026-05-28 19:07:05','2026-05-28 19:07:05'),(12,'editor-picks',12,'Botble\\Blog\\Models\\Tag','tag','2026-05-28 19:07:05','2026-05-28 19:07:05'),(13,'mindful-living',1,'Botble\\Blog\\Models\\Category','','2026-05-28 19:07:07','2026-05-28 19:07:07'),(14,'sleep-recovery',2,'Botble\\Blog\\Models\\Category','','2026-05-28 19:07:07','2026-05-28 19:07:07'),(15,'nutrition-supplements',3,'Botble\\Blog\\Models\\Category','','2026-05-28 19:07:07','2026-05-28 19:07:07'),(16,'movement-breath',4,'Botble\\Blog\\Models\\Category','','2026-05-28 19:07:07','2026-05-28 19:07:07'),(17,'stress-management',5,'Botble\\Blog\\Models\\Category','','2026-05-28 19:07:07','2026-05-28 19:07:07'),(18,'daily-rituals-that-calm-an-anxious-mind',1,'Botble\\Blog\\Models\\Post','','2026-05-28 19:07:07','2026-05-28 19:07:07'),(19,'the-quiet-power-of-adaptogens',2,'Botble\\Blog\\Models\\Post','','2026-05-28 19:07:08','2026-05-28 19:07:08'),(20,'gentle-mornings-building-a-wake-up-routine-that-sticks',3,'Botble\\Blog\\Models\\Post','','2026-05-28 19:07:08','2026-05-28 19:07:08'),(21,'why-your-sleep-score-lies-and-what-to-trust-instead',4,'Botble\\Blog\\Models\\Post','','2026-05-28 19:07:08','2026-05-28 19:07:08'),(22,'magnesium-glycinate-vs-citrate-a-practical-guide',5,'Botble\\Blog\\Models\\Post','','2026-05-28 19:07:08','2026-05-28 19:07:08'),(23,'box-breathing-the-calm-down-tool-that-actually-works',6,'Botble\\Blog\\Models\\Post','','2026-05-28 19:07:08','2026-05-28 19:07:08'),(24,'relaxation',1,'Botble\\Ecommerce\\Models\\ProductCategory','product-categories','2026-05-28 19:07:08','2026-05-28 19:07:08'),(25,'sleep-recovery',2,'Botble\\Ecommerce\\Models\\ProductCategory','product-categories','2026-05-28 19:07:08','2026-05-28 19:07:08'),(26,'guided-meditation',3,'Botble\\Ecommerce\\Models\\ProductCategory','product-categories','2026-05-28 19:07:08','2026-05-28 19:07:08'),(27,'deep-breathing',4,'Botble\\Ecommerce\\Models\\ProductCategory','product-categories','2026-05-28 19:07:08','2026-05-28 19:07:08'),(28,'progressive-relaxation',5,'Botble\\Ecommerce\\Models\\ProductCategory','product-categories','2026-05-28 19:07:08','2026-05-28 19:07:08'),(29,'calming-sounds',6,'Botble\\Ecommerce\\Models\\ProductCategory','product-categories','2026-05-28 19:07:08','2026-05-28 19:07:08'),(30,'stress-management-tools',7,'Botble\\Ecommerce\\Models\\ProductCategory','product-categories','2026-05-28 19:07:08','2026-05-28 19:07:08'),(31,'daily-stress-log',8,'Botble\\Ecommerce\\Models\\ProductCategory','product-categories','2026-05-28 19:07:08','2026-05-28 19:07:08'),(32,'mood-tracker',9,'Botble\\Ecommerce\\Models\\ProductCategory','product-categories','2026-05-28 19:07:08','2026-05-28 19:07:08'),(33,'stress-level-quiz',10,'Botble\\Ecommerce\\Models\\ProductCategory','product-categories','2026-05-28 19:07:08','2026-05-28 19:07:08'),(34,'emotional-support-tips',11,'Botble\\Ecommerce\\Models\\ProductCategory','product-categories','2026-05-28 19:07:08','2026-05-28 19:07:08'),(35,'coping-methods',12,'Botble\\Ecommerce\\Models\\ProductCategory','product-categories','2026-05-28 19:07:08','2026-05-28 19:07:08'),(36,'emotional-awareness',13,'Botble\\Ecommerce\\Models\\ProductCategory','product-categories','2026-05-28 19:07:08','2026-05-28 19:07:08'),(37,'reset-routines',14,'Botble\\Ecommerce\\Models\\ProductCategory','product-categories','2026-05-28 19:07:08','2026-05-28 19:07:08'),(38,'grounding-practices',15,'Botble\\Ecommerce\\Models\\ProductCategory','product-categories','2026-05-28 19:07:08','2026-05-28 19:07:08'),(39,'supplements',16,'Botble\\Ecommerce\\Models\\ProductCategory','product-categories','2026-05-28 19:07:09','2026-05-28 19:07:09'),(40,'natural-remedies',17,'Botble\\Ecommerce\\Models\\ProductCategory','product-categories','2026-05-28 19:07:09','2026-05-28 19:07:09'),(41,'herbal-teas',18,'Botble\\Ecommerce\\Models\\ProductCategory','product-categories','2026-05-28 19:07:09','2026-05-28 19:07:09'),(42,'aromatherapy-oils',19,'Botble\\Ecommerce\\Models\\ProductCategory','product-categories','2026-05-28 19:07:09','2026-05-28 19:07:09'),(43,'calming-supplements',20,'Botble\\Ecommerce\\Models\\ProductCategory','product-categories','2026-05-28 19:07:09','2026-05-28 19:07:09'),(44,'sleep-friendly-herbs',21,'Botble\\Ecommerce\\Models\\ProductCategory','product-categories','2026-05-28 19:07:09','2026-05-28 19:07:09'),(45,'lifestyle-adjustments',22,'Botble\\Ecommerce\\Models\\ProductCategory','product-categories','2026-05-28 19:07:09','2026-05-28 19:07:09'),(46,'sleep-hygiene',23,'Botble\\Ecommerce\\Models\\ProductCategory','product-categories','2026-05-28 19:07:09','2026-05-28 19:07:09'),(47,'workload-balancing',24,'Botble\\Ecommerce\\Models\\ProductCategory','product-categories','2026-05-28 19:07:09','2026-05-28 19:07:09'),(48,'break-scheduling',25,'Botble\\Ecommerce\\Models\\ProductCategory','product-categories','2026-05-28 19:07:09','2026-05-28 19:07:09'),(49,'digital-detox',26,'Botble\\Ecommerce\\Models\\ProductCategory','product-categories','2026-05-28 19:07:09','2026-05-28 19:07:09'),(50,'health-devices',27,'Botble\\Ecommerce\\Models\\ProductCategory','product-categories','2026-05-28 19:07:09','2026-05-28 19:07:09'),(51,'body-care',28,'Botble\\Ecommerce\\Models\\ProductCategory','product-categories','2026-05-28 19:07:09','2026-05-28 19:07:09'),(52,'mind-balance',29,'Botble\\Ecommerce\\Models\\ProductCategory','product-categories','2026-05-28 19:07:10','2026-05-28 19:07:10'),(53,'daily-greens-powder',1,'Botble\\Ecommerce\\Models\\Product','products','2026-05-28 19:07:12','2026-05-28 19:07:12'),(54,'calm-mind-adaptogen-capsules',2,'Botble\\Ecommerce\\Models\\Product','products','2026-05-28 19:07:12','2026-05-28 19:07:12'),(55,'sleep-restore-magnesium-drink',3,'Botble\\Ecommerce\\Models\\Product','products','2026-05-28 19:07:12','2026-05-28 19:07:12'),(56,'aromatherapy-diffuser',4,'Botble\\Ecommerce\\Models\\Product','products','2026-05-28 19:07:12','2026-05-28 19:07:12'),(57,'mood-support-mushroom-blend',5,'Botble\\Ecommerce\\Models\\Product','products','2026-05-28 19:07:12','2026-05-28 19:07:12'),(58,'botanical-body-oil',6,'Botble\\Ecommerce\\Models\\Product','products','2026-05-28 19:07:12','2026-05-28 19:07:12'),(59,'mindfulness-journal',7,'Botble\\Ecommerce\\Models\\Product','products','2026-05-28 19:07:12','2026-05-28 19:07:12'),(60,'light-therapy-lamp',8,'Botble\\Ecommerce\\Models\\Product','products','2026-05-28 19:07:12','2026-05-28 19:07:12'),(61,'herbal-recovery-tea',9,'Botble\\Ecommerce\\Models\\Product','products','2026-05-28 19:07:13','2026-05-28 19:07:13'),(62,'anthro-studio',1,'Botble\\Marketplace\\Models\\Store','stores','2026-05-28 19:07:19','2026-05-28 19:07:19'),(63,'crate-furniture-co',2,'Botble\\Marketplace\\Models\\Store','stores','2026-05-28 19:07:19','2026-05-28 19:07:19'),(64,'findr-audio',3,'Botble\\Marketplace\\Models\\Store','stores','2026-05-28 19:07:19','2026-05-28 19:07:19'),(65,'bohome-living',4,'Botble\\Marketplace\\Models\\Store','stores','2026-05-28 19:07:19','2026-05-28 19:07:19'),(66,'about',1,'Botble\\Page\\Models\\Page','','2026-05-28 19:07:19','2026-05-28 19:07:19'),(67,'contact',2,'Botble\\Page\\Models\\Page','','2026-05-28 19:07:19','2026-05-28 19:07:19'),(68,'faq',3,'Botble\\Page\\Models\\Page','','2026-05-28 19:07:19','2026-05-28 19:07:19'),(69,'privacy-policy',4,'Botble\\Page\\Models\\Page','','2026-05-28 19:07:19','2026-05-28 19:07:19'),(70,'terms-conditions',5,'Botble\\Page\\Models\\Page','','2026-05-28 19:07:19','2026-05-28 19:07:19'),(71,'returns-refunds',6,'Botble\\Page\\Models\\Page','','2026-05-28 19:07:19','2026-05-28 19:07:19'),(72,'shipping',7,'Botble\\Page\\Models\\Page','','2026-05-28 19:07:19','2026-05-28 19:07:19'),(73,'our-stores',8,'Botble\\Page\\Models\\Page','','2026-05-28 19:07:19','2026-05-28 19:07:19'),(74,'blog',9,'Botble\\Page\\Models\\Page','','2026-05-28 19:07:19','2026-05-28 19:07:19'),(75,'careers',10,'Botble\\Page\\Models\\Page','','2026-05-28 19:07:19','2026-05-28 19:07:19'),(76,'sustainability',11,'Botble\\Page\\Models\\Page','','2026-05-28 19:07:19','2026-05-28 19:07:19'),(77,'homepage',12,'Botble\\Page\\Models\\Page','','2026-05-28 19:07:20','2026-05-28 19:07:20'),(78,'calm-mind-adaptogen-capsules',10,'Botble\\Ecommerce\\Models\\Product','products','2026-05-28 19:07:30','2026-05-28 19:07:30'),(79,'calm-mind-adaptogen-capsules',11,'Botble\\Ecommerce\\Models\\Product','products','2026-05-28 19:07:30','2026-05-28 19:07:30'),(80,'calm-mind-adaptogen-capsules',12,'Botble\\Ecommerce\\Models\\Product','products','2026-05-28 19:07:30','2026-05-28 19:07:30'),(81,'calm-mind-adaptogen-capsules',13,'Botble\\Ecommerce\\Models\\Product','products','2026-05-28 19:07:30','2026-05-28 19:07:30'),(82,'sleep-restore-magnesium-drink',14,'Botble\\Ecommerce\\Models\\Product','products','2026-05-28 19:07:30','2026-05-28 19:07:30'),(83,'mood-support-mushroom-blend',15,'Botble\\Ecommerce\\Models\\Product','products','2026-05-28 19:07:30','2026-05-28 19:07:30'),(84,'mood-support-mushroom-blend',16,'Botble\\Ecommerce\\Models\\Product','products','2026-05-28 19:07:30','2026-05-28 19:07:30'),(85,'mood-support-mushroom-blend',17,'Botble\\Ecommerce\\Models\\Product','products','2026-05-28 19:07:30','2026-05-28 19:07:30'),(86,'mood-support-mushroom-blend',18,'Botble\\Ecommerce\\Models\\Product','products','2026-05-28 19:07:30','2026-05-28 19:07:30'),(87,'herbal-recovery-tea',19,'Botble\\Ecommerce\\Models\\Product','products','2026-05-28 19:07:30','2026-05-28 19:07:30'),(88,'herbal-recovery-tea',20,'Botble\\Ecommerce\\Models\\Product','products','2026-05-28 19:07:30','2026-05-28 19:07:30'),(89,'findr',1,'Botble\\Ecommerce\\Models\\Brand','brands','2026-05-28 19:07:30','2026-05-28 19:07:30'),(90,'intdeco',2,'Botble\\Ecommerce\\Models\\Brand','brands','2026-05-28 19:07:30','2026-05-28 19:07:30'),(91,'modave',3,'Botble\\Ecommerce\\Models\\Brand','brands','2026-05-28 19:07:30','2026-05-28 19:07:30'),(92,'sopify',4,'Botble\\Ecommerce\\Models\\Brand','brands','2026-05-28 19:07:30','2026-05-28 19:07:30'),(93,'vanfava',5,'Botble\\Ecommerce\\Models\\Brand','brands','2026-05-28 19:07:30','2026-05-28 19:07:30'),(94,'cotton',1,'Botble\\Ecommerce\\Models\\ProductTag','product-tags','2026-05-28 19:07:30','2026-05-28 19:07:30'),(95,'linen',2,'Botble\\Ecommerce\\Models\\ProductTag','product-tags','2026-05-28 19:07:30','2026-05-28 19:07:30'),(96,'wool',3,'Botble\\Ecommerce\\Models\\ProductTag','product-tags','2026-05-28 19:07:30','2026-05-28 19:07:30'),(97,'leather',4,'Botble\\Ecommerce\\Models\\ProductTag','product-tags','2026-05-28 19:07:30','2026-05-28 19:07:30'),(98,'tencel',5,'Botble\\Ecommerce\\Models\\ProductTag','product-tags','2026-05-28 19:07:30','2026-05-28 19:07:30'),(99,'recycled',6,'Botble\\Ecommerce\\Models\\ProductTag','product-tags','2026-05-28 19:07:30','2026-05-28 19:07:30'),(100,'made-in-portugal',7,'Botble\\Ecommerce\\Models\\ProductTag','product-tags','2026-05-28 19:07:30','2026-05-28 19:07:30'),(101,'made-in-italy',8,'Botble\\Ecommerce\\Models\\ProductTag','product-tags','2026-05-28 19:07:30','2026-05-28 19:07:30'),(102,'hand-crafted',9,'Botble\\Ecommerce\\Models\\ProductTag','product-tags','2026-05-28 19:07:30','2026-05-28 19:07:30'),(103,'vegan',10,'Botble\\Ecommerce\\Models\\ProductTag','product-tags','2026-05-28 19:07:30','2026-05-28 19:07:30'),(104,'limited-run',11,'Botble\\Ecommerce\\Models\\ProductTag','product-tags','2026-05-28 19:07:30','2026-05-28 19:07:30'),(105,'best-seller',12,'Botble\\Ecommerce\\Models\\ProductTag','product-tags','2026-05-28 19:07:30','2026-05-28 19:07:30'),(106,'new-arrival',13,'Botble\\Ecommerce\\Models\\ProductTag','product-tags','2026-05-28 19:07:30','2026-05-28 19:07:30'),(107,'editor-pick',14,'Botble\\Ecommerce\\Models\\ProductTag','product-tags','2026-05-28 19:07:30','2026-05-28 19:07:30'),(108,'eco-friendly',15,'Botble\\Ecommerce\\Models\\ProductTag','product-tags','2026-05-28 19:07:30','2026-05-28 19:07:30'),(109,'daily-wellness',1,'Botble\\Ecommerce\\Models\\ProductCollection','collections','2026-05-28 19:07:30','2026-05-28 19:07:30'),(110,'limited-edition',2,'Botble\\Ecommerce\\Models\\ProductCollection','collections','2026-05-28 19:07:30','2026-05-28 19:07:30'),(111,'best-sellers',3,'Botble\\Ecommerce\\Models\\ProductCollection','collections','2026-05-28 19:07:30','2026-05-28 19:07:30'),(112,'clean-mindful',4,'Botble\\Ecommerce\\Models\\ProductCollection','collections','2026-05-28 19:07:30','2026-05-28 19:07:30'),(113,'routine-builders',5,'Botble\\Ecommerce\\Models\\ProductCollection','collections','2026-05-28 19:07:30','2026-05-28 19:07:30'),(114,'travel-on-the-go',6,'Botble\\Ecommerce\\Models\\ProductCollection','collections','2026-05-28 19:07:30','2026-05-28 19:07:30'),(115,'rest-better-live-br-brighter',7,'Botble\\Ecommerce\\Models\\ProductCollection','collections','2026-05-28 19:07:30','2026-05-28 19:07:30'),(116,'nourish-from-br-within',8,'Botble\\Ecommerce\\Models\\ProductCollection','collections','2026-05-28 19:07:30','2026-05-28 19:07:30'),(117,'find-your-calm-br-space',9,'Botble\\Ecommerce\\Models\\ProductCollection','collections','2026-05-28 19:07:30','2026-05-28 19:07:30');

--
-- Table structure for table `slugs_translations`
--

CREATE TABLE `slugs_translations` (
  `lang_code` varchar(20) COLLATE utf8mb4_unicode_ci NOT NULL,
  `slugs_id` bigint unsigned NOT NULL,
  `key` varchar(255) COLLATE utf8mb4_unicode_ci DEFAULT NULL,
  `prefix` varchar(120) COLLATE utf8mb4_unicode_ci DEFAULT '',
  PRIMARY KEY (`lang_code`,`slugs_id`),
  KEY `idx_slugid_key_prefix` (`slugs_id`,`key`,`prefix`)
) ENGINE=InnoDB DEFAULT CHARSET=utf8mb4 COLLATE=utf8mb4_unicode_ci;

--
-- Dumping data for table `slugs_translations`
--

INSERT INTO `slugs_translations` VALUES ('ar',1,'alatgahat','tag'),('fr',1,'tendances','tag'),('id',1,'tren','tag'),('tr',1,'trends','tag'),('vi',1,'xu-huong','tag'),('fr',2,'conseils-de-style','tag'),('vi',2,'meo-phoi-do','tag'),('ar',2,'nsayh-altsmym','tag'),('tr',2,'styling-tips','tag'),('id',2,'tip-penataan-gaya','tag'),('vi',3,'ben-vung','tag'),('id',3,'berkelanjutan','tag'),('fr',3,'durable','tag'),('ar',3,'mstmr','tag'),('tr',3,'sustainable','tag'),('ar',4,'aloafdon-algdd','tag'),('vi',4,'hang-moi-ve','tag'),('tr',4,'new-arrivals','tag'),('fr',4,'nouveautes','tag'),('id',4,'pendatang-baru','tag'),('id',5,'edisi-terbatas','tag'),('fr',5,'edition-limitee','tag'),('tr',5,'limited-edition','tag'),('vi',5,'phien-ban-gioi-han','tag'),('ar',5,'tbaa-mhdod','tag'),('tr',6,'behind-the-scenes','tag'),('fr',6,'dans-les-coulisses','tag'),('id',6,'di-belakang-layar','tag'),('vi',6,'hau-truong','tag'),('ar',6,'khlf-alkoalys','tag'),('tr',7,'buyer-guide','tag'),('vi',7,'cam-nang-mua-sam','tag'),('ar',7,'dlyl-almshtry','tag'),('fr',7,'guide-de-lacheteur','tag'),('id',7,'panduan-pembeli','tag'),('tr',8,'care-tips','tag'),('fr',8,'conseils-dentretien','tag'),('vi',8,'meo-bao-quan','tag'),('ar',8,'nsayh-alaanay','tag'),('id',8,'tip-perawatan','tag'),('fr',9,'armoire-capsule','tag'),('tr',9,'capsule-wardrobe','tag'),('ar',9,'khzan-kbsol','tag'),('id',9,'lemari-kapsul','tag'),('vi',9,'tu-do-capsule','tag'),('id',10,'cerita-materi','tag'),('vi',10,'chuyen-vat-lieu','tag'),('fr',10,'histoires-materielles','tag'),('ar',10,'kss-mady','tag'),('tr',10,'material-stories','tag'),('fr',11,'cadeaux-de-vacances','tag'),('id',11,'hadiah-liburan','tag'),('ar',11,'hdaya-alaayd','tag'),('tr',11,'holiday-gifting','tag'),('vi',11,'qua-tang-dip-le','tag'),('ar',12,'akhtyarat-almhrr','tag'),('vi',12,'bien-tap-vien-chon','tag'),('fr',12,'choix-de-lediteur','tag'),('tr',12,'editor-picks','tag'),('id',12,'pilihan-editor','tag'),('ar',13,'alaaysh-aloaaay',''),('tr',13,'farkinda-yasamak',''),('id',13,'hidup-penuh-perhatian',''),('vi',13,'song-chanh-niem',''),('fr',13,'vivre-en-pleine-conscience',''),('ar',14,'sleep-amp-recovery',''),('fr',14,'sleep-amp-recovery',''),('id',14,'sleep-amp-recovery',''),('tr',14,'sleep-amp-recovery',''),('vi',14,'sleep-amp-recovery',''),('ar',15,'nutrition-amp-supplements',''),('fr',15,'nutrition-amp-supplements',''),('id',15,'nutrition-amp-supplements',''),('tr',15,'nutrition-amp-supplements',''),('vi',15,'nutrition-amp-supplements',''),('ar',16,'movement-amp-breath',''),('fr',16,'movement-amp-breath',''),('id',16,'movement-amp-breath',''),('tr',16,'movement-amp-breath',''),('vi',16,'movement-amp-breath',''),('ar',17,'adar-alaghad',''),('fr',17,'gestion-du-stress',''),('id',17,'manajemen-stres',''),('vi',17,'quan-ly-cang-thang',''),('tr',17,'stres-yonetimi',''),('tr',18,'daily-rituals-that-calm-an-anxious-mind',''),('fr',18,'des-rituels-quotidiens-qui-calment-un-esprit-anxieux',''),('vi',18,'nhung-nghi-thuc-hang-ngay-lam-diu-mot-tam-tri-lo-au',''),('id',18,'ritual-sehari-hari-yang-menenangkan-pikiran-yang-cemas',''),('ar',18,'tkos-yomy-thdy-alaakl-alklk',''),('ar',19,'alko-alhady-lladaptogens',''),('id',19,'kekuatan-tenang-adaptogen',''),('fr',19,'le-pouvoir-silencieux-des-adaptogenes',''),('vi',19,'suc-manh-tham-lang-cua-adaptogen',''),('tr',19,'the-quiet-power-of-adaptogens',''),('ar',20,'alsbah-alltyf-bnaaa-rotyn-alastykath-althy-yltsk',''),('vi',20,'buoi-sang-nhe-nhang-xay-dung-thoi-quen-thuc-day-ben-vung',''),('tr',20,'gentle-mornings-building-a-wake-up-routine-that-sticks',''),('fr',20,'matins-doux-creer-une-routine-de-reveil-qui-dure',''),('id',20,'pagi-yang-lembut-membangun-rutinitas-bangun-yang-tetap',''),('ar',21,'lmatha-tkthb-drg-nomk-oma-althy-ygb-an-tthk-bh-bdla-mn-thlk',''),('id',21,'mengapa-skor-tidur-anda-berbohong-dan-apa-yang-harus-dipercayai',''),('fr',21,'pourquoi-votre-score-de-sommeil-ment-et-a-quoi-faire-confiance-a-la-place',''),('vi',21,'vi-sao-diem-giac-ngu-cua-ban-noi-doi-va-nen-tin-vao-dieu-gi-thay-the',''),('tr',21,'why-your-sleep-score-lies-and-what-to-trust-instead',''),('ar',22,'almghnysyom-oalglysynat-oalsytrat-dlyl-aamly',''),('vi',22,'magie-glycinate-va-citrate-mot-cam-nang-thuc-te',''),('id',22,'magnesium-glisinat-vs-sitrat-panduan-praktis',''),('tr',22,'magnesium-glycinate-vs-citrate-a-practical-guide',''),('fr',22,'magnesium-glycinate-vs-citrate-un-guide-pratique',''),('ar',23,'altnfs-alsndoky-ada-althdy-alty-taaml-balfaal',''),('fr',23,'box-breathing-loutil-de-calme-qui-fonctionne-reellement',''),('tr',23,'box-breathing-the-calm-down-tool-that-actually-works',''),('id',23,'pernapasan-kotak-alat-penenang-yang-benar-benar-berfungsi',''),('vi',23,'tho-hop-cong-cu-lam-diu-thuc-su-hieu-qua',''),('ar',24,'alastrkhaaa','product-categories'),('tr',24,'gevseme','product-categories'),('id',24,'relaksasi','product-categories'),('fr',24,'relaxation','product-categories'),('vi',24,'thu-gian','product-categories'),('ar',25,'alnom-oaltaaafy','product-categories'),('vi',25,'giac-ngu-phuc-hoi','product-categories'),('fr',25,'sommeil-et-recuperation','product-categories'),('id',25,'tidur-pemulihan','product-categories'),('tr',25,'uyku-ve-dinlenme','product-categories'),('ar',26,'altaml-almogh','product-categories'),('id',26,'meditasi-terpandu','product-categories'),('fr',26,'meditation-guidee','product-categories'),('tr',26,'rehberli-meditasyon','product-categories'),('vi',26,'thien-co-huong-dan','product-categories'),('ar',27,'altnfs-alaamyk','product-categories'),('tr',27,'derin-nefes-alma','product-categories'),('id',27,'pernapasan-dalam','product-categories'),('fr',27,'respiration-profonde','product-categories'),('vi',27,'tho-sau','product-categories'),('ar',28,'alastrkhaaa-altdrygy','product-categories'),('tr',28,'asamali-gevseme','product-categories'),('fr',28,'detente-progressive','product-categories'),('id',28,'relaksasi-progresif','product-categories'),('vi',28,'thu-gian-tinh-tien','product-categories'),('vi',29,'am-thanh-xoa-diu','product-categories'),('ar',29,'asoat-mhdy','product-categories'),('fr',29,'des-sons-apaisants','product-categories'),('tr',29,'sakinlestirici-sesler','product-categories'),('id',29,'suara-yang-menenangkan','product-categories'),('ar',30,'adoat-adar-alaghad','product-categories'),('id',30,'alat-manajemen-stres','product-categories'),('vi',30,'cong-cu-quan-ly-cang-thang','product-categories'),('fr',30,'outils-de-gestion-du-stress','product-categories'),('tr',30,'stres-yonetimi-araclari','product-categories'),('id',31,'catatan-stres-harian','product-categories'),('tr',31,'gunluk-stres-gunlugu','product-categories'),('fr',31,'journal-de-stress-quotidien','product-categories'),('vi',31,'nhat-ky-cang-thang-hang-ngay','product-categories'),('ar',31,'sgl-alaghad-alyomy','product-categories'),('vi',32,'bang-theo-doi-tam-trang','product-categories'),('id',32,'pelacak-suasana-hati','product-categories'),('tr',32,'ruh-hali-takibi','product-categories'),('fr',32,'suivi-de-lhumeur','product-categories'),('ar',32,'taakb-almzag','product-categories'),('ar',33,'akhtbar-msto-altotr','product-categories'),('vi',33,'bai-kiem-tra-muc-do-cang-thang','product-categories'),('id',33,'kuis-tingkat-stres','product-categories'),('fr',33,'quiz-sur-le-niveau-de-stress','product-categories'),('tr',33,'stres-seviyesi-testi','product-categories'),('fr',34,'conseils-de-soutien-emotionnel','product-categories'),('tr',34,'duygusal-destek-ipuclari','product-categories'),('vi',34,'meo-ho-tro-cam-xuc','product-categories'),('ar',34,'nsayh-aldaam-alaaatfy','product-categories'),('id',34,'tip-dukungan-emosional','product-categories'),('tr',35,'basa-cikma-yontemleri','product-categories'),('fr',35,'methodes-dadaptation','product-categories'),('id',35,'metode-mengatasi','product-categories'),('vi',35,'phuong-phap-ung-pho','product-categories'),('ar',35,'trk-almoagh','product-categories'),('ar',36,'aloaay-alaaatfy','product-categories'),('fr',36,'conscience-emotionnelle','product-categories'),('tr',36,'duygusal-farkindalik','product-categories'),('id',36,'kesadaran-emosional','product-categories'),('vi',36,'nhan-thuc-cam-xuc','product-categories'),('ar',37,'aaaad-dbt-alagraaaat','product-categories'),('id',37,'atur-ulang-rutinitas','product-categories'),('fr',37,'reinitialiser-les-routines','product-categories'),('tr',37,'rutinleri-sifirla','product-categories'),('vi',37,'thoi-quen-tai-thiet-lap','product-categories'),('ar',38,'mmarsat-altaryd','product-categories'),('id',38,'praktek-pembumian','product-categories'),('fr',38,'pratiques-de-mise-a-la-terre','product-categories'),('vi',38,'thuc-hanh-dinh-tam','product-categories'),('tr',38,'topraklama-uygulamalari','product-categories'),('ar',39,'almkmlat-alghthayy','product-categories'),('id',39,'suplemen','product-categories'),('fr',39,'supplements','product-categories'),('tr',39,'takviyeler','product-categories'),('vi',39,'thuc-pham-bo-sung','product-categories'),('ar',40,'alaalagat-altbyaay','product-categories'),('tr',40,'dogal-cozumler','product-categories'),('id',40,'pengobatan-alami','product-categories'),('vi',40,'phuong-thuoc-tu-nhien','product-categories'),('fr',40,'remedes-naturels','product-categories'),('tr',41,'bitki-caylari','product-categories'),('ar',41,'shay-alaaashab','product-categories'),('id',41,'teh-herbal','product-categories'),('fr',41,'tisanes','product-categories'),('vi',41,'tra-thao-moc','product-categories'),('ar',42,'alzyot-alaatry','product-categories'),('tr',42,'aromaterapi-yaglari','product-categories'),('fr',42,'huiles-daromatherapie','product-categories'),('id',42,'minyak-aromaterapi','product-categories'),('vi',42,'tinh-dau-tri-lieu','product-categories'),('ar',43,'almkmlat-alghthayy-almhdy','product-categories'),('tr',43,'sakinlestirici-takviyeler','product-categories'),('id',43,'suplemen-yang-menenangkan','product-categories'),('fr',43,'supplements-apaisants','product-categories'),('vi',43,'thuc-pham-bo-sung-xoa-diu','product-categories'),('ar',44,'alaaashab-alsdyk-llnom','product-categories'),('id',44,'herbal-ramah-tidur','product-categories'),('fr',44,'herbes-propices-au-sommeil','product-categories'),('vi',44,'thao-moc-than-thien-voi-giac-ngu','product-categories'),('tr',44,'uyku-dostu-bitkiler','product-categories'),('fr',45,'ajustements-du-style-de-vie','product-categories'),('vi',45,'dieu-chinh-loi-song','product-categories'),('id',45,'penyesuaian-gaya-hidup','product-categories'),('ar',45,'taadylat-nmt-alhya','product-categories'),('tr',45,'yasam-tarzi-duzenlemeleri','product-categories'),('fr',46,'hygiene-du-sommeil','product-categories'),('id',46,'kebersihan-tidur','product-categories'),('ar',46,'nthaf-alnom','product-categories'),('tr',46,'uyku-hijyeni','product-categories'),('vi',46,'ve-sinh-giac-ngu','product-categories'),('vi',47,'can-bang-khoi-luong-cong-viec','product-categories'),('fr',47,'equilibrage-de-la-charge-de-travail','product-categories'),('tr',47,'is-yuku-dengeleme','product-categories'),('ar',47,'moazn-aabaa-alaaml','product-categories'),('id',47,'penyeimbangan-beban-kerja','product-categories'),('ar',48,'gdol-alastrah','product-categories'),('vi',48,'len-lich-nghi-giai-lao','product-categories'),('tr',48,'mola-planlamasi','product-categories'),('id',48,'penjadwalan-istirahat','product-categories'),('fr',48,'planification-des-pauses','product-categories'),('ar',49,'altkhls-mn-alsmom-alrkmy','product-categories'),('id',49,'detoks-digital','product-categories'),('fr',49,'detox-numerique','product-categories'),('tr',49,'dijital-detoks','product-categories'),('vi',49,'thai-doc-ky-thuat-so','product-categories'),('ar',50,'alaghz-alshy','product-categories'),('fr',50,'appareils-de-sante','product-categories'),('id',50,'perangkat-kesehatan','product-categories'),('tr',50,'saglik-cihazlari','product-categories'),('vi',50,'thiet-bi-suc-khoe','product-categories'),('ar',51,'alaanay-balgsm','product-categories'),('vi',51,'cham-soc-co-the','product-categories'),('id',51,'perawatan-tubuh','product-categories'),('fr',51,'soins-du-corps','product-categories'),('tr',51,'vucut-bakimi','product-categories'),('vi',52,'can-bang-tam-tri','product-categories'),('fr',52,'equilibre-mental','product-categories'),('id',52,'keseimbangan-pikiran','product-categories'),('ar',52,'toazn-alaakl','product-categories'),('tr',52,'zihin-dengesi','product-categories'),('vi',53,'bot-rau-xanh-hang-ngay','products'),('id',53,'bubuk-hijau-harian','products'),('tr',53,'gunluk-yesillik-tozu','products'),('ar',53,'mshok-alkhdr-alyomy','products'),('fr',53,'poudre-de-legumes-verts-quotidiens','products'),('fr',54,'capsules-adaptogenes-calm-mind','products'),('id',54,'kapsul-adaptogen-pikiran-tenang','products'),('ar',54,'kbsolat-alhdoaa-alaakl-adaptogen','products'),('tr',54,'sakin-zihin-adaptojen-kapsulleri','products'),('vi',54,'vien-adaptogen-an-tam-tri','products'),('ar',55,'astaaad-alnom-mshrob-almghnysyom','products'),('fr',55,'boisson-au-magnesium-pour-restaurer-le-sommeil','products'),('id',55,'minuman-magnesium-pemulihan-tidur','products'),('vi',55,'thuc-uong-magie-phuc-hoi-giac-ngu','products'),('tr',55,'uyku-yenileyici-magnezyum-icecegi','products'),('ar',56,'alnashr-alroayh','products'),('tr',56,'aromaterapi-difuzor','products'),('fr',56,'diffuseur-daromatherapie','products'),('vi',56,'may-khuech-tan-tinh-dau','products'),('id',56,'penyebar-aromaterapi','products'),('id',57,'campuran-jamur-pendukung-suasana-hati','products'),('vi',57,'hon-hop-nam-ho-tro-tam-trang','products'),('fr',57,'melange-de-champignons-pour-le-soutien-de-lhumeur','products'),('ar',57,'mzyg-alftr-ldaam-almzag','products'),('tr',57,'ruh-hali-destekleyici-mantar-karisimi','products'),('tr',58,'botanik-vucut-yagi','products'),('vi',58,'dau-duong-the-thuc-vat','products'),('fr',58,'huile-corporelle-botanique','products'),('id',58,'minyak-tubuh-botani','products'),('ar',58,'zyt-algsm-alnbaty','products'),('tr',59,'farkindalik-gunlugu','products'),('fr',59,'journal-de-pleine-conscience','products'),('id',59,'jurnal-perhatian','products'),('ar',59,'mgl-alykthh','products'),('vi',59,'nhat-ky-chanh-niem','products'),('vi',60,'den-tri-lieu-anh-sang','products'),('tr',60,'isik-terapi-lambasi','products'),('fr',60,'lampe-de-luminotherapie','products'),('id',60,'lampu-terapi-cahaya','products'),('ar',60,'msbah-alaalag-baldoaa','products'),('tr',61,'bitkisel-iyilestirme-cayi','products'),('ar',61,'shay-alshfaaa-alaashby','products'),('id',61,'teh-pemulihan-herbal','products'),('fr',61,'the-de-recuperation-a-base-de-plantes','products'),('vi',61,'tra-thao-moc-phuc-hoi','products'),('fr',66,'a-propos',''),('ar',66,'aan',''),('vi',66,'gioi-thieu',''),('tr',66,'hakkinda',''),('id',66,'tentang',''),('ar',67,'atsal',''),('fr',67,'contact',''),('id',67,'kontak',''),('vi',67,'lien-he',''),('tr',67,'temas-etmek',''),('vi',68,'cau-hoi-thuong-gap',''),('ar',68,'faq',''),('fr',68,'faq',''),('id',68,'faq',''),('tr',68,'faq',''),('vi',69,'chinh-sach-bao-mat',''),('tr',69,'gizlilik-politikasi',''),('id',69,'kebijakan-privasi',''),('fr',69,'politique-de-confidentialite',''),('ar',69,'syas-alkhsosy',''),('ar',70,'alshrot-oalahkam',''),('fr',70,'conditions-generales',''),('vi',70,'dieu-khoan-dieu-kien',''),('tr',70,'sartlar-ve-kosullar',''),('id',70,'syarat-ketentuan',''),('ar',71,'alaaoayd-oalmbalgh-almstrd',''),('vi',71,'doi-tra-hoan-tien',''),('tr',71,'iade-ve-para-iadeleri',''),('id',71,'pengembalian-pengembalian-dana',''),('fr',71,'retours-et-remboursements',''),('fr',72,'expedition',''),('tr',72,'nakliye',''),('id',72,'pengiriman',''),('ar',72,'shhn',''),('vi',72,'van-chuyen',''),('vi',73,'he-thong-cua-hang',''),('tr',73,'magazalarimiz',''),('ar',73,'mtagrna',''),('fr',73,'nos-magasins',''),('id',73,'toko-kami',''),('ar',74,'blog',''),('fr',74,'blog',''),('id',74,'blog',''),('tr',74,'blog',''),('vi',74,'tap-chi',''),('fr',75,'carrieres',''),('id',75,'karir',''),('tr',75,'kariyer',''),('ar',75,'othayf',''),('vi',75,'tuyen-dung',''),('ar',76,'sustainability',''),('fr',76,'sustainability',''),('id',76,'sustainability',''),('tr',76,'sustainability',''),('vi',76,'sustainability',''),('ar',77,'alsfh-alryysy',''),('tr',77,'ana-sayfa',''),('id',77,'beranda',''),('fr',77,'page-daccueil',''),('vi',77,'trang-chu','');

--
-- Table structure for table `social_logins`
--

CREATE TABLE `social_logins` (
  `id` bigint unsigned NOT NULL AUTO_INCREMENT,
  `user_type` varchar(255) COLLATE utf8mb4_unicode_ci NOT NULL,
  `user_id` bigint unsigned NOT NULL,
  `provider` varchar(255) COLLATE utf8mb4_unicode_ci NOT NULL,
  `provider_id` varchar(255) COLLATE utf8mb4_unicode_ci NOT NULL,
  `token` text COLLATE utf8mb4_unicode_ci,
  `refresh_token` text COLLATE utf8mb4_unicode_ci,
  `token_expires_at` timestamp NULL DEFAULT NULL,
  `provider_data` json DEFAULT NULL,
  `created_at` timestamp NULL DEFAULT NULL,
  `updated_at` timestamp NULL DEFAULT NULL,
  PRIMARY KEY (`id`),
  UNIQUE KEY `social_logins_provider_provider_id_unique` (`provider`,`provider_id`),
  KEY `social_logins_user_type_user_id_index` (`user_type`,`user_id`),
  KEY `social_logins_user_id_user_type_index` (`user_id`,`user_type`)
) ENGINE=InnoDB DEFAULT CHARSET=utf8mb4 COLLATE=utf8mb4_unicode_ci;

--
-- Dumping data for table `social_logins`
--


--
-- Table structure for table `states`
--

CREATE TABLE `states` (
  `id` bigint unsigned NOT NULL AUTO_INCREMENT,
  `name` varchar(120) COLLATE utf8mb4_unicode_ci NOT NULL,
  `slug` varchar(120) COLLATE utf8mb4_unicode_ci DEFAULT NULL,
  `abbreviation` varchar(10) COLLATE utf8mb4_unicode_ci DEFAULT NULL,
  `country_id` bigint unsigned DEFAULT NULL,
  `order` tinyint NOT NULL DEFAULT '0',
  `image` varchar(255) COLLATE utf8mb4_unicode_ci DEFAULT NULL,
  `is_default` tinyint unsigned NOT NULL DEFAULT '0',
  `status` varchar(60) COLLATE utf8mb4_unicode_ci NOT NULL DEFAULT 'published',
  `created_at` timestamp NULL DEFAULT NULL,
  `updated_at` timestamp NULL DEFAULT NULL,
  PRIMARY KEY (`id`),
  UNIQUE KEY `states_slug_unique` (`slug`),
  KEY `idx_states_name` (`name`),
  KEY `idx_states_status` (`status`),
  KEY `idx_states_country_id` (`country_id`)
) ENGINE=InnoDB DEFAULT CHARSET=utf8mb4 COLLATE=utf8mb4_unicode_ci;

--
-- Dumping data for table `states`
--


--
-- Table structure for table `states_translations`
--

CREATE TABLE `states_translations` (
  `lang_code` varchar(20) COLLATE utf8mb4_unicode_ci NOT NULL,
  `states_id` bigint unsigned NOT NULL,
  `name` varchar(120) COLLATE utf8mb4_unicode_ci DEFAULT NULL,
  `slug` varchar(120) COLLATE utf8mb4_unicode_ci DEFAULT NULL,
  `abbreviation` varchar(10) COLLATE utf8mb4_unicode_ci DEFAULT NULL,
  PRIMARY KEY (`lang_code`,`states_id`),
  KEY `idx_states_trans_state_lang` (`states_id`,`lang_code`),
  KEY `idx_states_trans_name` (`name`),
  KEY `idx_states_trans_states_id` (`states_id`)
) ENGINE=InnoDB DEFAULT CHARSET=utf8mb4 COLLATE=utf8mb4_unicode_ci;

--
-- Dumping data for table `states_translations`
--


--
-- Table structure for table `tags`
--

CREATE TABLE `tags` (
  `id` bigint unsigned NOT NULL AUTO_INCREMENT,
  `name` varchar(120) COLLATE utf8mb4_unicode_ci NOT NULL,
  `author_id` bigint unsigned DEFAULT NULL,
  `author_type` varchar(255) COLLATE utf8mb4_unicode_ci NOT NULL,
  `description` text COLLATE utf8mb4_unicode_ci,
  `status` varchar(60) COLLATE utf8mb4_unicode_ci NOT NULL DEFAULT 'published',
  `created_at` timestamp NULL DEFAULT NULL,
  `updated_at` timestamp NULL DEFAULT NULL,
  PRIMARY KEY (`id`)
) ENGINE=InnoDB AUTO_INCREMENT=13 DEFAULT CHARSET=utf8mb4 COLLATE=utf8mb4_unicode_ci;

--
-- Dumping data for table `tags`
--

INSERT INTO `tags` VALUES (1,'Trends',1,'Botble\\ACL\\Models\\User','Articles tagged with Trends.','published','2026-05-28 19:07:05','2026-05-28 19:07:05'),(2,'Styling Tips',1,'Botble\\ACL\\Models\\User','Articles tagged with Styling Tips.','published','2026-05-28 19:07:05','2026-05-28 19:07:05'),(3,'Sustainable',1,'Botble\\ACL\\Models\\User','Articles tagged with Sustainable.','published','2026-05-28 19:07:05','2026-05-28 19:07:05'),(4,'New Arrivals',1,'Botble\\ACL\\Models\\User','Articles tagged with New Arrivals.','published','2026-05-28 19:07:05','2026-05-28 19:07:05'),(5,'Limited Edition',1,'Botble\\ACL\\Models\\User','Articles tagged with Limited Edition.','published','2026-05-28 19:07:05','2026-05-28 19:07:05'),(6,'Behind the Scenes',1,'Botble\\ACL\\Models\\User','Articles tagged with Behind the Scenes.','published','2026-05-28 19:07:05','2026-05-28 19:07:05'),(7,'Buyer Guide',1,'Botble\\ACL\\Models\\User','Articles tagged with Buyer Guide.','published','2026-05-28 19:07:05','2026-05-28 19:07:05'),(8,'Care Tips',1,'Botble\\ACL\\Models\\User','Articles tagged with Care Tips.','published','2026-05-28 19:07:05','2026-05-28 19:07:05'),(9,'Capsule Wardrobe',1,'Botble\\ACL\\Models\\User','Articles tagged with Capsule Wardrobe.','published','2026-05-28 19:07:05','2026-05-28 19:07:05'),(10,'Material Stories',1,'Botble\\ACL\\Models\\User','Articles tagged with Material Stories.','published','2026-05-28 19:07:05','2026-05-28 19:07:05'),(11,'Holiday Gifting',1,'Botble\\ACL\\Models\\User','Articles tagged with Holiday Gifting.','published','2026-05-28 19:07:05','2026-05-28 19:07:05'),(12,'Editor Picks',1,'Botble\\ACL\\Models\\User','Articles tagged with Editor Picks.','published','2026-05-28 19:07:05','2026-05-28 19:07:05');

--
-- Table structure for table `tags_translations`
--

CREATE TABLE `tags_translations` (
  `lang_code` varchar(20) COLLATE utf8mb4_unicode_ci NOT NULL,
  `tags_id` bigint unsigned NOT NULL,
  `name` varchar(255) COLLATE utf8mb4_unicode_ci DEFAULT NULL,
  `description` text COLLATE utf8mb4_unicode_ci,
  PRIMARY KEY (`lang_code`,`tags_id`),
  KEY `idx_tags_trans_tags_id` (`tags_id`),
  KEY `idx_tags_trans_tag_lang` (`tags_id`,`lang_code`)
) ENGINE=InnoDB DEFAULT CHARSET=utf8mb4 COLLATE=utf8mb4_unicode_ci;

--
-- Dumping data for table `tags_translations`
--

INSERT INTO `tags_translations` VALUES ('ar',1,'الاتجاهات','المقالات الموسومة مع الاتجاهات.'),('ar',2,'نصائح التصميم','المقالات الموسومة: نصائح لتنسيق الملابس.'),('ar',3,'مستمر','المشاركات الموسومة الاستدامة.'),('ar',4,'الوافدون الجدد','المشاركات الموسومة الوافدون الجدد.'),('ar',5,'طبعة محدودة','المشاركات الموسومة طبعة محدودة.'),('ar',6,'خلف الكواليس','المشاركات الموسومة خلف الكواليس.'),('ar',7,'دليل المشتري','المقالات الموسومة دليل التسوق.'),('ar',8,'نصائح العناية','المقالات الموسومة بنصائح التخزين.'),('ar',9,'خزانة كبسولة','المقالات الموسومة خزانة الكبسولة.'),('ar',10,'قصص مادية','المقالات الموسومة قصص مادية.'),('ar',11,'هدايا العيد','المشاركات الموسومة هدايا العيد.'),('ar',12,'اختيارات المحرر','المشاركات الموسومة اختيار المحرر.'),('fr',1,'Tendances','Articles taggés avec Tendances.'),('fr',2,'Conseils de style','Articles taggés : Conseils pour coordonner les tenues.'),('fr',3,'Durable','Articles étiquetés Durabilité.'),('fr',4,'Nouveautés','Articles tagués Nouveautés.'),('fr',5,'Édition limitée','Articles tagués Édition Limitée.'),('fr',6,'Dans les coulisses','Articles marqués dans les coulisses.'),('fr',7,'Guide de l\'acheteur','Articles tagués Guide d\'achat.'),('fr',8,'Conseils d\'entretien','Articles taggés avec Conseils de stockage.'),('fr',9,'Armoire Capsule','Articles taggés Armoire capsule.'),('fr',10,'Histoires matérielles','Articles tagués Histoires matérielles.'),('fr',11,'Cadeaux de vacances','Articles tagués Cadeaux de Noël.'),('fr',12,'Choix de l\'éditeur','Articles marqués Choix de l\'éditeur.'),('id',1,'Tren','Artikel yang diberi tag Tren.'),('id',2,'Tip Penataan Gaya','Artikel yang diberi tag: Tips mengoordinasikan pakaian.'),('id',3,'Berkelanjutan','Postingan dengan tag Keberlanjutan.'),('id',4,'Pendatang Baru','Postingan dengan tag Pendatang baru.'),('id',5,'Edisi Terbatas','Postingan dengan tag Edisi Terbatas.'),('id',6,'Di belakang layar','Postingan dengan tag Di balik layar.'),('id',7,'Panduan Pembeli','Artikel dengan tag Panduan belanja.'),('id',8,'Tip Perawatan','Artikel yang diberi tag Tips Penyimpanan.'),('id',9,'Lemari Kapsul','Artikel dengan tag Lemari pakaian kapsul.'),('id',10,'Cerita Materi','Artikel dengan tag Cerita material.'),('id',11,'Hadiah Liburan','Postingan dengan tag hadiah liburan.'),('id',12,'Pilihan Editor','Postingan dengan tag Pilihan Editor.'),('tr',1,'Trends','Trendler ile etiketlenen makaleler.'),('tr',2,'Styling Tips','Etiketlenen makaleler: Kıyafetleri koordine etmek için ipuçları.'),('tr',3,'Sustainable','Sürdürülebilirlik etiketli gönderiler.'),('tr',4,'New Arrivals','Yeni gelenler etiketli gönderiler.'),('tr',5,'Limited Edition','Sınırlı Üretim etiketli gönderiler.'),('tr',6,'Behind the Scenes','Kamera Arkası etiketli gönderiler'),('tr',7,'Buyer Guide','Alışveriş rehberi etiketli makaleler.'),('tr',8,'Care Tips','Depolama İpuçları ile etiketlenen makaleler.'),('tr',9,'Capsule Wardrobe','Kapsül gardırop etiketli makaleler.'),('tr',10,'Material Stories','Malzeme hikayeleri etiketli makaleler.'),('tr',11,'Holiday Gifting','Tatil hediyeleri etiketli gönderiler.'),('tr',12,'Editor Picks','Editörün Seçimi etiketli yazılar.'),('vi',1,'Xu hướng','Bài viết gắn thẻ Xu hướng.'),('vi',2,'Mẹo phối đồ','Bài viết gắn thẻ Mẹo phối đồ.'),('vi',3,'Bền vững','Bài viết gắn thẻ Bền vững.'),('vi',4,'Hàng mới về','Bài viết gắn thẻ Hàng mới về.'),('vi',5,'Phiên bản giới hạn','Bài viết gắn thẻ Phiên bản giới hạn.'),('vi',6,'Hậu trường','Bài viết gắn thẻ Hậu trường.'),('vi',7,'Cẩm nang mua sắm','Bài viết gắn thẻ Cẩm nang mua sắm.'),('vi',8,'Mẹo bảo quản','Bài viết gắn thẻ Mẹo bảo quản.'),('vi',9,'Tủ đồ capsule','Bài viết gắn thẻ Tủ đồ capsule.'),('vi',10,'Chuyện vật liệu','Bài viết gắn thẻ Chuyện vật liệu.'),('vi',11,'Quà tặng dịp lễ','Bài viết gắn thẻ Quà tặng dịp lễ.'),('vi',12,'Biên tập viên chọn','Bài viết gắn thẻ Biên tập viên chọn.');

--
-- Table structure for table `testimonials`
--

CREATE TABLE `testimonials` (
  `id` bigint unsigned NOT NULL AUTO_INCREMENT,
  `name` varchar(120) COLLATE utf8mb4_unicode_ci NOT NULL,
  `content` text COLLATE utf8mb4_unicode_ci NOT NULL,
  `image` varchar(255) COLLATE utf8mb4_unicode_ci DEFAULT NULL,
  `company` varchar(120) COLLATE utf8mb4_unicode_ci DEFAULT NULL,
  `status` varchar(60) COLLATE utf8mb4_unicode_ci NOT NULL DEFAULT 'published',
  `created_at` timestamp NULL DEFAULT NULL,
  `updated_at` timestamp NULL DEFAULT NULL,
  PRIMARY KEY (`id`)
) ENGINE=InnoDB AUTO_INCREMENT=7 DEFAULT CHARSET=utf8mb4 COLLATE=utf8mb4_unicode_ci;

--
-- Dumping data for table `testimonials`
--

INSERT INTO `testimonials` VALUES (1,'Olivia Carter','The walnut side table has lived in my apartment for three years and looks better than the day it arrived. The construction quality is genuinely heirloom level.','testimonials/avatar-1.jpg','Editor — Modern Living Magazine','published','2026-05-28 19:07:06','2026-05-28 19:07:06'),(2,'James Whitfield','I have ordered three pairs of the linen trousers across two seasons. The fit is consistent, the fabric breathes beautifully, and the customer service is unmatched.','testimonials/avatar-2.jpg','Founder — Fieldnotes Studio','published','2026-05-28 19:07:06','2026-05-28 19:07:06'),(3,'Priya Khurana','Amerce is my first stop for thoughtful gifting. The packaging makes every order feel like an occasion and the curation never disappoints.','testimonials/avatar-3.jpg','Lead Designer — Studio Eight','published','2026-05-28 19:07:06','2026-05-28 19:07:06'),(4,'Daniel Reyes','Quick shipping, immaculate packaging, and the headphones are easily the best I have owned. Their support team helped me pair them with my mixer in under five minutes.','testimonials/avatar-4.jpg','Photographer','published','2026-05-28 19:07:06','2026-05-28 19:07:06'),(5,'Hannah Lindstrom','The activewear pieces hold up to every class without losing shape. I have washed them seventy times and the fabric still looks brand new.','testimonials/avatar-5.jpg','Yoga Instructor','published','2026-05-28 19:07:06','2026-05-28 19:07:06'),(6,'Kenji Sato','I shipped a coffee table to Tokyo and it arrived perfectly packed with full insurance documentation. International logistics handled flawlessly.','testimonials/avatar-6.jpg','Architect — Tokyo','published','2026-05-28 19:07:06','2026-05-28 19:07:06');

--
-- Table structure for table `testimonials_translations`
--

CREATE TABLE `testimonials_translations` (
  `lang_code` varchar(20) COLLATE utf8mb4_unicode_ci NOT NULL,
  `testimonials_id` bigint unsigned NOT NULL,
  `name` varchar(255) COLLATE utf8mb4_unicode_ci DEFAULT NULL,
  `content` text COLLATE utf8mb4_unicode_ci,
  `company` varchar(120) COLLATE utf8mb4_unicode_ci DEFAULT NULL,
  PRIMARY KEY (`lang_code`,`testimonials_id`),
  KEY `idx_testimonials_trans_testimonials_id` (`testimonials_id`),
  KEY `idx_testimonials_trans_testimonial_lang` (`testimonials_id`,`lang_code`)
) ENGINE=InnoDB DEFAULT CHARSET=utf8mb4 COLLATE=utf8mb4_unicode_ci;

--
-- Dumping data for table `testimonials_translations`
--

INSERT INTO `testimonials_translations` VALUES ('ar',1,'أوليفيا كارتر','الطاولة الجانبية المصنوعة من خشب الجوز موجودة في شقتي منذ ثلاث سنوات وهي أجمل من اليوم الذي حصلت عليها فيه. جودة الصناعة اليدوية هي حقًا على مستوى الإرث.','محرر – مجلة الحياة الحديثة'),('ar',2,'جيمس ويتفيلد','لقد طلبت ثلاثة أزواج من السراويل الكتانية خلال موسمين. مقاس عادي، نسيج رائع مسامي وخدمة عملاء لا مثيل لها.','مؤسس — استوديو Fieldnotes'),('ar',3,'بريا كورانا','Amerce هي وجهتي المفضلة للحصول على الهدايا الرائعة. تجعل العبوة كل طلب يبدو وكأنه مناسبة خاصة ولا يخيب الاختيار أبدًا.','قائد فريق التصميم – ستوديو ثمانية'),('ar',4,'دانييل رييس','الشحن السريع والتعبئة المثالية وسماعات الرأس هي بالتأكيد أفضل ما امتلكته على الإطلاق. ساعدني فريق الدعم في إقرانه بالخلاط في أقل من خمس دقائق.','مصور'),('ar',5,'هانا ليندستروم','يمكن لملابس التمرين أن تصمد أمام كل فئة دون أن تفقد شكلها. لقد غسلته سبعين مرة وما زال القماش كأنه جديد.','مدرب اليوغا'),('ar',6,'كينجي ساتو','لقد أرسلت طاولة قهوة إلى طوكيو ووصلت مغلفة بشكل مثالي ومؤمنة بالكامل. تم التعامل مع الشحن الدولي بشكل مثالي.','مهندس معماري – طوكيو'),('fr',1,'Olivia Carter','La table d\'appoint en noyer est dans mon appartement depuis trois ans et est encore plus belle que le jour où je l\'ai achetée. La qualité de l\'artisanat est véritablement au niveau de l\'héritage.','Rédacteur — Magazine Vie Moderne'),('fr',2,'James Whitfield','J\'ai commandé trois pantalons en lin sur deux saisons. Coupe régulière, tissu respirant et service client inégalé.','Fondateur — Studio Fieldnotes'),('fr',3,'Priya Khurana','Amerce est ma destination incontournable pour des cadeaux exquis. L\'emballage donne à chaque commande l\'impression d\'être une occasion spéciale et la sélection ne déçoit jamais.','Chef d\'équipe de conception — Studio Eight'),('fr',4,'Daniel Reyes','Expédition rapide, emballage parfait et les écouteurs sont définitivement les meilleurs que j\'ai jamais possédés. L\'équipe d\'assistance m\'a aidé à l\'associer au mixeur en moins de cinq minutes.','Photographe'),('fr',5,'Hannah Lindström','Les vêtements de sport peuvent résister à tous les cours sans perdre leur forme. Je l\'ai lavé soixante-dix fois et le tissu est toujours comme neuf.','Instructeur de yoga'),('fr',6,'Kenji Sato','J\'ai envoyé une table basse à Tokyo et elle est arrivée parfaitement emballée et entièrement assurée. Expédition internationale parfaitement gérée.','Architecte — Tokyo'),('id',1,'Olivia Carter','Meja samping kenari telah ada di apartemen saya selama tiga tahun dan bahkan lebih indah daripada saat saya mendapatkannya. Kualitas pengerjaannya benar-benar berada pada level pusaka.','Editor - Majalah Hidup Modern'),('id',2,'James Whitfield','Saya memesan tiga pasang celana linen selama dua musim. Regular fit, kain bernapas yang bagus, dan layanan pelanggan yang tak tertandingi.','Pendiri — Studio Catatan Lapangan'),('id',3,'Priya Khurana','Amerce adalah tujuan utama saya untuk mendapatkan hadiah istimewa. Kemasannya membuat setiap pesanan terasa seperti acara spesial dan pilihannya tidak pernah mengecewakan.','Pemimpin tim desain — Studio Delapan'),('id',4,'Daniel Reyes','Pengiriman cepat, pengemasan sempurna, dan headphone ini jelas merupakan yang terbaik yang pernah saya miliki. Tim dukungan membantu saya memasangkannya dengan mixer dalam waktu kurang dari lima menit.','Fotografer'),('id',5,'Hannah Lindstrom','Pakaian olahraga dapat bertahan di setiap kelas tanpa kehilangan bentuknya. Saya sudah mencucinya tujuh puluh kali dan kainnya masih seperti baru.','Instruktur Yoga'),('id',6,'Kenji Sato','Saya mengirim meja kopi ke Tokyo dan tiba dengan kemasan sempurna dan diasuransikan sepenuhnya. Pengiriman internasional ditangani dengan sempurna.','Arsitek — Tokyo'),('tr',1,'Olivia Carter','Ceviz sehpa üç yıldır dairemde duruyor ve aldığım günden daha da güzel. İşçiliğin kalitesi gerçekten yadigâr düzeyindedir.','Editör — Modern Yaşam Dergisi'),('tr',2,'James Whitfield','İki sezon boyunca üç çift keten pantolon sipariş ettim. Normal kesim, mükemmel nefes alabilen kumaş ve eşsiz müşteri hizmetleri.','Kurucu — Fieldnotes Studio'),('tr',3,'Priya Khurana','Amerce, enfes hediyeler için gideceğim yer. Ambalaj, her siparişin özel bir durum gibi hissettirmesini sağlar ve seçim asla hayal kırıklığına uğratmaz.','Tasarım ekibi lideri — Studio Sekiz'),('tr',4,'Daniel Reyes','Hızlı kargo, mükemmel paketleme ve kulaklıklar kesinlikle sahip olduklarımın en iyisi. Destek ekibi beş dakikadan kısa bir sürede cihazı mikserle eşleştirmeme yardımcı oldu.','Fotoğrafçı'),('tr',5,'Hannah Lindstrom','Egzersiz kıyafetleri formunu kaybetmeden her derse dayanabilir. Yetmiş kere yıkadım, kumaşı hâlâ yeni gibi.','Yoga eğitmeni'),('tr',6,'Kenji Sato','Tokyo\'ya bir sehpa gönderdim ve mükemmel bir şekilde paketlenmiş ve tamamen sigortalı olarak elime ulaştı. Uluslararası nakliye mükemmel bir şekilde ele alındı.','Mimar – Tokyo'),('vi',1,'Olivia Carter','Chiếc bàn phụ gỗ óc chó đã ở trong căn hộ của tôi ba năm và còn đẹp hơn cả ngày mới nhận. Chất lượng chế tác thực sự ở đẳng cấp gia truyền.','Biên tập viên — Tạp chí Modern Living'),('vi',2,'James Whitfield','Tôi đã đặt ba chiếc quần linen qua hai mùa. Form đều đặn, vải thoáng mát tuyệt vời và dịch vụ khách hàng không nơi nào sánh được.','Người sáng lập — Fieldnotes Studio'),('vi',3,'Priya Khurana','Amerce là điểm đến đầu tiên của tôi cho những món quà tinh tế. Cách đóng gói khiến mỗi đơn hàng cảm giác như một dịp đặc biệt và sự tuyển chọn không bao giờ làm tôi thất vọng.','Trưởng nhóm thiết kế — Studio Eight'),('vi',4,'Daniel Reyes','Vận chuyển nhanh, đóng gói hoàn hảo và đôi tai nghe chắc chắn là tốt nhất tôi từng sở hữu. Đội hỗ trợ giúp tôi ghép nối với mixer trong chưa đến năm phút.','Nhiếp ảnh gia'),('vi',5,'Hannah Lindstrom','Đồ tập chịu được mọi buổi học mà không mất form. Tôi đã giặt bảy mươi lần và vải vẫn như mới.','Huấn luyện viên Yoga'),('vi',6,'Kenji Sato','Tôi gửi một chiếc bàn cà phê đến Tokyo và nó đến nơi được đóng gói hoàn hảo cùng đầy đủ giấy tờ bảo hiểm. Vận chuyển quốc tế xử lý hoàn hảo.','Kiến trúc sư — Tokyo');

--
-- Table structure for table `user_meta`
--

CREATE TABLE `user_meta` (
  `id` bigint unsigned NOT NULL AUTO_INCREMENT,
  `key` varchar(120) COLLATE utf8mb4_unicode_ci DEFAULT NULL,
  `value` text COLLATE utf8mb4_unicode_ci,
  `user_id` bigint unsigned NOT NULL,
  `created_at` timestamp NULL DEFAULT NULL,
  `updated_at` timestamp NULL DEFAULT NULL,
  PRIMARY KEY (`id`),
  KEY `user_meta_user_id_index` (`user_id`)
) ENGINE=InnoDB DEFAULT CHARSET=utf8mb4 COLLATE=utf8mb4_unicode_ci;

--
-- Dumping data for table `user_meta`
--


--
-- Table structure for table `user_settings`
--

CREATE TABLE `user_settings` (
  `id` bigint unsigned NOT NULL AUTO_INCREMENT,
  `user_type` varchar(50) COLLATE utf8mb4_unicode_ci NOT NULL,
  `user_id` bigint unsigned NOT NULL,
  `key` varchar(100) COLLATE utf8mb4_unicode_ci NOT NULL,
  `value` json NOT NULL,
  `created_at` timestamp NULL DEFAULT NULL,
  `updated_at` timestamp NULL DEFAULT NULL,
  PRIMARY KEY (`id`),
  UNIQUE KEY `user_settings_user_type_user_id_key_unique` (`user_type`,`user_id`,`key`),
  KEY `user_settings_user_type_user_id_index` (`user_type`,`user_id`),
  KEY `user_settings_key_index` (`key`)
) ENGINE=InnoDB DEFAULT CHARSET=utf8mb4 COLLATE=utf8mb4_unicode_ci;

--
-- Dumping data for table `user_settings`
--


--
-- Table structure for table `users`
--

CREATE TABLE `users` (
  `id` bigint unsigned NOT NULL AUTO_INCREMENT,
  `email` varchar(255) COLLATE utf8mb4_unicode_ci NOT NULL,
  `phone` varchar(20) COLLATE utf8mb4_unicode_ci DEFAULT NULL,
  `email_verified_at` timestamp NULL DEFAULT NULL,
  `password` varchar(120) COLLATE utf8mb4_unicode_ci DEFAULT NULL,
  `remember_token` varchar(100) COLLATE utf8mb4_unicode_ci DEFAULT NULL,
  `created_at` timestamp NULL DEFAULT NULL,
  `updated_at` timestamp NULL DEFAULT NULL,
  `first_name` varchar(120) COLLATE utf8mb4_unicode_ci DEFAULT NULL,
  `last_name` varchar(120) COLLATE utf8mb4_unicode_ci DEFAULT NULL,
  `username` varchar(60) COLLATE utf8mb4_unicode_ci DEFAULT NULL,
  `avatar_id` bigint unsigned DEFAULT NULL,
  `super_user` tinyint(1) NOT NULL DEFAULT '0',
  `manage_supers` tinyint(1) NOT NULL DEFAULT '0',
  `permissions` text COLLATE utf8mb4_unicode_ci,
  `last_login` timestamp NULL DEFAULT NULL,
  `sessions_invalidated_at` timestamp NULL DEFAULT NULL,
  PRIMARY KEY (`id`),
  UNIQUE KEY `users_email_unique` (`email`),
  UNIQUE KEY `users_username_unique` (`username`)
) ENGINE=InnoDB AUTO_INCREMENT=2 DEFAULT CHARSET=utf8mb4 COLLATE=utf8mb4_unicode_ci;

--
-- Dumping data for table `users`
--

INSERT INTO `users` VALUES (1,'admin@company.com',NULL,NULL,'$2y$12$iIh0.hDHnTHBbBkcBls3u.qb/zDaEfh/T.CsWsGFnShuPYIQRVkiG',NULL,'2026-05-28 19:07:05','2026-05-28 19:07:05','System','Admin','admin',NULL,1,1,NULL,NULL,NULL);

--
-- Table structure for table `widgets`
--

CREATE TABLE `widgets` (
  `id` bigint unsigned NOT NULL AUTO_INCREMENT,
  `widget_id` varchar(120) COLLATE utf8mb4_unicode_ci NOT NULL,
  `sidebar_id` varchar(120) COLLATE utf8mb4_unicode_ci NOT NULL,
  `theme` varchar(120) COLLATE utf8mb4_unicode_ci NOT NULL,
  `position` tinyint unsigned NOT NULL DEFAULT '0',
  `data` text COLLATE utf8mb4_unicode_ci,
  `created_at` timestamp NULL DEFAULT NULL,
  `updated_at` timestamp NULL DEFAULT NULL,
  PRIMARY KEY (`id`),
  UNIQUE KEY `widgets_unique_index` (`theme`,`sidebar_id`,`widget_id`,`position`)
) ENGINE=InnoDB AUTO_INCREMENT=55 DEFAULT CHARSET=utf8mb4 COLLATE=utf8mb4_unicode_ci;

--
-- Dumping data for table `widgets`
--

INSERT INTO `widgets` VALUES (1,'Theme\\Amerce\\Widgets\\FooterMenuWidget','footer_company_sidebar','amerce',0,'{\"name\":\"Company\",\"menu_id\":\"footer-company\"}','2026-05-28 19:07:07','2026-05-28 19:07:07'),(2,'Theme\\Amerce\\Widgets\\FooterMenuWidget','footer_customer_sidebar','amerce',0,'{\"name\":\"Customer\",\"menu_id\":\"footer-help\"}','2026-05-28 19:07:07','2026-05-28 19:07:07'),(3,'Theme\\Amerce\\Widgets\\BlogAboutMeWidget','blog_sidebar','amerce',0,'{\"name\":\"Amerce Editorial\",\"title\":\"About Me\",\"image\":null,\"bio\":\"Style notes, product spotlights, and how we curate the catalog \\u2014 written by the Amerce team.\",\"social_links\":[{\"platform\":\"facebook\",\"url\":\"https:\\/\\/facebook.com\"},{\"platform\":\"instagram\",\"url\":\"https:\\/\\/instagram.com\"},{\"platform\":\"tiktok\",\"url\":\"https:\\/\\/tiktok.com\"}]}','2026-05-28 19:07:07','2026-05-28 19:07:07'),(4,'Theme\\Amerce\\Widgets\\BlogSearchWidget','blog_sidebar','amerce',1,'{\"name\":\"Search\",\"placeholder\":\"Search...\"}','2026-05-28 19:07:07','2026-05-28 19:07:07'),(5,'Theme\\Amerce\\Widgets\\BlogCategoriesWidget','blog_sidebar','amerce',2,'{\"name\":\"Categories\",\"title\":\"Categories\",\"display_posts_count\":\"yes\",\"category_ids\":[]}','2026-05-28 19:07:07','2026-05-28 19:07:07'),(6,'Theme\\Amerce\\Widgets\\BlogPostsWidget','blog_sidebar','amerce',3,'{\"name\":\"Recent Posts\",\"title\":\"Recent Posts\",\"type\":\"recent\",\"number_display\":4}','2026-05-28 19:07:07','2026-05-28 19:07:07'),(7,'Theme\\Amerce\\Widgets\\BlogTagsWidget','blog_sidebar','amerce',4,'{\"name\":\"Tags\",\"title\":\"Popular Tags\",\"number_display\":11}','2026-05-28 19:07:07','2026-05-28 19:07:07'),(8,'Theme\\Amerce\\Widgets\\ProductDeliveryInfoWidget','product_details_sidebar','amerce',0,'{\"name\":\"Product Delivery & Return\",\"estimated_intl\":\"12-26 Days\",\"estimated_intl_label\":\"International\",\"estimated_local\":\"3-6 Days\",\"estimated_local_label\":\"United States\",\"return_within\":\"45 Days\",\"return_text\":\"of purchase. Duties & taxes are non-refundable.\"}','2026-05-28 19:07:07','2026-05-28 19:07:07'),(9,'Theme\\Amerce\\Widgets\\PaymentMethodsWidget','product_details_sidebar','amerce',1,'{\"name\":\"Payment Methods\",\"title\":\"Guaranteed Safe Checkout:\",\"images\":[]}','2026-05-28 19:07:07','2026-05-28 19:07:07'),(10,'Theme\\Amerce\\Widgets\\FooterMenuWidget','footer_company_sidebar','amerce-vi',0,'{\"name\":\"C\\u00f4ng ty\",\"menu_id\":\"footer-company-vi\"}','2026-05-28 19:07:20','2026-05-28 19:07:20'),(11,'Theme\\Amerce\\Widgets\\FooterMenuWidget','footer_customer_sidebar','amerce-vi',0,'{\"name\":\"Kh\\u00e1ch h\\u00e0ng\",\"menu_id\":\"footer-help-vi\"}','2026-05-28 19:07:20','2026-05-28 19:07:20'),(12,'Theme\\Amerce\\Widgets\\BlogAboutMeWidget','blog_sidebar','amerce-vi',0,'{\"name\":\"Bi\\u00ean t\\u1eadp c\\u1ee7a America\",\"title\":\"Gi\\u1edbi thi\\u1ec7u v\\u1ec1 t\\u00f4i\",\"image\":null,\"bio\":\"Style notes, product spotlights, and how we curate the catalog \\u2014 written by the Amerce team.\",\"social_links\":[{\"platform\":\"facebook\",\"url\":\"https:\\/\\/facebook.com\"},{\"platform\":\"instagram\",\"url\":\"https:\\/\\/instagram.com\"},{\"platform\":\"tiktok\",\"url\":\"https:\\/\\/tiktok.com\"}]}','2026-05-28 19:07:20','2026-05-28 19:07:20'),(13,'Theme\\Amerce\\Widgets\\BlogSearchWidget','blog_sidebar','amerce-vi',1,'{\"name\":\"T\\u00ecm ki\\u1ebfm\",\"placeholder\":\"Search...\"}','2026-05-28 19:07:20','2026-05-28 19:07:20'),(14,'Theme\\Amerce\\Widgets\\BlogCategoriesWidget','blog_sidebar','amerce-vi',2,'{\"name\":\"Danh m\\u1ee5c\",\"title\":\"Danh m\\u1ee5c\",\"display_posts_count\":\"yes\",\"category_ids\":[]}','2026-05-28 19:07:20','2026-05-28 19:07:20'),(15,'Theme\\Amerce\\Widgets\\BlogPostsWidget','blog_sidebar','amerce-vi',3,'{\"name\":\"B\\u00e0i vi\\u1ebft m\\u1edbi\",\"title\":\"B\\u00e0i vi\\u1ebft m\\u1edbi\",\"type\":\"recent\",\"number_display\":4}','2026-05-28 19:07:20','2026-05-28 19:07:20'),(16,'Theme\\Amerce\\Widgets\\BlogTagsWidget','blog_sidebar','amerce-vi',4,'{\"name\":\"Th\\u1ebb\",\"title\":\"Th\\u1ebb ph\\u1ed5 bi\\u1ebfn\",\"number_display\":11}','2026-05-28 19:07:20','2026-05-28 19:07:20'),(17,'Theme\\Amerce\\Widgets\\ProductDeliveryInfoWidget','product_details_sidebar','amerce-vi',0,'{\"name\":\"Giao h\\u00e0ng v\\u00e0 tr\\u1ea3 l\\u1ea1i s\\u1ea3n ph\\u1ea9m\",\"estimated_intl\":\"12-26 Days\",\"estimated_intl_label\":\"International\",\"estimated_local\":\"3-6 Days\",\"estimated_local_label\":\"United States\",\"return_within\":\"45 Days\",\"return_text\":\"of purchase. Duties & taxes are non-refundable.\"}','2026-05-28 19:07:20','2026-05-28 19:07:20'),(18,'Theme\\Amerce\\Widgets\\PaymentMethodsWidget','product_details_sidebar','amerce-vi',1,'{\"name\":\"Ph\\u01b0\\u01a1ng th\\u1ee9c thanh to\\u00e1n\",\"title\":\"\\u0110\\u1ea3m b\\u1ea3o thanh to\\u00e1n an to\\u00e0n:\",\"images\":[]}','2026-05-28 19:07:20','2026-05-28 19:07:20'),(19,'Theme\\Amerce\\Widgets\\FooterMenuWidget','footer_company_sidebar','amerce-ar',0,'{\"name\":\"\\u0634\\u0631\\u0643\\u0629\",\"menu_id\":\"footer-company-ar\"}','2026-05-28 19:07:20','2026-05-28 19:07:20'),(20,'Theme\\Amerce\\Widgets\\FooterMenuWidget','footer_customer_sidebar','amerce-ar',0,'{\"name\":\"\\u0639\\u0645\\u064a\\u0644\",\"menu_id\":\"footer-help-ar\"}','2026-05-28 19:07:20','2026-05-28 19:07:20'),(21,'Theme\\Amerce\\Widgets\\BlogAboutMeWidget','blog_sidebar','amerce-ar',0,'{\"name\":\"\\u0627\\u0641\\u062a\\u062a\\u0627\\u062d\\u064a\\u0629 \\u0623\\u0645\\u064a\\u0631\\u0633\",\"title\":\"\\u0652\\u0639\\u064e\\u0646\\u0651\\u0650\\u064a\",\"image\":null,\"bio\":\"Style notes, product spotlights, and how we curate the catalog \\u2014 written by the Amerce team.\",\"social_links\":[{\"platform\":\"facebook\",\"url\":\"https:\\/\\/facebook.com\"},{\"platform\":\"instagram\",\"url\":\"https:\\/\\/instagram.com\"},{\"platform\":\"tiktok\",\"url\":\"https:\\/\\/tiktok.com\"}]}','2026-05-28 19:07:20','2026-05-28 19:07:20'),(22,'Theme\\Amerce\\Widgets\\BlogSearchWidget','blog_sidebar','amerce-ar',1,'{\"name\":\"\\u064a\\u0628\\u062d\\u062b\",\"placeholder\":\"Search...\"}','2026-05-28 19:07:20','2026-05-28 19:07:20'),(23,'Theme\\Amerce\\Widgets\\BlogCategoriesWidget','blog_sidebar','amerce-ar',2,'{\"name\":\"\\u0641\\u0626\\u0629\",\"title\":\"\\u0641\\u0626\\u0629\",\"display_posts_count\":\"yes\",\"category_ids\":[]}','2026-05-28 19:07:20','2026-05-28 19:07:20'),(24,'Theme\\Amerce\\Widgets\\BlogPostsWidget','blog_sidebar','amerce-ar',3,'{\"name\":\"\\u0645\\u0642\\u0627\\u0644\\u0629 \\u062c\\u062f\\u064a\\u062f\\u0629\",\"title\":\"\\u0645\\u0642\\u0627\\u0644\\u0629 \\u062c\\u062f\\u064a\\u062f\\u0629\",\"type\":\"recent\",\"number_display\":4}','2026-05-28 19:07:20','2026-05-28 19:07:20'),(25,'Theme\\Amerce\\Widgets\\BlogTagsWidget','blog_sidebar','amerce-ar',4,'{\"name\":\"\\u0628\\u0637\\u0627\\u0642\\u0629\",\"title\":\"\\u0627\\u0644\\u0639\\u0644\\u0627\\u0645\\u0627\\u062a \\u0627\\u0644\\u0634\\u0639\\u0628\\u064a\\u0629\",\"number_display\":11}','2026-05-28 19:07:20','2026-05-28 19:07:20'),(26,'Theme\\Amerce\\Widgets\\ProductDeliveryInfoWidget','product_details_sidebar','amerce-ar',0,'{\"name\":\"\\u062a\\u0633\\u0644\\u064a\\u0645 \\u0627\\u0644\\u0645\\u0646\\u062a\\u062c \\u0648\\u0625\\u0639\\u0627\\u062f\\u062a\\u0647\",\"estimated_intl\":\"12-26 Days\",\"estimated_intl_label\":\"International\",\"estimated_local\":\"3-6 Days\",\"estimated_local_label\":\"United States\",\"return_within\":\"45 Days\",\"return_text\":\"of purchase. Duties & taxes are non-refundable.\"}','2026-05-28 19:07:20','2026-05-28 19:07:20'),(27,'Theme\\Amerce\\Widgets\\PaymentMethodsWidget','product_details_sidebar','amerce-ar',1,'{\"name\":\"\\u0637\\u0631\\u064a\\u0642\\u0629 \\u0627\\u0644\\u062f\\u0641\\u0639\",\"title\":\"\\u0627\\u0644\\u062e\\u0631\\u0648\\u062c \\u0627\\u0644\\u0622\\u0645\\u0646 \\u0627\\u0644\\u0645\\u0636\\u0645\\u0648\\u0646:\",\"images\":[]}','2026-05-28 19:07:20','2026-05-28 19:07:20'),(28,'Theme\\Amerce\\Widgets\\FooterMenuWidget','footer_company_sidebar','amerce-fr',0,'{\"name\":\"Entreprise\",\"menu_id\":\"footer-company-fr\"}','2026-05-28 19:07:20','2026-05-28 19:07:20'),(29,'Theme\\Amerce\\Widgets\\FooterMenuWidget','footer_customer_sidebar','amerce-fr',0,'{\"name\":\"Client\",\"menu_id\":\"footer-help-fr\"}','2026-05-28 19:07:20','2026-05-28 19:07:20'),(30,'Theme\\Amerce\\Widgets\\BlogAboutMeWidget','blog_sidebar','amerce-fr',0,'{\"name\":\"\\u00c9ditorial am\\u00e9ricain\",\"title\":\"Sur moi\",\"image\":null,\"bio\":\"Style notes, product spotlights, and how we curate the catalog \\u2014 written by the Amerce team.\",\"social_links\":[{\"platform\":\"facebook\",\"url\":\"https:\\/\\/facebook.com\"},{\"platform\":\"instagram\",\"url\":\"https:\\/\\/instagram.com\"},{\"platform\":\"tiktok\",\"url\":\"https:\\/\\/tiktok.com\"}]}','2026-05-28 19:07:20','2026-05-28 19:07:20'),(31,'Theme\\Amerce\\Widgets\\BlogSearchWidget','blog_sidebar','amerce-fr',1,'{\"name\":\"Recherche\",\"placeholder\":\"Search...\"}','2026-05-28 19:07:20','2026-05-28 19:07:20'),(32,'Theme\\Amerce\\Widgets\\BlogCategoriesWidget','blog_sidebar','amerce-fr',2,'{\"name\":\"Cat\\u00e9gorie\",\"title\":\"Cat\\u00e9gorie\",\"display_posts_count\":\"yes\",\"category_ids\":[]}','2026-05-28 19:07:20','2026-05-28 19:07:20'),(33,'Theme\\Amerce\\Widgets\\BlogPostsWidget','blog_sidebar','amerce-fr',3,'{\"name\":\"Nouvel article\",\"title\":\"Nouvel article\",\"type\":\"recent\",\"number_display\":4}','2026-05-28 19:07:20','2026-05-28 19:07:20'),(34,'Theme\\Amerce\\Widgets\\BlogTagsWidget','blog_sidebar','amerce-fr',4,'{\"name\":\"Carte\",\"title\":\"Balises populaires\",\"number_display\":11}','2026-05-28 19:07:20','2026-05-28 19:07:20'),(35,'Theme\\Amerce\\Widgets\\ProductDeliveryInfoWidget','product_details_sidebar','amerce-fr',0,'{\"name\":\"Livraison et retour du produit\",\"estimated_intl\":\"12-26 Days\",\"estimated_intl_label\":\"International\",\"estimated_local\":\"3-6 Days\",\"estimated_local_label\":\"United States\",\"return_within\":\"45 Days\",\"return_text\":\"of purchase. Duties & taxes are non-refundable.\"}','2026-05-28 19:07:20','2026-05-28 19:07:20'),(36,'Theme\\Amerce\\Widgets\\PaymentMethodsWidget','product_details_sidebar','amerce-fr',1,'{\"name\":\"Mode de paiement\",\"title\":\"Paiement s\\u00e9curis\\u00e9 garanti\\u00a0:\",\"images\":[]}','2026-05-28 19:07:20','2026-05-28 19:07:20'),(37,'Theme\\Amerce\\Widgets\\FooterMenuWidget','footer_company_sidebar','amerce-id',0,'{\"name\":\"Perusahaan\",\"menu_id\":\"footer-company-id\"}','2026-05-28 19:07:20','2026-05-28 19:07:20'),(38,'Theme\\Amerce\\Widgets\\FooterMenuWidget','footer_customer_sidebar','amerce-id',0,'{\"name\":\"Pelanggan\",\"menu_id\":\"footer-help-id\"}','2026-05-28 19:07:20','2026-05-28 19:07:20'),(39,'Theme\\Amerce\\Widgets\\BlogAboutMeWidget','blog_sidebar','amerce-id',0,'{\"name\":\"Editorial Amerika\",\"title\":\"Tentang Saya\",\"image\":null,\"bio\":\"Style notes, product spotlights, and how we curate the catalog \\u2014 written by the Amerce team.\",\"social_links\":[{\"platform\":\"facebook\",\"url\":\"https:\\/\\/facebook.com\"},{\"platform\":\"instagram\",\"url\":\"https:\\/\\/instagram.com\"},{\"platform\":\"tiktok\",\"url\":\"https:\\/\\/tiktok.com\"}]}','2026-05-28 19:07:20','2026-05-28 19:07:20'),(40,'Theme\\Amerce\\Widgets\\BlogSearchWidget','blog_sidebar','amerce-id',1,'{\"name\":\"Mencari\",\"placeholder\":\"Search...\"}','2026-05-28 19:07:20','2026-05-28 19:07:20'),(41,'Theme\\Amerce\\Widgets\\BlogCategoriesWidget','blog_sidebar','amerce-id',2,'{\"name\":\"Kategori\",\"title\":\"Kategori\",\"display_posts_count\":\"yes\",\"category_ids\":[]}','2026-05-28 19:07:20','2026-05-28 19:07:20'),(42,'Theme\\Amerce\\Widgets\\BlogPostsWidget','blog_sidebar','amerce-id',3,'{\"name\":\"Artikel baru\",\"title\":\"Artikel baru\",\"type\":\"recent\",\"number_display\":4}','2026-05-28 19:07:20','2026-05-28 19:07:20'),(43,'Theme\\Amerce\\Widgets\\BlogTagsWidget','blog_sidebar','amerce-id',4,'{\"name\":\"Kartu\",\"title\":\"Tag populer\",\"number_display\":11}','2026-05-28 19:07:20','2026-05-28 19:07:20'),(44,'Theme\\Amerce\\Widgets\\ProductDeliveryInfoWidget','product_details_sidebar','amerce-id',0,'{\"name\":\"Pengiriman & Pengembalian Produk\",\"estimated_intl\":\"12-26 Days\",\"estimated_intl_label\":\"International\",\"estimated_local\":\"3-6 Days\",\"estimated_local_label\":\"United States\",\"return_within\":\"45 Days\",\"return_text\":\"of purchase. Duties & taxes are non-refundable.\"}','2026-05-28 19:07:20','2026-05-28 19:07:20'),(45,'Theme\\Amerce\\Widgets\\PaymentMethodsWidget','product_details_sidebar','amerce-id',1,'{\"name\":\"Metode pembayaran\",\"title\":\"Checkout Aman Terjamin:\",\"images\":[]}','2026-05-28 19:07:20','2026-05-28 19:07:20'),(46,'Theme\\Amerce\\Widgets\\FooterMenuWidget','footer_company_sidebar','amerce-tr',0,'{\"name\":\"\\u015eirket\",\"menu_id\":\"footer-company-tr\"}','2026-05-28 19:07:20','2026-05-28 19:07:20'),(47,'Theme\\Amerce\\Widgets\\FooterMenuWidget','footer_customer_sidebar','amerce-tr',0,'{\"name\":\"M\\u00fc\\u015fteri\",\"menu_id\":\"footer-help-tr\"}','2026-05-28 19:07:20','2026-05-28 19:07:20'),(48,'Theme\\Amerce\\Widgets\\BlogAboutMeWidget','blog_sidebar','amerce-tr',0,'{\"name\":\"Amerce Editoryal\",\"title\":\"Hakk\\u0131mda\",\"image\":null,\"bio\":\"Style notes, product spotlights, and how we curate the catalog \\u2014 written by the Amerce team.\",\"social_links\":[{\"platform\":\"facebook\",\"url\":\"https:\\/\\/facebook.com\"},{\"platform\":\"instagram\",\"url\":\"https:\\/\\/instagram.com\"},{\"platform\":\"tiktok\",\"url\":\"https:\\/\\/tiktok.com\"}]}','2026-05-28 19:07:20','2026-05-28 19:07:20'),(49,'Theme\\Amerce\\Widgets\\BlogSearchWidget','blog_sidebar','amerce-tr',1,'{\"name\":\"Aramak\",\"placeholder\":\"Search...\"}','2026-05-28 19:07:20','2026-05-28 19:07:20'),(50,'Theme\\Amerce\\Widgets\\BlogCategoriesWidget','blog_sidebar','amerce-tr',2,'{\"name\":\"Kategori\",\"title\":\"Kategori\",\"display_posts_count\":\"yes\",\"category_ids\":[]}','2026-05-28 19:07:20','2026-05-28 19:07:20'),(51,'Theme\\Amerce\\Widgets\\BlogPostsWidget','blog_sidebar','amerce-tr',3,'{\"name\":\"Yeni makale\",\"title\":\"Yeni makale\",\"type\":\"recent\",\"number_display\":4}','2026-05-28 19:07:20','2026-05-28 19:07:20'),(52,'Theme\\Amerce\\Widgets\\BlogTagsWidget','blog_sidebar','amerce-tr',4,'{\"name\":\"Kart\",\"title\":\"Pop\\u00fcler etiketler\",\"number_display\":11}','2026-05-28 19:07:20','2026-05-28 19:07:20'),(53,'Theme\\Amerce\\Widgets\\ProductDeliveryInfoWidget','product_details_sidebar','amerce-tr',0,'{\"name\":\"\\u00dcr\\u00fcn Teslimat\\u0131 & \\u0130ade\",\"estimated_intl\":\"12-26 Days\",\"estimated_intl_label\":\"International\",\"estimated_local\":\"3-6 Days\",\"estimated_local_label\":\"United States\",\"return_within\":\"45 Days\",\"return_text\":\"of purchase. Duties & taxes are non-refundable.\"}','2026-05-28 19:07:20','2026-05-28 19:07:20'),(54,'Theme\\Amerce\\Widgets\\PaymentMethodsWidget','product_details_sidebar','amerce-tr',1,'{\"name\":\"\\u00d6deme y\\u00f6ntemi\",\"title\":\"Garantili G\\u00fcvenli \\u00d6deme:\",\"images\":[]}','2026-05-28 19:07:20','2026-05-28 19:07:20');


