-- Table structure for table `menu_nodes`
--

CREATE TABLE `menu_nodes` (
  `id` bigint unsigned NOT NULL AUTO_INCREMENT,
  `menu_id` bigint unsigned NOT NULL,
  `parent_id` bigint unsigned NOT NULL DEFAULT '0',
  `reference_id` bigint unsigned DEFAULT NULL,
  `reference_type` varchar(255) COLLATE utf8mb4_unicode_ci DEFAULT NULL,
  `url` varchar(255) COLLATE utf8mb4_unicode_ci DEFAULT NULL,
  `icon_font` varchar(255) COLLATE utf8mb4_unicode_ci DEFAULT NULL,
  `position` tinyint unsigned NOT NULL DEFAULT '0',
  `title` varchar(255) COLLATE utf8mb4_unicode_ci DEFAULT NULL,
  `css_class` varchar(255) COLLATE utf8mb4_unicode_ci DEFAULT NULL,
  `target` varchar(20) COLLATE utf8mb4_unicode_ci NOT NULL DEFAULT '_self',
  `has_child` tinyint unsigned NOT NULL DEFAULT '0',
  `created_at` timestamp NULL DEFAULT NULL,
  `updated_at` timestamp NULL DEFAULT NULL,
  PRIMARY KEY (`id`),
  KEY `menu_nodes_menu_id_index` (`menu_id`),
  KEY `menu_nodes_parent_id_index` (`parent_id`),
  KEY `reference_id` (`reference_id`),
  KEY `reference_type` (`reference_type`)
) ENGINE=InnoDB AUTO_INCREMENT=211 DEFAULT CHARSET=utf8mb4 COLLATE=utf8mb4_unicode_ci;

--
-- Dumping data for table `menu_nodes`
--

INSERT INTO `menu_nodes` VALUES (1,1,0,NULL,NULL,'https://amerce.botble.com',NULL,0,'Home','has-mega-menu','_self',1,'2026-05-28 19:05:07','2026-05-28 19:05:07'),(2,1,1,NULL,NULL,'https://amerce.botble.com',NULL,0,'Main Demo',NULL,'_self',0,'2026-05-28 19:05:07','2026-05-28 19:05:07'),(3,1,1,NULL,NULL,'https://amerce-mental.botble.com',NULL,1,'Home Mental',NULL,'_self',0,'2026-05-28 19:05:07','2026-05-28 19:05:07'),(4,1,1,NULL,NULL,'https://amerce-electronics.botble.com',NULL,2,'Home Electronics',NULL,'_self',0,'2026-05-28 19:05:07','2026-05-28 19:05:07'),(5,1,1,NULL,NULL,'https://amerce-pod.botble.com',NULL,3,'Home POD',NULL,'_self',0,'2026-05-28 19:05:07','2026-05-28 19:05:07'),(6,1,1,NULL,NULL,'https://amerce-pet-care.botble.com',NULL,4,'Home Pet Care',NULL,'_self',0,'2026-05-28 19:05:07','2026-05-28 19:05:07'),(7,1,1,NULL,NULL,'https://amerce-baby.botble.com',NULL,5,'Home Baby',NULL,'_self',0,'2026-05-28 19:05:07','2026-05-28 19:05:07'),(8,1,1,NULL,NULL,'https://amerce-auto.botble.com',NULL,6,'Home Auto',NULL,'_self',0,'2026-05-28 19:05:07','2026-05-28 19:05:07'),(9,1,1,NULL,NULL,'https://amerce-decor.botble.com',NULL,7,'Home Decor',NULL,'_self',0,'2026-05-28 19:05:07','2026-05-28 19:05:07'),(10,1,1,NULL,NULL,'https://amerce-cosmetic.botble.com',NULL,8,'Home Cosmetic',NULL,'_self',0,'2026-05-28 19:05:07','2026-05-28 19:05:07'),(11,1,1,NULL,NULL,'https://amerce-organic.botble.com',NULL,9,'Home Organic',NULL,'_self',0,'2026-05-28 19:05:07','2026-05-28 19:05:07'),(12,1,1,NULL,NULL,'https://amerce-fashion.botble.com',NULL,10,'Home Fashion',NULL,'_self',0,'2026-05-28 19:05:07','2026-05-28 19:05:07'),(13,1,1,NULL,NULL,'https://amerce-headphone.botble.com',NULL,11,'Home Headphone',NULL,'_self',0,'2026-05-28 19:05:07','2026-05-28 19:05:07'),(14,1,1,NULL,NULL,'https://amerce-jewelry.botble.com',NULL,12,'Home Jewelry',NULL,'_self',0,'2026-05-28 19:05:07','2026-05-28 19:05:07'),(15,1,1,NULL,NULL,'https://amerce-garden.botble.com',NULL,13,'Home Garden',NULL,'_self',0,'2026-05-28 19:05:07','2026-05-28 19:05:07'),(16,1,1,NULL,NULL,'https://amerce-construct.botble.com',NULL,14,'Home Construct',NULL,'_self',0,'2026-05-28 19:05:07','2026-05-28 19:05:07'),(17,1,1,NULL,NULL,'https://amerce-furniture.botble.com',NULL,15,'Home Furniture',NULL,'_self',0,'2026-05-28 19:05:07','2026-05-28 19:05:07'),(18,1,1,NULL,NULL,'https://amerce-fashion-2.botble.com',NULL,16,'Home Fashion 2',NULL,'_self',0,'2026-05-28 19:05:07','2026-05-28 19:05:07'),(19,1,1,NULL,NULL,'https://amerce-bag.botble.com',NULL,17,'Home Bag',NULL,'_self',0,'2026-05-28 19:05:07','2026-05-28 19:05:07'),(20,1,1,NULL,NULL,'https://amerce-sport.botble.com',NULL,18,'Home Sport',NULL,'_self',0,'2026-05-28 19:05:07','2026-05-28 19:05:07'),(21,1,1,NULL,NULL,'https://amerce-office.botble.com',NULL,19,'Home Office',NULL,'_self',0,'2026-05-28 19:05:07','2026-05-28 19:05:07'),(22,1,1,NULL,NULL,'https://amerce-sneaker.botble.com',NULL,20,'Home Sneaker',NULL,'_self',0,'2026-05-28 19:05:07','2026-05-28 19:05:07'),(23,1,0,NULL,NULL,'/products',NULL,1,'Shop','has-mega-menu','_self',1,'2026-05-28 19:05:07','2026-05-28 19:05:07'),(24,1,23,NULL,NULL,'#',NULL,0,'Shop Layout',NULL,'_self',1,'2026-05-28 19:05:07','2026-05-28 19:05:07'),(25,1,24,NULL,NULL,'/products',NULL,0,'Default',NULL,'_self',0,'2026-05-28 19:05:07','2026-05-28 19:05:07'),(26,1,24,NULL,NULL,'/products?layout=left-sidebar',NULL,1,'Left Sidebar',NULL,'_self',0,'2026-05-28 19:05:07','2026-05-28 19:05:07'),(27,1,24,NULL,NULL,'/products?layout=right-sidebar',NULL,2,'Right Sidebar',NULL,'_self',0,'2026-05-28 19:05:07','2026-05-28 19:05:07'),(28,1,24,NULL,NULL,'/products?layout=full-width',NULL,3,'Full Width',NULL,'_self',0,'2026-05-28 19:05:07','2026-05-28 19:05:07'),(29,1,24,NULL,NULL,'/products?layout=sub-collection',NULL,4,'Sub Collection',NULL,'_self',0,'2026-05-28 19:05:07','2026-05-28 19:05:07'),(30,1,24,NULL,NULL,'/collections',NULL,5,'Collection List',NULL,'_self',0,'2026-05-28 19:05:07','2026-05-28 19:05:07'),(31,1,23,NULL,NULL,'#',NULL,1,'View Style',NULL,'_self',1,'2026-05-28 19:05:07','2026-05-28 19:05:07'),(32,1,31,NULL,NULL,'/products',NULL,0,'Default',NULL,'_self',0,'2026-05-28 19:05:07','2026-05-28 19:05:07'),(33,1,31,NULL,NULL,'/products?layout=grid',NULL,1,'Grid View',NULL,'_self',0,'2026-05-28 19:05:07','2026-05-28 19:05:07'),(34,1,31,NULL,NULL,'/products?layout=list',NULL,2,'List View',NULL,'_self',0,'2026-05-28 19:05:07','2026-05-28 19:05:07'),(35,1,23,NULL,NULL,'#',NULL,2,'Browse',NULL,'_self',1,'2026-05-28 19:05:07','2026-05-28 19:05:07'),(36,1,35,NULL,NULL,'/products',NULL,0,'All Products',NULL,'_self',0,'2026-05-28 19:05:07','2026-05-28 19:05:07'),(37,1,35,NULL,NULL,'/products?source=latest',NULL,1,'New Arrivals',NULL,'_self',0,'2026-05-28 19:05:07','2026-05-28 19:05:07'),(38,1,35,NULL,NULL,'/products?sort=best-seller',NULL,2,'Best Sellers',NULL,'_self',0,'2026-05-28 19:05:07','2026-05-28 19:05:07'),(39,1,35,NULL,NULL,'/products?source=featured',NULL,3,'Featured',NULL,'_self',0,'2026-05-28 19:05:07','2026-05-28 19:05:07'),(40,1,35,NULL,NULL,'/products?on_sale=1',NULL,4,'On Sale',NULL,'_self',0,'2026-05-28 19:05:07','2026-05-28 19:05:07'),(41,1,0,NULL,NULL,'/products',NULL,2,'Product','has-mega-menu','_self',1,'2026-05-28 19:05:07','2026-05-28 19:05:07'),(42,1,41,NULL,NULL,'#',NULL,0,'Product Layout',NULL,'_self',1,'2026-05-28 19:05:07','2026-05-28 19:05:07'),(43,1,42,NULL,NULL,'/products',NULL,0,'Default',NULL,'_self',0,'2026-05-28 19:05:07','2026-05-28 19:05:07'),(44,1,42,NULL,NULL,'/products?layout=right-thumbnail',NULL,1,'Right Thumbnail',NULL,'_self',0,'2026-05-28 19:05:07','2026-05-28 19:05:07'),(45,1,42,NULL,NULL,'/products?layout=bottom-thumbnail',NULL,2,'Bottom Thumbnail',NULL,'_self',0,'2026-05-28 19:05:07','2026-05-28 19:05:07'),(46,1,42,NULL,NULL,'/products?layout=grid',NULL,3,'Product Grid',NULL,'_self',0,'2026-05-28 19:05:07','2026-05-28 19:05:07'),(47,1,42,NULL,NULL,'/products?layout=grid-2',NULL,4,'Product Grid 2',NULL,'_self',0,'2026-05-28 19:05:07','2026-05-28 19:05:07'),(48,1,42,NULL,NULL,'/products?layout=stacked',NULL,5,'Product Stacked',NULL,'_self',0,'2026-05-28 19:05:07','2026-05-28 19:05:07'),(49,1,42,NULL,NULL,'/products?layout=description-accordion',NULL,6,'Description Accordion',NULL,'_self',0,'2026-05-28 19:05:07','2026-05-28 19:05:07'),(50,1,0,NULL,NULL,'/blog',NULL,3,'Blog',NULL,'_self',1,'2026-05-28 19:05:07','2026-05-28 19:05:07'),(51,1,50,NULL,NULL,'/blog',NULL,0,'Blog',NULL,'_self',0,'2026-05-28 19:05:07','2026-05-28 19:05:07'),(52,1,50,NULL,NULL,'/blog',NULL,1,'Blog Single',NULL,'_self',0,'2026-05-28 19:05:07','2026-05-28 19:05:07'),(53,1,0,NULL,NULL,'/about',NULL,4,'Pages',NULL,'_self',1,'2026-05-28 19:05:07','2026-05-28 19:05:07'),(54,1,53,NULL,NULL,'/about',NULL,0,'About Us',NULL,'_self',0,'2026-05-28 19:05:07','2026-05-28 19:05:07'),(55,1,53,NULL,NULL,'/contact',NULL,1,'Contact Us',NULL,'_self',0,'2026-05-28 19:05:07','2026-05-28 19:05:07'),(56,1,53,NULL,NULL,'/our-stores',NULL,2,'Our Store',NULL,'_self',0,'2026-05-28 19:05:07','2026-05-28 19:05:07'),(57,1,53,NULL,NULL,'/orders/tracking',NULL,3,'Invoice',NULL,'_self',0,'2026-05-28 19:05:07','2026-05-28 19:05:07'),(58,1,53,NULL,NULL,'/page-not-found',NULL,4,'404',NULL,'_self',0,'2026-05-28 19:05:07','2026-05-28 19:05:07'),(59,1,53,NULL,NULL,'/compare',NULL,5,'Compare',NULL,'_self',0,'2026-05-28 19:05:07','2026-05-28 19:05:07'),(60,1,53,NULL,NULL,'/customer/overview',NULL,6,'My Account',NULL,'_self',0,'2026-05-28 19:05:07','2026-05-28 19:05:07'),(61,2,0,NULL,NULL,'/shipping',NULL,0,'Shipping',NULL,'_self',0,'2026-05-28 19:05:07','2026-05-28 19:05:07'),(62,2,0,NULL,NULL,'/returns-refunds',NULL,1,'Return & Refund',NULL,'_self',0,'2026-05-28 19:05:07','2026-05-28 19:05:07'),(63,2,0,NULL,NULL,'/privacy-policy',NULL,2,'Privacy Policy',NULL,'_self',0,'2026-05-28 19:05:07','2026-05-28 19:05:07'),(64,2,0,NULL,NULL,'/terms-of-service',NULL,3,'Terms & Conditions',NULL,'_self',0,'2026-05-28 19:05:07','2026-05-28 19:05:07'),(65,2,0,NULL,NULL,'/faq',NULL,4,'Orders FAQs',NULL,'_self',0,'2026-05-28 19:05:07','2026-05-28 19:05:07'),(66,3,0,NULL,NULL,'/about',NULL,0,'About Us',NULL,'_self',0,'2026-05-28 19:05:07','2026-05-28 19:05:07'),(67,3,0,NULL,NULL,'/our-stores',NULL,1,'Our Stories',NULL,'_self',0,'2026-05-28 19:05:07','2026-05-28 19:05:07'),(68,3,0,NULL,NULL,'/contact',NULL,2,'Contact us',NULL,'_self',0,'2026-05-28 19:05:07','2026-05-28 19:05:07'),(69,3,0,NULL,NULL,'/blog',NULL,3,'Latest New',NULL,'_self',0,'2026-05-28 19:05:07','2026-05-28 19:05:07'),(70,3,0,NULL,NULL,'/customer/overview',NULL,4,'My Account',NULL,'_self',0,'2026-05-28 19:05:07','2026-05-28 19:05:07'),(71,4,0,NULL,NULL,'/',NULL,0,'Trang chủ',NULL,'_self',0,'2026-05-28 19:05:23','2026-05-28 19:05:23'),(72,4,0,NULL,NULL,'/products',NULL,1,'Mua sắm',NULL,'_self',1,'2026-05-28 19:05:23','2026-05-28 19:05:23'),(73,4,72,NULL,NULL,'/products?source=latest',NULL,0,'Hàng mới về',NULL,'_self',0,'2026-05-28 19:05:23','2026-05-28 19:05:23'),(74,4,72,NULL,NULL,'/products?sort=best-seller',NULL,1,'Bán chạy nhất',NULL,'_self',0,'2026-05-28 19:05:23','2026-05-28 19:05:23'),(75,4,72,NULL,NULL,'/products?on_sale=1',NULL,2,'Giảm giá',NULL,'_self',0,'2026-05-28 19:05:23','2026-05-28 19:05:23'),(76,4,72,NULL,NULL,'/products',NULL,3,'Tất cả sản phẩm',NULL,'_self',0,'2026-05-28 19:05:23','2026-05-28 19:05:23'),(77,4,0,NULL,NULL,'/products',NULL,2,'Danh mục',NULL,'_self',1,'2026-05-28 19:05:23','2026-05-28 19:05:23'),(78,4,77,NULL,NULL,'/product-categories/outerwear',NULL,0,'Áo khoác',NULL,'_self',0,'2026-05-28 19:05:23','2026-05-28 19:05:23'),(79,4,77,NULL,NULL,'/product-categories/tops-shirts',NULL,1,'Áo & Sơ mi',NULL,'_self',0,'2026-05-28 19:05:23','2026-05-28 19:05:23'),(80,4,77,NULL,NULL,'/product-categories/bottoms',NULL,2,'Quần & Váy',NULL,'_self',0,'2026-05-28 19:05:23','2026-05-28 19:05:23'),(81,4,77,NULL,NULL,'/product-categories/dresses',NULL,3,'Đầm',NULL,'_self',0,'2026-05-28 19:05:23','2026-05-28 19:05:23'),(82,4,77,NULL,NULL,'/product-categories/footwear',NULL,4,'Giày dép',NULL,'_self',0,'2026-05-28 19:05:23','2026-05-28 19:05:23'),(83,4,77,NULL,NULL,'/product-categories/accessories',NULL,5,'Phụ kiện',NULL,'_self',0,'2026-05-28 19:05:23','2026-05-28 19:05:23'),(84,4,0,NULL,NULL,'/brands',NULL,3,'Thương hiệu',NULL,'_self',0,'2026-05-28 19:05:23','2026-05-28 19:05:23'),(85,4,0,NULL,NULL,'/blog',NULL,4,'Tạp chí',NULL,'_self',0,'2026-05-28 19:05:23','2026-05-28 19:05:23'),(86,4,0,NULL,NULL,'/about',NULL,5,'Giới thiệu',NULL,'_self',0,'2026-05-28 19:05:23','2026-05-28 19:05:23'),(87,4,0,NULL,NULL,'/contact',NULL,6,'Liên hệ',NULL,'_self',0,'2026-05-28 19:05:23','2026-05-28 19:05:23'),(88,5,0,NULL,NULL,'/contact',NULL,0,'Liên hệ với chúng tôi',NULL,'_self',0,'2026-05-28 19:05:23','2026-05-28 19:05:23'),(89,5,0,NULL,NULL,'/faq',NULL,1,'Câu hỏi thường gặp',NULL,'_self',0,'2026-05-28 19:05:23','2026-05-28 19:05:23'),(90,5,0,NULL,NULL,'/shipping',NULL,2,'Vận chuyển',NULL,'_self',0,'2026-05-28 19:05:23','2026-05-28 19:05:23'),(91,5,0,NULL,NULL,'/returns-refunds',NULL,3,'Đổi trả & Hoàn tiền',NULL,'_self',0,'2026-05-28 19:05:23','2026-05-28 19:05:23'),(92,5,0,NULL,NULL,'/customer/orders',NULL,4,'Theo dõi đơn hàng',NULL,'_self',0,'2026-05-28 19:05:23','2026-05-28 19:05:23'),(93,6,0,NULL,NULL,'/about',NULL,0,'Giới thiệu',NULL,'_self',0,'2026-05-28 19:05:23','2026-05-28 19:05:23'),(94,6,0,NULL,NULL,'/our-stores',NULL,1,'Cửa hàng',NULL,'_self',0,'2026-05-28 19:05:23','2026-05-28 19:05:23'),(95,6,0,NULL,NULL,'/sustainability',NULL,2,'Phát triển bền vững',NULL,'_self',0,'2026-05-28 19:05:23','2026-05-28 19:05:23'),(96,6,0,NULL,NULL,'/careers',NULL,3,'Tuyển dụng',NULL,'_self',0,'2026-05-28 19:05:23','2026-05-28 19:05:23'),(97,6,0,NULL,NULL,'/privacy-policy',NULL,4,'Chính sách bảo mật',NULL,'_self',0,'2026-05-28 19:05:23','2026-05-28 19:05:23'),(98,6,0,NULL,NULL,'/terms-conditions',NULL,5,'Điều khoản & Điều kiện',NULL,'_self',0,'2026-05-28 19:05:23','2026-05-28 19:05:23'),(99,7,0,NULL,NULL,'/',NULL,0,'الصفحة الرئيسية',NULL,'_self',0,'2026-05-28 19:05:23','2026-05-28 19:05:23'),(100,7,0,NULL,NULL,'/products',NULL,1,'التسوق',NULL,'_self',1,'2026-05-28 19:05:23','2026-05-28 19:05:23'),(101,7,100,NULL,NULL,'/products?source=latest',NULL,0,'الوافدون الجدد',NULL,'_self',0,'2026-05-28 19:05:23','2026-05-28 19:05:23'),(102,7,100,NULL,NULL,'/products?sort=best-seller',NULL,1,'الأكثر مبيعًا',NULL,'_self',0,'2026-05-28 19:05:23','2026-05-28 19:05:23'),(103,7,100,NULL,NULL,'/products?on_sale=1',NULL,2,'تخفيض',NULL,'_self',0,'2026-05-28 19:05:23','2026-05-28 19:05:23'),(104,7,100,NULL,NULL,'/products',NULL,3,'جميع المنتجات',NULL,'_self',0,'2026-05-28 19:05:23','2026-05-28 19:05:23'),(105,7,0,NULL,NULL,'/products',NULL,2,'فئة',NULL,'_self',1,'2026-05-28 19:05:23','2026-05-28 19:05:23'),(106,7,105,NULL,NULL,'/product-categories/outerwear',NULL,0,'سترة',NULL,'_self',0,'2026-05-28 19:05:23','2026-05-28 19:05:23'),(107,7,105,NULL,NULL,'/product-categories/tops-shirts',NULL,1,'قميص',NULL,'_self',0,'2026-05-28 19:05:23','2026-05-28 19:05:23'),(108,7,105,NULL,NULL,'/product-categories/bottoms',NULL,2,'السراويل والتنانير',NULL,'_self',0,'2026-05-28 19:05:23','2026-05-28 19:05:23'),(109,7,105,NULL,NULL,'/product-categories/dresses',NULL,3,'فستان',NULL,'_self',0,'2026-05-28 19:05:23','2026-05-28 19:05:23'),(110,7,105,NULL,NULL,'/product-categories/footwear',NULL,4,'أحذية',NULL,'_self',0,'2026-05-28 19:05:23','2026-05-28 19:05:23'),(111,7,105,NULL,NULL,'/product-categories/accessories',NULL,5,'ملحق',NULL,'_self',0,'2026-05-28 19:05:23','2026-05-28 19:05:23'),(112,7,0,NULL,NULL,'/brands',NULL,3,'علامة تجارية',NULL,'_self',0,'2026-05-28 19:05:23','2026-05-28 19:05:23'),(113,7,0,NULL,NULL,'/blog',NULL,4,'مجلة',NULL,'_self',0,'2026-05-28 19:05:23','2026-05-28 19:05:23'),(114,7,0,NULL,NULL,'/about',NULL,5,'يقدم',NULL,'_self',0,'2026-05-28 19:05:23','2026-05-28 19:05:23'),(115,7,0,NULL,NULL,'/contact',NULL,6,'اتصال',NULL,'_self',0,'2026-05-28 19:05:23','2026-05-28 19:05:23'),(116,8,0,NULL,NULL,'/contact',NULL,0,'اتصل بنا',NULL,'_self',0,'2026-05-28 19:05:23','2026-05-28 19:05:23'),(117,8,0,NULL,NULL,'/faq',NULL,1,'الأسئلة المتداولة',NULL,'_self',0,'2026-05-28 19:05:23','2026-05-28 19:05:23'),(118,8,0,NULL,NULL,'/shipping',NULL,2,'ينقل',NULL,'_self',0,'2026-05-28 19:05:23','2026-05-28 19:05:23'),(119,8,0,NULL,NULL,'/returns-refunds',NULL,3,'العوائد والمبالغ المستردة',NULL,'_self',0,'2026-05-28 19:05:23','2026-05-28 19:05:23'),(120,8,0,NULL,NULL,'/customer/orders',NULL,4,'تتبع الطلب',NULL,'_self',0,'2026-05-28 19:05:23','2026-05-28 19:05:23'),(121,9,0,NULL,NULL,'/about',NULL,0,'يقدم',NULL,'_self',0,'2026-05-28 19:05:23','2026-05-28 19:05:23'),(122,9,0,NULL,NULL,'/our-stores',NULL,1,'محل',NULL,'_self',0,'2026-05-28 19:05:23','2026-05-28 19:05:23'),(123,9,0,NULL,NULL,'/sustainability',NULL,2,'التنمية المستدامة',NULL,'_self',0,'2026-05-28 19:05:23','2026-05-28 19:05:23'),(124,9,0,NULL,NULL,'/careers',NULL,3,'توظيف',NULL,'_self',0,'2026-05-28 19:05:23','2026-05-28 19:05:23'),(125,9,0,NULL,NULL,'/privacy-policy',NULL,4,'سياسة الخصوصية',NULL,'_self',0,'2026-05-28 19:05:23','2026-05-28 19:05:23'),(126,9,0,NULL,NULL,'/terms-conditions',NULL,5,'الشروط والأحكام',NULL,'_self',0,'2026-05-28 19:05:23','2026-05-28 19:05:23'),(127,10,0,NULL,NULL,'/',NULL,0,'Page d\'accueil',NULL,'_self',0,'2026-05-28 19:05:23','2026-05-28 19:05:23'),(128,10,0,NULL,NULL,'/products',NULL,1,'Achats',NULL,'_self',1,'2026-05-28 19:05:23','2026-05-28 19:05:23'),(129,10,128,NULL,NULL,'/products?source=latest',NULL,0,'Nouveautés',NULL,'_self',0,'2026-05-28 19:05:23','2026-05-28 19:05:23'),(130,10,128,NULL,NULL,'/products?sort=best-seller',NULL,1,'Meilleur vendeur',NULL,'_self',0,'2026-05-28 19:05:23','2026-05-28 19:05:23'),(131,10,128,NULL,NULL,'/products?on_sale=1',NULL,2,'Rabais',NULL,'_self',0,'2026-05-28 19:05:23','2026-05-28 19:05:23'),(132,10,128,NULL,NULL,'/products',NULL,3,'Tous les produits',NULL,'_self',0,'2026-05-28 19:05:23','2026-05-28 19:05:23'),(133,10,0,NULL,NULL,'/products',NULL,2,'Catégorie',NULL,'_self',1,'2026-05-28 19:05:23','2026-05-28 19:05:23'),(134,10,133,NULL,NULL,'/product-categories/outerwear',NULL,0,'Veste',NULL,'_self',0,'2026-05-28 19:05:23','2026-05-28 19:05:23'),(135,10,133,NULL,NULL,'/product-categories/tops-shirts',NULL,1,'Chemise',NULL,'_self',0,'2026-05-28 19:05:23','2026-05-28 19:05:23'),(136,10,133,NULL,NULL,'/product-categories/bottoms',NULL,2,'Pantalons et jupes',NULL,'_self',0,'2026-05-28 19:05:23','2026-05-28 19:05:23'),(137,10,133,NULL,NULL,'/product-categories/dresses',NULL,3,'Robe',NULL,'_self',0,'2026-05-28 19:05:23','2026-05-28 19:05:23'),(138,10,133,NULL,NULL,'/product-categories/footwear',NULL,4,'Chaussures',NULL,'_self',0,'2026-05-28 19:05:23','2026-05-28 19:05:23'),(139,10,133,NULL,NULL,'/product-categories/accessories',NULL,5,'Accessoire',NULL,'_self',0,'2026-05-28 19:05:23','2026-05-28 19:05:23'),(140,10,0,NULL,NULL,'/brands',NULL,3,'Marque déposée',NULL,'_self',0,'2026-05-28 19:05:23','2026-05-28 19:05:23'),(141,10,0,NULL,NULL,'/blog',NULL,4,'Revue',NULL,'_self',0,'2026-05-28 19:05:23','2026-05-28 19:05:23'),(142,10,0,NULL,NULL,'/about',NULL,5,'Introduire',NULL,'_self',0,'2026-05-28 19:05:23','2026-05-28 19:05:23'),(143,10,0,NULL,NULL,'/contact',NULL,6,'Contact',NULL,'_self',0,'2026-05-28 19:05:23','2026-05-28 19:05:23'),(144,11,0,NULL,NULL,'/contact',NULL,0,'Contactez-nous',NULL,'_self',0,'2026-05-28 19:05:23','2026-05-28 19:05:23'),(145,11,0,NULL,NULL,'/faq',NULL,1,'Questions fréquemment posées',NULL,'_self',0,'2026-05-28 19:05:23','2026-05-28 19:05:23'),(146,11,0,NULL,NULL,'/shipping',NULL,2,'Transport',NULL,'_self',0,'2026-05-28 19:05:23','2026-05-28 19:05:23'),(147,11,0,NULL,NULL,'/returns-refunds',NULL,3,'Retours et remboursements',NULL,'_self',0,'2026-05-28 19:05:23','2026-05-28 19:05:23'),(148,11,0,NULL,NULL,'/customer/orders',NULL,4,'Suivi des commandes',NULL,'_self',0,'2026-05-28 19:05:23','2026-05-28 19:05:23'),(149,12,0,NULL,NULL,'/about',NULL,0,'Introduire',NULL,'_self',0,'2026-05-28 19:05:23','2026-05-28 19:05:23'),(150,12,0,NULL,NULL,'/our-stores',NULL,1,'Boutique',NULL,'_self',0,'2026-05-28 19:05:23','2026-05-28 19:05:23'),(151,12,0,NULL,NULL,'/sustainability',NULL,2,'Développement durable',NULL,'_self',0,'2026-05-28 19:05:23','2026-05-28 19:05:23'),(152,12,0,NULL,NULL,'/careers',NULL,3,'Recrutement',NULL,'_self',0,'2026-05-28 19:05:23','2026-05-28 19:05:23'),(153,12,0,NULL,NULL,'/privacy-policy',NULL,4,'Politique de confidentialité',NULL,'_self',0,'2026-05-28 19:05:23','2026-05-28 19:05:23'),(154,12,0,NULL,NULL,'/terms-conditions',NULL,5,'Conditions générales',NULL,'_self',0,'2026-05-28 19:05:23','2026-05-28 19:05:23'),(155,13,0,NULL,NULL,'/',NULL,0,'Halaman rumah',NULL,'_self',0,'2026-05-28 19:05:23','2026-05-28 19:05:23'),(156,13,0,NULL,NULL,'/products',NULL,1,'Belanja',NULL,'_self',1,'2026-05-28 19:05:23','2026-05-28 19:05:23'),(157,13,156,NULL,NULL,'/products?source=latest',NULL,0,'Pendatang baru',NULL,'_self',0,'2026-05-28 19:05:23','2026-05-28 19:05:23'),(158,13,156,NULL,NULL,'/products?sort=best-seller',NULL,1,'Penjual terbaik',NULL,'_self',0,'2026-05-28 19:05:23','2026-05-28 19:05:23'),(159,13,156,NULL,NULL,'/products?on_sale=1',NULL,2,'Diskon',NULL,'_self',0,'2026-05-28 19:05:23','2026-05-28 19:05:23'),(160,13,156,NULL,NULL,'/products',NULL,3,'Semua produk',NULL,'_self',0,'2026-05-28 19:05:23','2026-05-28 19:05:23'),(161,13,0,NULL,NULL,'/products',NULL,2,'Kategori',NULL,'_self',1,'2026-05-28 19:05:23','2026-05-28 19:05:23'),(162,13,161,NULL,NULL,'/product-categories/outerwear',NULL,0,'Jaket',NULL,'_self',0,'2026-05-28 19:05:23','2026-05-28 19:05:23'),(163,13,161,NULL,NULL,'/product-categories/tops-shirts',NULL,1,'Kemeja',NULL,'_self',0,'2026-05-28 19:05:23','2026-05-28 19:05:23'),(164,13,161,NULL,NULL,'/product-categories/bottoms',NULL,2,'Celana & Rok',NULL,'_self',0,'2026-05-28 19:05:23','2026-05-28 19:05:23'),(165,13,161,NULL,NULL,'/product-categories/dresses',NULL,3,'Gaun',NULL,'_self',0,'2026-05-28 19:05:23','2026-05-28 19:05:23'),(166,13,161,NULL,NULL,'/product-categories/footwear',NULL,4,'Sepatu',NULL,'_self',0,'2026-05-28 19:05:23','2026-05-28 19:05:23'),(167,13,161,NULL,NULL,'/product-categories/accessories',NULL,5,'Aksesori',NULL,'_self',0,'2026-05-28 19:05:23','2026-05-28 19:05:23'),(168,13,0,NULL,NULL,'/brands',NULL,3,'Merek dagang',NULL,'_self',0,'2026-05-28 19:05:23','2026-05-28 19:05:23'),(169,13,0,NULL,NULL,'/blog',NULL,4,'Majalah',NULL,'_self',0,'2026-05-28 19:05:23','2026-05-28 19:05:23'),(170,13,0,NULL,NULL,'/about',NULL,5,'Memperkenalkan',NULL,'_self',0,'2026-05-28 19:05:23','2026-05-28 19:05:23'),(171,13,0,NULL,NULL,'/contact',NULL,6,'Kontak',NULL,'_self',0,'2026-05-28 19:05:23','2026-05-28 19:05:23'),(172,14,0,NULL,NULL,'/contact',NULL,0,'Hubungi kami',NULL,'_self',0,'2026-05-28 19:05:23','2026-05-28 19:05:23'),(173,14,0,NULL,NULL,'/faq',NULL,1,'Pertanyaan yang sering diajukan',NULL,'_self',0,'2026-05-28 19:05:23','2026-05-28 19:05:23'),(174,14,0,NULL,NULL,'/shipping',NULL,2,'Mengangkut',NULL,'_self',0,'2026-05-28 19:05:23','2026-05-28 19:05:23'),(175,14,0,NULL,NULL,'/returns-refunds',NULL,3,'Pengembalian & Pengembalian Dana',NULL,'_self',0,'2026-05-28 19:05:23','2026-05-28 19:05:23'),(176,14,0,NULL,NULL,'/customer/orders',NULL,4,'Pelacakan pesanan',NULL,'_self',0,'2026-05-28 19:05:23','2026-05-28 19:05:23'),(177,15,0,NULL,NULL,'/about',NULL,0,'Memperkenalkan',NULL,'_self',0,'2026-05-28 19:05:23','2026-05-28 19:05:23'),(178,15,0,NULL,NULL,'/our-stores',NULL,1,'Toko',NULL,'_self',0,'2026-05-28 19:05:23','2026-05-28 19:05:23'),(179,15,0,NULL,NULL,'/sustainability',NULL,2,'Pembangunan berkelanjutan',NULL,'_self',0,'2026-05-28 19:05:23','2026-05-28 19:05:23'),(180,15,0,NULL,NULL,'/careers',NULL,3,'Rekrutmen',NULL,'_self',0,'2026-05-28 19:05:23','2026-05-28 19:05:23'),(181,15,0,NULL,NULL,'/privacy-policy',NULL,4,'Kebijakan privasi',NULL,'_self',0,'2026-05-28 19:05:23','2026-05-28 19:05:23'),(182,15,0,NULL,NULL,'/terms-conditions',NULL,5,'Syarat & Ketentuan',NULL,'_self',0,'2026-05-28 19:05:23','2026-05-28 19:05:23'),(183,16,0,NULL,NULL,'/',NULL,0,'Ana sayfa',NULL,'_self',0,'2026-05-28 19:05:23','2026-05-28 19:05:23'),(184,16,0,NULL,NULL,'/products',NULL,1,'Alışveriş',NULL,'_self',1,'2026-05-28 19:05:23','2026-05-28 19:05:23'),(185,16,184,NULL,NULL,'/products?source=latest',NULL,0,'Yeni gelenler',NULL,'_self',0,'2026-05-28 19:05:23','2026-05-28 19:05:23'),(186,16,184,NULL,NULL,'/products?sort=best-seller',NULL,1,'En çok satan kitap',NULL,'_self',0,'2026-05-28 19:05:23','2026-05-28 19:05:23'),(187,16,184,NULL,NULL,'/products?on_sale=1',NULL,2,'İndirim',NULL,'_self',0,'2026-05-28 19:05:23','2026-05-28 19:05:23'),(188,16,184,NULL,NULL,'/products',NULL,3,'Tüm ürünler',NULL,'_self',0,'2026-05-28 19:05:23','2026-05-28 19:05:23'),(189,16,0,NULL,NULL,'/products',NULL,2,'Kategori',NULL,'_self',1,'2026-05-28 19:05:23','2026-05-28 19:05:23'),(190,16,189,NULL,NULL,'/product-categories/outerwear',NULL,0,'Ceket',NULL,'_self',0,'2026-05-28 19:05:23','2026-05-28 19:05:23'),(191,16,189,NULL,NULL,'/product-categories/tops-shirts',NULL,1,'Gömlek',NULL,'_self',0,'2026-05-28 19:05:23','2026-05-28 19:05:23'),(192,16,189,NULL,NULL,'/product-categories/bottoms',NULL,2,'Pantolon ve Etekler',NULL,'_self',0,'2026-05-28 19:05:23','2026-05-28 19:05:23'),(193,16,189,NULL,NULL,'/product-categories/dresses',NULL,3,'Elbise',NULL,'_self',0,'2026-05-28 19:05:23','2026-05-28 19:05:23'),(194,16,189,NULL,NULL,'/product-categories/footwear',NULL,4,'Ayakkabı',NULL,'_self',0,'2026-05-28 19:05:23','2026-05-28 19:05:23'),(195,16,189,NULL,NULL,'/product-categories/accessories',NULL,5,'Aksesuar',NULL,'_self',0,'2026-05-28 19:05:23','2026-05-28 19:05:23'),(196,16,0,NULL,NULL,'/brands',NULL,3,'Ticari marka',NULL,'_self',0,'2026-05-28 19:05:23','2026-05-28 19:05:23'),(197,16,0,NULL,NULL,'/blog',NULL,4,'Dergi',NULL,'_self',0,'2026-05-28 19:05:23','2026-05-28 19:05:23'),(198,16,0,NULL,NULL,'/about',NULL,5,'Tanıtmak',NULL,'_self',0,'2026-05-28 19:05:23','2026-05-28 19:05:23'),(199,16,0,NULL,NULL,'/contact',NULL,6,'Temas etmek',NULL,'_self',0,'2026-05-28 19:05:23','2026-05-28 19:05:23'),(200,17,0,NULL,NULL,'/contact',NULL,0,'Bize Ulaşın',NULL,'_self',0,'2026-05-28 19:05:23','2026-05-28 19:05:23'),(201,17,0,NULL,NULL,'/faq',NULL,1,'Sık sorulan sorular',NULL,'_self',0,'2026-05-28 19:05:23','2026-05-28 19:05:23'),(202,17,0,NULL,NULL,'/shipping',NULL,2,'Taşıma',NULL,'_self',0,'2026-05-28 19:05:23','2026-05-28 19:05:23'),(203,17,0,NULL,NULL,'/returns-refunds',NULL,3,'İade ve Para İadeleri',NULL,'_self',0,'2026-05-28 19:05:23','2026-05-28 19:05:23'),(204,17,0,NULL,NULL,'/customer/orders',NULL,4,'Sipariş takibi',NULL,'_self',0,'2026-05-28 19:05:23','2026-05-28 19:05:23'),(205,18,0,NULL,NULL,'/about',NULL,0,'Tanıtmak',NULL,'_self',0,'2026-05-28 19:05:23','2026-05-28 19:05:23'),(206,18,0,NULL,NULL,'/our-stores',NULL,1,'Mağaza',NULL,'_self',0,'2026-05-28 19:05:23','2026-05-28 19:05:23'),(207,18,0,NULL,NULL,'/sustainability',NULL,2,'Sürdürülebilir kalkınma',NULL,'_self',0,'2026-05-28 19:05:23','2026-05-28 19:05:23'),(208,18,0,NULL,NULL,'/careers',NULL,3,'işe alım',NULL,'_self',0,'2026-05-28 19:05:23','2026-05-28 19:05:23'),(209,18,0,NULL,NULL,'/privacy-policy',NULL,4,'Gizlilik politikası',NULL,'_self',0,'2026-05-28 19:05:23','2026-05-28 19:05:23'),(210,18,0,NULL,NULL,'/terms-conditions',NULL,5,'Şartlar ve Koşullar',NULL,'_self',0,'2026-05-28 19:05:23','2026-05-28 19:05:23');

--
-- Table structure for table `menus`
--

CREATE TABLE `menus` (
  `id` bigint unsigned NOT NULL AUTO_INCREMENT,
  `name` varchar(120) COLLATE utf8mb4_unicode_ci NOT NULL,
  `slug` varchar(120) COLLATE utf8mb4_unicode_ci DEFAULT NULL,
  `status` varchar(60) COLLATE utf8mb4_unicode_ci NOT NULL DEFAULT 'published',
  `created_at` timestamp NULL DEFAULT NULL,
  `updated_at` timestamp NULL DEFAULT NULL,
  PRIMARY KEY (`id`),
  UNIQUE KEY `menus_slug_unique` (`slug`)
) ENGINE=InnoDB AUTO_INCREMENT=19 DEFAULT CHARSET=utf8mb4 COLLATE=utf8mb4_unicode_ci;

--
-- Dumping data for table `menus`
--

INSERT INTO `menus` VALUES (1,'Main Menu','main-menu','published','2026-05-28 19:05:07','2026-05-28 19:05:07'),(2,'Footer Help','footer-help','published','2026-05-28 19:05:07','2026-05-28 19:05:07'),(3,'Footer Company','footer-company','published','2026-05-28 19:05:07','2026-05-28 19:05:07'),(4,'Menu chính','main-menu-vi','published','2026-05-28 19:05:23','2026-05-28 19:05:23'),(5,'Hỗ trợ','footer-help-vi','published','2026-05-28 19:05:23','2026-05-28 19:05:23'),(6,'Công ty','footer-company-vi','published','2026-05-28 19:05:23','2026-05-28 19:05:23'),(7,'القائمة الرئيسية','main-menu-ar','published','2026-05-28 19:05:23','2026-05-28 19:05:23'),(8,'مساعدة التذييل','footer-help-ar','published','2026-05-28 19:05:23','2026-05-28 19:05:23'),(9,'شركة التذييل','footer-company-ar','published','2026-05-28 19:05:23','2026-05-28 19:05:23'),(10,'menu principal','main-menu-fr','published','2026-05-28 19:05:23','2026-05-28 19:05:23'),(11,'aide-pied de page','footer-help-fr','published','2026-05-28 19:05:23','2026-05-28 19:05:23'),(12,'société de pied de page','footer-company-fr','published','2026-05-28 19:05:23','2026-05-28 19:05:23'),(13,'menu utama','main-menu-id','published','2026-05-28 19:05:23','2026-05-28 19:05:23'),(14,'bantuan footer','footer-help-id','published','2026-05-28 19:05:23','2026-05-28 19:05:23'),(15,'perusahaan footer','footer-company-id','published','2026-05-28 19:05:23','2026-05-28 19:05:23'),(16,'ana menü','main-menu-tr','published','2026-05-28 19:05:23','2026-05-28 19:05:23'),(17,'alt bilgi yardımı','footer-help-tr','published','2026-05-28 19:05:23','2026-05-28 19:05:23'),(18,'alt bilgi şirketi','footer-company-tr','published','2026-05-28 19:05:23','2026-05-28 19:05:23');

--
-- Table structure for table `meta_boxes`
--

CREATE TABLE `meta_boxes` (
  `id` bigint unsigned NOT NULL AUTO_INCREMENT,
  `meta_key` varchar(255) COLLATE utf8mb4_unicode_ci NOT NULL,
  `meta_value` text COLLATE utf8mb4_unicode_ci,
  `reference_id` bigint unsigned NOT NULL,
  `reference_type` varchar(120) COLLATE utf8mb4_unicode_ci NOT NULL,
  `created_at` timestamp NULL DEFAULT NULL,
  `updated_at` timestamp NULL DEFAULT NULL,
  PRIMARY KEY (`id`),
  KEY `meta_boxes_reference_id_index` (`reference_id`),
  KEY `meta_boxes_ref_idx` (`reference_id`,`reference_type`)
) ENGINE=InnoDB AUTO_INCREMENT=14 DEFAULT CHARSET=utf8mb4 COLLATE=utf8mb4_unicode_ci;

--
-- Dumping data for table `meta_boxes`
--

INSERT INTO `meta_boxes` VALUES (1,'button_label','[\"Shop Now\"]',1,'Botble\\SimpleSlider\\Models\\SimpleSliderItem','2026-05-28 19:05:08','2026-05-28 19:05:08'),(2,'alignment','[\"left\"]',1,'Botble\\SimpleSlider\\Models\\SimpleSliderItem','2026-05-28 19:05:08','2026-05-28 19:05:08'),(3,'button_label','[\"Shop Now\"]',2,'Botble\\SimpleSlider\\Models\\SimpleSliderItem','2026-05-28 19:05:08','2026-05-28 19:05:08'),(4,'alignment','[\"left\"]',2,'Botble\\SimpleSlider\\Models\\SimpleSliderItem','2026-05-28 19:05:08','2026-05-28 19:05:08'),(5,'button_label','[\"Shop Now\"]',3,'Botble\\SimpleSlider\\Models\\SimpleSliderItem','2026-05-28 19:05:08','2026-05-28 19:05:08'),(6,'alignment','[\"left\"]',3,'Botble\\SimpleSlider\\Models\\SimpleSliderItem','2026-05-28 19:05:08','2026-05-28 19:05:08'),(7,'faq_ids','[[2,3,4,10,13]]',1,'Botble\\Ecommerce\\Models\\Product','2026-05-28 19:05:13','2026-05-28 19:05:13'),(8,'faq_ids','[[1,7,9,11,12]]',2,'Botble\\Ecommerce\\Models\\Product','2026-05-28 19:05:14','2026-05-28 19:05:14'),(9,'faq_ids','[[1,6,7,10,13]]',3,'Botble\\Ecommerce\\Models\\Product','2026-05-28 19:05:14','2026-05-28 19:05:14'),(10,'faq_ids','[[3,4,8,10,12]]',4,'Botble\\Ecommerce\\Models\\Product','2026-05-28 19:05:14','2026-05-28 19:05:14'),(11,'faq_ids','[[3,4,8,9,13]]',5,'Botble\\Ecommerce\\Models\\Product','2026-05-28 19:05:14','2026-05-28 19:05:14'),(12,'faq_ids','[[1,3,7,12,13]]',6,'Botble\\Ecommerce\\Models\\Product','2026-05-28 19:05:14','2026-05-28 19:05:14'),(13,'faq_ids','[[2,5,6,10,13]]',7,'Botble\\Ecommerce\\Models\\Product','2026-05-28 19:05:14','2026-05-28 19:05:14');

--
-- Table structure for table `migrations`
--

CREATE TABLE `migrations` (
  `id` int unsigned NOT NULL AUTO_INCREMENT,
  `migration` varchar(255) COLLATE utf8mb4_unicode_ci NOT NULL,
  `batch` int NOT NULL,
  PRIMARY KEY (`id`)
) ENGINE=InnoDB AUTO_INCREMENT=335 DEFAULT CHARSET=utf8mb4 COLLATE=utf8mb4_unicode_ci;

--
-- Dumping data for table `migrations`
--

INSERT INTO `migrations` VALUES (1,'0001_01_01_000001_create_cache_table',1),(2,'2013_04_09_032329_create_base_tables',1),(3,'2013_04_09_062329_create_revisions_table',1),(4,'2014_10_12_000000_create_users_table',1),(5,'2014_10_12_100000_create_password_reset_tokens_table',1),(6,'2015_06_18_033822_create_blog_table',1),(7,'2015_06_29_025744_create_audit_history',1),(8,'2016_05_28_112028_create_system_request_logs_table',1),(9,'2016_06_10_230148_create_acl_tables',1),(10,'2016_06_14_230857_create_menus_table',1),(11,'2016_06_17_091537_create_contacts_table',1),(12,'2016_06_28_221418_create_pages_table',1),(13,'2016_10_03_032336_create_languages_table',1),(14,'2016_10_05_074239_create_setting_table',1),(15,'2016_10_07_193005_create_translations_table',1),(16,'2016_10_13_150201_create_galleries_table',1),(17,'2016_11_28_032840_create_dashboard_widget_tables',1),(18,'2016_12_16_084601_create_widgets_table',1),(19,'2017_05_09_070343_create_media_tables',1),(20,'2017_05_18_080441_create_payment_tables',1),(21,'2017_07_11_140018_create_simple_slider_table',1),(22,'2017_10_24_154832_create_newsletter_table',1),(23,'2017_11_03_070450_create_slug_table',1),(24,'2018_07_09_214610_create_testimonial_table',1),(25,'2018_07_09_221238_create_faq_table',1),(26,'2019_01_05_053554_create_jobs_table',1),(27,'2019_08_19_000000_create_failed_jobs_table',1),(28,'2019_11_18_061011_create_country_table',1),(29,'2019_12_14_000001_create_personal_access_tokens_table',1),(30,'2020_03_05_041139_create_ecommerce_tables',1),(31,'2020_11_18_150916_ads_create_ads_table',1),(32,'2021_01_01_044147_ecommerce_create_flash_sale_table',1),(33,'2021_01_17_082713_add_column_is_featured_to_product_collections_table',1),(34,'2021_01_18_024333_add_zip_code_into_table_customer_addresses',1),(35,'2021_02_16_092633_remove_default_value_for_author_type',1),(36,'2021_02_18_073505_update_table_ec_reviews',1),(37,'2021_03_10_024419_add_column_confirmed_at_to_table_ec_customers',1),(38,'2021_03_10_025153_change_column_tax_amount',1),(39,'2021_03_20_033103_add_column_availability_to_table_ec_products',1),(40,'2021_03_27_144913_add_customer_type_into_table_payments',1),(41,'2021_04_28_074008_ecommerce_create_product_label_table',1),(42,'2021_05_24_034720_make_column_currency_nullable',1),(43,'2021_05_31_173037_ecommerce_create_ec_products_translations',1),(44,'2021_07_06_030002_create_marketplace_table',1),(45,'2021_08_09_161302_add_metadata_column_to_payments_table',1),(46,'2021_08_17_105016_remove_column_currency_id_in_some_tables',1),(47,'2021_08_30_142128_add_images_column_to_ec_reviews_table',1),(48,'2021_09_04_150137_add_vendor_verified_at_to_ec_customers_table',1),(49,'2021_10_04_030050_add_column_created_by_to_table_ec_products',1),(50,'2021_10_04_033903_add_column_approved_by_into_table_ec_products',1),(51,'2021_10_05_122616_add_status_column_to_ec_customers_table',1),(52,'2021_10_06_124943_add_transaction_id_column_to_mp_customer_withdrawals_table',1),(53,'2021_10_10_054216_add_columns_to_mp_customer_revenues_table',1),(54,'2021_10_19_020859_update_metadata_field',1),(55,'2021_10_25_021023_fix-priority-load-for-language-advanced',1),(56,'2021_11_03_025806_nullable_phone_number_in_ec_customer_addresses',1),(57,'2021_11_23_071403_correct_languages_for_product_variations',1),(58,'2021_11_28_031808_add_product_tags_translations',1),(59,'2021_12_01_031123_add_featured_image_to_ec_products',1),(60,'2021_12_02_035301_add_ads_translations_table',1),(61,'2021_12_03_030600_create_blog_translations',1),(62,'2021_12_03_075608_create_page_translations',1),(63,'2021_12_03_082134_create_faq_translations',1),(64,'2021_12_03_082953_create_gallery_translations',1),(65,'2021_12_03_083642_create_testimonials_translations',1),(66,'2021_12_03_084118_create_location_translations',1),(67,'2021_12_03_094518_migrate_old_location_data',1),(68,'2021_12_06_031304_update_table_mp_customer_revenues',1),(69,'2021_12_10_034440_switch_plugin_location_to_use_language_advanced',1),(70,'2022_01_01_033107_update_table_ec_shipments',1),(71,'2022_01_16_085908_improve_plugin_location',1),(72,'2022_02_16_042457_improve_product_attribute_sets',1),(73,'2022_03_22_075758_correct_product_name',1),(74,'2022_04_19_113334_add_index_to_ec_products',1),(75,'2022_04_19_113923_add_index_to_table_posts',1),(76,'2022_04_20_100851_add_index_to_media_table',1),(77,'2022_04_20_101046_add_index_to_menu_table',1),(78,'2022_04_28_144405_remove_unused_table',1),(79,'2022_04_30_034048_create_gallery_meta_translations_table',1),(80,'2022_05_05_115015_create_ec_customer_recently_viewed_products_table',1),(81,'2022_05_18_143720_add_index_to_table_ec_product_categories',1),(82,'2022_06_16_095633_add_index_to_some_tables',1),(83,'2022_06_28_151901_activate_paypal_stripe_plugin',1),(84,'2022_06_30_035148_create_order_referrals_table',1),(85,'2022_07_07_153354_update_charge_id_in_table_payments',1),(86,'2022_07_10_034813_move_lang_folder_to_root',1),(87,'2022_07_24_153815_add_completed_at_to_ec_orders_table',1),(88,'2022_08_04_051940_add_missing_column_expires_at',1),(89,'2022_08_04_052122_delete_location_backup_tables',1),(90,'2022_08_14_032836_create_ec_order_returns_table',1),(91,'2022_08_14_033554_create_ec_order_return_items_table',1),(92,'2022_08_15_040324_add_billing_address',1),(93,'2022_08_30_091114_support_digital_products_table',1),(94,'2022_09_01_000001_create_admin_notifications_tables',1),(95,'2022_09_13_095744_create_options_table',1),(96,'2022_09_13_104347_create_option_value_table',1),(97,'2022_10_05_163518_alter_table_ec_order_product',1),(98,'2022_10_12_041517_create_invoices_table',1),(99,'2022_10_12_142226_update_orders_table',1),(100,'2022_10_13_024916_update_table_order_returns',1),(101,'2022_10_14_024629_drop_column_is_featured',1),(102,'2022_10_19_152916_add_columns_to_mp_stores_table',1),(103,'2022_10_20_062849_create_mp_category_sale_commissions_table',1),(104,'2022_10_21_030830_update_columns_in_ec_shipments_table',1),(105,'2022_10_28_021046_update_columns_in_ec_shipments_table',1),(106,'2022_11_02_071413_add_more_info_for_store',1),(107,'2022_11_02_080444_add_tax_info',1),(108,'2022_11_16_034522_update_type_column_in_ec_shipping_rules_table',1),(109,'2022_11_18_063357_add_missing_timestamp_in_table_settings',1),(110,'2022_11_19_041643_add_ec_tax_product_table',1),(111,'2022_12_02_093615_update_slug_index_columns',1),(112,'2022_12_12_063830_update_tax_defadult_in_ec_tax_products_table',1),(113,'2022_12_17_041532_fix_address_in_order_invoice',1),(114,'2022_12_26_070329_create_ec_product_views_table',1),(115,'2023_01_04_033051_fix_product_categories',1),(116,'2023_01_09_050400_add_ec_global_options_translations_table',1),(117,'2023_01_10_093754_add_missing_option_value_id',1),(118,'2023_01_17_082713_add_column_barcode_and_cost_per_item_to_product_table',1),(119,'2023_01_26_021854_add_ec_customer_used_coupons_table',1),(120,'2023_01_30_024431_add_alt_to_media_table',1),(121,'2023_02_01_062030_add_store_translations',1),(122,'2023_02_08_015900_update_options_column_in_ec_order_product_table',1),(123,'2023_02_13_032133_update_fee_column_mp_customer_revenues_table',1),(124,'2023_02_16_042611_drop_table_password_resets',1),(125,'2023_02_17_023648_fix_store_prefix',1),(126,'2023_02_27_095752_remove_duplicate_reviews',1),(127,'2023_03_20_115757_add_user_type_column_to_ec_shipment_histories_table',1),(128,'2023_04_17_062645_add_open_in_new_tab',1),(129,'2023_04_21_082427_create_ec_product_categorizables_table',1),(130,'2023_04_23_005903_add_column_permissions_to_admin_notifications',1),(131,'2023_04_23_061847_increase_state_translations_abbreviation_column',1),(132,'2023_05_03_011331_add_missing_column_price_into_invoice_items_table',1),(133,'2023_05_10_075124_drop_column_id_in_role_users_table',1),(134,'2023_05_17_025812_fix_invoice_issue',1),(135,'2023_05_26_073140_move_option_make_phone_field_optional_at_checkout_page_to_mandatory_fields',1),(136,'2023_05_27_144611_fix_exchange_rate_setting',1),(137,'2023_06_22_084331_add_generate_license_code_to_ec_products_table',1),(138,'2023_06_30_042512_create_ec_order_tax_information_table',1),(139,'2023_07_06_011444_create_slug_translations_table',1),(140,'2023_07_14_022724_remove_column_id_from_ec_product_collection_products',1),(141,'2023_07_26_041451_add_more_columns_to_location_table',1),(142,'2023_07_27_041451_add_more_columns_to_location_translation_table',1),(143,'2023_08_09_012940_remove_column_status_in_ec_product_attributes',1),(144,'2023_08_11_060908_create_announcements_table',1),(145,'2023_08_15_064505_create_ec_tax_rules_table',1),(146,'2023_08_15_073307_drop_unique_in_states_cities_translations',1),(147,'2023_08_21_021819_make_column_address_in_ec_customer_addresses_nullable',1),(148,'2023_08_21_090810_make_page_content_nullable',1),(149,'2023_08_22_094114_drop_unique_for_barcode',1),(150,'2023_08_29_074620_make_column_author_id_nullable',1),(151,'2023_08_29_075308_make_column_user_id_nullable',1),(152,'2023_08_30_031811_add_apply_via_url_column_to_ec_discounts_table',1),(153,'2023_09_07_094312_add_index_to_product_sku_and_translations',1),(154,'2023_09_14_021936_update_index_for_slugs_table',1),(155,'2023_09_14_022423_add_index_for_language_table',1),(156,'2023_09_19_024955_create_discount_product_categories_table',1),(157,'2023_10_17_070728_add_icon_and_icon_image_to_product_categories_table',1),(158,'2023_10_21_065016_make_state_id_in_table_cities_nullable',1),(159,'2023_11_07_023805_add_tablet_mobile_image',1),(160,'2023_11_10_080225_migrate_contact_blacklist_email_domains_to_core',1),(161,'2023_11_14_033417_change_request_column_in_table_audit_histories',1),(162,'2023_11_17_063408_add_description_column_to_faq_categories_table',1),(163,'2023_11_22_154643_add_unique_in_table_ec_products_variations',1),(164,'2023_11_27_032313_add_price_columns_to_ec_product_cross_sale_relations_table',1),(165,'2023_12_06_023945_add_display_on_checkout_column_to_ec_discounts_table',1),(166,'2023_12_07_095130_add_color_column_to_media_folders_table',1),(167,'2023_12_12_105220_drop_translations_table',1),(168,'2023_12_17_162208_make_sure_column_color_in_media_folders_nullable',1),(169,'2023_12_25_040604_ec_create_review_replies_table',1),(170,'2023_12_26_090340_add_private_notes_column_to_ec_customers_table',1),(171,'2024_01_15_000001_create_fob_product_size_guides_table',1),(172,'2024_01_15_000002_create_fob_product_size_guide_relations_table',1),(173,'2024_01_15_000003_create_fob_size_guide_headers_table',1),(174,'2024_01_15_000004_create_fob_size_guide_headers_translations_table',1),(175,'2024_01_16_070706_fix_translation_tables',1),(176,'2024_01_23_075227_add_proof_file_to_ec_orders_table',1),(177,'2024_03_14_041050_migrate_lazy_load_theme_options',1),(178,'2024_03_20_080001_migrate_change_attribute_email_to_nullable_form_contacts_table',1),(179,'2024_03_21_100334_update_section_title_shape',1),(180,'2024_03_25_000001_update_captcha_settings_for_contact',1),(181,'2024_03_25_000001_update_captcha_settings_for_newsletter',1),(182,'2024_03_26_041531_add_cancel_reason_to_ec_orders_table',1),(183,'2024_03_27_062402_create_ec_customer_deletion_requests_table',1),(184,'2024_03_29_042242_migrate_old_captcha_settings',1),(185,'2024_03_29_093946_create_ec_order_return_histories_table',1),(186,'2024_04_01_043317_add_google_adsense_slot_id_to_ads_table',1),(187,'2024_04_01_063523_add_customer_columns_to_ec_reviews_table',1),(188,'2024_04_03_062451_add_cover_image_to_table_mp_stores',1),(189,'2024_04_04_110758_update_value_column_in_user_meta_table',1),(190,'2024_04_15_092654_migrate_ecommerce_google_tag_manager_code_setting',1),(191,'2024_04_16_035713_add_min_max_order_quantity_columns_to_products_table',1),(192,'2024_04_19_063914_create_custom_fields_table',1),(193,'2024_04_27_100730_improve_analytics_setting',1),(194,'2024_05_07_073153_improve_table_wishlist',1),(195,'2024_05_07_082630_create_mp_messages_table',1),(196,'2024_05_07_093703_add_missing_zip_code_into_table_store_locators',1),(197,'2024_05_12_091229_add_column_visibility_to_table_media_files',1),(198,'2024_05_15_021503_fix_invoice_path',1),(199,'2024_06_20_160724_create_ec_shared_wishlists_table',1),(200,'2024_06_28_025104_add_notify_attachment_updated_column_to_ec_products_table',1),(201,'2024_07_03_030900_add_downloaded_at_column_to_ec_order_product_table',1),(202,'2024_07_04_083133_create_payment_logs_table',1),(203,'2024_07_07_091316_fix_column_url_in_menu_nodes_table',1),(204,'2024_07_12_100000_change_random_hash_for_media',1),(205,'2024_07_14_071826_make_customer_email_nullable',1),(206,'2024_07_15_104916_add_video_media_column_to_ec_products_table',1),(207,'2024_07_19_131849_add_documents_to_mp_stores_table',1),(208,'2024_07_26_052530_add_percentage_to_tax_rules_table',1),(209,'2024_07_30_091615_fix_order_column_in_categories_table',1),(210,'2024_08_14_123028_add_customer_delivered_confirmed_at_column_to_ec_shipments_table',1),(211,'2024_08_17_094600_add_image_into_countries',1),(212,'2024_08_18_083119_add_tax_id_column_to_mp_stores_table',1),(213,'2024_08_19_132849_create_specification_tables',1),(214,'2024_08_27_141244_add_block_reason_to_ec_customers_table',1),(215,'2024_09_07_060744_add_author_column_to_specification_tables',1),(216,'2024_09_14_064023_add_can_use_with_flash_sale_column_to_ec_discounts_table',1),(217,'2024_09_14_100108_add_stripe_connect_details_to_ec_customers_table',1),(218,'2024_09_17_125408_add_square_logo_to_stores_table',1),(219,'2024_09_25_073928_remove_wrong_product_slugs',1),(220,'2024_09_30_024515_create_sessions_table',1),(221,'2024_12_01_000000_add_indexes_to_blog_translations_tables',1),(222,'2024_12_01_000000_add_indexes_to_contact_translations_tables',1),(223,'2024_12_01_000000_add_indexes_to_ecommerce_translations_tables',1),(224,'2024_12_01_000000_add_indexes_to_faq_translations_tables',1),(225,'2024_12_01_000000_add_indexes_to_gallery_translations_tables',1),(226,'2024_12_01_000000_add_indexes_to_pages_translations_table',1),(227,'2024_12_01_000000_add_indexes_to_slugs_translations_table',1),(228,'2024_12_01_000000_add_indexes_to_testimonials_translations_table',1),(229,'2024_12_01_000000_add_key_prefix_index_to_slugs_table',1),(230,'2024_12_19_000001_create_device_tokens_table',1),(231,'2024_12_19_000002_create_push_notifications_table',1),(232,'2024_12_19_000003_create_push_notification_recipients_table',1),(233,'2024_12_30_000001_create_user_settings_table',1),(234,'2025_01_06_033807_add_default_value_for_categories_author_type',1),(235,'2025_01_08_093652_add_zip_code_to_cities',1),(236,'2025_01_10_000000_fix_order_invoice_rounding_issues',1),(237,'2025_01_12_094943_correct_blog_posts_images',1),(238,'2025_01_15_050230_migrate_old_theme_options',1),(239,'2025_01_15_optimize_products_export_index',1),(240,'2025_01_17_082713_correct_column_barcode_and_cost_per_item_to_product_table',1),(241,'2025_01_24_044641_migrate_old_country_data',1),(242,'2025_01_28_233602_add_private_notes_into_ec_orders_table',1),(243,'2025_02_11_153025_add_action_label_to_announcement_translations',1),(244,'2025_02_13_021247_add_tax_translations',1),(245,'2025_02_24_152621_add_text_color_to_product_labels_table',1),(246,'2025_04_08_040931_create_social_logins_table',1),(247,'2025_04_12_000001_add_payment_fee_to_ec_orders_table',1),(248,'2025_04_12_000002_add_payment_fee_to_ec_invoices_table',1),(249,'2025_04_12_000003_add_payment_fee_to_payments_table',1),(250,'2025_04_21_000000_add_tablet_mobile_image_to_ads_translations_table',1),(251,'2025_05_05_000001_add_user_type_to_audit_histories_table',1),(252,'2025_05_05_092036_make_user_id_and_tax_amount_nullable',1),(253,'2025_05_15_082342_drop_email_unique_index_in_ec_customers_table',1),(254,'2025_05_22_000001_add_payment_fee_type_to_settings_table',1),(255,'2025_06_07_081731_add_translations_for_specification_groups_and_tables',1),(256,'2025_06_17_091813_increase_note_in_shipments_table',1),(257,'2025_06_24_000001_create_ec_product_license_codes_table',1),(258,'2025_06_24_080427_add_license_code_type_to_products_table',1),(259,'2025_07_06_030754_add_phone_to_users_table',1),(260,'2025_07_06_062402_create_ec_customer_deletion_requests_table',1),(261,'2025_07_07_161729_change_license_code_to_text_in_ec_product_license_codes_table',1),(262,'2025_07_08_162756_increase_license_code_column_size_in_ec_order_product_table',1),(263,'2025_07_09_000001_add_customer_address_fields_to_ec_invoices_table',1),(264,'2025_07_15_090809_create_ec_abandoned_carts_table',1),(265,'2025_07_24_120510_increase_barcode_column_length_in_ec_products_table',1),(266,'2025_07_31_021805_add_indexes_for_vendor_categories_optimization',1),(267,'2025_07_31_083459_add_indexes_for_location_search_performance',1),(268,'2025_07_31_133600_add_performance_indexes_to_ec_product_categories_table',1),(269,'2025_07_31_add_performance_indexes_to_slugs_table',1),(270,'2025_08_01_161205_optimize_product_variation_query_indexes',1),(271,'2025_08_07_073854_add_verification_fields_to_mp_stores_table',1),(272,'2025_08_08_145059_correct_tax_amount_in_order_and_invoice_tables',1),(273,'2025_09_05_025247_create_ec_product_specification_attribute_translations_table',1),(274,'2025_09_08_025516_add_variations_count_to_ec_products_table',1),(275,'2025_09_08_080248_add_slug_column_to_ec_product_categories_table',1),(276,'2025_09_08_080330_add_slug_column_to_ec_product_categories_translations_table',1),(277,'2025_09_08_080443_populate_slug_column_for_product_categories',1),(278,'2025_09_08_081216_add_slug_column_to_ec_products_table',1),(279,'2025_09_08_081237_add_slug_column_to_ec_products_translations_table',1),(280,'2025_09_08_081321_populate_slug_column_for_products',1),(281,'2025_09_10_073321_add_performance_indexes_to_ecommerce_tables',1),(282,'2025_09_18_093922_fix_tax_rounding_in_order_products_and_invoices',1),(283,'2025_09_21_030756_add_reviews_cache_to_ec_products_table',1),(284,'2025_09_30_090432_add_performance_indexes_to_ec_product_categories_table',1),(285,'2025_10_10_090331_add_number_format_style_to_ec_currencies_table',1),(286,'2025_10_10_092235_add_space_between_price_and_currency_to_ec_currencies_table',1),(287,'2025_10_11_074318_add_price_includes_tax_to_ec_products_table',1),(288,'2025_10_13_043527_generate_slugs_for_product_collections',1),(289,'2025_10_22_020518_add_verification_code_to_ec_customer_deletion_requests_table',1),(290,'2025_10_22_090000_remove_duplicate_order_addresses',1),(291,'2025_10_28_133220_add_unique_order_id_to_shipments_table',1),(292,'2025_10_28_134738_fix_order_payment_shipment_discount_data_issues',1),(293,'2025_11_05_000001_add_indexes_for_marketplace_performance_optimization',1),(294,'2025_11_05_032148_add_performance_indexes_to_ecommerce_tables',1),(295,'2025_11_07_000001_add_actor_type_to_audit_histories_table',1),(296,'2025_11_10_000000_cleanup_duplicate_widgets',1),(297,'2025_11_10_100000_create_ec_order_metadata_table',1),(298,'2025_11_12_100000_improve_ec_customer_recently_viewed_products_table',1),(299,'2025_11_18_214150_add_covering_indexes_to_product_relation_tables',1),(300,'2025_12_02_045049_add_index_to_product_labels_table',1),(301,'2025_12_12_150000_add_sequence_columns_to_abandoned_carts',1),(302,'2025_12_16_160000_add_is_new_until_to_ec_products_table',1),(303,'2025_12_28_000628_add_images_column_to_ec_order_returns_table',1),(304,'2026_01_05_162601_update_missing_slugs_for_ec_product_categories_table',1),(305,'2026_01_09_024811_add_currency_code_to_ec_products_table',1),(306,'2026_01_10_000001_add_status_to_simple_slider_items_table',1),(307,'2026_01_11_221755_add_price_columns_to_ec_product_up_sale_relations_table',1),(308,'2026_01_14_035001_add_customer_id_to_ec_cart_table',1),(309,'2026_01_26_084750_add_customer_id_to_ec_review_replies_table',1),(310,'2026_01_31_144854_add_zip_code_range_to_ec_shipping_rule_items_table',1),(311,'2026_02_02_090000_add_tax_location_to_mp_stores_table',1),(312,'2026_02_02_090000_create_ec_order_product_tax_components_table',1),(313,'2026_02_02_090001_create_ec_invoice_item_tax_components_table',1),(314,'2026_02_02_090002_add_tax_class_to_ec_customers_table',1),(315,'2026_02_02_090003_add_tax_class_to_ec_products_table',1),(316,'2026_02_02_090004_add_tax_breakdown_to_ec_order_product_table',1),(317,'2026_02_03_090000_drop_foreign_key_from_ec_order_product_tax_components_table',1),(318,'2026_02_07_090000_remove_duplicate_product_variation_records',1),(319,'2026_02_11_090000_add_price_per_product_to_options_tables',1),(320,'2026_02_11_090000_add_shipping_tax_amount_to_ec_orders_and_invoices_table',1),(321,'2026_02_11_160300_convert_specification_options_to_id_based_format',1),(322,'2026_03_03_150041_add_content_to_ec_product_tags_table',1),(323,'2026_03_04_000001_add_name_to_ec_shipping_rule_items_table',1),(324,'2026_03_04_000002_normalize_zip_codes_in_ec_shipping_rule_items_table',1),(325,'2026_03_06_020547_make_comment_nullable_in_ec_reviews_table',1),(326,'2026_03_06_020805_fix_empty_status_in_ec_invoices_table',1),(327,'2026_03_07_153100_add_index_to_meta_boxes_table',1),(328,'2026_03_10_105000_add_badge_type_to_ec_reviews_table',1),(329,'2026_03_23_000000_create_media_folder_permissions_table',1),(330,'2026_03_27_085220_add_folder_deleted_name_index_to_media_files_table',1),(331,'2026_04_20_000000_add_sessions_invalidated_at_to_users_table',1),(332,'2026_04_24_000001_reconcile_payment_amount_with_order_total',1),(333,'2026_04_25_000001_backfill_missing_order_shipping_addresses',1),(334,'2026_05_12_000000_change_description_column_type_in_blog_tables',1);

--
-- Table structure for table `mp_category_sale_commissions`
--

CREATE TABLE `mp_category_sale_commissions` (
  `id` bigint unsigned NOT NULL AUTO_INCREMENT,
  `product_category_id` bigint unsigned NOT NULL,
  `commission_percentage` decimal(8,2) NOT NULL DEFAULT '0.00',
  PRIMARY KEY (`id`),
  UNIQUE KEY `mp_category_sale_commissions_product_category_id_unique` (`product_category_id`)
) ENGINE=InnoDB DEFAULT CHARSET=utf8mb4 COLLATE=utf8mb4_unicode_ci;

--
-- Dumping data for table `mp_category_sale_commissions`
--


--
-- Table structure for table `mp_customer_revenues`
--

CREATE TABLE `mp_customer_revenues` (
  `id` bigint unsigned NOT NULL AUTO_INCREMENT,
  `customer_id` bigint unsigned DEFAULT NULL,
  `order_id` bigint unsigned DEFAULT NULL,
  `sub_amount` decimal(15,2) DEFAULT '0.00',
  `fee` decimal(15,2) unsigned DEFAULT '0.00',
  `amount` decimal(15,2) DEFAULT '0.00',
  `current_balance` decimal(15,2) DEFAULT '0.00',
  `currency` varchar(120) COLLATE utf8mb4_unicode_ci DEFAULT NULL,
  `description` text COLLATE utf8mb4_unicode_ci,
  `created_at` timestamp NULL DEFAULT NULL,
  `updated_at` timestamp NULL DEFAULT NULL,
  `user_id` bigint unsigned NOT NULL DEFAULT '0',
  `type` varchar(60) COLLATE utf8mb4_unicode_ci DEFAULT NULL,
  PRIMARY KEY (`id`),
  KEY `mp_customer_revenues_customer_id_index` (`customer_id`),
  KEY `mp_customer_revenues_order_id_index` (`order_id`)
) ENGINE=InnoDB DEFAULT CHARSET=utf8mb4 COLLATE=utf8mb4_unicode_ci;

--
-- Dumping data for table `mp_customer_revenues`
--


--
-- Table structure for table `mp_customer_withdrawals`
--

CREATE TABLE `mp_customer_withdrawals` (
  `id` bigint unsigned NOT NULL AUTO_INCREMENT,
  `customer_id` bigint unsigned DEFAULT NULL,
  `fee` decimal(15,2) unsigned DEFAULT '0.00',
  `amount` decimal(15,2) unsigned DEFAULT '0.00',
  `current_balance` decimal(15,2) unsigned DEFAULT '0.00',
  `currency` varchar(120) COLLATE utf8mb4_unicode_ci DEFAULT NULL,
  `description` text COLLATE utf8mb4_unicode_ci,
  `bank_info` text COLLATE utf8mb4_unicode_ci,
  `payment_channel` varchar(60) COLLATE utf8mb4_unicode_ci DEFAULT NULL,
  `user_id` bigint unsigned NOT NULL DEFAULT '0',
  `status` varchar(60) COLLATE utf8mb4_unicode_ci NOT NULL DEFAULT 'pending',
  `images` text COLLATE utf8mb4_unicode_ci,
  `created_at` timestamp NULL DEFAULT NULL,
  `updated_at` timestamp NULL DEFAULT NULL,
  `transaction_id` varchar(60) COLLATE utf8mb4_unicode_ci DEFAULT NULL,
  PRIMARY KEY (`id`),
  KEY `mp_customer_withdrawals_customer_id_index` (`customer_id`),
  KEY `mp_customer_withdrawals_status_index` (`status`)
) ENGINE=InnoDB DEFAULT CHARSET=utf8mb4 COLLATE=utf8mb4_unicode_ci;

--
-- Dumping data for table `mp_customer_withdrawals`
--


--
-- Table structure for table `mp_messages`
--

CREATE TABLE `mp_messages` (
  `id` bigint unsigned NOT NULL AUTO_INCREMENT,
  `store_id` bigint unsigned NOT NULL,
  `customer_id` bigint unsigned DEFAULT NULL,
  `name` varchar(60) COLLATE utf8mb4_unicode_ci NOT NULL,
  `email` varchar(60) COLLATE utf8mb4_unicode_ci NOT NULL,
  `content` longtext COLLATE utf8mb4_unicode_ci NOT NULL,
  `created_at` timestamp NULL DEFAULT NULL,
  `updated_at` timestamp NULL DEFAULT NULL,
  PRIMARY KEY (`id`)
) ENGINE=InnoDB DEFAULT CHARSET=utf8mb4 COLLATE=utf8mb4_unicode_ci;

--
-- Dumping data for table `mp_messages`
--


--
-- Table structure for table `mp_stores`
--

CREATE TABLE `mp_stores` (
  `id` bigint unsigned NOT NULL AUTO_INCREMENT,
  `name` varchar(255) COLLATE utf8mb4_unicode_ci NOT NULL,
  `email` varchar(60) COLLATE utf8mb4_unicode_ci DEFAULT NULL,
  `phone` varchar(20) COLLATE utf8mb4_unicode_ci DEFAULT NULL,
  `address` varchar(255) COLLATE utf8mb4_unicode_ci DEFAULT NULL,
  `country` varchar(120) COLLATE utf8mb4_unicode_ci DEFAULT NULL,
  `state` varchar(120) COLLATE utf8mb4_unicode_ci DEFAULT NULL,
  `city` varchar(120) COLLATE utf8mb4_unicode_ci DEFAULT NULL,
  `customer_id` bigint unsigned DEFAULT NULL,
  `logo` varchar(255) COLLATE utf8mb4_unicode_ci DEFAULT NULL,
  `logo_square` varchar(255) COLLATE utf8mb4_unicode_ci DEFAULT NULL,
  `cover_image` varchar(255) COLLATE utf8mb4_unicode_ci DEFAULT NULL,
  `description` varchar(400) COLLATE utf8mb4_unicode_ci DEFAULT NULL,
  `content` longtext COLLATE utf8mb4_unicode_ci,
  `status` varchar(60) COLLATE utf8mb4_unicode_ci NOT NULL DEFAULT 'published',
  `is_verified` tinyint(1) NOT NULL DEFAULT '0',
  `verified_at` timestamp NULL DEFAULT NULL,
  `verified_by` bigint unsigned DEFAULT NULL,
  `verification_note` text COLLATE utf8mb4_unicode_ci,
  `vendor_verified_at` datetime DEFAULT NULL,
  `created_at` timestamp NULL DEFAULT NULL,
  `updated_at` timestamp NULL DEFAULT NULL,
  `zip_code` varchar(20) COLLATE utf8mb4_unicode_ci DEFAULT NULL,
  `company` varchar(255) COLLATE utf8mb4_unicode_ci DEFAULT NULL,
  `tax_id` varchar(255) COLLATE utf8mb4_unicode_ci DEFAULT NULL,
  `tax_country` varchar(120) COLLATE utf8mb4_unicode_ci DEFAULT NULL,
  `tax_state` varchar(120) COLLATE utf8mb4_unicode_ci DEFAULT NULL,
  `certificate_file` varchar(255) COLLATE utf8mb4_unicode_ci DEFAULT NULL,
  `government_id_file` varchar(255) COLLATE utf8mb4_unicode_ci DEFAULT NULL,
  PRIMARY KEY (`id`),
  KEY `mp_stores_customer_id_index` (`customer_id`),
  KEY `mp_stores_status_index` (`status`)
) ENGINE=InnoDB AUTO_INCREMENT=5 DEFAULT CHARSET=utf8mb4 COLLATE=utf8mb4_unicode_ci;

--
-- Dumping data for table `mp_stores`
--

INSERT INTO `mp_stores` VALUES (1,'Anthro Studio','hello@anthro.example.com','+1-415-555-0142','512 Valencia Street','US','California','San Francisco',2,'testimonials/avatar-1.jpg',NULL,NULL,'Eclectic apparel and home goods inspired by global craftsmanship traditions.','<p>Anthro Studio sources from independent artisans across four continents. Every piece is checked by hand before it ships from our San Francisco fulfilment center.</p>','published',1,NULL,NULL,NULL,NULL,'2026-05-28 19:05:19','2026-05-28 19:05:19','94110','Anthro Studio Inc.',NULL,NULL,NULL,NULL,NULL),(2,'Crate Furniture Co.','orders@crate.example.com','+1-503-555-0188','1840 NE Alberta Street','US','Oregon','Portland',2,'testimonials/avatar-2.jpg',NULL,NULL,'Mid-century-inspired furniture built to last generations.','<p>Every Crate piece is built one at a time in our Portland workshop using sustainably harvested American hardwoods.</p>','published',1,NULL,NULL,NULL,NULL,'2026-05-28 19:05:19','2026-05-28 19:05:19','97211','Crate Furniture Co.',NULL,NULL,NULL,NULL,NULL),(3,'Findr Audio','support@findr.example.com','+44-20-7946-0310','17 Hanbury Street','GB','Greater London','London',6,'testimonials/avatar-3.jpg',NULL,NULL,'Audio gear engineered for studio-grade clarity in everyday environments.','<p>Founded by ex-studio engineers, Findr brings reference-quality sound to wireless headphones and earbuds.</p>','published',1,NULL,NULL,NULL,NULL,'2026-05-28 19:05:19','2026-05-28 19:05:19','E1 6QR','Findr Audio Ltd.',NULL,NULL,NULL,NULL,NULL),(4,'Bohome Living','hello@bohome.example.com','+34-93-555-0122','Carrer de Sepulveda 102','ES','Catalonia','Barcelona',3,'testimonials/avatar-4.jpg',NULL,NULL,'Bohemian-inspired homewares and textiles for the relaxed modern home.','<p>Bohome partners with co-operatives in Morocco, Turkey, and India to bring you authentic, fair-traded textiles.</p>','published',1,NULL,NULL,NULL,NULL,'2026-05-28 19:05:19','2026-05-28 19:05:19','08015','Bohome Living S.L.',NULL,NULL,NULL,NULL,NULL);

--
-- Table structure for table `mp_stores_translations`
--

CREATE TABLE `mp_stores_translations` (
  `lang_code` varchar(255) COLLATE utf8mb4_unicode_ci NOT NULL,
  `mp_stores_id` bigint unsigned NOT NULL,
  `name` varchar(255) COLLATE utf8mb4_unicode_ci DEFAULT NULL,
  `description` varchar(400) COLLATE utf8mb4_unicode_ci DEFAULT NULL,
  `content` longtext COLLATE utf8mb4_unicode_ci,
  `address` varchar(255) COLLATE utf8mb4_unicode_ci DEFAULT NULL,
  `company` varchar(255) COLLATE utf8mb4_unicode_ci DEFAULT NULL,
  `cover_image` varchar(255) COLLATE utf8mb4_unicode_ci DEFAULT NULL,
  PRIMARY KEY (`lang_code`,`mp_stores_id`)
) ENGINE=InnoDB DEFAULT CHARSET=utf8mb4 COLLATE=utf8mb4_unicode_ci;

--
-- Dumping data for table `mp_stores_translations`
--


--
-- Table structure for table `mp_vendor_info`
--

CREATE TABLE `mp_vendor_info` (
  `id` bigint unsigned NOT NULL AUTO_INCREMENT,
  `customer_id` bigint unsigned NOT NULL DEFAULT '0',
  `balance` decimal(15,2) NOT NULL DEFAULT '0.00',
  `total_fee` decimal(15,2) NOT NULL DEFAULT '0.00',
  `total_revenue` decimal(15,2) NOT NULL DEFAULT '0.00',
  `signature` varchar(255) COLLATE utf8mb4_unicode_ci DEFAULT NULL,
  `bank_info` text COLLATE utf8mb4_unicode_ci,
  `created_at` timestamp NULL DEFAULT NULL,
  `updated_at` timestamp NULL DEFAULT NULL,
  `payout_payment_method` varchar(120) COLLATE utf8mb4_unicode_ci DEFAULT 'bank_transfer',
  `tax_info` text COLLATE utf8mb4_unicode_ci,
  PRIMARY KEY (`id`),
  KEY `mp_vendor_info_customer_id_index` (`customer_id`)
) ENGINE=InnoDB DEFAULT CHARSET=utf8mb4 COLLATE=utf8mb4_unicode_ci;

--
-- Dumping data for table `mp_vendor_info`
--


--
-- Table structure for table `newsletters`
--

CREATE TABLE `newsletters` (
  `id` bigint unsigned NOT NULL AUTO_INCREMENT,
  `email` varchar(120) COLLATE utf8mb4_unicode_ci NOT NULL,
  `name` varchar(120) COLLATE utf8mb4_unicode_ci DEFAULT NULL,
  `status` varchar(60) COLLATE utf8mb4_unicode_ci NOT NULL DEFAULT 'subscribed',
  `created_at` timestamp NULL DEFAULT NULL,
  `updated_at` timestamp NULL DEFAULT NULL,
  PRIMARY KEY (`id`)
) ENGINE=InnoDB DEFAULT CHARSET=utf8mb4 COLLATE=utf8mb4_unicode_ci;

--
-- Dumping data for table `newsletters`
--


--
-- Table structure for table `pages`
--

CREATE TABLE `pages` (
  `id` bigint unsigned NOT NULL AUTO_INCREMENT,
  `name` varchar(120) COLLATE utf8mb4_unicode_ci NOT NULL,
  `content` longtext COLLATE utf8mb4_unicode_ci,
  `user_id` bigint unsigned DEFAULT NULL,
  `image` varchar(255) COLLATE utf8mb4_unicode_ci DEFAULT NULL,
  `template` varchar(60) COLLATE utf8mb4_unicode_ci DEFAULT NULL,
  `description` varchar(400) COLLATE utf8mb4_unicode_ci DEFAULT NULL,
  `status` varchar(60) COLLATE utf8mb4_unicode_ci NOT NULL DEFAULT 'published',
  `created_at` timestamp NULL DEFAULT NULL,
  `updated_at` timestamp NULL DEFAULT NULL,
  PRIMARY KEY (`id`),
  KEY `pages_user_id_index` (`user_id`)
) ENGINE=InnoDB AUTO_INCREMENT=13 DEFAULT CHARSET=utf8mb4 COLLATE=utf8mb4_unicode_ci;

--
-- Dumping data for table `pages`
--

INSERT INTO `pages` VALUES (1,'About','[page-banner heading=\"About Us\" subtitle=\"With over 15 years of experience, we craft timeless collections that transcend<br class=\\\"d-none d-lg-block\\\">trends and inspire lasting elegance.\"][/page-banner]\n[stats-counter hero_image=\"section/s-contact-1.jpg\" heading=\"Design, attention to detail & efficiency to delight the world\" description=\"From the moment it is conceived to the moment it is worn, every one of our garments follows this path. We could do it at a fast pace. However, at Amerce, we choose to take care of all those who are walking this path with us.\" quantity=\"4\" value_1=\"8.2k\" animate_to_1=\"\" suffix_1=\"\" label_1=\"Products Available\" desc_1=\"We offer a wide selection of high-quality products to meet every need.\" value_2=\"\" animate_to_2=\"10\" suffix_2=\"k\" label_2=\"Happy Customers\" desc_2=\"Serving over 10,000 delighted customers who trust us for quality and service.\" value_3=\"\" animate_to_3=\"96\" suffix_3=\"\" label_3=\"Partner Brand\" desc_3=\"Our top-brand partnerships bring a trusted collection for your store and home.\" value_4=\"\" animate_to_4=\"16\" suffix_4=\"k\" label_4=\"Products For Sale\" desc_4=\"That\'s why we strive to offer a diverse range of products that cater to all styles.\"][/stats-counter]\n[image-accordion image=\"section/s-contact-2.jpg\" heading=\"Offering Rare And Beautiful Items Worldwide\" quantity=\"4\" title_1=\"Introduction\" body_1=\"Welcome to Amerce Store, your premier destination for fashion-forward clothing and accessories. We pride ourselves on offering a curated selection of rare and beautiful items sourced both locally and globally.\" title_2=\"Our Vision\" body_2=\"We envision a world where thoughtful design meets everyday life — pieces that age gracefully, partners we trust, and customers we treat as people, not transactions.\" title_3=\"What Sets Us Apart\" body_3=\"Independently audited suppliers, hand-checked products, and a 30-day no-questions return policy backed by a human customer support team.\" title_4=\"Our Commitment\" body_4=\"Quality goods, transparent supply chains, and fair labor — every order, every time.\"][/image-accordion]\n[about-testimonials heading=\"Customer Say!\" subtitle=\"Our customers adore our products, and we constantly aim to delight them.\" quantity=\"2\" image_1=\"testimonials/tes-1.jpg\" name_1=\"Emma Collins\" text_1=\"\\\"Totally obsessed with this outfit! The fit is perfect, the fabric feels premium, and I\'ve been getting compliments non-stop. It instantly lifts my confidence — such a great find!\\\"\" image_2=\"testimonials/tes-2.jpg\" name_2=\"Sophia Ramirez\" text_2=\"\\\"I\'m amazed by how comfortable yet stylish this piece is. It pairs effortlessly with everything, and the quality really stands out. Definitely becoming my go-to for everyday looks!\\\"\"][/about-testimonials]\n[about-team heading=\"Meet Our Teams\" subtitle=\"Experts committed to excellence in every detail.\" quantity=\"4\" image_1=\"member/member-1.jpg\" name_1=\"Annette Black\" role_1=\"Founder/CEO\" social_links_1=\"\" image_2=\"member/member-2.jpg\" name_2=\"Brooklyn Simmons\" role_2=\"Manager\" social_links_2=\"\" image_3=\"member/member-3.jpg\" name_3=\"Jane Cooper\" role_3=\"Sales Director\" social_links_3=\"\" image_4=\"member/member-4.jpg\" name_4=\"Lisa Bonet\" role_4=\"Sales Director\" social_links_4=\"\"][/about-team]',1,NULL,'landing','About Amerce — our story, sourcing standards, and the people behind every product.','published','2026-05-28 19:05:20','2026-05-28 19:05:20'),(2,'Contact','',1,NULL,'landing','Reach the Amerce customer support and partnerships teams.','published','2026-05-28 19:05:20','2026-05-28 19:05:20'),(3,'FAQ','[page-banner heading=\"FAQs\" subtitle=\"Got questions? We\'ve got answers! Browse our FAQs to find information on orders, shipping,<br class=\\\"d-none d-lg-block\\\">returns, and more. If you need further assistance, feel free to contact our team.\"][/page-banner]\n[faq-page sidebar_image=\"section/banner-12.jpg\" sidebar_title=\"Save 25% <br class=\\\"d-none d-sm-block\\\">Today\" sidebar_subtitle=\"T-Shirts, Hoodies & More\" sidebar_cta=\"View More\" sidebar_url=\"/products\" quantity=\"16\" category_1=\"My Account\" category_id_1=\"myAccount\" question_1=\"1. What can I do if I forgot my password?\" answer_1=\"Use the \\\"Forgot password\\\" link on the sign-in page. We will email you a one-time link to set a new password — it expires in 30 minutes for security.\" category_2=\"My Account\" category_id_2=\"myAccount\" question_2=\"2. How do I update my email address?\" answer_2=\"Sign in, open Account → Settings, and change the email field. We send a confirmation email to the new address; the change takes effect once you click that link.\" category_3=\"My Account\" category_id_3=\"myAccount\" question_3=\"3. Can I delete my account?\" answer_3=\"Yes. From Account → Settings, scroll to Delete account. We retain order history for tax/legal reasons but personal contact details are removed within 30 days.\" category_4=\"Orders & Purchases\" category_id_4=\"ordersPurchases\" question_4=\"1. How do I place an order?\" answer_4=\"Add items to your cart, click checkout, choose a shipping method, then enter your payment details. You will receive an order confirmation email immediately.\" category_5=\"Orders & Purchases\" category_id_5=\"ordersPurchases\" question_5=\"2. Can I edit or cancel an order?\" answer_5=\"Orders can be edited or cancelled from your account dashboard within 1 hour of placement. After that the warehouse has begun picking and we cannot intercept.\" category_6=\"Orders & Purchases\" category_id_6=\"ordersPurchases\" question_6=\"3. What payment methods are accepted?\" answer_6=\"We accept Visa, Mastercard, American Express, Apple Pay, Google Pay, and PayPal. All transactions use TLS 1.3 encryption.\" category_7=\"Returns & Refunds\" category_id_7=\"returnsRefunds\" question_7=\"1. What is the return window?\" answer_7=\"30 days from delivery for any unworn item in original condition. Sale items, intimate apparel, and final-sale flash sale purchases are excluded.\" category_8=\"Returns & Refunds\" category_id_8=\"returnsRefunds\" question_8=\"2. How do I start a return?\" answer_8=\"Open the order in your account dashboard and click \\\"Start return\\\". We email a prepaid label for domestic orders within one business day.\" category_9=\"Returns & Refunds\" category_id_9=\"returnsRefunds\" question_9=\"3. When will I see my refund?\" answer_9=\"Refunds are processed within 3-5 business days of us receiving the return. Bank posting times vary; allow up to 10 business days for the credit to appear.\" category_10=\"Shipping & Tracking\" category_id_10=\"shippingTracking\" question_10=\"1. How long does shipping take?\" answer_10=\"Domestic standard ships in 3-5 business days. Express in 1-2. International standard takes 7-12 business days; express options are available at checkout.\" category_11=\"Shipping & Tracking\" category_id_11=\"shippingTracking\" question_11=\"2. How do I track my order?\" answer_11=\"A tracking link is included in your shipment confirmation email. You can also see status from Account → Orders → Track.\" category_12=\"Shipping & Tracking\" category_id_12=\"shippingTracking\" question_12=\"3. Do you ship internationally?\" answer_12=\"Yes — to most countries. Duties and taxes are pre-paid at checkout for select destinations; otherwise the courier may collect them on delivery.\" category_13=\"Fees & Billing\" category_id_13=\"feesBilling\" question_13=\"1. Are duties and taxes included?\" answer_13=\"Domestic prices include sales tax shown at checkout. International orders to supported destinations include duties and taxes; otherwise the courier collects on delivery.\" category_14=\"Fees & Billing\" category_id_14=\"feesBilling\" question_14=\"2. Why was I charged twice?\" answer_14=\"You likely see a temporary authorization hold plus the actual charge. The authorization drops off in 3-5 business days. Email billing@amerce.test if you still see two charges after that.\" category_15=\"Other Topic\" category_id_15=\"otherTopic\" question_15=\"1. Do you have physical stores?\" answer_15=\"Yes — visit our Stores page for a list of flagship and partner locations.\" category_16=\"Other Topic\" category_id_16=\"otherTopic\" question_16=\"2. How can I contact customer support?\" answer_16=\"Email hello@amerce.test or use the contact form. We reply within one business day.\"][/faq-page]',1,NULL,'landing','Frequently asked questions about orders, shipping, returns, and account management.','published','2026-05-28 19:05:20','2026-05-28 19:05:20'),(4,'Privacy Policy','[page-banner heading=\"Privacy Policy\"][/page-banner]\n[term-content quantity=\"7\" title_1=\"1. Information We Collect\" body_1=\"<p class=\\\"term-text cl-text-2\\\">When you visit the Site, we automatically collect certain information about your device — web browser, IP address, time zone, and some of the cookies installed on your device. As you browse, we also collect data about the pages or products you view, what referred you to the Site, and how you interact with it. We refer to this as \\\"Device Information\\\".</p><p class=\\\"term-text cl-text-2\\\">When you make a purchase or attempt to purchase through the Site, we collect your name, billing address, shipping address, and payment information (including card number, email address, and phone number). We refer to this as \\\"Order Information\\\".</p>\" title_2=\"2. How We Use Your Information\" body_2=\"<p class=\\\"term-text cl-text-2\\\">We use Order Information to fulfil orders placed through the Site (process payment, arrange shipping, provide invoices and order confirmations). We use it to communicate with you, screen orders for fraud, and — in line with your preferences — share marketing about products you may like.</p><p class=\\\"term-text cl-text-2\\\">We use Device Information to screen for fraud and to improve the Site through analytics about how customers browse and interact with us.</p>\" title_3=\"3. Sharing Your Personal Information\" body_3=\"<p class=\\\"term-text cl-text-2\\\">We share Personal Information with third-party service providers who help us run the Site. We may also share information to comply with applicable laws, respond to a subpoena or lawful request, or otherwise protect our rights.</p>\" title_4=\"4. Data Retention\" body_4=\"<p class=\\\"term-text cl-text-2\\\">When you place an order, we maintain the Order Information for our records unless and until you ask us to delete it.</p>\" title_5=\"5. Your Rights\" body_5=\"<p class=\\\"term-text cl-text-2\\\">You can request access, correction, or deletion of any personal data we hold about you. Email privacy@amerce.test from the address on file and we will respond within 30 days.</p>\" title_6=\"6. Cookies\" body_6=\"<p class=\\\"term-text cl-text-2\\\">Cookies are used to keep your cart between visits, remember your preferences, and measure aggregate traffic. You can disable cookies in your browser, though some Site features may stop working.</p>\" title_7=\"7. Changes\" body_7=\"<p class=\\\"term-text cl-text-2\\\">We may update this policy from time to time to reflect changes to our practices or for operational, legal, or regulatory reasons. The latest version will always be on this page.</p>\"][/term-content]',1,NULL,'landing','How Amerce collects, uses, and protects your personal information.','published','2026-05-28 19:05:20','2026-05-28 19:05:20'),(5,'Terms &amp; Conditions','[page-banner heading=\"Terms & Conditions\"][/page-banner]\n[term-content quantity=\"7\" title_1=\"1. Acceptance of Terms\" body_1=\"<p class=\\\"term-text cl-text-2\\\">By accessing or using the Amerce store you agree to these terms. We reserve the right to update them with reasonable notice; the latest version is always available on this page.</p>\" title_2=\"2. Orders & Payment\" body_2=\"<p class=\\\"term-text cl-text-2\\\">All prices are in USD unless otherwise stated. We accept the payment methods displayed at checkout. An order becomes binding once you receive an order confirmation email.</p>\" title_3=\"3. Shipping\" body_3=\"<p class=\\\"term-text cl-text-2\\\">Shipping options, lead times, and rates are listed on our Shipping page. Risk passes to you on delivery.</p>\" title_4=\"4. Returns\" body_4=\"<p class=\\\"term-text cl-text-2\\\">You have 30 days from delivery to return any unworn item for a refund. See our Returns &amp; Refunds page for the full process.</p>\" title_5=\"5. Intellectual Property\" body_5=\"<p class=\\\"term-text cl-text-2\\\">All content on the Site — text, photography, logos, code — is owned by Amerce or its licensors and may not be reproduced without written permission.</p>\" title_6=\"6. Limitation of Liability\" body_6=\"<p class=\\\"term-text cl-text-2\\\">To the maximum extent permitted by law, Amerce is not liable for indirect or consequential damages arising from use of the Site or the products purchased through it.</p>\" title_7=\"7. Governing Law\" body_7=\"<p class=\\\"term-text cl-text-2\\\">These terms are governed by the laws of the State of New York. Any dispute will be resolved in the state or federal courts located in New York County.</p>\"][/term-content]',1,NULL,'landing','The legal terms governing your use of the Amerce store.','published','2026-05-28 19:05:20','2026-05-28 19:05:20'),(6,'Returns &amp; Refunds','[page-banner heading=\"Returns & Refunds\"][/page-banner]\n[term-content quantity=\"6\" title_1=\"1. Returns\" body_1=\"<p class=\\\"term-text cl-text-2\\\">We want you to be completely satisfied with your purchase. If for any reason you are not, you may return any unworn item within 30 days of receiving your order for a refund or exchange. Items must be in original packaging and the same condition as you received them.</p>\" title_2=\"2. How to Start a Return\" body_2=\"<p class=\\\"term-text cl-text-2\\\">Open the order in your account dashboard and click \\\"Start return\\\", or email returns@amerce.test with your order number. We will send a prepaid return label for domestic orders within one business day.</p>\" title_3=\"3. Refunds\" body_3=\"<p class=\\\"term-text cl-text-2\\\">Refunds are processed within 3-5 business days of us receiving the return and applied to the original payment method. Bank posting times vary; allow up to 10 business days for the credit to appear.</p>\" title_4=\"4. Exclusions\" body_4=\"<p class=\\\"term-text cl-text-2\\\">Sale items, intimate apparel, and final-sale flash sale purchases are excluded from returns. Personalised or made-to-order items are also non-returnable unless faulty.</p>\" title_5=\"5. Damaged or Faulty Items\" body_5=\"<p class=\\\"term-text cl-text-2\\\">If your order arrives damaged or faulty, email us within 7 days with photos. We will replace the item or issue a full refund — including any return shipping cost — at our expense.</p>\" title_6=\"6. International Returns\" body_6=\"<p class=\\\"term-text cl-text-2\\\">International customers are responsible for return shipping unless the item is faulty. We do not refund original shipping or duty charges on international returns.</p>\"][/term-content]',1,NULL,'landing','Our 30-day return policy and the step-by-step return process.','published','2026-05-28 19:05:20','2026-05-28 19:05:20'),(7,'Shipping','[page-banner heading=\"Shipping\"][/page-banner]\n[term-content quantity=\"6\" title_1=\"1. Shipping Methods\" body_1=\"<p class=\\\"term-text cl-text-2\\\">We offer the following shipping methods for domestic and international orders: standard ground, expedited 2-day, and priority overnight (where available).</p>\" title_2=\"2. Domestic Rates\" body_2=\"<p class=\\\"term-text cl-text-2\\\">Standard ground is free on orders over $99. Express 1-2 day shipping is $19.99 flat. Priority overnight is calculated by weight at checkout.</p>\" title_3=\"3. International\" body_3=\"<p class=\\\"term-text cl-text-2\\\">We ship to most countries. International standard shipping is $24.99 with 7-12 business day delivery. Express options appear at checkout. Duties and taxes are pre-paid for select destinations; otherwise the courier collects them on delivery.</p>\" title_4=\"4. Processing Time\" body_4=\"<p class=\\\"term-text cl-text-2\\\">Orders placed before 2pm EST on business days ship the same day. Orders placed after 2pm or on weekends/holidays ship the next business day.</p>\" title_5=\"5. Tracking\" body_5=\"<p class=\\\"term-text cl-text-2\\\">A tracking link is included in your shipment confirmation email. You can also see live status from Account → Orders → Track.</p>\" title_6=\"6. Lost or Stuck Shipments\" body_6=\"<p class=\\\"term-text cl-text-2\\\">If a tracking number has not updated for more than 7 business days, email shipping@amerce.test. We will open an investigation with the carrier and either refund or reship the order at our expense.</p>\"][/term-content]',1,NULL,'landing','Domestic and international shipping options, lead times, and rates.','published','2026-05-28 19:05:20','2026-05-28 19:05:20'),(8,'Our Stores','',1,NULL,'landing','Visit Amerce in person — flagship locations and partner boutiques worldwide.','published','2026-05-28 19:05:20','2026-05-28 19:05:20'),(9,'Blog','<div class=\"container py-5\"><h1>Journal</h1><p>Browse our latest stories — style guides, product spotlights, sustainability deep-dives, and more.</p></div>',1,NULL,'default','Style guides, product spotlights, and stories from the Amerce team.','published','2026-05-28 19:05:20','2026-05-28 19:05:20'),(10,'Careers','<div class=\"container py-5\"><h1>Careers at Amerce</h1><p>We are a small, distributed team building a more thoughtful kind of retail. We hire across product, engineering, supply chain, and customer experience.</p><p>Open roles are posted to our company LinkedIn page. To apply, send a short note and your resume to <a href=\"mailto:careers@amerce.test\">careers@amerce.test</a>.</p></div>',1,NULL,'default','Open roles and what it is like to work at Amerce.','published','2026-05-28 19:05:20','2026-05-28 19:05:20'),(11,'Sustainability','<div class=\"container py-5\"><h1>Sustainability at Amerce</h1><p>Every product carries a story. We work directly with mills and ateliers, prioritise recycled and traceable materials, and ship in plastic-free packaging.</p><p>Our 2026 goal: 90% of materials with a verified chain of custody, and a transparent annual impact report.</p></div>',1,NULL,'default','How Amerce sources responsibly and reduces its environmental footprint.','published','2026-05-28 19:05:20','2026-05-28 19:05:20'),(12,'Homepage','[simple-slider key=\"home-hero\" style=\"style-headphone\" is_autoplay=\"yes\" autoplay_speed=\"3000\" show_arrows=\"yes\" show_dots=\"yes\" usp_quantity=\"3\" usp_text_1=\"Returns free within 14 days\" usp_image_1=\"section/policy-9.jpg\" usp_text_2=\"Free shipping over $20.00\" usp_image_2=\"section/policy-10.jpg\" usp_text_3=\"Returns free within 14 days\" usp_image_3=\"section/policy-11.jpg\"][/simple-slider]\n[banner-image-text style=\"style-text-centered\" heading=\"TRUE SOUND\" subheading=\"\\\"There\'s nothing like experiencing Perfect Immersion. Amerce designs audio for a smarter world, offering clarity and connection that feels entirely authentic.\\\"\" button_text=\"Read About Us\" button_url=\"/about\"][/banner-image-text]\n[ecommerce-products style=\"style-tabs\" title=\"Explore The Collection\" subtitle=\"Browse smart audio solutions, from ANC to active models.\" section_class=\"section-top-pick flat-animate-tab\" tab_labels=\"New|Popular|Sale|Gaming|Wireless\" tab_sources=\"latest|best-seller|featured|best-seller|latest\" tab_nav_style=\"v2\" tab_nav_class_extra=\"style-3\" items_per_row=\"3\" limit=\"12\" left_banner_image=\"section/banner-41.jpg\" left_banner_title=\"Peak Audio\" left_banner_desc=\"Experience peak audio performance with this top Amerce collection.\" left_banner_button_text=\"Shop Now\" left_banner_button_url=\"/products\"][/ecommerce-products]\n[ecommerce-collections style=\"style-banner-collection-v02\" collection_ids=\"1,2,3,4,5\" limit=\"5\"][/ecommerce-collections]\n[ecommerce-products style=\"style-slider\" title=\"The Active Collection\" subtitle=\"Ideal companion for the gym, running, or daily commute.\" source=\"featured\" limit=\"4\" items_per_row=\"4\" section_class=\"ecommerce-products ecommerce-products--style-slider\"][/ecommerce-products]\n[banner-image-text style=\"style-banner-v05\" clip_text=\"True Sound\" heading=\"Smarter Sound, Deeper Immersion:{{NEWLINE}}Tech, Comfort, Performance\" subheading=\"Explore our innovative range engineered for pristine audio clarity and ergonomic comfort.{{NEWLINE}}Upgrade how you listen with cutting-edge intelligent technology.\" button_text=\"Shop Now\" button_url=\"/products\" image=\"section/true-sound.png\"][/banner-image-text]\n[before-after-image style=\"style-2\" before_image=\"section/headphone-before.jpg\" after_image=\"section/headphone-after.jpg\" left_heading=\"For The Warm Souls\" left_desc=\"Soft, natural, easy on the eyes.\" right_heading=\"For The Bold Minds\" right_desc=\"A crisp color that stands out effortlessly.\"][/before-after-image]\n[product-feature-zoom style=\"style-2-banner\" banner_modifier=\"style-4\" product_id=\"1\" featured_category=\"Headphone\" featured_name=\"MH40 Wireless\" reviews_count=\"134\" badge_text=\"Best seller\" urgency_text=\"Selling fast! 18 people have this in their carts.\"][/product-feature-zoom]\n[testimonials style=\"style-v01-banner\" banner_image=\"section/tes-21.jpg\" testimonial_product_ids=\"1,2,3\" autoplay=\"yes\" limit=\"3\"][/testimonials]\n[blog-posts style=\"style-insights-split\" title=\"Sound Insights &amp; Stories\" subtitle=\"Latest tech, reviews, and how-to guides. Dive in.\" section_class=\"flat-spacing section-insights\" limit=\"3\" order_by=\"oldest\" show_meta=\"yes\" show_excerpt=\"yes\"][/blog-posts]',NULL,NULL,'homepage','Amerce — multi-purpose ecommerce homepage demo.','published','2026-05-28 19:05:22','2026-05-28 19:05:22');

--
-- Table structure for table `pages_translations`
--

CREATE TABLE `pages_translations` (
  `lang_code` varchar(20) COLLATE utf8mb4_unicode_ci NOT NULL,
  `pages_id` bigint unsigned NOT NULL,
  `name` varchar(255) COLLATE utf8mb4_unicode_ci DEFAULT NULL,
  `description` varchar(400) COLLATE utf8mb4_unicode_ci DEFAULT NULL,
  `content` longtext COLLATE utf8mb4_unicode_ci,
  PRIMARY KEY (`lang_code`,`pages_id`),
  KEY `idx_pages_trans_pages_id` (`pages_id`),
  KEY `idx_pages_trans_page_lang` (`pages_id`,`lang_code`)
) ENGINE=InnoDB DEFAULT CHARSET=utf8mb4 COLLATE=utf8mb4_unicode_ci;

--
-- Dumping data for table `pages_translations`
--

INSERT INTO `pages_translations` VALUES ('ar',1,'عن','تقديم Amerce - قصة العلامة التجارية ومعايير التوريد والفريق الذي يقف وراء كل منتج.','[page-banner heading=\"معلومات عنا\" subtitle=\"With over 15 years of experience, we craft timeless collections that transcend<br class=\\\"d-none d-lg-block\\\">trends and inspire lasting elegance.\"][/page-banner]\n[stats-counter hero_image=\"section/s-contact-1.jpg\" heading=\"التصميم والاهتمام بالتفاصيل والكفاءة يرضي العالم\" description=\"منذ لحظة تصورها وحتى لحظة ارتدائها، يتبع كل منتج من منتجاتنا هذه الرحلة. يمكننا أن نفعل ذلك بمعدل أسرع. ومع ذلك، في Amerce، نختار الاعتناء بكل من يشارك معنا في هذه الرحلة.\" quantity=\"4\" value_1=\"8.2k\" animate_to_1=\"\" suffix_1=\"\" label_1=\"المنتجات الموجودة\" desc_1=\"نحن نقدم مجموعة متنوعة من المنتجات عالية الجودة لتلبية جميع الاحتياجات.\" value_2=\"\" animate_to_2=\"10\" suffix_2=\"k\" label_2=\"العملاء الراضين\" desc_2=\"نخدم أكثر من 10,000 عميل راضٍ يثقون بنا من حيث الجودة والخدمة.\" value_3=\"\" animate_to_3=\"96\" suffix_3=\"\" label_3=\"العلامة التجارية الشريكة\" desc_3=\"تجلب الشراكات مع العلامات التجارية الرائدة مجموعات موثوقة إلى متجرك ومنزلك.\" value_4=\"\" animate_to_4=\"16\" suffix_4=\"k\" label_4=\"منتجات للبيع\" desc_4=\"ولهذا السبب نسعى جاهدين لتقديم مجموعة متنوعة من خطوط الإنتاج، المناسبة لكل نمط.\"][/stats-counter]\n[image-accordion image=\"section/s-contact-2.jpg\" heading=\"جلب العناصر النادرة والرائعة إلى جميع أنحاء العالم\" quantity=\"4\" title_1=\"يقدم\" body_1=\"مرحبًا بك في متجر Amerce، وجهتك الأولى للأزياء والإكسسوارات العصرية. نحن فخورون بتقديم مجموعة مختارة بعناية من القطع النادرة والرائعة المطلوبة على الصعيدين الوطني والدولي.\" title_2=\"رؤيتنا\" body_2=\"نحن نهدف إلى عالم يمتزج فيه التصميم المتطور مع الحياة اليومية - المنتجات التي تصمد أمام اختبار الزمن، والشركاء الموثوق بهم، والعملاء الذين يتم التعامل معهم مثل الأشخاص، وليس المعاملات.\" title_3=\"ما الذي يجعل الفرق\" body_3=\"يتم تدقيق الموردين بشكل مستقل، ويتم اختبار المنتجات يدويًا، وتوجد سياسة إرجاع بدون سبب لمدة 30 يومًا، مدعومة بفريق خدمة عملاء متخصص.\" title_4=\"التزامنا\" body_4=\"منتجات عالية الجودة وسلاسل توريد شفافة وظروف عمل عادلة - في كل طلب وفي كل مرة.\"][/image-accordion]\n[about-testimonials heading=\"ماذا يقول العملاء!\" subtitle=\"العملاء يحبون منتجاتنا، ونحن نسعى جاهدين لإرضائهم.\" quantity=\"2\" image_1=\"testimonials/tes-1.jpg\" name_1=\"إيما كولينز\" text_1=\"\\\"Totally obsessed with this outfit! The fit is perfect, the fabric feels premium, and I\'ve been getting compliments non-stop. It instantly lifts my confidence — such a great find!\\\"\" image_2=\"testimonials/tes-2.jpg\" name_2=\"صوفيا راميريز\" text_2=\"\\\"I\'m amazed by how comfortable yet stylish this piece is. It pairs effortlessly with everything, and the quality really stands out. Definitely becoming my go-to for everyday looks!\\\"\"][/about-testimonials]\n[about-team heading=\"تعرف على الفريق\" subtitle=\"محترفون ملتزمون بالإتقان في كل التفاصيل.\" quantity=\"4\" image_1=\"member/member-1.jpg\" name_1=\"أنيت بلاك\" role_1=\"المؤسس/الرئيس التنفيذي\" social_links_1=\"\" image_2=\"member/member-2.jpg\" name_2=\"بروكلين سيمونز\" role_2=\"يدير\" social_links_2=\"\" image_3=\"member/member-3.jpg\" name_3=\"جين كوبر\" role_3=\"مدير المبيعات\" social_links_3=\"\" image_4=\"member/member-4.jpg\" name_4=\"ليزا بونيت\" role_4=\"مدير المبيعات\" social_links_4=\"\"][/about-team]'),('ar',2,'اتصال','اتصل بفريق خدمة العملاء والتعاون في Amerce.',''),('ar',3,'FAQ','الأسئلة المتداولة حول الطلبات والشحن والمرتجعات وإدارة الحساب.','[page-banner heading=\"الأسئلة المتداولة\" subtitle=\"Got questions? We\'ve got answers! Browse our الأسئلة المتداولة to find information on orders, shipping,<br class=\\\"d-none d-lg-block\\\">returns, and more. If you need further assistance, feel free to contact our team.\"][/page-banner]\n[faq-page sidebar_image=\"section/banner-12.jpg\" sidebar_title=\"Save 25% <br class=\\\"d-none d-sm-block\\\">Today\" sidebar_subtitle=\"قمصان، هوديس وأكثر\" sidebar_cta=\"شاهد المزيد\" sidebar_url=\"/products\" quantity=\"16\" category_1=\"حسابي\" category_id_1=\"myAccount\" question_1=\"1. ماذا يمكنني أن أفعل إذا نسيت كلمة المرور الخاصة بي؟\" answer_1=\"Use the \\\"Forgot password\\\" link on the sign-in page. We will email you a one-time link to set a new password — it expires in 30 minutes for security.\" category_2=\"حسابي\" category_id_2=\"myAccount\" question_2=\"2. كيفية تحديث عنوان البريد الإلكتروني؟\" answer_2=\"قم بتسجيل الدخول، افتح الحساب → الإعدادات وقم بتغيير حقول البريد الإلكتروني. سنرسل رسالة تأكيد بالبريد الإلكتروني إلى العنوان الجديد؛ سيصبح التغيير ساري المفعول عندما تنقر على هذا الرابط.\" category_3=\"حسابي\" category_id_3=\"myAccount\" question_3=\"3. هل يمكنني حذف حسابي؟\" answer_3=\"يملك. من الحساب → الإعدادات، قم بالتمرير لأسفل إلى حذف الحساب. نحن نحتفظ بسجل الطلبات لأسباب ضريبية/قانونية، ولكن يتم حذف معلومات الاتصال الشخصية خلال 30 يومًا.\" category_4=\"الطلبات والتسوق\" category_id_4=\"ordersPurchases\" question_4=\"1. كيف تطلب؟\" answer_4=\"قم بإضافة المنتجات إلى سلة التسوق، ثم انقر فوق إتمام الطلب، ثم حدد طريقة الشحن، ثم أدخل معلومات الدفع. سوف تتلقى رسالة تأكيد الطلب عبر البريد الإلكتروني على الفور.\" category_5=\"الطلبات والتسوق\" category_id_5=\"ordersPurchases\" question_5=\"2. هل يمكنني تعديل أو إلغاء طلبي؟\" answer_5=\"يمكن تعديل الطلبات أو إلغاؤها من لوحة تحكم حسابك خلال ساعة واحدة من تقديمها. بعد ذلك بدأ المستودع بالتعبئة ولم نتمكن من التدخل.\" category_6=\"الطلبات والتسوق\" category_id_6=\"ordersPurchases\" question_6=\"3. ما هي طرق الدفع المقبولة؟\" answer_6=\"نحن نقبل Visa وMastercard وAmerican Express وApple Pay وGoogle Pay وPayPal. تستخدم جميع المعاملات تشفير TLS 1.3.\" category_7=\"العوائد والمبالغ المستردة\" category_id_7=\"returnsRefunds\" question_7=\"1. ما هي مدة الإرجاع؟\" answer_7=\"30 يومًا من تاريخ الاستلام للمنتجات غير المستخدمة وغير المستهلكة. لا ينطبق على سلع البيع والملابس الداخلية وعناصر البيع الفوري.\" category_8=\"العوائد والمبالغ المستردة\" category_id_8=\"returnsRefunds\" question_8=\"2. كيف أبدأ عملية الإرجاع؟\" answer_8=\"Open the order in your account dashboard and click \\\"Start return\\\". We email a prepaid label for domestic orders within one business day.\" category_9=\"العوائد والمبالغ المستردة\" category_id_9=\"returnsRefunds\" question_9=\"3. متى سأسترد أموالي؟\" answer_9=\"تتم معالجة المبالغ المستردة في غضون 3-5 أيام عمل من تاريخ استلامنا للمنتج المرتجع. قد تختلف أوقات الائتمان البنكي؛ يُرجى الانتظار لمدة تصل إلى 10 أيام عمل حتى تظهر دفعتك.\" category_10=\"الشحن والتتبع\" category_id_10=\"shippingTracking\" question_10=\"1. كم من الوقت يستغرق الشحن؟\" answer_10=\"يستغرق الشحن المحلي القياسي من 3 إلى 5 أيام عمل. الشحن السريع 1-2 أيام. يستغرق الشحن القياسي الدولي من 7 إلى 12 يوم عمل؛ تتوفر خيارات الشحن المعجل في صفحة الخروج.\" category_11=\"الشحن والتتبع\" category_id_11=\"shippingTracking\" question_11=\"2. كيفية تتبع الطلبات؟\" answer_11=\"يتم تضمين رابط التتبع في رسالة البريد الإلكتروني لتأكيد الشحن. يمكنك أيضًا عرض الحالة من الحساب → الطلبات → التتبع.\" category_12=\"الشحن والتتبع\" category_id_12=\"shippingTracking\" question_12=\"3. هل تشحن دوليًا؟\" answer_12=\"نعم – لمعظم البلدان. يتم دفع الضرائب والرسوم مسبقًا في صفحة الخروج لوجهات معينة؛ إذا لم يكن الأمر كذلك، يجوز لوحدة الشحن جمعها عند التسليم.\" category_13=\"الرسوم والمدفوعات\" category_id_13=\"feesBilling\" question_13=\"1. هل يشمل السعر الضرائب والرسوم؟\" answer_13=\"الأسعار المحلية تشمل ضريبة المبيعات الموضحة عند الخروج. تشمل الطلبات الدولية للوجهات المدعومة الضرائب والرسوم؛ وبخلاف ذلك، ستقوم وحدة الشحن باستلامها عند التسليم.\" category_14=\"الرسوم والمدفوعات\" category_id_14=\"feesBilling\" question_14=\"2. لماذا تم محاسبتي مرتين؟\" answer_14=\"ربما ترى تعليقًا للتفويض بالإضافة إلى الرسوم الفعلية. سيتم إلغاء الحجز تلقائيًا خلال 3-5 أيام عمل. أرسل بريدًا إلكترونيًا إلى billing@amerce.test إذا كنت لا تزال ترى رسومين بعد ذلك الوقت.\" category_15=\"موضوعات أخرى\" category_id_15=\"otherTopic\" question_15=\"1. هل لديك متجر فعلي؟\" answer_15=\"نعم — يرجى زيارة صفحة المتاجر للحصول على قائمة بالمتاجر الرئيسية والشركاء.\" category_16=\"موضوعات أخرى\" category_id_16=\"otherTopic\" question_16=\"2. كيفية الاتصال بخدمة العملاء؟\" answer_16=\"أرسل بريدًا إلكترونيًا إلى hello@amerce.test أو استخدم نموذج الاتصال. سوف نقوم بالرد خلال يوم عمل واحد.\"][/faq-page]'),('ar',4,'سياسة الخصوصية','كيف تقوم Amerce بجمع معلوماتك الشخصية واستخدامها وحمايتها.','[page-banner heading=\"سياسة الخصوصية\"][/page-banner]\n[term-content quantity=\"7\" title_1=\"1. المعلومات التي نجمعها\" body_1=\"<p class=\\\"term-text cl-text-2\\\">When you visit the Site, we automatically collect certain information about your device — web browser, IP address, time zone, and some of the cookies installed on your device. As you browse, we also collect data about the pages or products you view, what referred you to the Site, and how you interact with it. We refer to this as \\\"Device Information\\\".</p><p class=\\\"term-text cl-text-2\\\">When you make a purchase or attempt to purchase through the Site, we collect your name, billing address, shipping address, and payment information (including card number, email address, and phone number). We refer to this as \\\"Order Information\\\".</p>\" title_2=\"2. كيف نستخدم معلوماتك\" body_2=\"<p class=\\\"term-text cl-text-2\\\">We use Order Information to fulfil orders placed through the Site (process payment, arrange shipping, provide invoices and order confirmations). We use it to communicate with you, screen orders for fraud, and — in line with your preferences — share marketing about products you may like.</p><p class=\\\"term-text cl-text-2\\\">We use Device Information to screen for fraud and to improve the Site through analytics about how customers browse and interact with us.</p>\" title_3=\"3. مشاركة معلوماتك الشخصية\" body_3=\"<p class=\\\"term-text cl-text-2\\\">We share Personal Information with third-party service providers who help us run the Site. We may also share information to comply with applicable laws, respond to a subpoena or lawful request, or otherwise protect our rights.</p>\" title_4=\"4. تخزين البيانات\" body_4=\"<p class=\\\"term-text cl-text-2\\\">When you place an order, we maintain the Order Information for our records unless and until you ask us to delete it.</p>\" title_5=\"5. حقوقك\" body_5=\"<p class=\\\"term-text cl-text-2\\\">You can request access, correction, or deletion of any personal data we hold about you. Email privacy@amerce.test from the address on file and we will respond within 30 days.</p>\" title_6=\"6. ملفات تعريف الارتباط\" body_6=\"<p class=\\\"term-text cl-text-2\\\">Cookies are used to keep your cart between visits, remember your preferences, and measure aggregate traffic. You can disable cookies in your browser, though some Site features may stop working.</p>\" title_7=\"7. التغيير\" body_7=\"<p class=\\\"term-text cl-text-2\\\">We may update this policy from time to time to reflect changes to our practices or for operational, legal, or regulatory reasons. The latest version will always be on this page.</p>\"][/term-content]'),('ar',5,'الشروط والأحكام','تنطبق الشروط القانونية عند استخدام متجر Amerce.','[page-banner heading=\"الشروط والأحكام\"][/page-banner]\n[term-content quantity=\"7\" title_1=\"1. قبول الشروط\" body_1=\"<p class=\\\"term-text cl-text-2\\\">By accessing or using the أميرس store you agree to these terms. We reserve the right to update them with reasonable notice; the latest version is always available on this page.</p>\" title_2=\"2. الطلبات والدفع\" body_2=\"<p class=\\\"term-text cl-text-2\\\">All prices are in USD unless otherwise stated. We accept the payment methods displayed at checkout. An order becomes binding once you receive an order confirmation email.</p>\" title_3=\"3. الشحن\" body_3=\"<p class=\\\"term-text cl-text-2\\\">ينقل options, lead times, and rates are listed on our ينقل page. Risk passes to you on delivery.</p>\" title_4=\"4. المرتجعات\" body_4=\"<p class=\\\"term-text cl-text-2\\\">You have 30 days from delivery to return any unworn item for a refund. See our العوائد والمبالغ المستردة page for the full process.</p>\" title_5=\"5. الملكية الفكرية\" body_5=\"<p class=\\\"term-text cl-text-2\\\">All content on the Site — text, photography, logos, code — is owned by أميرس or its licensors and may not be reproduced without written permission.</p>\" title_6=\"6. حدود المسؤولية\" body_6=\"<p class=\\\"term-text cl-text-2\\\">To the maximum extent permitted by law, أميرس is not liable for indirect or consequential damages arising from use of the Site or the products purchased through it.</p>\" title_7=\"7. القانون المعمول به\" body_7=\"<p class=\\\"term-text cl-text-2\\\">These terms are governed by the laws of the State of New York. Any dispute will be resolved in the state or federal courts located in New York County.</p>\"][/term-content]'),('ar',6,'العوائد والمبالغ المستردة','سياسة الإرجاع الخاصة بنا لمدة 30 يومًا وعملية الإرجاع خطوة بخطوة.','[page-banner heading=\"العوائد والمبالغ المستردة\"][/page-banner]\n[term-content quantity=\"6\" title_1=\"1. المرتجعات\" body_1=\"<p class=\\\"term-text cl-text-2\\\">We want you to be completely satisfied with your purchase. If for any reason you are not, you may return any unworn item within 30 days of receiving your order for a refund or exchange. أغراض must be in original packaging and the same condition as you received them.</p>\" title_2=\"2. كيف تبدأ عملية الإرجاع\" body_2=\"<p class=\\\"term-text cl-text-2\\\">Open the order in your account dashboard and click \\\"Start return\\\", or email returns@amerce.test with your order number. We will send a prepaid return label for domestic orders within one business day.</p>\" title_3=\"3. استرداد الأموال\" body_3=\"<p class=\\\"term-text cl-text-2\\\">Refunds are processed within 3-5 business days of us receiving the return and applied to the original payment method. Bank posting times vary; allow up to 10 business days for the credit to appear.</p>\" title_4=\"4. الاستثناءات\" body_4=\"<p class=\\\"term-text cl-text-2\\\">Sale items, intimate apparel, and final-sale flash sale purchases are excluded from returns. Personalised or made-to-order items are also non-returnable unless faulty.</p>\" title_5=\"5. المنتجات التالفة أو المعيبة\" body_5=\"<p class=\\\"term-text cl-text-2\\\">If your order arrives damaged or faulty, email us within 7 days with photos. We will replace the item or issue a full refund — including any return shipping cost — at our expense.</p>\" title_6=\"6. العودة الدولية\" body_6=\"<p class=\\\"term-text cl-text-2\\\">International customers are responsible for return shipping unless the item is faulty. We do not refund original shipping or duty charges on international returns.</p>\"][/term-content]'),('ar',7,'شحن','طرق الشحن المحلي والدولي وأوقاته ورسومه.','[page-banner heading=\"ينقل\"][/page-banner]\n[term-content quantity=\"6\" title_1=\"1. طريقة الشحن\" body_1=\"<p class=\\\"term-text cl-text-2\\\">We offer the following shipping methods for domestic and international orders: standard ground, expedited 2-day, and priority overnight (where available).</p>\" title_2=\"2. الرسوم المحلية\" body_2=\"<p class=\\\"term-text cl-text-2\\\">Standard ground is free on orders over $99. Express 1-2 day shipping is $19.99 flat. Priority overnight is calculated by weight at checkout.</p>\" title_3=\"3. الدولية\" body_3=\"<p class=\\\"term-text cl-text-2\\\">We ship to most countries. International standard shipping is $24.99 with 7-12 business day delivery. Express options appear at checkout. Duties and taxes are pre-paid for select destinations; otherwise the courier collects them on delivery.</p>\" title_4=\"4. وقت المعالجة\" body_4=\"<p class=\\\"term-text cl-text-2\\\">Orders placed before 2pm EST on business days ship the same day. Orders placed after 2pm or on weekends/holidays ship the next business day.</p>\" title_5=\"5. التتبع\" body_5=\"<p class=\\\"term-text cl-text-2\\\">A tracking link is included in your shipment confirmation email. You can also see live status from Account → Orders → Track.</p>\" title_6=\"6. الطلبات المفقودة أو المعلقة\" body_6=\"<p class=\\\"term-text cl-text-2\\\">If a tracking number has not updated for more than 7 business days, email shipping@amerce.test. We will open an investigation with the carrier and either refund or reship the order at our expense.</p>\"][/term-content]'),('ar',8,'متاجرنا','قم بزيارة Amerce مباشرة — المتاجر الرئيسية والشركاء في جميع أنحاء العالم.',''),('ar',9,'Blog','تعليمات الزي وقصص العلامات التجارية والمحتوى من وراء الكواليس من فريق تحرير Amerce.','<div class=\"container py-5\"><h1>مذكرة</h1><p>اكتشف أحدث قصصنا - أدلة الأسلوب، وأبرز المنتجات، وتحليل الاستدامة المتعمق والمزيد.</p></div>'),('ar',10,'وظائف','انضم إلى Amerce - المناصب المفتوحة والقيم الثقافية وفوائد الفريق.','<div class=\"container py-5\"><h1>التوظيف في Amerce</h1><p>نحن فريق صغير وموزع لبناء نموذج بيع بالتجزئة أكثر دقة. نقوم بالتوظيف عبر المنتجات والهندسة وسلسلة التوريد وتجربة العملاء.</p><p>يتم نشر الوظائف المفتوحة على صفحة LinkedIn الخاصة بالشركة. للتقديم، أرسل خطابًا قصيرًا واستأنفه إلى <a href=\"mailto:careers@amerce.test\">careers@amerce.test</a>.</p></div>'),('ar',11,'Sustainability','How Amerce sources responsibly and reduces its environmental footprint.','<div class=\"container py-5\"><h1>التنمية المستدامة في أمريكا</h1><p>كل منتج يحمل قصة. نحن نعمل مباشرة مع المصانع وورش العمل الحرفية، ونعطي الأولوية للمواد المعاد تدويرها والتي يمكن تتبعها، ونقوم بتغليف عبوات خالية من البلاستيك.</p><p>هدفنا لعام 2026: أن يكون لدى 90% من المواد سلسلة توريد تم التحقق منها وتقارير تأثير سنوية شفافة.</p></div>'),('ar',12,'الصفحة الرئيسية','Amerce — موطن لتجربة التجارة الإلكترونية المتنوعة.','[simple-slider key=\"home-hero\" style=\"style-headphone\" is_autoplay=\"yes\" autoplay_speed=\"3000\" show_arrows=\"yes\" show_dots=\"yes\" usp_quantity=\"3\" usp_text_1=\"إرجاع مجاني خلال 14 يومًا\" usp_image_1=\"section/policy-9.jpg\" usp_text_2=\"شحن مجاني للطلبات التي تزيد عن 20.00 دولارًا\" usp_image_2=\"section/policy-10.jpg\" usp_text_3=\"إرجاع مجاني خلال 14 يومًا\" usp_image_3=\"section/policy-11.jpg\"][/simple-slider]\n[banner-image-text style=\"style-text-centered\" heading=\"صوت أصيل\" subheading=\"\\\"There\'s nothing like experiencing Perfect Immersion. أميرس designs audio for a smarter world, offering clarity and connection that feels entirely authentic.\\\"\" button_text=\"تعلم عنا\" button_url=\"/about\"][/banner-image-text]\n[ecommerce-products style=\"style-tabs\" title=\"استكشف المجموعة\" subtitle=\"تصفح حلول الصوت الذكية، من ANC إلى النماذج الديناميكية.\" section_class=\"section-top-pick flat-animate-tab\" tab_labels=\"New|شائع|Sale|الألعاب|لاسلكي\" tab_sources=\"latest|best-seller|featured|best-seller|latest\" tab_nav_style=\"v2\" tab_nav_class_extra=\"style-3\" items_per_row=\"3\" limit=\"12\" left_banner_image=\"section/banner-41.jpg\" left_banner_title=\"صوت من الدرجة الأولى\" left_banner_desc=\"استمتع بأداء صوتي مثالي مع هذه المجموعة الرائدة من Amerce.\" left_banner_button_text=\"اشتري الآن\" left_banner_button_url=\"/products\"][/ecommerce-products]\n[ecommerce-collections style=\"style-banner-collection-v02\" collection_ids=\"1,2,3,4,5\" limit=\"5\"][/ecommerce-collections]\n[ecommerce-products style=\"style-slider\" title=\"مجموعة ديناميكية\" subtitle=\"الرفيق المثالي للصالة الرياضية أو الركض أو التنقل اليومي.\" source=\"featured\" limit=\"4\" items_per_row=\"4\" section_class=\"ecommerce-products ecommerce-products--style-slider\"][/ecommerce-products]\n[banner-image-text style=\"style-banner-v05\" clip_text=\"صوت أصيل\" heading=\"Smarter Sound, Deeper Immersion:{{NEWLINE}}Tech, Comfort, Performance\" subheading=\"Explore our innovative range engineered for pristine audio clarity and ergonomic comfort.{{NEWLINE}}Upgrade how you listen with cutting-edge intelligent technology.\" button_text=\"اشتري الآن\" button_url=\"/products\" image=\"section/true-sound.png\"][/banner-image-text]\n[before-after-image style=\"style-2\" before_image=\"section/headphone-before.jpg\" after_image=\"section/headphone-after.jpg\" left_heading=\"للأرواح الدافئة\" left_desc=\"ناعمة وطبيعية وممتعة للعين.\" right_heading=\"للعقول الجريئة\" right_desc=\"لون حاد يبرز بشكل طبيعي.\"][/before-after-image]\n[product-feature-zoom style=\"style-2-banner\" banner_modifier=\"style-4\" product_id=\"1\" featured_category=\"Headphone\" featured_name=\"MH40 اللاسلكية\" reviews_count=\"134\" badge_text=\"الأكثر مبيعًا\" urgency_text=\"بيع جيد! أضاف 18 شخصًا هذا المنتج إلى سلة التسوق الخاصة بهم.\"][/product-feature-zoom]\n[testimonials style=\"style-v01-banner\" banner_image=\"section/tes-21.jpg\" testimonial_product_ids=\"1,2,3\" autoplay=\"yes\" limit=\"3\"][/testimonials]\n[blog-posts style=\"style-insights-split\" title=\"وجهات نظر وقصص صوتية\" subtitle=\"أحدث التقنيات والمراجعات والأدلة. دعونا نستكشف معا.\" section_class=\"flat-spacing section-insights\" limit=\"3\" order_by=\"oldest\" show_meta=\"yes\" show_excerpt=\"yes\"][/blog-posts]'),('fr',1,'À propos','Présentation d\'Amerce - histoire de la marque, normes d\'approvisionnement et équipe derrière chaque produit.','[page-banner heading=\"À propos de nous\" subtitle=\"With over 15 years of experience, we craft timeless collections that transcend<br class=\\\"d-none d-lg-block\\\">trends and inspire lasting elegance.\"][/page-banner]\n[stats-counter hero_image=\"section/s-contact-1.jpg\" heading=\"Le design, l’attention aux détails et l’efficacité plaisent au monde\" description=\"De sa conception jusqu\'à son port, chacun de nos produits suit ce voyage. Nous pouvons le faire à un rythme plus rapide. Cependant, chez Amerce, nous choisissons de prendre soin de tous ceux qui font ce voyage avec nous.\" quantity=\"4\" value_1=\"8.2k\" animate_to_1=\"\" suffix_1=\"\" label_1=\"Produits existants\" desc_1=\"Nous proposons une variété de produits de haute qualité pour répondre à tous les besoins.\" value_2=\"\" animate_to_2=\"10\" suffix_2=\"k\" label_2=\"Clients satisfaits\" desc_2=\"Au service de plus de 10 000 clients satisfaits qui nous font confiance pour la qualité et le service.\" value_3=\"\" animate_to_3=\"96\" suffix_3=\"\" label_3=\"Marque partenaire\" desc_3=\"Les partenariats avec de grandes marques apportent des collections de confiance dans votre magasin et chez vous.\" value_4=\"\" animate_to_4=\"16\" suffix_4=\"k\" label_4=\"Produits à vendre\" desc_4=\"C\'est pourquoi nous nous efforçons de proposer une variété de gammes de produits, adaptées à chaque style.\"][/stats-counter]\n[image-accordion image=\"section/s-contact-2.jpg\" heading=\"Apporter des objets rares et exquis dans le monde entier\" quantity=\"4\" title_1=\"Introduire\" body_1=\"Bienvenue chez Amerce Store, votre destination privilégiée pour la mode et les accessoires avant-gardistes. Nous sommes fiers d\'offrir une collection soigneusement sélectionnée de pièces rares et exquises recherchées tant au niveau national qu\'international.\" title_2=\"Notre vision\" body_2=\"Nous visons un monde où le design sophistiqué se mêle à la vie quotidienne : des produits qui résistent à l\'épreuve du temps, des partenaires de confiance et des clients traités comme des personnes et non comme des transactions.\" title_3=\"Ce qui fait la différence\" body_3=\"Les fournisseurs sont audités de manière indépendante, les produits sont testés manuellement et il existe une politique de retour sans motif de 30 jours, soutenue par une équipe de service client dédiée.\" title_4=\"Notre engagement\" body_4=\"Des produits de qualité, des chaînes d\'approvisionnement transparentes et des conditions de travail équitables : à chaque commande, à chaque fois.\"][/image-accordion]\n[about-testimonials heading=\"Ce que disent les clients !\" subtitle=\"Les clients aiment nos produits et nous nous efforçons de leur plaire.\" quantity=\"2\" image_1=\"testimonials/tes-1.jpg\" name_1=\"Emma Collins\" text_1=\"\\\"Totally obsessed with this outfit! The fit is perfect, the fabric feels premium, and I\'ve been getting compliments non-stop. It instantly lifts my confidence — such a great find!\\\"\" image_2=\"testimonials/tes-2.jpg\" name_2=\"Sophie Ramírez\" text_2=\"\\\"I\'m amazed by how comfortable yet stylish this piece is. It pairs effortlessly with everything, and the quality really stands out. Definitely becoming my go-to for everyday looks!\\\"\"][/about-testimonials]\n[about-team heading=\"Rencontrez l\'équipe\" subtitle=\"Des professionnels dédiés à la perfection dans les moindres détails.\" quantity=\"4\" image_1=\"member/member-1.jpg\" name_1=\"Annette Noir\" role_1=\"Fondateur/PDG\" social_links_1=\"\" image_2=\"member/member-2.jpg\" name_2=\"Brooklyn Simmons\" role_2=\"Gérer\" social_links_2=\"\" image_3=\"member/member-3.jpg\" name_3=\"Jane Cooper\" role_3=\"Directeur des ventes\" social_links_3=\"\" image_4=\"member/member-4.jpg\" name_4=\"Lisa Bonet\" role_4=\"Directeur des ventes\" social_links_4=\"\"][/about-team]'),('fr',2,'Contact','Contactez l\'équipe de service client et de coopération d\'Amerce.',''),('fr',3,'FAQ','Questions fréquemment posées sur les commandes, l\'expédition, les retours et la gestion des comptes.','[page-banner heading=\"Foire aux questions\" subtitle=\"Got questions? We\'ve got answers! Browse our Foire aux questions to find information on orders, shipping,<br class=\\\"d-none d-lg-block\\\">returns, and more. If you need further assistance, feel free to contact our team.\"][/page-banner]\n[faq-page sidebar_image=\"section/banner-12.jpg\" sidebar_title=\"Save 25% <br class=\\\"d-none d-sm-block\\\">Today\" sidebar_subtitle=\"T-shirts, sweats à capuche et plus\" sidebar_cta=\"Voir plus\" sidebar_url=\"/products\" quantity=\"16\" category_1=\"Mon compte\" category_id_1=\"myAccount\" question_1=\"1. Que puis-je faire si j\'oublie mon mot de passe ?\" answer_1=\"Use the \\\"Forgot password\\\" link on the sign-in page. We will email you a one-time link to set a new password — it expires in 30 minutes for security.\" category_2=\"Mon compte\" category_id_2=\"myAccount\" question_2=\"2. Comment mettre à jour l\'adresse e-mail ?\" answer_2=\"Connectez-vous, ouvrez Compte → Paramètres et modifiez les champs de courrier électronique. Nous enverrons un e-mail de confirmation à la nouvelle adresse ; Le changement prendra effet lorsque vous cliquerez sur ce lien.\" category_3=\"Mon compte\" category_id_3=\"myAccount\" question_3=\"3. Puis-je supprimer mon compte ?\" answer_3=\"Avoir. Dans Compte → Paramètres, faites défiler jusqu\'à Supprimer le compte. Nous conservons l\'historique des commandes pour des raisons fiscales/légales, mais les coordonnées personnelles sont supprimées dans les 30 jours.\" category_4=\"Commandes et achats\" category_id_4=\"ordersPurchases\" question_4=\"1. Comment commander ?\" answer_4=\"Ajoutez des produits au panier, cliquez sur Commander, sélectionnez le mode d\'expédition, puis saisissez les informations de paiement. Vous recevrez immédiatement un e-mail de confirmation de commande.\" category_5=\"Commandes et achats\" category_id_5=\"ordersPurchases\" question_5=\"2. Puis-je modifier ou annuler ma commande ?\" answer_5=\"Les commandes peuvent être modifiées ou annulées à partir du tableau de bord de votre compte dans l\'heure suivant leur passation. Après cela, l\'entrepôt a commencé à emballer et nous n\'avons pas pu intervenir.\" category_6=\"Commandes et achats\" category_id_6=\"ordersPurchases\" question_6=\"3. Quels modes de paiement sont acceptés ?\" answer_6=\"Nous acceptons Visa, Mastercard, American Express, Apple Pay, Google Pay et PayPal. Toutes les transactions utilisent le cryptage TLS 1.3.\" category_7=\"Retours et remboursements\" category_id_7=\"returnsRefunds\" question_7=\"1. Quelle est la durée du délai de retour ?\" answer_7=\"30 jours à compter de la date de réception pour les produits non utilisés et non portés. Non applicable aux articles soldés, aux sous-vêtements et aux articles en vente flash en vente finale.\" category_8=\"Retours et remboursements\" category_id_8=\"returnsRefunds\" question_8=\"2. Comment démarrer le processus de retour ?\" answer_8=\"Open the order in your account dashboard and click \\\"Start return\\\". We email a prepaid label for domestic orders within one business day.\" category_9=\"Retours et remboursements\" category_id_9=\"returnsRefunds\" question_9=\"3. Quand recevrai-je mon remboursement ?\" answer_9=\"Les remboursements sont traités dans les 3 à 5 jours ouvrables à compter de la réception de l\'article retourné. Les délais de crédit bancaire peuvent varier ; Veuillez prévoir jusqu\'à 10 jours ouvrables pour voir votre paiement reflété.\" category_10=\"Expédition et suivi\" category_id_10=\"shippingTracking\" question_10=\"1. Combien de temps prend l’expédition ?\" answer_10=\"L\'expédition nationale standard prend 3 à 5 jours ouvrables. Expédition rapide 1-2 jours. L\'expédition standard internationale prend 7 à 12 jours ouvrables ; Des options d\'expédition accélérée sont disponibles sur la page de paiement.\" category_11=\"Expédition et suivi\" category_id_11=\"shippingTracking\" question_11=\"2. Comment suivre les commandes ?\" answer_11=\"Le lien de suivi est inclus dans l\'e-mail de confirmation d\'expédition. Vous pouvez également afficher le statut depuis Compte → Commandes → Suivi.\" category_12=\"Expédition et suivi\" category_id_12=\"shippingTracking\" question_12=\"3. Expédiez-vous à l’international ?\" answer_12=\"Oui, dans la plupart des pays. Les taxes et frais sont prépayés sur la page de paiement pour certaines destinations ; Dans le cas contraire, l\'unité d\'expédition pourra le récupérer à la livraison.\" category_13=\"Frais et paiements\" category_id_13=\"feesBilling\" question_13=\"1. Les taxes et frais sont-ils inclus ?\" answer_13=\"Les prix nationaux incluent la taxe de vente indiquée au moment du paiement. Les commandes internationales vers les destinations prises en charge incluent les taxes et les frais ; Dans le cas contraire, l\'unité d\'expédition le récupérera à la livraison.\" category_14=\"Frais et paiements\" category_id_14=\"feesBilling\" question_14=\"2. Pourquoi ai-je été facturé deux fois ?\" answer_14=\"Vous voyez peut-être une autorisation retenue avec le montant réel des frais. La retenue sera automatiquement annulée dans un délai de 3 à 5 jours ouvrables. Envoyez un e-mail à billing@amerce.test si vous voyez toujours deux frais après cette heure.\" category_15=\"Autres sujets\" category_id_15=\"otherTopic\" question_15=\"1. Avez-vous un magasin physique ?\" answer_15=\"Oui, veuillez visiter la page Magasins pour une liste des principaux magasins et partenaires.\" category_16=\"Autres sujets\" category_id_16=\"otherTopic\" question_16=\"2. Comment contacter le service client ?\" answer_16=\"Envoyez un e-mail à hello@amerce.test ou utilisez le formulaire de contact. Nous vous répondrons dans un délai d\'un jour ouvrable.\"][/faq-page]'),('fr',4,'politique de confidentialité','Comment Amerce collecte, utilise et protège vos informations personnelles.','[page-banner heading=\"politique de confidentialité\"][/page-banner]\n[term-content quantity=\"7\" title_1=\"1. Informations que nous collectons\" body_1=\"<p class=\\\"term-text cl-text-2\\\">When you visit the Site, we automatically collect certain information about your device — web browser, IP address, time zone, and some of the cookies installed on your device. As you browse, we also collect data about the pages or products you view, what referred you to the Site, and how you interact with it. We refer to this as \\\"Device Information\\\".</p><p class=\\\"term-text cl-text-2\\\">When you make a purchase or attempt to purchase through the Site, we collect your name, billing address, shipping address, and payment information (including card number, email address, and phone number). We refer to this as \\\"Order Information\\\".</p>\" title_2=\"2. Comment nous utilisons vos informations\" body_2=\"<p class=\\\"term-text cl-text-2\\\">We use Order Information to fulfil orders placed through the Site (process payment, arrange shipping, provide invoices and order confirmations). We use it to communicate with you, screen orders for fraud, and — in line with your preferences — share marketing about products you may like.</p><p class=\\\"term-text cl-text-2\\\">We use Device Information to screen for fraud and to improve the Site through analytics about how customers browse and interact with us.</p>\" title_3=\"3. Partage de vos informations personnelles\" body_3=\"<p class=\\\"term-text cl-text-2\\\">We share Personal Information with third-party service providers who help us run the Site. We may also share information to comply with applicable laws, respond to a subpoena or lawful request, or otherwise protect our rights.</p>\" title_4=\"4. Stockage des données\" body_4=\"<p class=\\\"term-text cl-text-2\\\">When you place an order, we maintain the Order Information for our records unless and until you ask us to delete it.</p>\" title_5=\"5. Vos droits\" body_5=\"<p class=\\\"term-text cl-text-2\\\">You can request access, correction, or deletion of any personal data we hold about you. Email privacy@amerce.test from the address on file and we will respond within 30 days.</p>\" title_6=\"6. Cookies\" body_6=\"<p class=\\\"term-text cl-text-2\\\">Cookies are used to keep your cart between visits, remember your preferences, and measure aggregate traffic. You can disable cookies in your browser, though some Site features may stop working.</p>\" title_7=\"7. Changement\" body_7=\"<p class=\\\"term-text cl-text-2\\\">We may update this policy from time to time to reflect changes to our practices or for operational, legal, or regulatory reasons. The latest version will always be on this page.</p>\"][/term-content]'),('fr',5,'Conditions générales','Les conditions légales s\'appliquent lorsque vous utilisez la boutique Amerce.','[page-banner heading=\"Conditions générales\"][/page-banner]\n[term-content quantity=\"7\" title_1=\"1. Acceptation des conditions\" body_1=\"<p class=\\\"term-text cl-text-2\\\">By accessing or using the Amérique store you agree to these terms. We reserve the right to update them with reasonable notice; the latest version is always available on this page.</p>\" title_2=\"2. Commandes et paiement\" body_2=\"<p class=\\\"term-text cl-text-2\\\">All prices are in USD unless otherwise stated. We accept the payment methods displayed at checkout. An order becomes binding once you receive an order confirmation email.</p>\" title_3=\"3. Expédition\" body_3=\"<p class=\\\"term-text cl-text-2\\\">Transport options, lead times, and rates are listed on our Transport page. Risk passes to you on delivery.</p>\" title_4=\"4. Retours\" body_4=\"<p class=\\\"term-text cl-text-2\\\">You have 30 days from delivery to return any unworn item for a refund. See our Retours et remboursements page for the full process.</p>\" title_5=\"5. Propriété intellectuelle\" body_5=\"<p class=\\\"term-text cl-text-2\\\">All content on the Site — text, photography, logos, code — is owned by Amérique or its licensors and may not be reproduced without written permission.</p>\" title_6=\"6. Limitation de responsabilité\" body_6=\"<p class=\\\"term-text cl-text-2\\\">To the maximum extent permitted by law, Amérique is not liable for indirect or consequential damages arising from use of the Site or the products purchased through it.</p>\" title_7=\"7. Loi applicable\" body_7=\"<p class=\\\"term-text cl-text-2\\\">These terms are governed by the laws of the State of New York. Any dispute will be resolved in the state or federal courts located in New York County.</p>\"][/term-content]'),('fr',6,'Retours et remboursements','Notre politique de retour de 30 jours et notre processus de retour étape par étape.','[page-banner heading=\"Retours et remboursements\"][/page-banner]\n[term-content quantity=\"6\" title_1=\"1. Retours\" body_1=\"<p class=\\\"term-text cl-text-2\\\">We want you to be completely satisfied with your purchase. If for any reason you are not, you may return any unworn item within 30 days of receiving your order for a refund or exchange. Articles must be in original packaging and the same condition as you received them.</p>\" title_2=\"2. Comment démarrer un retour\" body_2=\"<p class=\\\"term-text cl-text-2\\\">Open the order in your account dashboard and click \\\"Start return\\\", or email returns@amerce.test with your order number. We will send a prepaid return label for domestic orders within one business day.</p>\" title_3=\"3. Remboursement\" body_3=\"<p class=\\\"term-text cl-text-2\\\">Refunds are processed within 3-5 business days of us receiving the return and applied to the original payment method. Bank posting times vary; allow up to 10 business days for the credit to appear.</p>\" title_4=\"4. Exclusions\" body_4=\"<p class=\\\"term-text cl-text-2\\\">Sale items, intimate apparel, and final-sale flash sale purchases are excluded from returns. Personalised or made-to-order items are also non-returnable unless faulty.</p>\" title_5=\"5. Produits endommagés ou défectueux\" body_5=\"<p class=\\\"term-text cl-text-2\\\">If your order arrives damaged or faulty, email us within 7 days with photos. We will replace the item or issue a full refund — including any return shipping cost — at our expense.</p>\" title_6=\"6. Retours internationaux\" body_6=\"<p class=\\\"term-text cl-text-2\\\">International customers are responsible for return shipping unless the item is faulty. We do not refund original shipping or duty charges on international returns.</p>\"][/term-content]'),('fr',7,'Expédition','Méthodes, délais et frais d\'expédition nationaux et internationaux.','[page-banner heading=\"Transport\"][/page-banner]\n[term-content quantity=\"6\" title_1=\"1. Méthode d\'expédition\" body_1=\"<p class=\\\"term-text cl-text-2\\\">We offer the following shipping methods for domestic and international orders: standard ground, expedited 2-day, and priority overnight (where available).</p>\" title_2=\"2. Frais nationaux\" body_2=\"<p class=\\\"term-text cl-text-2\\\">Standard ground is free on orders over $99. Express 1-2 day shipping is $19.99 flat. Priority overnight is calculated by weight at checkout.</p>\" title_3=\"3. Internationale\" body_3=\"<p class=\\\"term-text cl-text-2\\\">We ship to most countries. International standard shipping is $24.99 with 7-12 business day delivery. Express options appear at checkout. Duties and taxes are pre-paid for select destinations; otherwise the courier collects them on delivery.</p>\" title_4=\"4. Délai de traitement\" body_4=\"<p class=\\\"term-text cl-text-2\\\">Orders placed before 2pm EST on business days ship the same day. Orders placed after 2pm or on weekends/holidays ship the next business day.</p>\" title_5=\"5. Suivi\" body_5=\"<p class=\\\"term-text cl-text-2\\\">A tracking link is included in your shipment confirmation email. You can also see live status from Account → Orders → Track.</p>\" title_6=\"6. Commandes perdues ou bloquées\" body_6=\"<p class=\\\"term-text cl-text-2\\\">If a tracking number has not updated for more than 7 business days, email shipping@amerce.test. We will open an investigation with the carrier and either refund or reship the order at our expense.</p>\"][/term-content]'),('fr',8,'Nos magasins','Visitez Amerce directement – ​​magasins phares et partenaires dans le monde entier.',''),('fr',9,'Blog','Instructions de tenue, histoires de marque et contenu en coulisses de l\'équipe éditoriale d\'Amerce.','<div class=\"container py-5\"><h1>Agenda</h1><p>Découvrez nos dernières histoires : guides de style, produits phares, analyse approfondie de la durabilité et bien plus encore.</p></div>'),('fr',10,'Carrières','Rejoignez Amerce - postes ouverts, valeurs culturelles et avantages d\'équipe.','<div class=\"container py-5\"><h1>Recrutement chez Amerce</h1><p>Nous sommes une petite équipe distribuée construisant un modèle de vente au détail plus raffiné. Nous recrutons dans les domaines des produits, de l\'ingénierie, de la chaîne d\'approvisionnement et de l\'expérience client.</p><p>Les postes vacants sont publiés sur la page LinkedIn de l\'entreprise. Pour postuler, envoyez une courte lettre et un curriculum vitae à <a href=\"mailto:careers@amerce.test\">careers@amerce.test</a>.</p></div>'),('fr',11,'Sustainability','How Amerce sources responsibly and reduces its environmental footprint.','<div class=\"container py-5\"><h1>Développement durable en Amérique</h1><p>Chaque produit porte une histoire. Nous travaillons directement avec des usines et des ateliers d\'artisans, priorisons les matériaux recyclés et traçables et emballons sans plastique.</p><p>Notre objectif 2026 : 90 % des matériaux disposent d\'une chaîne d\'approvisionnement vérifiée et d\'un rapport d\'impact annuel transparent.</p></div>'),('fr',12,'Page d\'accueil','Amerce – abrite une expérience de commerce électronique polyvalente.','[simple-slider key=\"home-hero\" style=\"style-headphone\" is_autoplay=\"yes\" autoplay_speed=\"3000\" show_arrows=\"yes\" show_dots=\"yes\" usp_quantity=\"3\" usp_text_1=\"Retours gratuits sous 14 jours\" usp_image_1=\"section/policy-9.jpg\" usp_text_2=\"Livraison gratuite pour les commandes de plus de 20,00 $\" usp_image_2=\"section/policy-10.jpg\" usp_text_3=\"Retours gratuits sous 14 jours\" usp_image_3=\"section/policy-11.jpg\"][/simple-slider]\n[banner-image-text style=\"style-text-centered\" heading=\"SON AUTHENTIQUE\" subheading=\"\\\"There\'s nothing like experiencing Perfect Immersion. Amérique designs audio for a smarter world, offering clarity and connection that feels entirely authentic.\\\"\" button_text=\"Apprenez-en davantage sur nous\" button_url=\"/about\"][/banner-image-text]\n[ecommerce-products style=\"style-tabs\" title=\"Explorez la collection\" subtitle=\"Parcourez les solutions audio intelligentes, de l\'ANC aux modèles dynamiques.\" section_class=\"section-top-pick flat-animate-tab\" tab_labels=\"New|Populaire|Sale|Jeux|Sans fil\" tab_sources=\"latest|best-seller|featured|best-seller|latest\" tab_nav_style=\"v2\" tab_nav_class_extra=\"style-3\" items_per_row=\"3\" limit=\"12\" left_banner_image=\"section/banner-41.jpg\" left_banner_title=\"Un son au top\" left_banner_desc=\"Découvrez des performances audio ultimes avec cette collection phare d\'Amerce.\" left_banner_button_text=\"Acheter maintenant\" left_banner_button_url=\"/products\"][/ecommerce-products]\n[ecommerce-collections style=\"style-banner-collection-v02\" collection_ids=\"1,2,3,4,5\" limit=\"5\"][/ecommerce-collections]\n[ecommerce-products style=\"style-slider\" title=\"Collecte dynamique\" subtitle=\"Le compagnon idéal pour la salle de sport, le jogging ou les déplacements quotidiens.\" source=\"featured\" limit=\"4\" items_per_row=\"4\" section_class=\"ecommerce-products ecommerce-products--style-slider\"][/ecommerce-products]\n[banner-image-text style=\"style-banner-v05\" clip_text=\"Un son authentique\" heading=\"Smarter Sound, Deeper Immersion:{{NEWLINE}}Tech, Comfort, Performance\" subheading=\"Explore our innovative range engineered for pristine audio clarity and ergonomic comfort.{{NEWLINE}}Upgrade how you listen with cutting-edge intelligent technology.\" button_text=\"Acheter maintenant\" button_url=\"/products\" image=\"section/true-sound.png\"][/banner-image-text]\n[before-after-image style=\"style-2\" before_image=\"section/headphone-before.jpg\" after_image=\"section/headphone-after.jpg\" left_heading=\"Pour les âmes chaleureuses\" left_desc=\"Doux, naturel, agréable aux yeux.\" right_heading=\"Pour les esprits audacieux\" right_desc=\"Une couleur vive qui ressort naturellement.\"][/before-after-image]\n[product-feature-zoom style=\"style-2-banner\" banner_modifier=\"style-4\" product_id=\"1\" featured_category=\"Headphone\" featured_name=\"MH40 sans fil\" reviews_count=\"134\" badge_text=\"Meilleur vendeur\" urgency_text=\"Se vend bien ! 18 personnes ont ajouté ce produit à leur panier.\"][/product-feature-zoom]\n[testimonials style=\"style-v01-banner\" banner_image=\"section/tes-21.jpg\" testimonial_product_ids=\"1,2,3\" autoplay=\"yes\" limit=\"3\"][/testimonials]\n[blog-posts style=\"style-insights-split\" title=\"Perspectives et histoires audio\" subtitle=\"Dernières technologies, critiques et guides. Explorons ensemble.\" section_class=\"flat-spacing section-insights\" limit=\"3\" order_by=\"oldest\" show_meta=\"yes\" show_excerpt=\"yes\"][/blog-posts]'),('id',1,'Tentang','Memperkenalkan Amerce — kisah merek, standar pasokan, dan tim di balik setiap produk.','[page-banner heading=\"Tentang Kami\" subtitle=\"With over 15 years of experience, we craft timeless collections that transcend<br class=\\\"d-none d-lg-block\\\">trends and inspire lasting elegance.\"][/page-banner]\n[stats-counter hero_image=\"section/s-contact-1.jpg\" heading=\"Desain, perhatian terhadap detail dan efisiensi menyenangkan dunia\" description=\"Dari saat dirancang hingga dipakai, setiap produk kami mengikuti perjalanan ini. Kita bisa melakukannya dengan lebih cepat. Namun, di Amerce, kami memilih untuk menjaga semua orang yang melakukan perjalanan bersama kami.\" quantity=\"4\" value_1=\"8.2k\" animate_to_1=\"\" suffix_1=\"\" label_1=\"Produk yang Ada\" desc_1=\"Kami menawarkan berbagai produk berkualitas tinggi untuk memenuhi setiap kebutuhan.\" value_2=\"\" animate_to_2=\"10\" suffix_2=\"k\" label_2=\"Pelanggan yang Puas\" desc_2=\"Melayani lebih dari 10.000 pelanggan yang puas dan mempercayai kami untuk kualitas dan layanan.\" value_3=\"\" animate_to_3=\"96\" suffix_3=\"\" label_3=\"Merek Mitra\" desc_3=\"Kemitraan dengan merek terkemuka menghadirkan koleksi tepercaya ke toko dan rumah Anda.\" value_4=\"\" animate_to_4=\"16\" suffix_4=\"k\" label_4=\"Produk Dijual\" desc_4=\"Itu sebabnya kami berusaha menghadirkan beragam lini produk, cocok untuk setiap gaya.\"][/stats-counter]\n[image-accordion image=\"section/s-contact-2.jpg\" heading=\"Membawa Barang Langka dan Indah ke Seluruh Dunia\" quantity=\"4\" title_1=\"Memperkenalkan\" body_1=\"Selamat datang di Amerce Store, tujuan utama Anda untuk fashion dan aksesoris penentu tren. Kami bangga menawarkan koleksi barang langka dan indah yang dipilih dengan cermat yang dicari baik secara nasional maupun internasional.\" title_2=\"Visi kami\" body_2=\"Kami bertujuan untuk mewujudkan dunia di mana desain canggih berpadu dengan kehidupan sehari-hari — produk yang bertahan dalam ujian waktu, mitra yang tepercaya, dan pelanggan yang diperlakukan seperti manusia, bukan transaksi.\" title_3=\"Apa yang Membuat Perbedaan\" body_3=\"Pemasok diaudit secara independen, produk diuji secara manual, dan terdapat kebijakan pengembalian tanpa alasan selama 30 hari, yang didukung oleh tim layanan pelanggan khusus.\" title_4=\"Komitmen kami\" body_4=\"Produk berkualitas, rantai pasokan yang transparan, dan kondisi tenaga kerja yang adil — setiap pesanan, setiap saat.\"][/image-accordion]\n[about-testimonials heading=\"Apa Kata Pelanggan!\" subtitle=\"Pelanggan menyukai produk kami, dan kami berusaha menyenangkan mereka.\" quantity=\"2\" image_1=\"testimonials/tes-1.jpg\" name_1=\"Emma Collins\" text_1=\"\\\"Totally obsessed with this outfit! The fit is perfect, the fabric feels premium, and I\'ve been getting compliments non-stop. It instantly lifts my confidence — such a great find!\\\"\" image_2=\"testimonials/tes-2.jpg\" name_2=\"Sophia Ramirez\" text_2=\"\\\"I\'m amazed by how comfortable yet stylish this piece is. It pairs effortlessly with everything, and the quality really stands out. Definitely becoming my go-to for everyday looks!\\\"\"][/about-testimonials]\n[about-team heading=\"Temui Tim\" subtitle=\"Profesional yang berdedikasi pada kesempurnaan dalam setiap detail.\" quantity=\"4\" image_1=\"member/member-1.jpg\" name_1=\"Annette Hitam\" role_1=\"Pendiri/CEO\" social_links_1=\"\" image_2=\"member/member-2.jpg\" name_2=\"Brooklyn Simmons\" role_2=\"Mengelola\" social_links_2=\"\" image_3=\"member/member-3.jpg\" name_3=\"Jane Cooper\" role_3=\"Direktur Penjualan\" social_links_3=\"\" image_4=\"member/member-4.jpg\" name_4=\"Lisa Bonet\" role_4=\"Direktur Penjualan\" social_links_4=\"\"][/about-team]'),('id',2,'Kontak','Hubungi tim layanan pelanggan dan kerja sama Amerce.',''),('id',3,'FAQ','Pertanyaan yang sering diajukan tentang pesanan, pengiriman, pengembalian, dan manajemen akun.','[page-banner heading=\"Pertanyaan yang Sering Diajukan\" subtitle=\"Got questions? We\'ve got answers! Browse our Pertanyaan yang Sering Diajukan to find information on orders, shipping,<br class=\\\"d-none d-lg-block\\\">returns, and more. If you need further assistance, feel free to contact our team.\"][/page-banner]\n[faq-page sidebar_image=\"section/banner-12.jpg\" sidebar_title=\"Save 25% <br class=\\\"d-none d-sm-block\\\">Today\" sidebar_subtitle=\"T-Shirt, Hoodie, dan Lainnya\" sidebar_cta=\"Lihat Lebih Banyak\" sidebar_url=\"/products\" quantity=\"16\" category_1=\"Akun Saya\" category_id_1=\"myAccount\" question_1=\"1. Apa yang dapat saya lakukan jika saya lupa kata sandi?\" answer_1=\"Use the \\\"Forgot password\\\" link on the sign-in page. We will email you a one-time link to set a new password — it expires in 30 minutes for security.\" category_2=\"Akun Saya\" category_id_2=\"myAccount\" question_2=\"2. Bagaimana cara memperbarui alamat email?\" answer_2=\"Masuk, buka Akun → Pengaturan dan ubah bidang email. Kami akan mengirimkan email konfirmasi ke alamat baru; Perubahan akan berlaku ketika Anda mengeklik tautan itu.\" category_3=\"Akun Saya\" category_id_3=\"myAccount\" question_3=\"3. Bisakah saya menghapus akun saya?\" answer_3=\"Memiliki. Dari Akun → Pengaturan, gulir ke bawah ke Hapus akun. Kami menyimpan riwayat pesanan karena alasan pajak/hukum, tetapi informasi kontak pribadi akan dihapus dalam waktu 30 hari.\" category_4=\"Pemesanan & Belanja\" category_id_4=\"ordersPurchases\" question_4=\"1. Bagaimana cara memesannya?\" answer_4=\"Tambahkan produk ke keranjang, klik checkout, pilih metode pengiriman, lalu masukkan informasi pembayaran. Anda akan segera menerima email konfirmasi pesanan.\" category_5=\"Pemesanan & Belanja\" category_id_5=\"ordersPurchases\" question_5=\"2. Bisakah saya mengedit atau membatalkan pesanan saya?\" answer_5=\"Pesanan dapat diedit atau dibatalkan dari dasbor akun Anda dalam waktu 1 jam setelah penempatan. Setelah itu, gudang mulai berkemas dan kami tidak bisa campur tangan.\" category_6=\"Pemesanan & Belanja\" category_id_6=\"ordersPurchases\" question_6=\"3. Metode pembayaran apa yang diterima?\" answer_6=\"Kami menerima Visa, Mastercard, American Express, Apple Pay, Google Pay, dan PayPal. Semua transaksi menggunakan enkripsi TLS 1.3.\" category_7=\"Pengembalian & Pengembalian Dana\" category_id_7=\"returnsRefunds\" question_7=\"1. Berapa lama periode pengembaliannya?\" answer_7=\"30 hari sejak tanggal penerimaan untuk produk yang belum terpakai dan belum dipakai. Tidak berlaku untuk item sale, pakaian dalam, dan item flash sale penjualan akhir.\" category_8=\"Pengembalian & Pengembalian Dana\" category_id_8=\"returnsRefunds\" question_8=\"2. Bagaimana cara memulai proses pengembalian?\" answer_8=\"Open the order in your account dashboard and click \\\"Start return\\\". We email a prepaid label for domestic orders within one business day.\" category_9=\"Pengembalian & Pengembalian Dana\" category_id_9=\"returnsRefunds\" question_9=\"3. Kapan saya akan menerima pengembalian dana saya?\" answer_9=\"Pengembalian dana diproses dalam 3-5 hari kerja sejak kami menerima barang yang dikembalikan. Waktu kredit bank mungkin berbeda; Harap tunggu hingga 10 hari kerja agar pembayaran Anda terlihat.\" category_10=\"Pengiriman & Pelacakan\" category_id_10=\"shippingTracking\" question_10=\"1. Berapa lama waktu pengiriman?\" answer_10=\"Pengiriman domestik standar memakan waktu 3-5 hari kerja. Pengiriman cepat 1-2 hari. Pengiriman standar internasional memakan waktu 7-12 hari kerja; Opsi pengiriman yang dipercepat tersedia di halaman checkout.\" category_11=\"Pengiriman & Pelacakan\" category_id_11=\"shippingTracking\" question_11=\"2. Bagaimana cara melacak pesanan?\" answer_11=\"Tautan pelacakan disertakan dalam email konfirmasi pengiriman. Anda juga dapat melihat status dari Akun → Pesanan → Pelacakan.\" category_12=\"Pengiriman & Pelacakan\" category_id_12=\"shippingTracking\" question_12=\"3. Apakah Anda mengirim secara internasional?\" answer_12=\"Ya — di sebagian besar negara. Pajak dan biaya dibayar di muka di halaman checkout untuk tujuan tertentu; Jika tidak, unit pengiriman dapat mengambilnya pada saat pengiriman.\" category_13=\"Biaya & Pembayaran\" category_id_13=\"feesBilling\" question_13=\"1. Apakah sudah termasuk pajak dan biaya?\" answer_13=\"Harga domestik termasuk pajak penjualan yang ditunjukkan saat checkout. Pesanan internasional ke tujuan yang didukung sudah termasuk pajak dan biaya; Jika tidak, unit pengiriman akan mengambilnya pada saat pengiriman.\" category_14=\"Biaya & Pembayaran\" category_id_14=\"feesBilling\" question_14=\"2. Mengapa saya ditagih dua kali?\" answer_14=\"Anda mungkin melihat penangguhan otorisasi bersama dengan tagihan sebenarnya. Penangguhan akan otomatis dibatalkan dalam 3-5 hari kerja. Kirim email ke billing@amerce.test jika Anda masih melihat dua tagihan setelah waktu tersebut.\" category_15=\"Topik Lainnya\" category_id_15=\"otherTopic\" question_15=\"1. Apakah Anda memiliki toko fisik?\" answer_15=\"Ya — silakan kunjungi halaman Toko untuk melihat daftar toko dan mitra utama.\" category_16=\"Topik Lainnya\" category_id_16=\"otherTopic\" question_16=\"2. Bagaimana cara menghubungi layanan pelanggan?\" answer_16=\"Email hello@amerce.test atau gunakan formulir kontak. Kami akan merespons dalam satu hari kerja.\"][/faq-page]'),('id',4,'Kebijakan Privasi','Bagaimana Amerce mengumpulkan, menggunakan dan melindungi informasi pribadi Anda.','[page-banner heading=\"Kebijakan Privasi\"][/page-banner]\n[term-content quantity=\"7\" title_1=\"1. Informasi yang Kami Kumpulkan\" body_1=\"<p class=\\\"term-text cl-text-2\\\">When you visit the Site, we automatically collect certain information about your device — web browser, IP address, time zone, and some of the cookies installed on your device. As you browse, we also collect data about the pages or products you view, what referred you to the Site, and how you interact with it. We refer to this as \\\"Device Information\\\".</p><p class=\\\"term-text cl-text-2\\\">When you make a purchase or attempt to purchase through the Site, we collect your name, billing address, shipping address, and payment information (including card number, email address, and phone number). We refer to this as \\\"Order Information\\\".</p>\" title_2=\"2. Bagaimana Kami Menggunakan Informasi Anda\" body_2=\"<p class=\\\"term-text cl-text-2\\\">We use Order Information to fulfil orders placed through the Site (process payment, arrange shipping, provide invoices and order confirmations). We use it to communicate with you, screen orders for fraud, and — in line with your preferences — share marketing about products you may like.</p><p class=\\\"term-text cl-text-2\\\">We use Device Information to screen for fraud and to improve the Site through analytics about how customers browse and interact with us.</p>\" title_3=\"3. Berbagi Informasi Pribadi Anda\" body_3=\"<p class=\\\"term-text cl-text-2\\\">We share Personal Information with third-party service providers who help us run the Site. We may also share information to comply with applicable laws, respond to a subpoena or lawful request, or otherwise protect our rights.</p>\" title_4=\"4. Penyimpanan Data\" body_4=\"<p class=\\\"term-text cl-text-2\\\">When you place an order, we maintain the Order Information for our records unless and until you ask us to delete it.</p>\" title_5=\"5. Hak Anda\" body_5=\"<p class=\\\"term-text cl-text-2\\\">You can request access, correction, or deletion of any personal data we hold about you. Email privacy@amerce.test from the address on file and we will respond within 30 days.</p>\" title_6=\"6. Kue\" body_6=\"<p class=\\\"term-text cl-text-2\\\">Cookies are used to keep your cart between visits, remember your preferences, and measure aggregate traffic. You can disable cookies in your browser, though some Site features may stop working.</p>\" title_7=\"7. Perubahan\" body_7=\"<p class=\\\"term-text cl-text-2\\\">We may update this policy from time to time to reflect changes to our practices or for operational, legal, or regulatory reasons. The latest version will always be on this page.</p>\"][/term-content]'),('id',5,'Syarat & Ketentuan','Ketentuan hukum berlaku saat Anda menggunakan toko Amerce.','[page-banner heading=\"Syarat & Ketentuan\"][/page-banner]\n[term-content quantity=\"7\" title_1=\"1. Penerimaan Persyaratan\" body_1=\"<p class=\\\"term-text cl-text-2\\\">By accessing or using the Mendenda store you agree to these terms. We reserve the right to update them with reasonable notice; the latest version is always available on this page.</p>\" title_2=\"2. Pemesanan & Pembayaran\" body_2=\"<p class=\\\"term-text cl-text-2\\\">All prices are in USD unless otherwise stated. We accept the payment methods displayed at checkout. An order becomes binding once you receive an order confirmation email.</p>\" title_3=\"3. Pengiriman\" body_3=\"<p class=\\\"term-text cl-text-2\\\">Mengangkut options, lead times, and rates are listed on our Mengangkut page. Risk passes to you on delivery.</p>\" title_4=\"4. Pengembalian\" body_4=\"<p class=\\\"term-text cl-text-2\\\">You have 30 days from delivery to return any unworn item for a refund. See our Pengembalian &amp; Pengembalian Dana page for the full process.</p>\" title_5=\"5. Kekayaan Intelektual\" body_5=\"<p class=\\\"term-text cl-text-2\\\">All content on the Site — text, photography, logos, code — is owned by Mendenda or its licensors and may not be reproduced without written permission.</p>\" title_6=\"6. Batasan Tanggung Jawab\" body_6=\"<p class=\\\"term-text cl-text-2\\\">To the maximum extent permitted by law, Mendenda is not liable for indirect or consequential damages arising from use of the Site or the products purchased through it.</p>\" title_7=\"7. Hukum yang Berlaku\" body_7=\"<p class=\\\"term-text cl-text-2\\\">These terms are governed by the laws of the State of New York. Any dispute will be resolved in the state or federal courts located in New York County.</p>\"][/term-content]'),('id',6,'Pengembalian & Pengembalian Dana','Kebijakan pengembalian 30 hari kami dan proses pengembalian langkah demi langkah.','[page-banner heading=\"Pengembalian & Pengembalian Dana\"][/page-banner]\n[term-content quantity=\"6\" title_1=\"1. Pengembalian\" body_1=\"<p class=\\\"term-text cl-text-2\\\">We want you to be completely satisfied with your purchase. If for any reason you are not, you may return any unworn item within 30 days of receiving your order for a refund or exchange. Barang must be in original packaging and the same condition as you received them.</p>\" title_2=\"2. Bagaimana Memulai Pengembalian\" body_2=\"<p class=\\\"term-text cl-text-2\\\">Open the order in your account dashboard and click \\\"Start return\\\", or email returns@amerce.test with your order number. We will send a prepaid return label for domestic orders within one business day.</p>\" title_3=\"3. Pengembalian dana\" body_3=\"<p class=\\\"term-text cl-text-2\\\">Refunds are processed within 3-5 business days of us receiving the return and applied to the original payment method. Bank posting times vary; allow up to 10 business days for the credit to appear.</p>\" title_4=\"4. Pengecualian\" body_4=\"<p class=\\\"term-text cl-text-2\\\">Sale items, intimate apparel, and final-sale flash sale purchases are excluded from returns. Personalised or made-to-order items are also non-returnable unless faulty.</p>\" title_5=\"5. Produk Rusak atau Cacat\" body_5=\"<p class=\\\"term-text cl-text-2\\\">If your order arrives damaged or faulty, email us within 7 days with photos. We will replace the item or issue a full refund — including any return shipping cost — at our expense.</p>\" title_6=\"6. Pengembalian Internasional\" body_6=\"<p class=\\\"term-text cl-text-2\\\">International customers are responsible for return shipping unless the item is faulty. We do not refund original shipping or duty charges on international returns.</p>\"][/term-content]'),('id',7,'Pengiriman','Metode pengiriman domestik dan internasional, waktu dan biaya.','[page-banner heading=\"Mengangkut\"][/page-banner]\n[term-content quantity=\"6\" title_1=\"1. Metode Pengiriman\" body_1=\"<p class=\\\"term-text cl-text-2\\\">We offer the following shipping methods for domestic and international orders: standard ground, expedited 2-day, and priority overnight (where available).</p>\" title_2=\"2. Biaya Domestik\" body_2=\"<p class=\\\"term-text cl-text-2\\\">Standard ground is free on orders over $99. Express 1-2 day shipping is $19.99 flat. Priority overnight is calculated by weight at checkout.</p>\" title_3=\"3. Internasional\" body_3=\"<p class=\\\"term-text cl-text-2\\\">We ship to most countries. International standard shipping is $24.99 with 7-12 business day delivery. Express options appear at checkout. Duties and taxes are pre-paid for select destinations; otherwise the courier collects them on delivery.</p>\" title_4=\"4. Waktu Pemrosesan\" body_4=\"<p class=\\\"term-text cl-text-2\\\">Orders placed before 2pm EST on business days ship the same day. Orders placed after 2pm or on weekends/holidays ship the next business day.</p>\" title_5=\"5. Pelacakan\" body_5=\"<p class=\\\"term-text cl-text-2\\\">A tracking link is included in your shipment confirmation email. You can also see live status from Account → Orders → Track.</p>\" title_6=\"6. Pesanan Hilang atau Terjebak\" body_6=\"<p class=\\\"term-text cl-text-2\\\">If a tracking number has not updated for more than 7 business days, email shipping@amerce.test. We will open an investigation with the carrier and either refund or reship the order at our expense.</p>\"][/term-content]'),('id',8,'Toko kami','Kunjungi Amerce secara langsung — toko utama dan mitra di seluruh dunia.',''),('id',9,'Blog','Instruksi pakaian, cerita merek, dan konten di balik layar dari tim editorial Amerce.','<div class=\"container py-5\"><h1>Buku harian</h1><p>Jelajahi kisah terbaru kami — panduan gaya, sorotan produk, analisis keberlanjutan mendalam, dan banyak lagi.</p></div>'),('id',10,'Karir','Bergabunglah dengan Amerce — posisi terbuka, nilai budaya, dan keuntungan tim.','<div class=\"container py-5\"><h1>Rekrutmen Di Amerce</h1><p>Kami adalah tim kecil terdistribusi yang membangun model ritel yang lebih baik. Kami merekrut seluruh produk, teknik, rantai pasokan, dan pengalaman pelanggan.</p><p>Posisi terbuka diposting di halaman LinkedIn perusahaan. Untuk melamar, kirim surat pendek dan resume ke <a href=\"mailto:careers@amerce.test\">careers@amerce.test</a>.</p></div>'),('id',11,'Sustainability','How Amerce sources responsibly and reduces its environmental footprint.','<div class=\"container py-5\"><h1>Pembangunan Berkelanjutan di Amerika</h1><p>Setiap produk membawa cerita. Kami bekerja sama langsung dengan pabrik dan bengkel pengrajin, memprioritaskan bahan daur ulang dan dapat dilacak, serta mengemas bebas plastik.</p><p>Sasaran kami pada tahun 2026: 90% material memiliki rantai pasokan yang terverifikasi, dan pelaporan dampak tahunan yang transparan.</p></div>'),('id',12,'Beranda','Amerce — rumah bagi pengalaman e-commerce yang serbaguna.','[simple-slider key=\"home-hero\" style=\"style-headphone\" is_autoplay=\"yes\" autoplay_speed=\"3000\" show_arrows=\"yes\" show_dots=\"yes\" usp_quantity=\"3\" usp_text_1=\"Pengembalian gratis dalam 14 hari\" usp_image_1=\"section/policy-9.jpg\" usp_text_2=\"Gratis ongkos kirim untuk pesanan di atas $20,00\" usp_image_2=\"section/policy-10.jpg\" usp_text_3=\"Pengembalian gratis dalam 14 hari\" usp_image_3=\"section/policy-11.jpg\"][/simple-slider]\n[banner-image-text style=\"style-text-centered\" heading=\"SUARA ASLI\" subheading=\"\\\"There\'s nothing like experiencing Perfect Immersion. Mendenda designs audio for a smarter world, offering clarity and connection that feels entirely authentic.\\\"\" button_text=\"Pelajari tentang kami\" button_url=\"/about\"][/banner-image-text]\n[ecommerce-products style=\"style-tabs\" title=\"Jelajahi koleksinya\" subtitle=\"Telusuri solusi audio cerdas, mulai dari ANC hingga model dinamis.\" section_class=\"section-top-pick flat-animate-tab\" tab_labels=\"New|Populer|Sale|Permainan|Nirkabel\" tab_sources=\"latest|best-seller|featured|best-seller|latest\" tab_nav_style=\"v2\" tab_nav_class_extra=\"style-3\" items_per_row=\"3\" limit=\"12\" left_banner_image=\"section/banner-41.jpg\" left_banner_title=\"Suara terbaik\" left_banner_desc=\"Rasakan performa audio terbaik dengan koleksi andalan dari Amerce ini.\" left_banner_button_text=\"Beli Sekarang\" left_banner_button_url=\"/products\"][/ecommerce-products]\n[ecommerce-collections style=\"style-banner-collection-v02\" collection_ids=\"1,2,3,4,5\" limit=\"5\"][/ecommerce-collections]\n[ecommerce-products style=\"style-slider\" title=\"Koleksi dinamis\" subtitle=\"Pendamping ideal untuk gym, jogging, atau perjalanan sehari-hari.\" source=\"featured\" limit=\"4\" items_per_row=\"4\" section_class=\"ecommerce-products ecommerce-products--style-slider\"][/ecommerce-products]\n[banner-image-text style=\"style-banner-v05\" clip_text=\"Suara otentik\" heading=\"Smarter Sound, Deeper Immersion:{{NEWLINE}}Tech, Comfort, Performance\" subheading=\"Explore our innovative range engineered for pristine audio clarity and ergonomic comfort.{{NEWLINE}}Upgrade how you listen with cutting-edge intelligent technology.\" button_text=\"Beli Sekarang\" button_url=\"/products\" image=\"section/true-sound.png\"][/banner-image-text]\n[before-after-image style=\"style-2\" before_image=\"section/headphone-before.jpg\" after_image=\"section/headphone-after.jpg\" left_heading=\"Untuk jiwa yang hangat\" left_desc=\"Lembut, alami, enak dipandang.\" right_heading=\"Untuk pikiran yang berani\" right_desc=\"Warna tajam yang menonjol secara alami.\"][/before-after-image]\n[product-feature-zoom style=\"style-2-banner\" banner_modifier=\"style-4\" product_id=\"1\" featured_category=\"Headphone\" featured_name=\"Nirkabel MH40\" reviews_count=\"134\" badge_text=\"Penjual terbaik\" urgency_text=\"Terjual dengan baik! 18 orang menambahkan produk ini ke keranjang mereka.\"][/product-feature-zoom]\n[testimonials style=\"style-v01-banner\" banner_image=\"section/tes-21.jpg\" testimonial_product_ids=\"1,2,3\" autoplay=\"yes\" limit=\"3\"][/testimonials]\n[blog-posts style=\"style-insights-split\" title=\"Perspektif &amp; cerita audio\" subtitle=\"Teknologi, ulasan, dan panduan terkini. Mari kita jelajahi bersama.\" section_class=\"flat-spacing section-insights\" limit=\"3\" order_by=\"oldest\" show_meta=\"yes\" show_excerpt=\"yes\"][/blog-posts]'),('tr',1,'Hakkında','Amerce ile tanışın - marka hikayesi, tedarik standartları ve her ürünün arkasındaki ekip.','[page-banner heading=\"Hakkımızda\" subtitle=\"With over 15 years of experience, we craft timeless collections that transcend<br class=\\\"d-none d-lg-block\\\">trends and inspire lasting elegance.\"][/page-banner]\n[stats-counter hero_image=\"section/s-contact-1.jpg\" heading=\"Tasarım, detaylara verilen önem ve verimlilik dünyayı memnun ediyor\" description=\"Tasarlandığı andan giyildiği ana kadar her ürünümüz bu yolculuğu takip ediyor. Bunu daha hızlı bir şekilde yapabiliriz. Ancak Amerce olarak bu yolculukta bizimle birlikte olan herkesle ilgilenmeyi seçiyoruz.\" quantity=\"4\" value_1=\"8.2k\" animate_to_1=\"\" suffix_1=\"\" label_1=\"Mevcut Ürünler\" desc_1=\"Her türlü ihtiyacı karşılamak için yüksek kaliteli ürünler sunuyoruz.\" value_2=\"\" animate_to_2=\"10\" suffix_2=\"k\" label_2=\"Memnun Müşteriler\" desc_2=\"Kalite ve hizmet konusunda bize güvenen 10.000\'den fazla memnun müşteriye hizmet veriyoruz.\" value_3=\"\" animate_to_3=\"96\" suffix_3=\"\" label_3=\"İş Ortağı Markası\" desc_3=\"Önde gelen markalarla yapılan ortaklıklar, güvenilir koleksiyonları mağazanıza ve evinize getirir.\" value_4=\"\" animate_to_4=\"16\" suffix_4=\"k\" label_4=\"Satılık Ürünler\" desc_4=\"Bu nedenle her tarza uygun çeşitli ürün grupları sunmaya çalışıyoruz.\"][/stats-counter]\n[image-accordion image=\"section/s-contact-2.jpg\" heading=\"Nadir ve Enfes Ürünleri Dünya Çapına Getiriyoruz\" quantity=\"4\" title_1=\"Tanıtmak\" body_1=\"Trend belirleyen moda ve aksesuarlar için ilk adresiniz olan Amerce Store\'a hoş geldiniz. Hem ulusal hem de uluslararası alanda aranan, nadir ve seçkin parçalardan özenle seçilmiş bir koleksiyon sunmaktan gurur duyuyoruz.\" title_2=\"Vizyonumuz\" body_2=\"Sofistike tasarımın günlük yaşamla harmanlandığı bir dünyayı hedefliyoruz; zamana karşı dayanıklı ürünler, güvenilen ortaklar ve işlem değil, insan gibi davranılan müşteriler.\" title_3=\"Farkı Yaratan Nedir?\" body_3=\"Tedarikçiler bağımsız olarak denetlenir, ürünler elle test edilir ve özel bir müşteri hizmetleri ekibi tarafından desteklenen 30 günlük sebepsiz iade politikası vardır.\" title_4=\"Taahhüdümüz\" body_4=\"Kaliteli ürünler, şeffaf tedarik zincirleri ve adil çalışma koşulları - her siparişte, her zaman.\"][/image-accordion]\n[about-testimonials heading=\"Müşteriler Ne Diyor?\" subtitle=\"Müşterilerimiz ürünlerimizi seviyor ve biz de onları memnun etmeye çalışıyoruz.\" quantity=\"2\" image_1=\"testimonials/tes-1.jpg\" name_1=\"Emma Collins\" text_1=\"\\\"Totally obsessed with this outfit! The fit is perfect, the fabric feels premium, and I\'ve been getting compliments non-stop. It instantly lifts my confidence — such a great find!\\\"\" image_2=\"testimonials/tes-2.jpg\" name_2=\"Sofya Ramirez\" text_2=\"\\\"I\'m amazed by how comfortable yet stylish this piece is. It pairs effortlessly with everything, and the quality really stands out. Definitely becoming my go-to for everyday looks!\\\"\"][/about-testimonials]\n[about-team heading=\"Ekiple Tanışın\" subtitle=\"Her ayrıntıda mükemmelliğe kendini adamış profesyoneller.\" quantity=\"4\" image_1=\"member/member-1.jpg\" name_1=\"Annette Siyah\" role_1=\"Kurucu/CEO\" social_links_1=\"\" image_2=\"member/member-2.jpg\" name_2=\"Brooklyn Simmons\" role_2=\"Üstesinden gelmek\" social_links_2=\"\" image_3=\"member/member-3.jpg\" name_3=\"Jane Cooper\" role_3=\"Satış Direktörü\" social_links_3=\"\" image_4=\"member/member-4.jpg\" name_4=\"Lisa Bonet\" role_4=\"Satış Direktörü\" social_links_4=\"\"][/about-team]'),('tr',2,'Temas etmek','Amerce\'in müşteri hizmetleri ve işbirliği ekibiyle iletişime geçin.',''),('tr',3,'FAQ','Siparişler, gönderim, iadeler ve hesap yönetimi hakkında sık sorulan sorular.','[page-banner heading=\"Sıkça Sorulan Sorular\" subtitle=\"Got questions? We\'ve got answers! Browse our Sıkça Sorulan Sorular to find information on orders, shipping,<br class=\\\"d-none d-lg-block\\\">returns, and more. If you need further assistance, feel free to contact our team.\"][/page-banner]\n[faq-page sidebar_image=\"section/banner-12.jpg\" sidebar_title=\"Save 25% <br class=\\\"d-none d-sm-block\\\">Today\" sidebar_subtitle=\"Tişörtler, Kapüşonlular ve Daha Fazlası\" sidebar_cta=\"Daha Fazlasını Gör\" sidebar_url=\"/products\" quantity=\"16\" category_1=\"Hesabım\" category_id_1=\"myAccount\" question_1=\"1. Şifremi unutursam ne yapabilirim?\" answer_1=\"Use the \\\"Forgot password\\\" link on the sign-in page. We will email you a one-time link to set a new password — it expires in 30 minutes for security.\" category_2=\"Hesabım\" category_id_2=\"myAccount\" question_2=\"2. E-posta adresi nasıl güncellenir?\" answer_2=\"Oturum açın, Hesap → Ayarlar\'ı açın ve e-posta alanlarını değiştirin. Yeni adrese bir onay e-postası göndereceğiz; Bu bağlantıya tıkladığınızda değişiklik geçerli olacaktır.\" category_3=\"Hesabım\" category_id_3=\"myAccount\" question_3=\"3. Hesabımı silebilir miyim?\" answer_3=\"Sahip olmak. Hesap → Ayarlar\'dan Hesabı sil seçeneğine ilerleyin. Sipariş geçmişini vergi/yasal nedenlerden dolayı saklıyoruz ancak kişisel iletişim bilgileri 30 gün içinde silinir.\" category_4=\"Siparişler ve Alışveriş\" category_id_4=\"ordersPurchases\" question_4=\"1. Nasıl sipariş verilir?\" answer_4=\"Ürünleri sepete ekleyin, ödeme seçeneğini tıklayın, gönderim yöntemini seçin ve ardından ödeme bilgilerini girin. Hemen bir sipariş onay e-postası alacaksınız.\" category_5=\"Siparişler ve Alışveriş\" category_id_5=\"ordersPurchases\" question_5=\"2. Siparişimi düzenleyebilir veya iptal edebilir miyim?\" answer_5=\"Siparişler, verildikten sonraki 1 saat içinde hesap kontrol panelinizden düzenlenebilir veya iptal edilebilir. Daha sonra depo toplanmaya başladı ve biz müdahale edemedik.\" category_6=\"Siparişler ve Alışveriş\" category_id_6=\"ordersPurchases\" question_6=\"3. Hangi ödeme yöntemleri kabul ediliyor?\" answer_6=\"Visa, Mastercard, American Express, Apple Pay, Google Pay ve PayPal\'ı kabul ediyoruz. Tüm işlemlerde TLS 1.3 şifrelemesi kullanılır.\" category_7=\"İade ve Para İadeleri\" category_id_7=\"returnsRefunds\" question_7=\"1. İade süresi ne kadardır?\" answer_7=\"Kullanılmamış ve giyilmemiş ürünler için teslim tarihinden itibaren 30 gün. İndirimli ürünler, iç giyim ve son indirim flaş indirim ürünleri için geçerli değildir.\" category_8=\"İade ve Para İadeleri\" category_id_8=\"returnsRefunds\" question_8=\"2. İade sürecini nasıl başlatabilirim?\" answer_8=\"Open the order in your account dashboard and click \\\"Start return\\\". We email a prepaid label for domestic orders within one business day.\" category_9=\"İade ve Para İadeleri\" category_id_9=\"returnsRefunds\" question_9=\"3. Geri ödememi ne zaman alacağım?\" answer_9=\"Geri ödemeler, iade edilen ürünün tarafımıza ulaşmasından itibaren 3-5 iş günü içerisinde gerçekleştirilir. Banka kredi süreleri değişiklik gösterebilir; Ödemenizin yansıtıldığını görmek için lütfen 10 iş gününe kadar bekleyin.\" category_10=\"Nakliye ve Takip\" category_id_10=\"shippingTracking\" question_10=\"1. Nakliye ne kadar sürer?\" answer_10=\"Standart yurt içi kargo 3-5 iş günü sürmektedir. Hızlı kargo 1-2 gün. Uluslararası standart nakliye 7-12 iş günü sürer; Ödeme sayfasında hızlandırılmış gönderim seçenekleri mevcuttur.\" category_11=\"Nakliye ve Takip\" category_id_11=\"shippingTracking\" question_11=\"2. Siparişler nasıl takip edilir?\" answer_11=\"Takip bağlantısı gönderim onayı e-postasına dahildir. Durumu Hesap → Siparişler → Takip bölümünden de görüntüleyebilirsiniz.\" category_12=\"Nakliye ve Takip\" category_id_12=\"shippingTracking\" question_12=\"3. Uluslararası gönderim yapıyor musunuz?\" answer_12=\"Evet — çoğu ülkeye. Belirli destinasyonlar için vergi ve harçlar ödeme sayfasında önceden ödenir; Aksi takdirde nakliye birimi teslimat sırasında ürünü teslim alabilir.\" category_13=\"Ücretler ve Ödemeler\" category_id_13=\"feesBilling\" question_13=\"1. Vergi ve harçlar dahil mi?\" answer_13=\"Yurt içi fiyatlara ödeme sırasında gösterilen satış vergisi dahildir. Desteklenen varış noktalarına verilen uluslararası siparişlere vergiler ve harçlar dahildir; Aksi takdirde kargo birimi teslimat sırasında ürünü teslim alacaktır.\" category_14=\"Ücretler ve Ödemeler\" category_id_14=\"feesBilling\" question_14=\"2. Neden iki kez ücretlendirildim?\" answer_14=\"Gerçek ödemeyle birlikte bir provizyon bekletmesi görüyor olabilirsiniz. Durdurma 3-5 iş günü içinde otomatik olarak iptal edilecektir. Bu sürenin sonunda hala iki ödeme görüyorsanız billing@amerce.test adresine e-posta gönderin.\" category_15=\"Diğer Konular\" category_id_15=\"otherTopic\" question_15=\"1. Fiziksel bir mağazanız var mı?\" answer_15=\"Evet — önemli mağazaların ve iş ortaklarının listesi için lütfen Mağazalar sayfasını ziyaret edin.\" category_16=\"Diğer Konular\" category_id_16=\"otherTopic\" question_16=\"2. Müşteri hizmetleriyle nasıl iletişime geçilir?\" answer_16=\"hello@amerce.test adresine e-posta gönderin veya iletişim formunu kullanın. Bir iş günü içinde yanıt vereceğiz.\"][/faq-page]'),('tr',4,'Gizlilik Politikası','Amerce kişisel bilgilerinizi nasıl toplar, kullanır ve korur.','[page-banner heading=\"Gizlilik Politikası\"][/page-banner]\n[term-content quantity=\"7\" title_1=\"1. Topladığımız Bilgiler\" body_1=\"<p class=\\\"term-text cl-text-2\\\">When you visit the Site, we automatically collect certain information about your device — web browser, IP address, time zone, and some of the cookies installed on your device. As you browse, we also collect data about the pages or products you view, what referred you to the Site, and how you interact with it. We refer to this as \\\"Device Information\\\".</p><p class=\\\"term-text cl-text-2\\\">When you make a purchase or attempt to purchase through the Site, we collect your name, billing address, shipping address, and payment information (including card number, email address, and phone number). We refer to this as \\\"Order Information\\\".</p>\" title_2=\"2. Bilgilerinizi Nasıl Kullanıyoruz\" body_2=\"<p class=\\\"term-text cl-text-2\\\">We use Order Information to fulfil orders placed through the Site (process payment, arrange shipping, provide invoices and order confirmations). We use it to communicate with you, screen orders for fraud, and — in line with your preferences — share marketing about products you may like.</p><p class=\\\"term-text cl-text-2\\\">We use Device Information to screen for fraud and to improve the Site through analytics about how customers browse and interact with us.</p>\" title_3=\"3. Kişisel Bilgilerinizin Paylaşılması\" body_3=\"<p class=\\\"term-text cl-text-2\\\">We share Personal Information with third-party service providers who help us run the Site. We may also share information to comply with applicable laws, respond to a subpoena or lawful request, or otherwise protect our rights.</p>\" title_4=\"4. Veri Depolama\" body_4=\"<p class=\\\"term-text cl-text-2\\\">When you place an order, we maintain the Order Information for our records unless and until you ask us to delete it.</p>\" title_5=\"5. Haklarınız\" body_5=\"<p class=\\\"term-text cl-text-2\\\">You can request access, correction, or deletion of any personal data we hold about you. Email privacy@amerce.test from the address on file and we will respond within 30 days.</p>\" title_6=\"6. Çerezler\" body_6=\"<p class=\\\"term-text cl-text-2\\\">Cookies are used to keep your cart between visits, remember your preferences, and measure aggregate traffic. You can disable cookies in your browser, though some Site features may stop working.</p>\" title_7=\"7. Değişim\" body_7=\"<p class=\\\"term-text cl-text-2\\\">We may update this policy from time to time to reflect changes to our practices or for operational, legal, or regulatory reasons. The latest version will always be on this page.</p>\"][/term-content]'),('tr',5,'Şartlar ve Koşullar','Amerce mağazasını kullandığınızda yasal şartlar geçerlidir.','[page-banner heading=\"Şartlar ve Koşullar\"][/page-banner]\n[term-content quantity=\"7\" title_1=\"1. Şartların Kabulü\" body_1=\"<p class=\\\"term-text cl-text-2\\\">By accessing or using the Amerika store you agree to these terms. We reserve the right to update them with reasonable notice; the latest version is always available on this page.</p>\" title_2=\"2. Siparişler ve Ödeme\" body_2=\"<p class=\\\"term-text cl-text-2\\\">All prices are in USD unless otherwise stated. We accept the payment methods displayed at checkout. An order becomes binding once you receive an order confirmation email.</p>\" title_3=\"3. Nakliye\" body_3=\"<p class=\\\"term-text cl-text-2\\\">Taşıma options, lead times, and rates are listed on our Taşıma page. Risk passes to you on delivery.</p>\" title_4=\"4. İade\" body_4=\"<p class=\\\"term-text cl-text-2\\\">You have 30 days from delivery to return any unworn item for a refund. See our İade ve Para İadeleri page for the full process.</p>\" title_5=\"5. Fikri Mülkiyet\" body_5=\"<p class=\\\"term-text cl-text-2\\\">All content on the Site — text, photography, logos, code — is owned by Amerika or its licensors and may not be reproduced without written permission.</p>\" title_6=\"6. Sorumluluğun Sınırlandırılması\" body_6=\"<p class=\\\"term-text cl-text-2\\\">To the maximum extent permitted by law, Amerika is not liable for indirect or consequential damages arising from use of the Site or the products purchased through it.</p>\" title_7=\"7. Geçerli Kanun\" body_7=\"<p class=\\\"term-text cl-text-2\\\">These terms are governed by the laws of the State of New York. Any dispute will be resolved in the state or federal courts located in New York County.</p>\"][/term-content]'),('tr',6,'İade ve Para İadeleri','30 günlük iade politikamız ve adım adım iade sürecimiz.','[page-banner heading=\"İade ve Para İadeleri\"][/page-banner]\n[term-content quantity=\"6\" title_1=\"1. İade\" body_1=\"<p class=\\\"term-text cl-text-2\\\">We want you to be completely satisfied with your purchase. If for any reason you are not, you may return any unworn item within 30 days of receiving your order for a refund or exchange. Öğeler must be in original packaging and the same condition as you received them.</p>\" title_2=\"2. İade Nasıl Başlatılır\" body_2=\"<p class=\\\"term-text cl-text-2\\\">Open the order in your account dashboard and click \\\"Start return\\\", or email returns@amerce.test with your order number. We will send a prepaid return label for domestic orders within one business day.</p>\" title_3=\"3. İade\" body_3=\"<p class=\\\"term-text cl-text-2\\\">Refunds are processed within 3-5 business days of us receiving the return and applied to the original payment method. Bank posting times vary; allow up to 10 business days for the credit to appear.</p>\" title_4=\"4. İstisnalar\" body_4=\"<p class=\\\"term-text cl-text-2\\\">Sale items, intimate apparel, and final-sale flash sale purchases are excluded from returns. Personalised or made-to-order items are also non-returnable unless faulty.</p>\" title_5=\"5. Hasarlı veya Arızalı Ürünler\" body_5=\"<p class=\\\"term-text cl-text-2\\\">If your order arrives damaged or faulty, email us within 7 days with photos. We will replace the item or issue a full refund — including any return shipping cost — at our expense.</p>\" title_6=\"6. Uluslararası İadeler\" body_6=\"<p class=\\\"term-text cl-text-2\\\">International customers are responsible for return shipping unless the item is faulty. We do not refund original shipping or duty charges on international returns.</p>\"][/term-content]'),('tr',7,'Nakliye','Yurt içi ve yurt dışı gönderim yöntemleri, süreleri ve ücretleri.','[page-banner heading=\"Taşıma\"][/page-banner]\n[term-content quantity=\"6\" title_1=\"1. Nakliye Yöntemi\" body_1=\"<p class=\\\"term-text cl-text-2\\\">We offer the following shipping methods for domestic and international orders: standard ground, expedited 2-day, and priority overnight (where available).</p>\" title_2=\"2. Yurtiçi Ücretler\" body_2=\"<p class=\\\"term-text cl-text-2\\\">Standard ground is free on orders over $99. Express 1-2 day shipping is $19.99 flat. Priority overnight is calculated by weight at checkout.</p>\" title_3=\"3. Uluslararası\" body_3=\"<p class=\\\"term-text cl-text-2\\\">We ship to most countries. International standard shipping is $24.99 with 7-12 business day delivery. Express options appear at checkout. Duties and taxes are pre-paid for select destinations; otherwise the courier collects them on delivery.</p>\" title_4=\"4. İşlem Süresi\" body_4=\"<p class=\\\"term-text cl-text-2\\\">Orders placed before 2pm EST on business days ship the same day. Orders placed after 2pm or on weekends/holidays ship the next business day.</p>\" title_5=\"5. Takip\" body_5=\"<p class=\\\"term-text cl-text-2\\\">A tracking link is included in your shipment confirmation email. You can also see live status from Account → Orders → Track.</p>\" title_6=\"6. Kayıp veya Takılan Siparişler\" body_6=\"<p class=\\\"term-text cl-text-2\\\">If a tracking number has not updated for more than 7 business days, email shipping@amerce.test. We will open an investigation with the carrier and either refund or reship the order at our expense.</p>\"][/term-content]'),('tr',8,'Mağazalarımız','Amerce\'i doğrudan ziyaret edin; dünya çapındaki amiral mağazaları ve ortakları.',''),('tr',9,'Blog','Amerce editör ekibinden kıyafet talimatları, marka hikayeleri ve kamera arkası içerikleri.','<div class=\"container py-5\"><h1>Günlük</h1><p>Stil kılavuzları, öne çıkan ürünler, derinlemesine sürdürülebilirlik analizi ve daha fazlasını içeren en son hikayelerimizi keşfedin.</p></div>'),('tr',10,'Kariyer','Amerce\'e katılın — açık pozisyonlar, kültürel değerler ve takım avantajları.','<div class=\"container py-5\"><h1>Amerce\'de İşe Alım</h1><p>Biz daha rafine bir perakende modeli inşa eden küçük, dağınık bir ekibiz. Ürün, mühendislik, tedarik zinciri ve müşteri deneyimi genelinde işe alım yapıyoruz.</p><p>Açık pozisyonlar şirketin LinkedIn sayfasında yayınlanmaktadır. Başvurmak için <a href=\"mailto:careers@amerce.test\">careers@amerce.test</a> adresine kısa bir mektup ve özgeçmiş gönderin.</p></div>'),('tr',11,'Sustainability','How Amerce sources responsibly and reduces its environmental footprint.','<div class=\"container py-5\"><h1>Amerika\'da Sürdürülebilir Kalkınma</h1><p>Her ürün bir hikaye taşır. Doğrudan fabrikalar ve zanaatkar atölyeleriyle çalışıyoruz, geri dönüştürülmüş ve izlenebilir malzemelere öncelik veriyoruz ve plastik içermeyen ambalajlar yapıyoruz.</p><p>2026 hedefimiz: Malzemelerin %90\'ının doğrulanmış bir tedarik zincirine ve şeffaf yıllık etki raporlamasına sahip olması.</p></div>'),('tr',12,'Ana sayfa','Amerce — çok yönlü bir e-ticaret deneyimine ev sahipliği yapıyor.','[simple-slider key=\"home-hero\" style=\"style-headphone\" is_autoplay=\"yes\" autoplay_speed=\"3000\" show_arrows=\"yes\" show_dots=\"yes\" usp_quantity=\"3\" usp_text_1=\"14 gün içinde ücretsiz iade\" usp_image_1=\"section/policy-9.jpg\" usp_text_2=\"20,00$ üzeri siparişlerde ücretsiz gönderim\" usp_image_2=\"section/policy-10.jpg\" usp_text_3=\"14 gün içinde ücretsiz iade\" usp_image_3=\"section/policy-11.jpg\"][/simple-slider]\n[banner-image-text style=\"style-text-centered\" heading=\"OTANTİK SES\" subheading=\"\\\"There\'s nothing like experiencing Perfect Immersion. Amerika designs audio for a smarter world, offering clarity and connection that feels entirely authentic.\\\"\" button_text=\"Hakkımızda bilgi edinin\" button_url=\"/about\"][/banner-image-text]\n[ecommerce-products style=\"style-tabs\" title=\"Koleksiyonu keşfedin\" subtitle=\"ANC\'den dinamik modellere kadar akıllı ses çözümlerine göz atın.\" section_class=\"section-top-pick flat-animate-tab\" tab_labels=\"New|Popüler|Sale|Oyun|Kablosuz\" tab_sources=\"latest|best-seller|featured|best-seller|latest\" tab_nav_style=\"v2\" tab_nav_class_extra=\"style-3\" items_per_row=\"3\" limit=\"12\" left_banner_image=\"section/banner-41.jpg\" left_banner_title=\"Birinci sınıf ses\" left_banner_desc=\"Amerce\'in bu amiral gemisi koleksiyonuyla üstün ses performansını deneyimleyin.\" left_banner_button_text=\"Şimdi al\" left_banner_button_url=\"/products\"][/ecommerce-products]\n[ecommerce-collections style=\"style-banner-collection-v02\" collection_ids=\"1,2,3,4,5\" limit=\"5\"][/ecommerce-collections]\n[ecommerce-products style=\"style-slider\" title=\"Dinamik koleksiyon\" subtitle=\"Spor salonu, koşu veya günlük işe gidip gelme için ideal bir arkadaştır.\" source=\"featured\" limit=\"4\" items_per_row=\"4\" section_class=\"ecommerce-products ecommerce-products--style-slider\"][/ecommerce-products]\n[banner-image-text style=\"style-banner-v05\" clip_text=\"Otantik ses\" heading=\"Smarter Sound, Deeper Immersion:{{NEWLINE}}Tech, Comfort, Performance\" subheading=\"Explore our innovative range engineered for pristine audio clarity and ergonomic comfort.{{NEWLINE}}Upgrade how you listen with cutting-edge intelligent technology.\" button_text=\"Şimdi al\" button_url=\"/products\" image=\"section/true-sound.png\"][/banner-image-text]\n[before-after-image style=\"style-2\" before_image=\"section/headphone-before.jpg\" after_image=\"section/headphone-after.jpg\" left_heading=\"Sıcak ruhlar için\" left_desc=\"Yumuşak, doğal, göze hoş gelen.\" right_heading=\"Cesur beyinler için\" right_desc=\"Doğal olarak öne çıkan keskin bir renk.\"][/before-after-image]\n[product-feature-zoom style=\"style-2-banner\" banner_modifier=\"style-4\" product_id=\"1\" featured_category=\"Headphone\" featured_name=\"MH40 Kablosuz\" reviews_count=\"134\" badge_text=\"En çok satan kitap\" urgency_text=\"İyi satıyorum! 18 kişi bu ürünü sepetine ekledi.\"][/product-feature-zoom]\n[testimonials style=\"style-v01-banner\" banner_image=\"section/tes-21.jpg\" testimonial_product_ids=\"1,2,3\" autoplay=\"yes\" limit=\"3\"][/testimonials]\n[blog-posts style=\"style-insights-split\" title=\"Perspektifler ve sesli hikayeler\" subtitle=\"En son teknoloji, incelemeler ve kılavuzlar. Birlikte keşfedelim.\" section_class=\"flat-spacing section-insights\" limit=\"3\" order_by=\"oldest\" show_meta=\"yes\" show_excerpt=\"yes\"][/blog-posts]'),('vi',1,'Giới thiệu','Giới thiệu Amerce — câu chuyện thương hiệu, tiêu chuẩn nguồn cung và đội ngũ đứng sau từng sản phẩm.','[page-banner heading=\"Về Chúng Tôi\" subtitle=\"With over 15 years of experience, we craft timeless collections that transcend<br class=\\\"d-none d-lg-block\\\">trends and inspire lasting elegance.\"][/page-banner]\n[stats-counter hero_image=\"section/s-contact-1.jpg\" heading=\"Thiết kế, sự tỉ mỉ trong từng chi tiết và hiệu quả làm hài lòng thế giới\" description=\"Từ khoảnh khắc được hình thành đến khi được khoác lên người, mỗi sản phẩm của chúng tôi đều đi theo hành trình này. Chúng tôi có thể làm điều đó với tốc độ nhanh hơn. Tuy nhiên, tại Amerce, chúng tôi chọn chăm sóc tất cả những ai đang đồng hành cùng chúng tôi trên hành trình này.\" quantity=\"4\" value_1=\"8.2k\" animate_to_1=\"\" suffix_1=\"\" label_1=\"Sản Phẩm Hiện Có\" desc_1=\"Chúng tôi cung cấp đa dạng sản phẩm chất lượng cao để đáp ứng mọi nhu cầu.\" value_2=\"\" animate_to_2=\"10\" suffix_2=\"k\" label_2=\"Khách Hàng Hài Lòng\" desc_2=\"Phục vụ hơn 10.000 khách hàng hài lòng tin tưởng chúng tôi về chất lượng và dịch vụ.\" value_3=\"\" animate_to_3=\"96\" suffix_3=\"\" label_3=\"Thương Hiệu Đối Tác\" desc_3=\"Quan hệ đối tác với các thương hiệu hàng đầu mang đến bộ sưu tập đáng tin cậy cho cửa hàng và ngôi nhà của bạn.\" value_4=\"\" animate_to_4=\"16\" suffix_4=\"k\" label_4=\"Sản Phẩm Đang Bán\" desc_4=\"Đó là lý do chúng tôi nỗ lực mang đến nhiều dòng sản phẩm đa dạng, phù hợp với mọi phong cách.\"][/stats-counter]\n[image-accordion image=\"section/s-contact-2.jpg\" heading=\"Mang Đến Những Món Đồ Quý Hiếm Và Tinh Tế Trên Toàn Thế Giới\" quantity=\"4\" title_1=\"Giới Thiệu\" body_1=\"Chào mừng đến với Cửa hàng Amerce, điểm đến hàng đầu cho thời trang và phụ kiện đi đầu xu hướng. Chúng tôi tự hào mang đến bộ sưu tập được tuyển chọn kỹ lưỡng những món đồ quý hiếm và tinh tế được tìm kiếm cả trong nước lẫn quốc tế.\" title_2=\"Tầm Nhìn Của Chúng Tôi\" body_2=\"Chúng tôi hướng đến một thế giới nơi thiết kế tinh tế hòa quyện cùng cuộc sống thường ngày — những sản phẩm bền đẹp theo thời gian, những đối tác đáng tin cậy, và những khách hàng được đối xử như con người, không phải giao dịch.\" title_3=\"Điều Làm Nên Sự Khác Biệt\" body_3=\"Nhà cung cấp được kiểm toán độc lập, sản phẩm được kiểm tra thủ công, và chính sách đổi trả 30 ngày không cần lý do, hỗ trợ bởi đội ngũ chăm sóc khách hàng tận tâm.\" title_4=\"Cam Kết Của Chúng Tôi\" body_4=\"Sản phẩm chất lượng, chuỗi cung ứng minh bạch và điều kiện lao động công bằng — mỗi đơn hàng, mỗi lần đặt.\"][/image-accordion]\n[about-testimonials heading=\"Khách Hàng Nói Gì!\" subtitle=\"Khách hàng yêu thích sản phẩm của chúng tôi, và chúng tôi luôn nỗ lực làm hài lòng họ.\" quantity=\"2\" image_1=\"testimonials/tes-1.jpg\" name_1=\"Emma Collins\" text_1=\"\\\"Totally obsessed with this outfit! The fit is perfect, the fabric feels premium, and I\'ve been getting compliments non-stop. It instantly lifts my confidence — such a great find!\\\"\" image_2=\"testimonials/tes-2.jpg\" name_2=\"Sophia Ramirez\" text_2=\"\\\"I\'m amazed by how comfortable yet stylish this piece is. It pairs effortlessly with everything, and the quality really stands out. Definitely becoming my go-to for everyday looks!\\\"\"][/about-testimonials]\n[about-team heading=\"Gặp Gỡ Đội Ngũ\" subtitle=\"Những chuyên gia tận tâm với sự hoàn hảo trong từng chi tiết.\" quantity=\"4\" image_1=\"member/member-1.jpg\" name_1=\"Annette Black\" role_1=\"Nhà Sáng Lập/CEO\" social_links_1=\"\" image_2=\"member/member-2.jpg\" name_2=\"Brooklyn Simmons\" role_2=\"Quản Lý\" social_links_2=\"\" image_3=\"member/member-3.jpg\" name_3=\"Jane Cooper\" role_3=\"Giám Đốc Kinh Doanh\" social_links_3=\"\" image_4=\"member/member-4.jpg\" name_4=\"Lisa Bonet\" role_4=\"Giám Đốc Kinh Doanh\" social_links_4=\"\"][/about-team]'),('vi',2,'Liên hệ','Liên hệ với đội ngũ chăm sóc khách hàng và hợp tác của Amerce.',''),('vi',3,'Câu hỏi thường gặp','Câu hỏi thường gặp về đơn hàng, vận chuyển, đổi trả và quản lý tài khoản.','[page-banner heading=\"Câu Hỏi Thường Gặp\" subtitle=\"Got questions? We\'ve got answers! Browse our Câu Hỏi Thường Gặp to find information on orders, shipping,<br class=\\\"d-none d-lg-block\\\">returns, and more. If you need further assistance, feel free to contact our team.\"][/page-banner]\n[faq-page sidebar_image=\"section/banner-12.jpg\" sidebar_title=\"Save 25% <br class=\\\"d-none d-sm-block\\\">Today\" sidebar_subtitle=\"Áo Thun, Áo Hoodie Và Hơn Thế Nữa\" sidebar_cta=\"Xem Thêm\" sidebar_url=\"/products\" quantity=\"16\" category_1=\"Tài Khoản Của Tôi\" category_id_1=\"myAccount\" question_1=\"1. Tôi có thể làm gì nếu quên mật khẩu?\" answer_1=\"Use the \\\"Forgot password\\\" link on the sign-in page. We will email you a one-time link to set a new password — it expires in 30 minutes for security.\" category_2=\"Tài Khoản Của Tôi\" category_id_2=\"myAccount\" question_2=\"2. Làm thế nào để cập nhật địa chỉ email?\" answer_2=\"Đăng nhập, mở Tài khoản → Cài đặt và thay đổi trường email. Chúng tôi sẽ gửi email xác nhận đến địa chỉ mới; thay đổi sẽ có hiệu lực khi bạn nhấp vào liên kết đó.\" category_3=\"Tài Khoản Của Tôi\" category_id_3=\"myAccount\" question_3=\"3. Tôi có thể xóa tài khoản của mình không?\" answer_3=\"Có. Từ Tài khoản → Cài đặt, kéo xuống mục Xóa tài khoản. Chúng tôi giữ lại lịch sử đơn hàng vì lý do thuế/pháp lý, nhưng thông tin liên hệ cá nhân sẽ được xóa trong vòng 30 ngày.\" category_4=\"Đơn Hàng & Mua Sắm\" category_id_4=\"ordersPurchases\" question_4=\"1. Làm thế nào để đặt hàng?\" answer_4=\"Thêm sản phẩm vào giỏ hàng, nhấp thanh toán, chọn phương thức vận chuyển, sau đó nhập thông tin thanh toán. Bạn sẽ nhận được email xác nhận đơn hàng ngay lập tức.\" category_5=\"Đơn Hàng & Mua Sắm\" category_id_5=\"ordersPurchases\" question_5=\"2. Tôi có thể chỉnh sửa hoặc hủy đơn hàng không?\" answer_5=\"Đơn hàng có thể được chỉnh sửa hoặc hủy từ bảng điều khiển tài khoản của bạn trong vòng 1 giờ sau khi đặt. Sau đó, kho hàng đã bắt đầu soạn hàng và chúng tôi không thể can thiệp.\" category_6=\"Đơn Hàng & Mua Sắm\" category_id_6=\"ordersPurchases\" question_6=\"3. Những phương thức thanh toán nào được chấp nhận?\" answer_6=\"Chúng tôi chấp nhận Visa, Mastercard, American Express, Apple Pay, Google Pay và PayPal. Mọi giao dịch đều sử dụng mã hóa TLS 1.3.\" category_7=\"Đổi Trả & Hoàn Tiền\" category_id_7=\"returnsRefunds\" question_7=\"1. Thời hạn đổi trả là bao lâu?\" answer_7=\"30 ngày kể từ ngày nhận hàng đối với sản phẩm chưa qua sử dụng, còn nguyên trạng. Không áp dụng cho hàng giảm giá, đồ lót và các mặt hàng flash sale bán cuối cùng.\" category_8=\"Đổi Trả & Hoàn Tiền\" category_id_8=\"returnsRefunds\" question_8=\"2. Làm thế nào để bắt đầu quy trình đổi trả?\" answer_8=\"Open the order in your account dashboard and click \\\"Start return\\\". We email a prepaid label for domestic orders within one business day.\" category_9=\"Đổi Trả & Hoàn Tiền\" category_id_9=\"returnsRefunds\" question_9=\"3. Khi nào tôi sẽ nhận được tiền hoàn lại?\" answer_9=\"Tiền hoàn được xử lý trong vòng 3-5 ngày làm việc kể từ khi chúng tôi nhận được hàng trả lại. Thời gian ghi có của ngân hàng có thể khác nhau; vui lòng đợi tối đa 10 ngày làm việc để thấy khoản tiền được ghi nhận.\" category_10=\"Vận Chuyển & Theo Dõi\" category_id_10=\"shippingTracking\" question_10=\"1. Vận chuyển mất bao lâu?\" answer_10=\"Vận chuyển tiêu chuẩn nội địa mất 3-5 ngày làm việc. Vận chuyển nhanh 1-2 ngày. Vận chuyển tiêu chuẩn quốc tế mất 7-12 ngày làm việc; tùy chọn vận chuyển nhanh có sẵn ở trang thanh toán.\" category_11=\"Vận Chuyển & Theo Dõi\" category_id_11=\"shippingTracking\" question_11=\"2. Làm thế nào để theo dõi đơn hàng?\" answer_11=\"Liên kết theo dõi được đính kèm trong email xác nhận vận chuyển. Bạn cũng có thể xem trạng thái từ Tài khoản → Đơn hàng → Theo dõi.\" category_12=\"Vận Chuyển & Theo Dõi\" category_id_12=\"shippingTracking\" question_12=\"3. Bạn có vận chuyển quốc tế không?\" answer_12=\"Có — đến hầu hết các quốc gia. Thuế và phí được trả trước ở trang thanh toán cho một số điểm đến nhất định; nếu không, đơn vị vận chuyển có thể thu khi giao hàng.\" category_13=\"Phí & Thanh Toán\" category_id_13=\"feesBilling\" question_13=\"1. Thuế và phí đã được bao gồm chưa?\" answer_13=\"Giá nội địa bao gồm thuế bán hàng hiển thị ở trang thanh toán. Đơn hàng quốc tế đến các điểm đến được hỗ trợ đã bao gồm thuế và phí; nếu không, đơn vị vận chuyển sẽ thu khi giao hàng.\" category_14=\"Phí & Thanh Toán\" category_id_14=\"feesBilling\" question_14=\"2. Tại sao tôi bị tính phí hai lần?\" answer_14=\"Có thể bạn đang thấy khoản tạm giữ ủy quyền cùng với khoản phí thực tế. Khoản tạm giữ sẽ tự hủy trong 3-5 ngày làm việc. Hãy gửi email đến billing@amerce.test nếu sau thời gian đó bạn vẫn thấy hai khoản phí.\" category_15=\"Chủ Đề Khác\" category_id_15=\"otherTopic\" question_15=\"1. Bạn có cửa hàng vật lý không?\" answer_15=\"Có — vui lòng truy cập trang Cửa hàng để xem danh sách các cửa hàng chính và đối tác.\" category_16=\"Chủ Đề Khác\" category_id_16=\"otherTopic\" question_16=\"2. Làm thế nào để liên hệ bộ phận chăm sóc khách hàng?\" answer_16=\"Gửi email đến hello@amerce.test hoặc sử dụng biểu mẫu liên hệ. Chúng tôi sẽ phản hồi trong vòng một ngày làm việc.\"][/faq-page]'),('vi',4,'Chính sách bảo mật','Cách Amerce thu thập, sử dụng và bảo vệ thông tin cá nhân của bạn.','[page-banner heading=\"Chính Sách Bảo Mật\"][/page-banner]\n[term-content quantity=\"7\" title_1=\"1. Thông Tin Chúng Tôi Thu Thập\" body_1=\"<p class=\\\"term-text cl-text-2\\\">When you visit the Site, we automatically collect certain information about your device — web browser, IP address, time zone, and some of the cookies installed on your device. As you browse, we also collect data about the pages or products you view, what referred you to the Site, and how you interact with it. We refer to this as \\\"Device Information\\\".</p><p class=\\\"term-text cl-text-2\\\">When you make a purchase or attempt to purchase through the Site, we collect your name, billing address, shipping address, and payment information (including card number, email address, and phone number). We refer to this as \\\"Order Information\\\".</p>\" title_2=\"2. Cách Chúng Tôi Sử Dụng Thông Tin Của Bạn\" body_2=\"<p class=\\\"term-text cl-text-2\\\">We use Order Information to fulfil orders placed through the Site (process payment, arrange shipping, provide invoices and order confirmations). We use it to communicate with you, screen orders for fraud, and — in line with your preferences — share marketing about products you may like.</p><p class=\\\"term-text cl-text-2\\\">We use Device Information to screen for fraud and to improve the Site through analytics about how customers browse and interact with us.</p>\" title_3=\"3. Chia Sẻ Thông Tin Cá Nhân Của Bạn\" body_3=\"<p class=\\\"term-text cl-text-2\\\">We share Personal Information with third-party service providers who help us run the Site. We may also share information to comply with applicable laws, respond to a subpoena or lawful request, or otherwise protect our rights.</p>\" title_4=\"4. Lưu Trữ Dữ Liệu\" body_4=\"<p class=\\\"term-text cl-text-2\\\">When you place an order, we maintain the Order Information for our records unless and until you ask us to delete it.</p>\" title_5=\"5. Quyền Của Bạn\" body_5=\"<p class=\\\"term-text cl-text-2\\\">You can request access, correction, or deletion of any personal data we hold about you. Email privacy@amerce.test from the address on file and we will respond within 30 days.</p>\" title_6=\"6. Cookie\" body_6=\"<p class=\\\"term-text cl-text-2\\\">Cookies are used to keep your cart between visits, remember your preferences, and measure aggregate traffic. You can disable cookies in your browser, though some Site features may stop working.</p>\" title_7=\"7. Thay Đổi\" body_7=\"<p class=\\\"term-text cl-text-2\\\">We may update this policy from time to time to reflect changes to our practices or for operational, legal, or regulatory reasons. The latest version will always be on this page.</p>\"][/term-content]'),('vi',5,'Điều khoản & Điều kiện','Các điều khoản pháp lý áp dụng khi bạn sử dụng cửa hàng Amerce.','[page-banner heading=\"Điều Khoản & Điều Kiện\"][/page-banner]\n[term-content quantity=\"7\" title_1=\"1. Chấp Thuận Điều Khoản\" body_1=\"<p class=\\\"term-text cl-text-2\\\">By accessing or using the Mỹ store you agree to these terms. We reserve the right to update them with reasonable notice; the latest version is always available on this page.</p>\" title_2=\"2. Đơn Hàng & Thanh Toán\" body_2=\"<p class=\\\"term-text cl-text-2\\\">All prices are in USD unless otherwise stated. We accept the payment methods displayed at checkout. An order becomes binding once you receive an order confirmation email.</p>\" title_3=\"3. Vận Chuyển\" body_3=\"<p class=\\\"term-text cl-text-2\\\">Vận Chuyển options, lead times, and rates are listed on our Vận Chuyển page. Risk passes to you on delivery.</p>\" title_4=\"4. Đổi Trả\" body_4=\"<p class=\\\"term-text cl-text-2\\\">You have 30 days from delivery to return any unworn item for a refund. See our Đổi Trả &amp; Hoàn Tiền page for the full process.</p>\" title_5=\"5. Sở Hữu Trí Tuệ\" body_5=\"<p class=\\\"term-text cl-text-2\\\">All content on the Site — text, photography, logos, code — is owned by Mỹ or its licensors and may not be reproduced without written permission.</p>\" title_6=\"6. Giới Hạn Trách Nhiệm\" body_6=\"<p class=\\\"term-text cl-text-2\\\">To the maximum extent permitted by law, Mỹ is not liable for indirect or consequential damages arising from use of the Site or the products purchased through it.</p>\" title_7=\"7. Luật Áp Dụng\" body_7=\"<p class=\\\"term-text cl-text-2\\\">These terms are governed by the laws of the State of New York. Any dispute will be resolved in the state or federal courts located in New York County.</p>\"][/term-content]'),('vi',6,'Đổi trả & Hoàn tiền','Chính sách đổi trả 30 ngày và quy trình đổi trả từng bước của chúng tôi.','[page-banner heading=\"Đổi Trả & Hoàn Tiền\"][/page-banner]\n[term-content quantity=\"6\" title_1=\"1. Đổi Trả\" body_1=\"<p class=\\\"term-text cl-text-2\\\">We want you to be completely satisfied with your purchase. If for any reason you are not, you may return any unworn item within 30 days of receiving your order for a refund or exchange. Mặt hàng must be in original packaging and the same condition as you received them.</p>\" title_2=\"2. Cách Bắt Đầu Đổi Trả\" body_2=\"<p class=\\\"term-text cl-text-2\\\">Open the order in your account dashboard and click \\\"Start return\\\", or email returns@amerce.test with your order number. We will send a prepaid return label for domestic orders within one business day.</p>\" title_3=\"3. Hoàn Tiền\" body_3=\"<p class=\\\"term-text cl-text-2\\\">Refunds are processed within 3-5 business days of us receiving the return and applied to the original payment method. Bank posting times vary; allow up to 10 business days for the credit to appear.</p>\" title_4=\"4. Các Trường Hợp Loại Trừ\" body_4=\"<p class=\\\"term-text cl-text-2\\\">Sale items, intimate apparel, and final-sale flash sale purchases are excluded from returns. Personalised or made-to-order items are also non-returnable unless faulty.</p>\" title_5=\"5. Sản Phẩm Bị Hư Hỏng Hoặc Lỗi\" body_5=\"<p class=\\\"term-text cl-text-2\\\">If your order arrives damaged or faulty, email us within 7 days with photos. We will replace the item or issue a full refund — including any return shipping cost — at our expense.</p>\" title_6=\"6. Đổi Trả Quốc Tế\" body_6=\"<p class=\\\"term-text cl-text-2\\\">International customers are responsible for return shipping unless the item is faulty. We do not refund original shipping or duty charges on international returns.</p>\"][/term-content]'),('vi',7,'Vận chuyển','Các phương thức vận chuyển trong nước và quốc tế, thời gian và cước phí.','[page-banner heading=\"Vận Chuyển\"][/page-banner]\n[term-content quantity=\"6\" title_1=\"1. Phương Thức Vận Chuyển\" body_1=\"<p class=\\\"term-text cl-text-2\\\">We offer the following shipping methods for domestic and international orders: standard ground, expedited 2-day, and priority overnight (where available).</p>\" title_2=\"2. Phí Nội Địa\" body_2=\"<p class=\\\"term-text cl-text-2\\\">Standard ground is free on orders over $99. Express 1-2 day shipping is $19.99 flat. Priority overnight is calculated by weight at checkout.</p>\" title_3=\"3. Quốc Tế\" body_3=\"<p class=\\\"term-text cl-text-2\\\">We ship to most countries. International standard shipping is $24.99 with 7-12 business day delivery. Express options appear at checkout. Duties and taxes are pre-paid for select destinations; otherwise the courier collects them on delivery.</p>\" title_4=\"4. Thời Gian Xử Lý\" body_4=\"<p class=\\\"term-text cl-text-2\\\">Orders placed before 2pm EST on business days ship the same day. Orders placed after 2pm or on weekends/holidays ship the next business day.</p>\" title_5=\"5. Theo Dõi\" body_5=\"<p class=\\\"term-text cl-text-2\\\">A tracking link is included in your shipment confirmation email. You can also see live status from Account → Orders → Track.</p>\" title_6=\"6. Đơn Hàng Bị Thất Lạc Hoặc Bị Kẹt\" body_6=\"<p class=\\\"term-text cl-text-2\\\">If a tracking number has not updated for more than 7 business days, email shipping@amerce.test. We will open an investigation with the carrier and either refund or reship the order at our expense.</p>\"][/term-content]'),('vi',8,'Hệ thống cửa hàng','Ghé thăm Amerce trực tiếp — các cửa hàng chính và đối tác trên toàn thế giới.',''),('vi',9,'Tạp chí','Hướng dẫn phối đồ, câu chuyện thương hiệu và nội dung hậu trường từ đội ngũ biên tập Amerce.','<div class=\"container py-5\"><h1>Nhật Ký</h1><p>Khám phá những câu chuyện mới nhất của chúng tôi — hướng dẫn phong cách, điểm nhấn sản phẩm, phân tích chuyên sâu về bền vững và nhiều hơn nữa.</p></div>'),('vi',10,'Tuyển dụng','Tham gia Amerce — các vị trí đang mở, giá trị văn hóa và quyền lợi dành cho đội ngũ.','<div class=\"container py-5\"><h1>Tuyển Dụng Tại Amerce</h1><p>Chúng tôi là một đội ngũ nhỏ, làm việc phân tán, đang xây dựng một mô hình bán lẻ tinh tế hơn. Chúng tôi tuyển dụng trong các mảng sản phẩm, kỹ thuật, chuỗi cung ứng và trải nghiệm khách hàng.</p><p>Các vị trí đang tuyển được đăng trên trang LinkedIn của công ty. Để ứng tuyển, hãy gửi một thư ngắn và sơ yếu lý lịch đến <a href=\"mailto:careers@amerce.test\">careers@amerce.test</a>.</p></div>'),('vi',11,'Sustainability','How Amerce sources responsibly and reduces its environmental footprint.','<div class=\"container py-5\"><h1>Phát Triển Bền Vững Tại Amerce</h1><p>Mỗi sản phẩm đều mang một câu chuyện. Chúng tôi làm việc trực tiếp với các nhà máy và xưởng thủ công, ưu tiên vật liệu tái chế và có thể truy xuất nguồn gốc, và đóng gói không sử dụng nhựa.</p><p>Mục tiêu năm 2026 của chúng tôi: 90% nguyên vật liệu có chuỗi cung ứng được xác minh, và báo cáo tác động hằng năm minh bạch.</p></div>'),('vi',12,'Trang chủ','Amerce — trang chủ trải nghiệm thương mại điện tử đa năng.','[simple-slider key=\"home-hero\" style=\"style-headphone\" is_autoplay=\"yes\" autoplay_speed=\"3000\" show_arrows=\"yes\" show_dots=\"yes\" usp_quantity=\"3\" usp_text_1=\"Đổi trả miễn phí trong vòng 14 ngày\" usp_image_1=\"section/policy-9.jpg\" usp_text_2=\"Miễn phí vận chuyển cho đơn trên $20.00\" usp_image_2=\"section/policy-10.jpg\" usp_text_3=\"Đổi trả miễn phí trong vòng 14 ngày\" usp_image_3=\"section/policy-11.jpg\"][/simple-slider]\n[banner-image-text style=\"style-text-centered\" heading=\"ÂM THANH ĐÍCH THỰC\" subheading=\"\\\"There\'s nothing like experiencing Perfect Immersion. Mỹ designs audio for a smarter world, offering clarity and connection that feels entirely authentic.\\\"\" button_text=\"Tìm hiểu về chúng tôi\" button_url=\"/about\"][/banner-image-text]\n[ecommerce-products style=\"style-tabs\" title=\"Khám phá bộ sưu tập\" subtitle=\"Duyệt các giải pháp âm thanh thông minh, từ ANC đến các mẫu năng động.\" section_class=\"section-top-pick flat-animate-tab\" tab_labels=\"New|Phổ biến|Sale|chơi game|Không dây\" tab_sources=\"latest|best-seller|featured|best-seller|latest\" tab_nav_style=\"v2\" tab_nav_class_extra=\"style-3\" items_per_row=\"3\" limit=\"12\" left_banner_image=\"section/banner-41.jpg\" left_banner_title=\"Âm thanh đỉnh cao\" left_banner_desc=\"Trải nghiệm hiệu năng âm thanh đỉnh cao với bộ sưu tập hàng đầu này của Amerce.\" left_banner_button_text=\"Mua Ngay\" left_banner_button_url=\"/products\"][/ecommerce-products]\n[ecommerce-collections style=\"style-banner-collection-v02\" collection_ids=\"1,2,3,4,5\" limit=\"5\"][/ecommerce-collections]\n[ecommerce-products style=\"style-slider\" title=\"Bộ sưu tập năng động\" subtitle=\"Người bạn đồng hành lý tưởng cho phòng gym, chạy bộ hoặc quãng đường đi làm hằng ngày.\" source=\"featured\" limit=\"4\" items_per_row=\"4\" section_class=\"ecommerce-products ecommerce-products--style-slider\"][/ecommerce-products]\n[banner-image-text style=\"style-banner-v05\" clip_text=\"Âm thanh đích thực\" heading=\"Smarter Sound, Deeper Immersion:{{NEWLINE}}Tech, Comfort, Performance\" subheading=\"Explore our innovative range engineered for pristine audio clarity and ergonomic comfort.{{NEWLINE}}Upgrade how you listen with cutting-edge intelligent technology.\" button_text=\"Mua Ngay\" button_url=\"/products\" image=\"section/true-sound.png\"][/banner-image-text]\n[before-after-image style=\"style-2\" before_image=\"section/headphone-before.jpg\" after_image=\"section/headphone-after.jpg\" left_heading=\"Dành cho những tâm hồn ấm áp\" left_desc=\"Mềm mại, tự nhiên, dễ chịu cho mắt.\" right_heading=\"Dành cho những tâm trí táo bạo\" right_desc=\"Một sắc màu sắc nét nổi bật một cách tự nhiên.\"][/before-after-image]\n[product-feature-zoom style=\"style-2-banner\" banner_modifier=\"style-4\" product_id=\"1\" featured_category=\"Headphone\" featured_name=\"MH40 Wireless\" reviews_count=\"134\" badge_text=\"Bán chạy nhất\" urgency_text=\"Đang bán chạy! 18 người đã thêm sản phẩm này vào giỏ hàng.\"][/product-feature-zoom]\n[testimonials style=\"style-v01-banner\" banner_image=\"section/tes-21.jpg\" testimonial_product_ids=\"1,2,3\" autoplay=\"yes\" limit=\"3\"][/testimonials]\n[blog-posts style=\"style-insights-split\" title=\"Góc nhìn &amp; câu chuyện âm thanh\" subtitle=\"Công nghệ mới nhất, đánh giá và hướng dẫn. Cùng khám phá.\" section_class=\"flat-spacing section-insights\" limit=\"3\" order_by=\"oldest\" show_meta=\"yes\" show_excerpt=\"yes\"][/blog-posts]');

--
-- Table structure for table `payment_logs`
--

CREATE TABLE `payment_logs` (
  `id` bigint unsigned NOT NULL AUTO_INCREMENT,
  `payment_method` varchar(255) COLLATE utf8mb4_unicode_ci NOT NULL,
  `request` longtext COLLATE utf8mb4_unicode_ci,
  `response` longtext COLLATE utf8mb4_unicode_ci,
  `ip_address` varchar(45) COLLATE utf8mb4_unicode_ci NOT NULL,
  `created_at` timestamp NULL DEFAULT NULL,
  `updated_at` timestamp NULL DEFAULT NULL,
  PRIMARY KEY (`id`)
) ENGINE=InnoDB DEFAULT CHARSET=utf8mb4 COLLATE=utf8mb4_unicode_ci;

--
-- Dumping data for table `payment_logs`
--


--
-- Table structure for table `payments`
--

CREATE TABLE `payments` (
  `id` bigint unsigned NOT NULL AUTO_INCREMENT,
  `currency` varchar(120) COLLATE utf8mb4_unicode_ci DEFAULT NULL,
  `user_id` bigint unsigned NOT NULL DEFAULT '0',
  `charge_id` varchar(255) COLLATE utf8mb4_unicode_ci DEFAULT NULL,
  `payment_channel` varchar(60) COLLATE utf8mb4_unicode_ci DEFAULT NULL,
  `description` varchar(400) COLLATE utf8mb4_unicode_ci DEFAULT NULL,
  `amount` decimal(15,2) unsigned NOT NULL,
  `payment_fee` decimal(15,2) DEFAULT '0.00',
  `order_id` bigint unsigned DEFAULT NULL,
  `status` varchar(60) COLLATE utf8mb4_unicode_ci DEFAULT 'pending',
  `payment_type` varchar(255) COLLATE utf8mb4_unicode_ci DEFAULT 'confirm',
  `customer_id` bigint unsigned DEFAULT NULL,
  `refunded_amount` decimal(15,2) unsigned DEFAULT NULL,
  `refund_note` varchar(255) COLLATE utf8mb4_unicode_ci DEFAULT NULL,
  `created_at` timestamp NULL DEFAULT NULL,
  `updated_at` timestamp NULL DEFAULT NULL,
  `customer_type` varchar(255) COLLATE utf8mb4_unicode_ci DEFAULT NULL,
  `metadata` mediumtext COLLATE utf8mb4_unicode_ci,
  PRIMARY KEY (`id`)
) ENGINE=InnoDB DEFAULT CHARSET=utf8mb4 COLLATE=utf8mb4_unicode_ci;

--
-- Dumping data for table `payments`
--


--
-- Table structure for table `post_categories`
--

CREATE TABLE `post_categories` (
  `category_id` bigint unsigned NOT NULL,
  `post_id` bigint unsigned NOT NULL,
  KEY `post_categories_category_id_index` (`category_id`),
  KEY `post_categories_post_id_index` (`post_id`)
) ENGINE=InnoDB DEFAULT CHARSET=utf8mb4 COLLATE=utf8mb4_unicode_ci;

--
-- Dumping data for table `post_categories`
--

INSERT INTO `post_categories` VALUES (5,1),(2,1),(3,2),(2,2),(5,3),(5,4),(1,4),(5,5),(1,5),(2,6),(5,6);

--
-- Table structure for table `post_tags`
--

CREATE TABLE `post_tags` (
  `tag_id` bigint unsigned NOT NULL,
  `post_id` bigint unsigned NOT NULL,
  KEY `post_tags_tag_id_index` (`tag_id`),
  KEY `post_tags_post_id_index` (`post_id`)
) ENGINE=InnoDB DEFAULT CHARSET=utf8mb4 COLLATE=utf8mb4_unicode_ci;

--
-- Dumping data for table `post_tags`
--

INSERT INTO `post_tags` VALUES (1,1),(9,1),(11,1),(12,2),(5,2),(6,2),(5,3),(4,3),(6,4),(7,4),(3,5),(2,5),(9,5),(4,6),(3,6),(1,6);

--
-- Table structure for table `posts`
--

CREATE TABLE `posts` (
  `id` bigint unsigned NOT NULL AUTO_INCREMENT,
  `name` varchar(255) COLLATE utf8mb4_unicode_ci NOT NULL,
  `description` text COLLATE utf8mb4_unicode_ci,
  `content` longtext COLLATE utf8mb4_unicode_ci,
  `status` varchar(60) COLLATE utf8mb4_unicode_ci NOT NULL DEFAULT 'published',
  `author_id` bigint unsigned DEFAULT NULL,
  `author_type` varchar(255) COLLATE utf8mb4_unicode_ci NOT NULL,
  `is_featured` tinyint unsigned NOT NULL DEFAULT '0',
  `image` varchar(255) COLLATE utf8mb4_unicode_ci DEFAULT NULL,
  `views` int unsigned NOT NULL DEFAULT '0',
  `format_type` varchar(30) COLLATE utf8mb4_unicode_ci DEFAULT NULL,
  `created_at` timestamp NULL DEFAULT NULL,
  `updated_at` timestamp NULL DEFAULT NULL,
  PRIMARY KEY (`id`),
  KEY `posts_status_index` (`status`),
  KEY `posts_author_id_index` (`author_id`),
  KEY `posts_author_type_index` (`author_type`),
  KEY `posts_created_at_index` (`created_at`)
) ENGINE=InnoDB AUTO_INCREMENT=7 DEFAULT CHARSET=utf8mb4 COLLATE=utf8mb4_unicode_ci;

--
-- Dumping data for table `posts`
--

INSERT INTO `posts` VALUES (1,'ANC Tech Explained: How Modern Headphones Cancel the World','Feedforward, feedback, and hybrid ANC — what each means and where it actually shines.','<p>Active noise cancellation works by generating an inverse waveform in real time. Hybrid ANC uses both interior and exterior mics, which improves performance across more frequencies.</p><p>Look for adaptive ANC if you mix commutes, offices, and flights — fixed-mode ANC over-cancels in quiet rooms and creates pressure feel.</p>','published',1,'Botble\\ACL\\Models\\User',1,'blog/blog-25.jpg',1833,NULL,'2026-05-28 19:05:09','2026-05-28 19:05:09'),(2,'Wireless Earbuds Buying Guide for 2026','Fit, codecs, mic quality, and battery — a no-hype buyers checklist.','<p>Buy for fit first, sound second, codecs third. Try the included tip sizes for a full day each. Test calls in a noisy room before keeping them.</p><p>If you switch between iPhone and Mac often, multipoint pairing matters more than codec support.</p>','published',1,'Botble\\ACL\\Models\\User',1,'blog/blog-26.jpg',1557,NULL,'2026-05-28 19:05:09','2026-05-28 19:05:09'),(3,'Battery Life Tips That Actually Extend Listening Hours','Volume, codec, and storage habits that double the practical life of any wireless headphone.','<p>Listening at 60% volume rather than 80% can extend battery by 30-40%. Storing headphones at 50% charge prolongs cell life. Disable LDAC and aptX HD when youre on calls or podcasts.</p><p>Treat the case like a battery bank, not a holster — leave it plugged in nightly.</p>','published',1,'Botble\\ACL\\Models\\User',1,'blog/blog-27.jpg',927,NULL,'2026-05-28 19:05:09','2026-05-28 19:05:09'),(4,'Codec Wars: aptX vs LDAC vs AAC, Decoded','You probably do not need lossless. Heres what each codec is actually doing under the hood.','<p>AAC is iPhone-native and excellent. LDAC supports up to 990kbps but drops connection when range or congestion is poor. aptX Adaptive is the best balance for Android users.</p><p>The recording quality of your source matters far more than the codec.</p>','published',1,'Botble\\ACL\\Models\\User',1,'blog/blog-25.jpg',2042,NULL,'2026-05-28 19:05:09','2026-05-28 19:05:09'),(5,'Open-Back vs Closed-Back: Which Is Right For You?','Soundstage, isolation, and use-case — picking the right type for your room and habits.','<p>Open-back headphones win for soundstage and natural decay but leak both ways. Closed-back wins for travel, shared spaces, and tracking sessions.</p><p>If you only buy one pair, closed-back is the more practical choice.</p>','published',1,'Botble\\ACL\\Models\\User',1,'blog/blog-26.jpg',2401,NULL,'2026-05-28 19:05:09','2026-05-28 19:05:09'),(6,'Studio vs Audiophile: Two Different Goals, Two Different Tunings','Reference flat is not the same as enjoyable, and thats by design.','<p>Studio headphones aim for accuracy — they should make a bad recording sound bad. Audiophile tunings enhance the listening experience with bass extension, treble air, and a wider stage.</p><p>Pick the tuning that matches what you actually do for hours each week.</p>','published',1,'Botble\\ACL\\Models\\User',0,'blog/blog-27.jpg',1351,NULL,'2026-05-28 19:05:09','2026-05-28 19:05:09');

--
-- Table structure for table `posts_translations`
--

CREATE TABLE `posts_translations` (
  `lang_code` varchar(20) COLLATE utf8mb4_unicode_ci NOT NULL,
  `posts_id` bigint unsigned NOT NULL,
  `name` varchar(255) COLLATE utf8mb4_unicode_ci DEFAULT NULL,
  `description` text COLLATE utf8mb4_unicode_ci,
  `content` longtext COLLATE utf8mb4_unicode_ci,
  PRIMARY KEY (`lang_code`,`posts_id`),
  KEY `idx_posts_trans_posts_id` (`posts_id`),
  KEY `idx_posts_trans_post_lang` (`posts_id`,`lang_code`)
) ENGINE=InnoDB DEFAULT CHARSET=utf8mb4 COLLATE=utf8mb4_unicode_ci;

--
-- Dumping data for table `posts_translations`
--

INSERT INTO `posts_translations` VALUES ('ar',1,'شرح تقنية ANC: كيف تلغي سماعات الرأس الحديثة العالم','التغذية المرتدة والتغذية الراجعة وتقنية إلغاء الضوضاء النشطة الهجينة - ما يعنيه كل منها وأين يتألق حقًا.','<p> يعمل إلغاء الضوضاء النشط عن طريق إنشاء موجة صوتية مقلوبة الطور في الوقت الفعلي. يستخدم Hybrid ANC كلاً من الميكروفونات الداخلية والخارجية، مما يعمل على تحسين الأداء عبر المزيد من نطاقات التردد.</p><p>اختر Adaptive ANC إذا كنت تتناوب بين التنقل والمكتب ورحلات الطيران - يلغي ANC الثابت الكثير في الغرف الهادئة ويخلق شعورًا بالضغط في أذنيك.</p>'),('ar',2,'دليل شراء سماعات الأذن اللاسلكية لعام 2026','الملاءمة والترميز وجودة الميكروفون والبطارية - قائمة مرجعية خالية من الضجيج للمشترين.','<p> اشتري من أجل الملاءمة أولاً، والصوت ثانيًا، والترميز ثالثًا. جرب كل حجم من سدادات الأذن المتضمنة لمدة يوم كامل. اختبر المكالمة في غرفة صاخبة قبل أن تقرر الاحتفاظ بها.</p><p>إذا كنت تقوم في كثير من الأحيان بالتبديل بين iPhone وMac، فإن الاقتران متعدد النقاط أكثر أهمية من دعم برنامج الترميز.</p>'),('ar',3,'نصائح لعمر البطارية تعمل بالفعل على إطالة ساعات الاستماع','تعمل عادات الصوت والترميز والعناية على مضاعفة العمر الفعلي لأي سماعة رأس لاسلكية.','<p> يمكن أن يؤدي الاستماع إلى مستوى صوت 60% بدلاً من 80% إلى إطالة عمر البطارية بنسبة 30-40%. يساعد تخزين سماعات الرأس بنسبة 50% على إطالة عمر البطارية. قم بإيقاف تشغيل LDAC وaptX HD عندما تجري مكالمة أو تستمع إلى بودكاست.</p><p>فكر في علبة الشحن كبطارية احتياطية، وليست علبة - قم بتوصيلها كل ليلة.</p>'),('ar',4,'حروب الترميز: aptX vs LDAC vs AAC، تم فك تشفيرها','ربما لا تحتاج إلى خسارة. وهذا ما يفعله كل برنامج ترميز داخليًا بالفعل.','<p>AAC هو برنامج الترميز الأصلي لجهاز iPhone وهو ممتاز. يدعم LDAC ما يصل إلى 990 كيلوبت في الثانية ولكن يمكن أن يفقد الاتصال بسهولة عندما تكون المسافة أو التداخل ضعيفًا. يعد aptX Adaptive أفضل توازن لمستخدمي Android.</p><p>تعد جودة تسجيل المصدر أكثر أهمية من برنامج الترميز.</p>'),('ar',5,'الظهر المفتوح أم الظهر المغلق: ما هو المناسب لك؟','المساحة الصوتية والعازلة للصوت والاستخدام المقصود - اختر المساحة المناسبة لغرفتك وعاداتك.','<p> سماعات الرأس تفتح مساحة الصوت والاستدامة الطبيعية ولكنها تسرب الصوت في كلا الاتجاهين. تعتبر سماعات الرأس المغلقة رائعة للسفر والمساحات المشتركة وجلسات التسجيل.</p><p>إذا كنت تشتري واحدة فقط، فإن سماعات الرأس المغلقة هي خيار عملي أكثر.</p>'),('ar',6,'الاستوديو مقابل عشاق الموسيقى: هدفان مختلفان، وضبطان مختلفان','الصوت المرجعي المسطح ليس هو نفسه الصوت اللطيف، وهذا هو الهدف من التصميم.','<p> تتميز سماعات الرأس Studio بالدقة - ويجب أن تجعل صوت التسجيل رديئًا. يعمل ضبط Audiophile على تحسين تجربة الاستماع من خلال صوت جهير عميق وأصوات عالية ومسرح أوسع.</p><p>اختر ضبطًا يناسب ما تفعله فعليًا في كل ساعة من الأسبوع.</p>'),('fr',1,'ANC Tech expliqué : Comment les écouteurs modernes annulent le monde','Feedforward, feedback et ANC hybride : ce que chacun signifie et où il brille vraiment.','<p>La suppression active du bruit fonctionne en créant une onde sonore à phase inversée en temps réel. L\'ANC hybride utilise des microphones internes et externes, améliorant ainsi les performances sur davantage de bandes de fréquences.</p><p>Choisissez l\'ANC adaptatif si vous alternez entre les déplacements domicile-travail, le bureau et les vols : l\'ANC fixe s\'annule trop dans les pièces calmes et crée une sensation de compression dans vos oreilles.</p>'),('fr',2,'Guide d’achat d’écouteurs sans fil pour 2026','Ajustement, codec, qualité du microphone et batterie : une liste de contrôle sans battage publicitaire pour les acheteurs.','<p>Achetez pour l\'ajustement en premier, le son en second, le codec en troisième. Essayez chaque taille de bouchon d\'oreille incluse pendant une journée complète. Testez l\'appel dans une pièce bruyante avant de décider de le conserver.</p><p>Si vous basculez souvent entre iPhone et Mac, le couplage multipoint est plus important que la prise en charge des codecs.</p>'),('fr',3,'Conseils sur la durée de vie de la batterie qui prolongent réellement les heures d\'écoute','Le volume, le codec et les habitudes d’entretien doublent la durée de vie réelle de n’importe quel casque sans fil.','<p>L\'écoute à 60 % du volume au lieu de 80 % peut prolonger la durée de vie de la batterie de 30 à 40 %. Stocker les écouteurs à 50 % de charge permet de prolonger la durée de vie de la batterie. Désactivez LDAC et aptX HD lorsque vous êtes en ligne ou que vous écoutez un podcast.</p><p>Considérez le boîtier de chargement comme une batterie de rechange, pas comme un boîtier : branchez-le tous les soirs.</p>'),('fr',4,'Codec Wars : aptX vs LDAC vs AAC, décodé','Peut-être que vous n\'avez pas besoin du sans perte. C’est ce que fait réellement chaque codec en interne.','<p>AAC est le codec natif de l\'iPhone et est excellent. LDAC prend en charge jusqu\'à 990 kbps mais peut facilement perdre la connexion lorsque la distance ou les interférences sont faibles. aptX Adaptive est le meilleur équilibre pour les utilisateurs d\'Android.</p><p>La qualité d\'enregistrement de la source est bien plus importante que le codec.</p>'),('fr',5,'Dos ouvert ou dos fermé : lequel vous convient le mieux ?','Espace acoustique, insonorisation et utilisation prévue : choisissez celui qui convient à votre pièce et à vos habitudes.','<p>Les écouteurs ouvrent l\'espace sonore et le sustain naturel mais fuient le son dans les deux sens. Les écouteurs fermés sont parfaits pour les voyages, les espaces partagés et les sessions d\'enregistrement.</p><p>Si vous n\'en achetez qu\'un, les écouteurs fermés sont un choix plus pratique.</p>'),('fr',6,'Studio vs Audiophile : deux objectifs différents, deux réglages différents','Un son de référence plat n’est pas la même chose qu’un son agréable, et c’est l’intention de conception.','Les écouteurs <p>Studio sont une question de précision : ils devraient rendre le son d\'un mauvais enregistrement médiocre. Le réglage audiophile améliore l\'expérience d\'écoute avec des basses profondes, des aigus aérés et une scène plus large.</p><p>Choisissez un réglage qui correspond à ce que vous faites réellement à chaque heure de la semaine.</p>'),('id',1,'Penjelasan Teknologi ANC: Bagaimana Headphone Modern Membatalkan Dunia','Feedforward, feedback, dan hybrid ANC — apa arti masing-masingnya dan keunggulannya.','<p>Pembatalan kebisingan aktif bekerja dengan menciptakan gelombang suara terbalik fase secara real-time. ANC hibrid menggunakan mikrofon internal dan eksternal, sehingga meningkatkan kinerja di lebih banyak pita frekuensi.</p><p>Pilih ANC Adaptif jika Anda bergantian antara perjalanan, kantor, dan penerbangan — ANC tetap akan menghilangkan terlalu banyak suara di ruangan yang sunyi dan menciptakan perasaan tertekan di telinga Anda.</p>'),('id',2,'Panduan Membeli Earbud Nirkabel untuk tahun 2026','Kesesuaian, codec, kualitas mikrofon, dan baterai — daftar periksa yang tidak menarik bagi pembeli.','<p>Beli untuk fit pertama, suara kedua, codec ketiga. Cobalah setiap ukuran penyumbat telinga yang disertakan selama sehari penuh. Uji panggilan di ruangan yang bising sebelum memutuskan untuk menyimpannya.</p><p>Jika Anda sering beralih antara iPhone dan Mac, pemasangan multipoint lebih penting daripada dukungan codec.</p>'),('id',3,'Tips Daya Tahan Baterai yang Memperpanjang Jam Mendengarkan','Volume, codec, dan kebiasaan perawatan menggandakan masa pakai headphone nirkabel mana pun.','<p>Mendengarkan dengan volume 60%, bukan 80%, dapat memperpanjang masa pakai baterai hingga 30-40%. Menyimpan headphone dengan daya 50% membantu memperpanjang masa pakai baterai. Matikan LDAC dan aptX HD saat Anda sedang menelepon atau mendengarkan podcast.</p><p>Anggap wadah pengisi daya sebagai baterai cadangan, bukan wadah — colokkan setiap malam.</p>'),('id',4,'Codec Wars: aptX vs LDAC vs AAC, Didekodekan','Mungkin Anda tidak membutuhkan lossless. Inilah yang sebenarnya dilakukan setiap codec secara internal.','<p>AAC adalah codec asli iPhone dan sangat bagus. LDAC mendukung hingga 990kbps tetapi dapat dengan mudah kehilangan koneksi ketika jarak atau gangguan buruk. aptX Adaptive adalah keseimbangan terbaik untuk pengguna Android.</p><p>Kualitas rekaman sumber jauh lebih penting daripada codec.</p>'),('id',5,'Punggung Terbuka vs Punggung Tertutup: Mana yang Tepat untuk Anda?','Ruang akustik, kedap suara, dan tujuan penggunaan — pilih yang tepat untuk ruangan dan kebiasaan Anda.','<p>Headphone membuka ruang suara dan mempertahankan alami namun membocorkan suara di kedua arah. Headphone dengan bagian belakang tertutup cocok untuk bepergian, ruang bersama, dan sesi rekaman.</p><p>Jika Anda hanya membeli satu, headphone dengan bagian belakang tertutup adalah pilihan yang lebih praktis.</p>'),('id',6,'Studio vs Audiophile: Dua Tujuan Berbeda, Dua Penyetelan Berbeda','Suara referensi yang datar tidak sama dengan suara yang menyenangkan, dan itulah tujuan desainnya.','<p>Headphone studio mengutamakan presisi — headphone ini akan menghasilkan suara rekaman yang buruk. Penyetelan audiophile meningkatkan pengalaman mendengarkan dengan bass yang dalam, nada tinggi yang lapang, dan panggung yang lebih lebar.</p><p>Pilih penyetelan yang sesuai dengan aktivitas yang sebenarnya Anda lakukan setiap jam dalam seminggu.</p>'),('tr',1,'ANC Tech Explained: How Modern Headphones Cancel the World','İleri besleme, geri bildirim ve hibrit ANC; her biri ne anlama geliyor ve gerçekte nerede parlıyor?','<p>Aktif gürültü engelleme, gerçek zamanlı olarak fazın tersi bir ses dalgası oluşturarak çalışır. Hibrit ANC, hem dahili hem de harici mikrofonları kullanarak daha fazla frekans bandında performansı artırır.</p><p>İşe gidip gelme, ofis ve uçuşlar arasında geçiş yapıyorsanız Uyarlanabilir ANC\'yi seçin; sabit ANC, sessiz odalarda çok fazla sesi iptal eder ve kulaklarınızda bir sıkıştırma hissi yaratır.</p>'),('tr',2,'Wireless Earbuds Buying Guide for 2026','Uyum, codec, mikrofon kalitesi ve pil; alıcılar için abartılı olmayan bir kontrol listesi.','<p>Önce uyum için satın alın, ikinci olarak ses, üçüncü olarak codec\'i satın alın. Birlikte verilen her boyuttaki kulak tıkacını tam bir gün boyunca deneyin. Aramayı sürdürmeye karar vermeden önce gürültülü bir odada test edin.</p><p>Sık sık iPhone ve Mac arasında geçiş yapıyorsanız, çok noktalı eşleştirme codec desteğinden daha önemlidir.</p>'),('tr',3,'Battery Life Tips That Actually Extend Listening Hours','Ses seviyesi, codec ve bakım alışkanlıkları herhangi bir kablosuz kulaklığın gerçek ömrünü iki katına çıkarır.','<p>%80 yerine %60 ses seviyesinde dinlemek pil ömrünü %30-40 uzatabilir. Kulaklıkları %50 şarjda saklamak pil ömrünü uzatmaya yardımcı olur. Arama yaparken veya podcast dinlerken LDAC ve aptX HD\'yi kapatın.</p><p>Şarj kutusunu bir kutu değil, yedek bir pil olarak düşünün; her gece takın.</p>'),('tr',4,'Codec Wars: aptX vs LDAC vs AAC, Decoded','Belki kayıpsız ihtiyacınız yoktur. Her codec bileşeninin aslında dahili olarak yaptığı şey budur.','<p>AAC, iPhone\'un yerel codec bileşenidir ve mükemmeldir. LDAC, 990 kbps\'ye kadar destekler ancak mesafe veya parazit zayıf olduğunda bağlantıyı kolayca kaybedebilir. aptX Adaptive, Android kullanıcıları için en iyi dengedir.</p><p>Kaynağın kayıt kalitesi codec\'ten çok daha önemlidir.</p>'),('tr',5,'Open-Back vs Closed-Back: Which Is Right For You?','Akustik alan, ses yalıtımı ve kullanım amacı; odanız ve alışkanlıklarınız için doğru olanı seçin.','<p>Kulaklıklar ses alanını açar ve doğal ses devamlılığını sağlar ancak sesi her iki yönde de sızdırır. Arkası kapalı kulaklıklar seyahat, ortak alanlar ve kayıt oturumları için idealdir.</p><p>Yalnızca bir tane satın alıyorsanız arkası kapalı kulaklıklar daha pratik bir seçimdir.</p>'),('tr',6,'Studio vs Audiophile: Two Different Goals, Two Different Tunings','Düz bir referans sesi, hoş bir sesle aynı şey değildir ve tasarımın amacı da budur.','<p>Stüdyo kulaklıkları hassastır; zayıf bir kaydın sesini kötü hale getirmelidirler. Odyofil ayarı, derin baslar, havadar tizler ve daha geniş bir sahne ile dinleme deneyimini geliştirir.</p><p>Haftanın her saatinde yaptığınız işe uygun bir ayar seçin.</p>'),('vi',1,'Giải thích công nghệ ANC: Tai nghe hiện đại khử tiếng ồn thế giới ra sao','ANC feedforward, feedback và hybrid — mỗi loại nghĩa là gì và thực sự tỏa sáng ở đâu.','<p>Chống ồn chủ động hoạt động bằng cách tạo ra một sóng âm ngược pha theo thời gian thực. ANC hybrid sử dụng cả micro bên trong lẫn bên ngoài, giúp cải thiện hiệu quả trên nhiều dải tần hơn.</p><p>Hãy chọn ANC thích ứng nếu bạn xen kẽ giữa đi làm, văn phòng và các chuyến bay — ANC cố định khử quá mức trong phòng yên tĩnh và tạo cảm giác bị nén tai.</p>'),('vi',2,'Cẩm nang mua tai nghe không dây cho năm 2026','Độ vừa vặn, codec, chất lượng micro và pin — danh sách kiểm tra không thổi phồng dành cho người mua.','<p>Hãy mua vì độ vừa vặn trước tiên, âm thanh thứ hai, codec thứ ba. Thử mỗi kích cỡ nút tai kèm theo trong trọn một ngày. Kiểm tra cuộc gọi trong phòng ồn trước khi quyết định giữ lại.</p><p>Nếu bạn thường chuyển đổi giữa iPhone và Mac, ghép nối đa điểm quan trọng hơn việc hỗ trợ codec.</p>'),('vi',3,'Mẹo về pin thực sự kéo dài số giờ nghe nhạc','Thói quen về âm lượng, codec và bảo quản giúp tăng gấp đôi tuổi thọ thực tế của bất kỳ tai nghe không dây nào.','<p>Nghe ở mức âm lượng 60% thay vì 80% có thể kéo dài pin thêm 30-40%. Bảo quản tai nghe ở mức sạc 50% giúp kéo dài tuổi thọ pin. Tắt LDAC và aptX HD khi bạn đang gọi điện hoặc nghe podcast.</p><p>Hãy coi hộp sạc như một cục pin dự phòng, không phải bao đựng — cắm sạc nó mỗi đêm.</p>'),('vi',4,'Cuộc chiến codec: aptX, LDAC và AAC được giải mã','Có lẽ bạn không cần lossless. Đây là điều mỗi codec thực sự làm bên trong.','<p>AAC là codec gốc của iPhone và rất xuất sắc. LDAC hỗ trợ tới 990kbps nhưng dễ rớt kết nối khi khoảng cách hoặc nhiễu sóng kém. aptX Adaptive là sự cân bằng tốt nhất cho người dùng Android.</p><p>Chất lượng thu âm của nguồn phát quan trọng hơn nhiều so với codec.</p>'),('vi',5,'Tai nghe mở và tai nghe kín: Loại nào phù hợp với bạn?','Không gian âm thanh, khả năng cách âm và mục đích sử dụng — chọn đúng loại cho căn phòng và thói quen của bạn.','<p>Tai nghe mở thắng về không gian âm thanh và độ ngân tự nhiên nhưng lọt âm cả hai chiều. Tai nghe kín thắng cho du lịch, không gian chung và các buổi thu âm.</p><p>Nếu bạn chỉ mua một chiếc, tai nghe kín là lựa chọn thực tế hơn.</p>'),('vi',6,'Phòng thu và audiophile: Hai mục tiêu khác nhau, hai cách tinh chỉnh khác nhau','Âm phẳng tham chiếu không giống với âm dễ nghe, và đó là chủ ý thiết kế.','<p>Tai nghe phòng thu hướng tới sự chính xác — chúng phải làm cho một bản thu kém nghe ra kém. Cách tinh chỉnh audiophile nâng cao trải nghiệm nghe với độ trầm sâu, độ cao thoáng và sân khấu rộng hơn.</p><p>Hãy chọn cách tinh chỉnh phù hợp với điều bạn thực sự làm hàng giờ mỗi tuần.</p>');

--
-- Table structure for table `push_notifications`
--

CREATE TABLE `push_notifications` (
  `id` bigint unsigned NOT NULL AUTO_INCREMENT,
  `title` varchar(255) COLLATE utf8mb4_unicode_ci NOT NULL,
  `message` text COLLATE utf8mb4_unicode_ci NOT NULL,
  `type` varchar(255) COLLATE utf8mb4_unicode_ci NOT NULL DEFAULT 'general',
  `target_type` varchar(255) COLLATE utf8mb4_unicode_ci DEFAULT NULL,
  `target_value` varchar(255) COLLATE utf8mb4_unicode_ci DEFAULT NULL,
  `action_url` varchar(255) COLLATE utf8mb4_unicode_ci DEFAULT NULL,
  `image_url` varchar(255) COLLATE utf8mb4_unicode_ci DEFAULT NULL,
  `data` json DEFAULT NULL,
  `status` varchar(255) COLLATE utf8mb4_unicode_ci NOT NULL DEFAULT 'sent',
  `sent_count` int NOT NULL DEFAULT '0',
  `failed_count` int NOT NULL DEFAULT '0',
  `delivered_count` int NOT NULL DEFAULT '0',
  `read_count` int NOT NULL DEFAULT '0',
  `scheduled_at` timestamp NULL DEFAULT NULL,
  `sent_at` timestamp NULL DEFAULT NULL,
  `created_by` bigint unsigned DEFAULT NULL,
  `created_at` timestamp NULL DEFAULT NULL,
  `updated_at` timestamp NULL DEFAULT NULL,
  PRIMARY KEY (`id`),
  KEY `push_notifications_type_created_at_index` (`type`,`created_at`),
  KEY `push_notifications_status_scheduled_at_index` (`status`,`scheduled_at`),
  KEY `push_notifications_created_by_index` (`created_by`)
) ENGINE=InnoDB DEFAULT CHARSET=utf8mb4 COLLATE=utf8mb4_unicode_ci;

--
-- Dumping data for table `push_notifications`
--


--
-- Table structure for table `request_logs`
--

CREATE TABLE `request_logs` (
  `id` bigint unsigned NOT NULL AUTO_INCREMENT,
  `status_code` int DEFAULT NULL,
  `url` varchar(255) COLLATE utf8mb4_unicode_ci DEFAULT NULL,
  `count` int unsigned NOT NULL DEFAULT '0',
  `user_id` varchar(255) COLLATE utf8mb4_unicode_ci DEFAULT NULL,
  `referrer` text COLLATE utf8mb4_unicode_ci,
  `created_at` timestamp NULL DEFAULT NULL,
  `updated_at` timestamp NULL DEFAULT NULL,
  PRIMARY KEY (`id`)
) ENGINE=InnoDB DEFAULT CHARSET=utf8mb4 COLLATE=utf8mb4_unicode_ci;

--
-- Dumping data for table `request_logs`
--


--
-- Table structure for table `role_users`
--

CREATE TABLE `role_users` (
  `user_id` bigint unsigned NOT NULL,
  `role_id` bigint unsigned NOT NULL,
  `created_at` timestamp NULL DEFAULT NULL,
  `updated_at` timestamp NULL DEFAULT NULL,
  PRIMARY KEY (`user_id`,`role_id`),
  KEY `role_users_user_id_index` (`user_id`),
  KEY `role_users_role_id_index` (`role_id`)
) ENGINE=InnoDB DEFAULT CHARSET=utf8mb4 COLLATE=utf8mb4_unicode_ci;

--
-- Dumping data for table `role_users`
--


--
-- Table structure for table `roles`
--

CREATE TABLE `roles` (
  `id` bigint unsigned NOT NULL AUTO_INCREMENT,
  `slug` varchar(120) COLLATE utf8mb4_unicode_ci NOT NULL,
  `name` varchar(120) COLLATE utf8mb4_unicode_ci NOT NULL,
  `permissions` text COLLATE utf8mb4_unicode_ci,
  `description` varchar(400) COLLATE utf8mb4_unicode_ci DEFAULT NULL,
  `is_default` tinyint unsigned NOT NULL DEFAULT '0',
  `created_by` bigint unsigned NOT NULL,
  `updated_by` bigint unsigned NOT NULL,
  `created_at` timestamp NULL DEFAULT NULL,
  `updated_at` timestamp NULL DEFAULT NULL,
  PRIMARY KEY (`id`),
  UNIQUE KEY `roles_slug_unique` (`slug`),
  KEY `roles_created_by_index` (`created_by`),
  KEY `roles_updated_by_index` (`updated_by`)
) ENGINE=InnoDB AUTO_INCREMENT=2 DEFAULT CHARSET=utf8mb4 COLLATE=utf8mb4_unicode_ci;

--
-- Dumping data for table `roles`
--

INSERT INTO `roles` VALUES (1,'admin','Admin','{\"users.index\":true,\"users.create\":true,\"users.edit\":true,\"users.destroy\":true,\"roles.index\":true,\"roles.create\":true,\"roles.edit\":true,\"roles.destroy\":true,\"core.system\":true,\"core.cms\":true,\"core.manage.license\":true,\"systems.cronjob\":true,\"core.tools\":true,\"tools.data-synchronize\":true,\"media.index\":true,\"files.index\":true,\"files.create\":true,\"files.edit\":true,\"files.trash\":true,\"files.destroy\":true,\"folders.index\":true,\"folders.create\":true,\"folders.edit\":true,\"folders.trash\":true,\"folders.destroy\":true,\"settings.index\":true,\"settings.common\":true,\"settings.options\":true,\"settings.email\":true,\"settings.media\":true,\"settings.admin-appearance\":true,\"settings.cache\":true,\"settings.datatables\":true,\"settings.email.rules\":true,\"settings.phone-number\":true,\"settings.others\":true,\"menus.index\":true,\"menus.create\":true,\"menus.edit\":true,\"menus.destroy\":true,\"optimize.settings\":true,\"pages.index\":true,\"pages.create\":true,\"pages.edit\":true,\"pages.destroy\":true,\"pages.export\":true,\"pages.import\":true,\"plugins.index\":true,\"plugins.edit\":true,\"plugins.remove\":true,\"plugins.marketplace\":true,\"sitemap.settings\":true,\"core.appearance\":true,\"theme.index\":true,\"theme.activate\":true,\"theme.remove\":true,\"theme.options\":true,\"theme.custom-css\":true,\"theme.custom-js\":true,\"theme.custom-html\":true,\"theme.robots-txt\":true,\"settings.website-tracking\":true,\"widgets.index\":true,\"ads.index\":true,\"ads.create\":true,\"ads.edit\":true,\"ads.destroy\":true,\"ads.settings\":true,\"analytics.general\":true,\"analytics.page\":true,\"analytics.browser\":true,\"analytics.referrer\":true,\"analytics.settings\":true,\"announcements.index\":true,\"announcements.create\":true,\"announcements.edit\":true,\"announcements.destroy\":true,\"announcements.settings\":true,\"audit-log.index\":true,\"audit-log.destroy\":true,\"backups.index\":true,\"backups.create\":true,\"backups.restore\":true,\"backups.destroy\":true,\"plugins.blog\":true,\"posts.index\":true,\"posts.create\":true,\"posts.edit\":true,\"posts.destroy\":true,\"categories.index\":true,\"categories.create\":true,\"categories.edit\":true,\"categories.destroy\":true,\"tags.index\":true,\"blog.reports\":true,\"tags.create\":true,\"tags.edit\":true,\"tags.destroy\":true,\"blog.settings\":true,\"posts.export\":true,\"posts.import\":true,\"captcha.settings\":true,\"contacts.index\":true,\"contacts.edit\":true,\"contacts.destroy\":true,\"contact.custom-fields\":true,\"contact.settings\":true,\"plugins.ecommerce\":true,\"ecommerce.report.index\":true,\"products.index\":true,\"products.create\":true,\"products.edit\":true,\"products.destroy\":true,\"products.duplicate\":true,\"ecommerce.product-prices.index\":true,\"ecommerce.product-prices.edit\":true,\"ecommerce.product-inventory.index\":true,\"ecommerce.product-inventory.edit\":true,\"product-categories.index\":true,\"product-categories.create\":true,\"product-categories.edit\":true,\"product-categories.destroy\":true,\"product-tag.index\":true,\"product-tag.create\":true,\"product-tag.edit\":true,\"product-tag.destroy\":true,\"brands.index\":true,\"brands.create\":true,\"brands.edit\":true,\"brands.destroy\":true,\"product-collections.index\":true,\"product-collections.create\":true,\"product-collections.edit\":true,\"product-collections.destroy\":true,\"product-attribute-sets.index\":true,\"product-attribute-sets.create\":true,\"product-attribute-sets.edit\":true,\"product-attribute-sets.destroy\":true,\"product-attributes.index\":true,\"product-attributes.create\":true,\"product-attributes.edit\":true,\"product-attributes.destroy\":true,\"tax.index\":true,\"tax.create\":true,\"tax.edit\":true,\"tax.destroy\":true,\"reviews.index\":true,\"reviews.create\":true,\"reviews.destroy\":true,\"reviews.publish\":true,\"reviews.reply\":true,\"ecommerce.shipments.index\":true,\"ecommerce.shipments.create\":true,\"ecommerce.shipments.edit\":true,\"ecommerce.shipments.destroy\":true,\"orders.index\":true,\"orders.create\":true,\"orders.edit\":true,\"orders.destroy\":true,\"discounts.index\":true,\"discounts.create\":true,\"discounts.edit\":true,\"discounts.destroy\":true,\"customers.index\":true,\"customers.create\":true,\"customers.edit\":true,\"customers.destroy\":true,\"ecommerce.customers.import\":true,\"ecommerce.customers.export\":true,\"ecommerce.customer-carts.index\":true,\"ecommerce.customer-carts.destroy\":true,\"flash-sale.index\":true,\"flash-sale.create\":true,\"flash-sale.edit\":true,\"flash-sale.destroy\":true,\"product-label.index\":true,\"product-label.create\":true,\"product-label.edit\":true,\"product-label.destroy\":true,\"ecommerce.import.products.index\":true,\"ecommerce.export.products.index\":true,\"order_returns.index\":true,\"order_returns.edit\":true,\"order_returns.destroy\":true,\"global-option.index\":true,\"global-option.create\":true,\"global-option.edit\":true,\"global-option.destroy\":true,\"ecommerce.invoice.index\":true,\"ecommerce.invoice.edit\":true,\"ecommerce.invoice.destroy\":true,\"ecommerce.settings\":true,\"ecommerce.settings.general\":true,\"ecommerce.invoice-template.index\":true,\"ecommerce.settings.currencies\":true,\"ecommerce.settings.products\":true,\"ecommerce.settings.product-search\":true,\"ecommerce.settings.digital-products\":true,\"ecommerce.settings.store-locators\":true,\"ecommerce.settings.invoices\":true,\"ecommerce.settings.product-reviews\":true,\"ecommerce.settings.customers\":true,\"ecommerce.settings.shopping\":true,\"ecommerce.settings.taxes\":true,\"ecommerce.settings.shipping\":true,\"ecommerce.shipping-rule-items.index\":true,\"ecommerce.shipping-rule-items.create\":true,\"ecommerce.shipping-rule-items.edit\":true,\"ecommerce.shipping-rule-items.destroy\":true,\"ecommerce.shipping-rule-items.bulk-import\":true,\"ecommerce.settings.tracking\":true,\"ecommerce.settings.standard-and-format\":true,\"ecommerce.settings.checkout\":true,\"ecommerce.settings.return\":true,\"ecommerce.settings.flash-sale\":true,\"ecommerce.settings.pending-orders\":true,\"ecommerce.settings.product-specification\":true,\"product-categories.export\":true,\"product-categories.import\":true,\"product-license-codes.import\":true,\"orders.export\":true,\"ecommerce.product-specification.index\":true,\"ecommerce.specification-groups.index\":true,\"ecommerce.specification-groups.create\":true,\"ecommerce.specification-groups.edit\":true,\"ecommerce.specification-groups.destroy\":true,\"ecommerce.specification-attributes.index\":true,\"ecommerce.specification-attributes.create\":true,\"ecommerce.specification-attributes.edit\":true,\"ecommerce.specification-attributes.destroy\":true,\"ecommerce.specification-tables.index\":true,\"ecommerce.specification-tables.create\":true,\"ecommerce.specification-tables.edit\":true,\"ecommerce.specification-tables.destroy\":true,\"ecommerce.product-specifications.import\":true,\"ecommerce.product-specifications.export\":true,\"plugin.faq\":true,\"faq.index\":true,\"faq.create\":true,\"faq.edit\":true,\"faq.destroy\":true,\"faq_category.index\":true,\"faq_category.create\":true,\"faq_category.edit\":true,\"faq_category.destroy\":true,\"faqs.settings\":true,\"product-size-guide.index\":true,\"product-size-guide.create\":true,\"product-size-guide.edit\":true,\"product-size-guide.destroy\":true,\"size-guide-headers.index\":true,\"size-guide-headers.create\":true,\"size-guide-headers.edit\":true,\"size-guide-headers.destroy\":true,\"product-size-guide.settings\":true,\"galleries.index\":true,\"galleries.create\":true,\"galleries.edit\":true,\"galleries.destroy\":true,\"languages.index\":true,\"languages.create\":true,\"languages.edit\":true,\"languages.destroy\":true,\"translations.import\":true,\"translations.export\":true,\"property-translations.import\":true,\"property-translations.export\":true,\"page-translations.export\":true,\"page-translations.import\":true,\"plugin.location\":true,\"country.index\":true,\"country.create\":true,\"country.edit\":true,\"country.destroy\":true,\"state.index\":true,\"state.create\":true,\"state.edit\":true,\"state.destroy\":true,\"city.index\":true,\"city.create\":true,\"city.edit\":true,\"city.destroy\":true,\"marketplace.index\":true,\"marketplace.store.index\":true,\"marketplace.store.create\":true,\"marketplace.store.edit\":true,\"marketplace.store.destroy\":true,\"marketplace.store.view\":true,\"marketplace.store.revenue.create\":true,\"marketplace.withdrawal.index\":true,\"marketplace.withdrawal.edit\":true,\"marketplace.withdrawal.destroy\":true,\"marketplace.withdrawal.invoice\":true,\"marketplace.vendors.index\":true,\"marketplace.unverified-vendors.index\":true,\"marketplace.vendors.control\":true,\"marketplace.unverified-vendors.edit\":true,\"marketplace.reports\":true,\"marketplace.settings\":true,\"marketplace.messages.index\":true,\"marketplace.messages.edit\":true,\"marketplace.messages.destroy\":true,\"newsletter.index\":true,\"newsletter.destroy\":true,\"newsletter.settings\":true,\"payment.index\":true,\"payments.settings\":true,\"payment.destroy\":true,\"payments.logs\":true,\"payments.logs.show\":true,\"payments.logs.destroy\":true,\"request-log.index\":true,\"request-log.destroy\":true,\"sale-popup.settings\":true,\"simple-slider.index\":true,\"simple-slider.create\":true,\"simple-slider.edit\":true,\"simple-slider.destroy\":true,\"simple-slider-item.index\":true,\"simple-slider-item.create\":true,\"simple-slider-item.edit\":true,\"simple-slider-item.destroy\":true,\"social-login.settings\":true,\"testimonial.index\":true,\"testimonial.create\":true,\"testimonial.edit\":true,\"testimonial.destroy\":true,\"plugins.translation\":true,\"translations.locales\":true,\"translations.theme-translations\":true,\"translations.index\":true,\"theme-translations.export\":true,\"other-translations.export\":true,\"theme-translations.import\":true,\"other-translations.import\":true,\"api.settings\":true,\"api.sanctum-token.index\":true,\"api.sanctum-token.create\":true,\"api.sanctum-token.destroy\":true}','Admin users role',1,1,1,'2026-05-28 19:05:07','2026-05-28 19:05:07');

--
-- Table structure for table `sessions`
--

CREATE TABLE `sessions` (
  `id` varchar(255) COLLATE utf8mb4_unicode_ci NOT NULL,
  `user_id` bigint unsigned DEFAULT NULL,
  `ip_address` varchar(45) COLLATE utf8mb4_unicode_ci DEFAULT NULL,
  `user_agent` text COLLATE utf8mb4_unicode_ci,
  `payload` longtext COLLATE utf8mb4_unicode_ci NOT NULL,
  `last_activity` int NOT NULL,
  PRIMARY KEY (`id`),
  KEY `sessions_user_id_index` (`user_id`),
  KEY `sessions_last_activity_index` (`last_activity`)
) ENGINE=InnoDB DEFAULT CHARSET=utf8mb4 COLLATE=utf8mb4_unicode_ci;

--
-- Dumping data for table `sessions`
--


--
-- Table structure for table `simple_slider_items`
--

CREATE TABLE `simple_slider_items` (
  `id` bigint unsigned NOT NULL AUTO_INCREMENT,
  `simple_slider_id` bigint unsigned NOT NULL,
  `title` varchar(255) COLLATE utf8mb4_unicode_ci DEFAULT NULL,
  `image` varchar(255) COLLATE utf8mb4_unicode_ci NOT NULL,
  `link` varchar(255) COLLATE utf8mb4_unicode_ci DEFAULT NULL,
  `description` text COLLATE utf8mb4_unicode_ci,
  `order` int unsigned NOT NULL DEFAULT '0',
  `status` varchar(60) COLLATE utf8mb4_unicode_ci NOT NULL DEFAULT 'published',
  `created_at` timestamp NULL DEFAULT NULL,
  `updated_at` timestamp NULL DEFAULT NULL,
  PRIMARY KEY (`id`)
) ENGINE=InnoDB AUTO_INCREMENT=4 DEFAULT CHARSET=utf8mb4 COLLATE=utf8mb4_unicode_ci;

--
-- Dumping data for table `simple_slider_items`
--

INSERT INTO `simple_slider_items` VALUES (1,1,'Built For Motion, Ready For Life','slider/slider-25.jpg','/products','Ergonomic design for a perfect, weightless fit, ready to accompany you on every journey.',0,'published','2026-05-28 19:05:08','2026-05-28 19:05:08'),(2,1,'Audio Perfection, Pure Emotion','slider/slider-26.jpg','/products','Experience immersive surround sound, incredible detail, and industry-leading active noise cancellation.',1,'published','2026-05-28 19:05:08','2026-05-28 19:05:08'),(3,1,'Smart Connection, Seamless Life','slider/slider-27.jpg','/products','Automatic pairing, voice control integration, and all-day battery life for your active lifestyle.',2,'published','2026-05-28 19:05:08','2026-05-28 19:05:08');

--
-- Table structure for table `states`
--

CREATE TABLE `states` (
  `id` bigint unsigned NOT NULL AUTO_INCREMENT,
  `name` varchar(120) COLLATE utf8mb4_unicode_ci NOT NULL,
  `slug` varchar(120) COLLATE utf8mb4_unicode_ci DEFAULT NULL,
  `abbreviation` varchar(10) COLLATE utf8mb4_unicode_ci DEFAULT NULL,
  `country_id` bigint unsigned DEFAULT NULL,
  `order` tinyint NOT NULL DEFAULT '0',
  `image` varchar(255) COLLATE utf8mb4_unicode_ci DEFAULT NULL,
  `is_default` tinyint unsigned NOT NULL DEFAULT '0',
  `status` varchar(60) COLLATE utf8mb4_unicode_ci NOT NULL DEFAULT 'published',
  `created_at` timestamp NULL DEFAULT NULL,
  `updated_at` timestamp NULL DEFAULT NULL,
  PRIMARY KEY (`id`),
  UNIQUE KEY `states_slug_unique` (`slug`),
  KEY `idx_states_name` (`name`),
  KEY `idx_states_status` (`status`),
  KEY `idx_states_country_id` (`country_id`)
) ENGINE=InnoDB DEFAULT CHARSET=utf8mb4 COLLATE=utf8mb4_unicode_ci;

--
-- Dumping data for table `states`
--


--
-- Table structure for table `states_translations`
--

CREATE TABLE `states_translations` (
  `lang_code` varchar(20) COLLATE utf8mb4_unicode_ci NOT NULL,
  `states_id` bigint unsigned NOT NULL,
  `name` varchar(120) COLLATE utf8mb4_unicode_ci DEFAULT NULL,
  `slug` varchar(120) COLLATE utf8mb4_unicode_ci DEFAULT NULL,
  `abbreviation` varchar(10) COLLATE utf8mb4_unicode_ci DEFAULT NULL,
  PRIMARY KEY (`lang_code`,`states_id`),
  KEY `idx_states_trans_state_lang` (`states_id`,`lang_code`),
  KEY `idx_states_trans_name` (`name`),
  KEY `idx_states_trans_states_id` (`states_id`)
) ENGINE=InnoDB DEFAULT CHARSET=utf8mb4 COLLATE=utf8mb4_unicode_ci;

--
-- Dumping data for table `states_translations`
--


--
-- Table structure for table `tags`
--

CREATE TABLE `tags` (
  `id` bigint unsigned NOT NULL AUTO_INCREMENT,
  `name` varchar(120) COLLATE utf8mb4_unicode_ci NOT NULL,
  `author_id` bigint unsigned DEFAULT NULL,
  `author_type` varchar(255) COLLATE utf8mb4_unicode_ci NOT NULL,
  `description` text COLLATE utf8mb4_unicode_ci,
  `status` varchar(60) COLLATE utf8mb4_unicode_ci NOT NULL DEFAULT 'published',
  `created_at` timestamp NULL DEFAULT NULL,
  `updated_at` timestamp NULL DEFAULT NULL,
  PRIMARY KEY (`id`)
) ENGINE=InnoDB AUTO_INCREMENT=13 DEFAULT CHARSET=utf8mb4 COLLATE=utf8mb4_unicode_ci;

--
-- Dumping data for table `tags`
--

INSERT INTO `tags` VALUES (1,'Trends',1,'Botble\\ACL\\Models\\User','Articles tagged with Trends.','published','2026-05-28 19:05:07','2026-05-28 19:05:07'),(2,'Styling Tips',1,'Botble\\ACL\\Models\\User','Articles tagged with Styling Tips.','published','2026-05-28 19:05:07','2026-05-28 19:05:07'),(3,'Sustainable',1,'Botble\\ACL\\Models\\User','Articles tagged with Sustainable.','published','2026-05-28 19:05:07','2026-05-28 19:05:07'),(4,'New Arrivals',1,'Botble\\ACL\\Models\\User','Articles tagged with New Arrivals.','published','2026-05-28 19:05:07','2026-05-28 19:05:07'),(5,'Limited Edition',1,'Botble\\ACL\\Models\\User','Articles tagged with Limited Edition.','published','2026-05-28 19:05:07','2026-05-28 19:05:07'),(6,'Behind the Scenes',1,'Botble\\ACL\\Models\\User','Articles tagged with Behind the Scenes.','published','2026-05-28 19:05:07','2026-05-28 19:05:07'),(7,'Buyer Guide',1,'Botble\\ACL\\Models\\User','Articles tagged with Buyer Guide.','published','2026-05-28 19:05:07','2026-05-28 19:05:07'),(8,'Care Tips',1,'Botble\\ACL\\Models\\User','Articles tagged with Care Tips.','published','2026-05-28 19:05:07','2026-05-28 19:05:07'),(9,'Capsule Wardrobe',1,'Botble\\ACL\\Models\\User','Articles tagged with Capsule Wardrobe.','published','2026-05-28 19:05:07','2026-05-28 19:05:07'),(10,'Material Stories',1,'Botble\\ACL\\Models\\User','Articles tagged with Material Stories.','published','2026-05-28 19:05:07','2026-05-28 19:05:07'),(11,'Holiday Gifting',1,'Botble\\ACL\\Models\\User','Articles tagged with Holiday Gifting.','published','2026-05-28 19:05:07','2026-05-28 19:05:07'),(12,'Editor Picks',1,'Botble\\ACL\\Models\\User','Articles tagged with Editor Picks.','published','2026-05-28 19:05:07','2026-05-28 19:05:07');

--
-- Table structure for table `tags_translations`
--

CREATE TABLE `tags_translations` (
  `lang_code` varchar(20) COLLATE utf8mb4_unicode_ci NOT NULL,
  `tags_id` bigint unsigned NOT NULL,
  `name` varchar(255) COLLATE utf8mb4_unicode_ci DEFAULT NULL,
  `description` text COLLATE utf8mb4_unicode_ci,
  PRIMARY KEY (`lang_code`,`tags_id`),
  KEY `idx_tags_trans_tags_id` (`tags_id`),
  KEY `idx_tags_trans_tag_lang` (`tags_id`,`lang_code`)
) ENGINE=InnoDB DEFAULT CHARSET=utf8mb4 COLLATE=utf8mb4_unicode_ci;

--
-- Dumping data for table `tags_translations`
--

INSERT INTO `tags_translations` VALUES ('ar',1,'الاتجاهات','المقالات الموسومة مع الاتجاهات.'),('ar',2,'نصائح التصميم','المقالات الموسومة: نصائح لتنسيق الملابس.'),('ar',3,'مستمر','المشاركات الموسومة الاستدامة.'),('ar',4,'الوافدون الجدد','المشاركات الموسومة الوافدون الجدد.'),('ar',5,'طبعة محدودة','المشاركات الموسومة طبعة محدودة.'),('ar',6,'خلف الكواليس','المشاركات الموسومة خلف الكواليس.'),('ar',7,'دليل المشتري','المقالات الموسومة دليل التسوق.'),('ar',8,'نصائح العناية','المقالات الموسومة بنصائح التخزين.'),('ar',9,'خزانة كبسولة','المقالات الموسومة خزانة الكبسولة.'),('ar',10,'قصص مادية','المقالات الموسومة قصص مادية.'),('ar',11,'هدايا العيد','المشاركات الموسومة هدايا العيد.'),('ar',12,'اختيارات المحرر','المشاركات الموسومة اختيار المحرر.'),('fr',1,'Tendances','Articles taggés avec Tendances.'),('fr',2,'Conseils de style','Articles taggés : Conseils pour coordonner les tenues.'),('fr',3,'Durable','Articles étiquetés Durabilité.'),('fr',4,'Nouveautés','Articles tagués Nouveautés.'),('fr',5,'Édition limitée','Articles tagués Édition Limitée.'),('fr',6,'Dans les coulisses','Articles marqués dans les coulisses.'),('fr',7,'Guide de l\'acheteur','Articles tagués Guide d\'achat.'),('fr',8,'Conseils d\'entretien','Articles taggés avec Conseils de stockage.'),('fr',9,'Armoire Capsule','Articles taggés Armoire capsule.'),('fr',10,'Histoires matérielles','Articles tagués Histoires matérielles.'),('fr',11,'Cadeaux de vacances','Articles tagués Cadeaux de Noël.'),('fr',12,'Choix de l\'éditeur','Articles marqués Choix de l\'éditeur.'),('id',1,'Tren','Artikel yang diberi tag Tren.'),('id',2,'Tip Penataan Gaya','Artikel yang diberi tag: Tips mengoordinasikan pakaian.'),('id',3,'Berkelanjutan','Postingan dengan tag Keberlanjutan.'),('id',4,'Pendatang Baru','Postingan dengan tag Pendatang baru.'),('id',5,'Edisi Terbatas','Postingan dengan tag Edisi Terbatas.'),('id',6,'Di belakang layar','Postingan dengan tag Di balik layar.'),('id',7,'Panduan Pembeli','Artikel dengan tag Panduan belanja.'),('id',8,'Tip Perawatan','Artikel yang diberi tag Tips Penyimpanan.'),('id',9,'Lemari Kapsul','Artikel dengan tag Lemari pakaian kapsul.'),('id',10,'Cerita Materi','Artikel dengan tag Cerita material.'),('id',11,'Hadiah Liburan','Postingan dengan tag hadiah liburan.'),('id',12,'Pilihan Editor','Postingan dengan tag Pilihan Editor.'),('tr',1,'Trends','Trendler ile etiketlenen makaleler.'),('tr',2,'Styling Tips','Etiketlenen makaleler: Kıyafetleri koordine etmek için ipuçları.'),('tr',3,'Sustainable','Sürdürülebilirlik etiketli gönderiler.'),('tr',4,'New Arrivals','Yeni gelenler etiketli gönderiler.'),('tr',5,'Limited Edition','Sınırlı Üretim etiketli gönderiler.'),('tr',6,'Behind the Scenes','Kamera Arkası etiketli gönderiler'),('tr',7,'Buyer Guide','Alışveriş rehberi etiketli makaleler.'),('tr',8,'Care Tips','Depolama İpuçları ile etiketlenen makaleler.'),('tr',9,'Capsule Wardrobe','Kapsül gardırop etiketli makaleler.'),('tr',10,'Material Stories','Malzeme hikayeleri etiketli makaleler.'),('tr',11,'Holiday Gifting','Tatil hediyeleri etiketli gönderiler.'),('tr',12,'Editor Picks','Editörün Seçimi etiketli yazılar.'),('vi',1,'Xu hướng','Bài viết gắn thẻ Xu hướng.'),('vi',2,'Mẹo phối đồ','Bài viết gắn thẻ Mẹo phối đồ.'),('vi',3,'Bền vững','Bài viết gắn thẻ Bền vững.'),('vi',4,'Hàng mới về','Bài viết gắn thẻ Hàng mới về.'),('vi',5,'Phiên bản giới hạn','Bài viết gắn thẻ Phiên bản giới hạn.'),('vi',6,'Hậu trường','Bài viết gắn thẻ Hậu trường.'),('vi',7,'Cẩm nang mua sắm','Bài viết gắn thẻ Cẩm nang mua sắm.'),('vi',8,'Mẹo bảo quản','Bài viết gắn thẻ Mẹo bảo quản.'),('vi',9,'Tủ đồ capsule','Bài viết gắn thẻ Tủ đồ capsule.'),('vi',10,'Chuyện vật liệu','Bài viết gắn thẻ Chuyện vật liệu.'),('vi',11,'Quà tặng dịp lễ','Bài viết gắn thẻ Quà tặng dịp lễ.'),('vi',12,'Biên tập viên chọn','Bài viết gắn thẻ Biên tập viên chọn.');

--
-- Table structure for table `testimonials`
--

CREATE TABLE `testimonials` (
  `id` bigint unsigned NOT NULL AUTO_INCREMENT,
  `name` varchar(120) COLLATE utf8mb4_unicode_ci NOT NULL,
  `content` text COLLATE utf8mb4_unicode_ci NOT NULL,
  `image` varchar(255) COLLATE utf8mb4_unicode_ci DEFAULT NULL,
  `company` varchar(120) COLLATE utf8mb4_unicode_ci DEFAULT NULL,
  `status` varchar(60) COLLATE utf8mb4_unicode_ci NOT NULL DEFAULT 'published',
  `created_at` timestamp NULL DEFAULT NULL,
  `updated_at` timestamp NULL DEFAULT NULL,
  PRIMARY KEY (`id`)
) ENGINE=InnoDB AUTO_INCREMENT=4 DEFAULT CHARSET=utf8mb4 COLLATE=utf8mb4_unicode_ci;

--
-- Dumping data for table `testimonials`
--

INSERT INTO `testimonials` VALUES (1,'Daniel Reyes','\"Battery life is the real story here — I get through a full week of commutes on a single charge, and the quick-charge top-up genuinely lasts all day. The fit stays comfortable hours into a session.\"','testimonials/avatar-3.jpg','Verified Buyer','published','2026-05-28 19:05:20','2026-05-28 19:05:20'),(2,'Emma Collins','\"The active noise cancellation is on another level. It smooths out the drone of a plane cabin completely, and switching to transparency mode for announcements is seamless. Easily the best pair I have owned.\"','testimonials/avatar-2.jpg','Verified Buyer','published','2026-05-28 19:05:20','2026-05-28 19:05:20'),(3,'Sophia Ramirez','\"With a dead-gorgeous design built from anodized aluminum, lambskin, and titanium, the MH40 looks and feels different from the monolithic plastic shells of most rivals. The sound is warm, detailed, and effortless.\"','testimonials/avatar-1.jpg','Verified Buyer','published','2026-05-28 19:05:20','2026-05-28 19:05:20');

--
-- Table structure for table `testimonials_translations`
--

CREATE TABLE `testimonials_translations` (
  `lang_code` varchar(20) COLLATE utf8mb4_unicode_ci NOT NULL,
  `testimonials_id` bigint unsigned NOT NULL,
  `name` varchar(255) COLLATE utf8mb4_unicode_ci DEFAULT NULL,
  `content` text COLLATE utf8mb4_unicode_ci,
  `company` varchar(120) COLLATE utf8mb4_unicode_ci DEFAULT NULL,
  PRIMARY KEY (`lang_code`,`testimonials_id`),
  KEY `idx_testimonials_trans_testimonials_id` (`testimonials_id`),
  KEY `idx_testimonials_trans_testimonial_lang` (`testimonials_id`,`lang_code`)
) ENGINE=InnoDB DEFAULT CHARSET=utf8mb4 COLLATE=utf8mb4_unicode_ci;

--
-- Dumping data for table `testimonials_translations`
--

INSERT INTO `testimonials_translations` VALUES ('ar',1,'دانييل رييس','الشحن السريع والتعبئة المثالية وسماعات الرأس هي بالتأكيد أفضل ما امتلكته على الإطلاق. ساعدني فريق الدعم في إقرانه بالخلاط في أقل من خمس دقائق.','مصور'),('ar',2,'إيما كولينز','\"إن ملابس الأطفال ناعمة للغاية ودافئة للغاية ولطيفة على البشرة الرقيقة - ينام مولودي الجديد بشكل سليم الآن!\"','تم التحقق من المشتري'),('ar',3,'صوفيا راميريز','\"لم تبدو بشرتي أكثر تناسقًا من أي وقت مضى. في غضون أسبوعين فقط، أصبح الإشراق واضحًا بالفعل - يستمر الأصدقاء في سؤالي عما قمت بتغييره في روتيني.\"','تم التحقق من المشتري'),('fr',1,'Daniel Reyes','Expédition rapide, emballage parfait et les écouteurs sont définitivement les meilleurs que j\'ai jamais possédés. L\'équipe d\'assistance m\'a aidé à l\'associer au mixeur en moins de cinq minutes.','Photographe'),('fr',2,'Emma Collins','\"Les bodys pour bébé sont extrêmement doux, très chauds et doux pour la peau tendre — mon nouveau-né dort si profondément maintenant !\"','Acheteur vérifié'),('fr',3,'Sophie Ramírez','\"Ma peau n\'a jamais été aussi uniforme. En seulement deux semaines, l\'éclat est déjà évident : mes amis n\'arrêtent pas de me demander ce que j\'ai changé dans ma routine.\"','Acheteur vérifié'),('id',1,'Daniel Reyes','Pengiriman cepat, pengemasan sempurna, dan headphone ini jelas merupakan yang terbaik yang pernah saya miliki. Tim dukungan membantu saya memasangkannya dengan mixer dalam waktu kurang dari lima menit.','Fotografer'),('id',2,'Emma Collins','\"Baju bayi ini sangat lembut, sangat hangat, dan lembut pada kulit yang lembut - bayi saya yang baru lahir tidur sangat nyenyak sekarang!\"','Pembeli Terverifikasi'),('id',3,'Sophia Ramirez','\"Kulit saya tidak pernah tampak lebih rata lagi. Hanya dalam dua minggu kulit saya sudah terlihat bercahaya - teman-teman terus bertanya kepada saya apa yang telah saya ubah dalam rutinitas saya.\"','Pembeli Terverifikasi'),('tr',1,'Daniel Reyes','Hızlı kargo, mükemmel paketleme ve kulaklıklar kesinlikle sahip olduklarımın en iyisi. Destek ekibi beş dakikadan kısa bir sürede cihazı mikserle eşleştirmeme yardımcı oldu.','Fotoğrafçı'),('tr',2,'Emma Collins','\"Bebek tulumları son derece yumuşak, süper sıcak ve hassas ciltlere karşı hassastır; yeni doğan bebeğim artık o kadar rahat uyuyor ki!\"','Doğrulanmış Alıcı'),('tr',3,'Sophia Ramirez','\"Cildim hiç bu kadar eşit görünmemişti. Sadece iki hafta içinde parlaklık zaten belirgin; arkadaşlarım bana rutinimde neyi değiştirdiğimi sorup duruyor.\"','Doğrulanmış Alıcı'),('vi',1,'Daniel Reyes','Vận chuyển nhanh, đóng gói hoàn hảo và đôi tai nghe chắc chắn là tốt nhất tôi từng sở hữu. Đội hỗ trợ giúp tôi ghép nối với mixer trong chưa đến năm phút.','Nhiếp ảnh gia'),('vi',2,'Emma Collins','\"Những bộ bodysuit cho bé cực kỳ mềm mại, siêu ấm áp và dịu nhẹ với làn da non nớt — bé sơ sinh nhà tôi giờ ngủ ngon lành đến vậy!\"','Người Mua Đã Xác Thực'),('vi',3,'Sophia Ramirez','\"Làn da tôi chưa bao giờ trông đều màu đến thế. Mới hai tuần mà độ rạng rỡ thấy rõ — bạn bè cứ hỏi tôi đã thay đổi điều gì trong quy trình của mình.\"','Người Mua Đã Xác Thực');

--
-- Table structure for table `widgets`
--

CREATE TABLE `widgets` (
  `id` bigint unsigned NOT NULL AUTO_INCREMENT,
  `widget_id` varchar(120) COLLATE utf8mb4_unicode_ci NOT NULL,
  `sidebar_id` varchar(120) COLLATE utf8mb4_unicode_ci NOT NULL,
  `theme` varchar(120) COLLATE utf8mb4_unicode_ci NOT NULL,
  `position` tinyint unsigned NOT NULL DEFAULT '0',
  `data` text COLLATE utf8mb4_unicode_ci,
  `created_at` timestamp NULL DEFAULT NULL,
  `updated_at` timestamp NULL DEFAULT NULL,
  PRIMARY KEY (`id`),
  UNIQUE KEY `widgets_unique_index` (`theme`,`sidebar_id`,`widget_id`,`position`)
) ENGINE=InnoDB AUTO_INCREMENT=55 DEFAULT CHARSET=utf8mb4 COLLATE=utf8mb4_unicode_ci;

--
-- Dumping data for table `widgets`
--

INSERT INTO `widgets` VALUES (1,'Theme\\Amerce\\Widgets\\FooterMenuWidget','footer_company_sidebar','amerce',0,'{\"name\":\"Company\",\"menu_id\":\"footer-company\"}','2026-05-28 19:05:07','2026-05-28 19:05:07'),(2,'Theme\\Amerce\\Widgets\\FooterMenuWidget','footer_customer_sidebar','amerce',0,'{\"name\":\"Customer\",\"menu_id\":\"footer-help\"}','2026-05-28 19:05:07','2026-05-28 19:05:07'),(3,'Theme\\Amerce\\Widgets\\BlogAboutMeWidget','blog_sidebar','amerce',0,'{\"name\":\"Amerce Editorial\",\"title\":\"About Me\",\"image\":null,\"bio\":\"Style notes, product spotlights, and how we curate the catalog \\u2014 written by the Amerce team.\",\"social_links\":[{\"platform\":\"facebook\",\"url\":\"https:\\/\\/facebook.com\"},{\"platform\":\"instagram\",\"url\":\"https:\\/\\/instagram.com\"},{\"platform\":\"tiktok\",\"url\":\"https:\\/\\/tiktok.com\"}]}','2026-05-28 19:05:07','2026-05-28 19:05:07'),(4,'Theme\\Amerce\\Widgets\\BlogSearchWidget','blog_sidebar','amerce',1,'{\"name\":\"Search\",\"placeholder\":\"Search...\"}','2026-05-28 19:05:07','2026-05-28 19:05:07'),(5,'Theme\\Amerce\\Widgets\\BlogCategoriesWidget','blog_sidebar','amerce',2,'{\"name\":\"Categories\",\"title\":\"Categories\",\"display_posts_count\":\"yes\",\"category_ids\":[]}','2026-05-28 19:05:07','2026-05-28 19:05:07'),(6,'Theme\\Amerce\\Widgets\\BlogPostsWidget','blog_sidebar','amerce',3,'{\"name\":\"Recent Posts\",\"title\":\"Recent Posts\",\"type\":\"recent\",\"number_display\":4}','2026-05-28 19:05:07','2026-05-28 19:05:07'),(7,'Theme\\Amerce\\Widgets\\BlogTagsWidget','blog_sidebar','amerce',4,'{\"name\":\"Tags\",\"title\":\"Popular Tags\",\"number_display\":11}','2026-05-28 19:05:07','2026-05-28 19:05:07'),(8,'Theme\\Amerce\\Widgets\\ProductDeliveryInfoWidget','product_details_sidebar','amerce',0,'{\"name\":\"Product Delivery & Return\",\"estimated_intl\":\"12-26 Days\",\"estimated_intl_label\":\"International\",\"estimated_local\":\"3-6 Days\",\"estimated_local_label\":\"United States\",\"return_within\":\"45 Days\",\"return_text\":\"of purchase. Duties & taxes are non-refundable.\"}','2026-05-28 19:05:07','2026-05-28 19:05:07'),(9,'Theme\\Amerce\\Widgets\\PaymentMethodsWidget','product_details_sidebar','amerce',1,'{\"name\":\"Payment Methods\",\"title\":\"Guaranteed Safe Checkout:\",\"images\":[]}','2026-05-28 19:05:07','2026-05-28 19:05:07'),(10,'Theme\\Amerce\\Widgets\\FooterMenuWidget','footer_company_sidebar','amerce-vi',0,'{\"name\":\"C\\u00f4ng ty\",\"menu_id\":\"footer-company-vi\"}','2026-05-28 19:05:23','2026-05-28 19:05:23'),(11,'Theme\\Amerce\\Widgets\\FooterMenuWidget','footer_customer_sidebar','amerce-vi',0,'{\"name\":\"Kh\\u00e1ch h\\u00e0ng\",\"menu_id\":\"footer-help-vi\"}','2026-05-28 19:05:23','2026-05-28 19:05:23'),(12,'Theme\\Amerce\\Widgets\\BlogAboutMeWidget','blog_sidebar','amerce-vi',0,'{\"name\":\"Bi\\u00ean t\\u1eadp c\\u1ee7a America\",\"title\":\"Gi\\u1edbi thi\\u1ec7u v\\u1ec1 t\\u00f4i\",\"image\":null,\"bio\":\"Style notes, product spotlights, and how we curate the catalog \\u2014 written by the Amerce team.\",\"social_links\":[{\"platform\":\"facebook\",\"url\":\"https:\\/\\/facebook.com\"},{\"platform\":\"instagram\",\"url\":\"https:\\/\\/instagram.com\"},{\"platform\":\"tiktok\",\"url\":\"https:\\/\\/tiktok.com\"}]}','2026-05-28 19:05:23','2026-05-28 19:05:23'),(13,'Theme\\Amerce\\Widgets\\BlogSearchWidget','blog_sidebar','amerce-vi',1,'{\"name\":\"T\\u00ecm ki\\u1ebfm\",\"placeholder\":\"Search...\"}','2026-05-28 19:05:23','2026-05-28 19:05:23'),(14,'Theme\\Amerce\\Widgets\\BlogCategoriesWidget','blog_sidebar','amerce-vi',2,'{\"name\":\"Danh m\\u1ee5c\",\"title\":\"Danh m\\u1ee5c\",\"display_posts_count\":\"yes\",\"category_ids\":[]}','2026-05-28 19:05:23','2026-05-28 19:05:23'),(15,'Theme\\Amerce\\Widgets\\BlogPostsWidget','blog_sidebar','amerce-vi',3,'{\"name\":\"B\\u00e0i vi\\u1ebft m\\u1edbi\",\"title\":\"B\\u00e0i vi\\u1ebft m\\u1edbi\",\"type\":\"recent\",\"number_display\":4}','2026-05-28 19:05:23','2026-05-28 19:05:23'),(16,'Theme\\Amerce\\Widgets\\BlogTagsWidget','blog_sidebar','amerce-vi',4,'{\"name\":\"Th\\u1ebb\",\"title\":\"Th\\u1ebb ph\\u1ed5 bi\\u1ebfn\",\"number_display\":11}','2026-05-28 19:05:23','2026-05-28 19:05:23'),(17,'Theme\\Amerce\\Widgets\\ProductDeliveryInfoWidget','product_details_sidebar','amerce-vi',0,'{\"name\":\"Giao h\\u00e0ng v\\u00e0 tr\\u1ea3 l\\u1ea1i s\\u1ea3n ph\\u1ea9m\",\"estimated_intl\":\"12-26 Days\",\"estimated_intl_label\":\"International\",\"estimated_local\":\"3-6 Days\",\"estimated_local_label\":\"United States\",\"return_within\":\"45 Days\",\"return_text\":\"of purchase. Duties & taxes are non-refundable.\"}','2026-05-28 19:05:23','2026-05-28 19:05:23'),(18,'Theme\\Amerce\\Widgets\\PaymentMethodsWidget','product_details_sidebar','amerce-vi',1,'{\"name\":\"Ph\\u01b0\\u01a1ng th\\u1ee9c thanh to\\u00e1n\",\"title\":\"\\u0110\\u1ea3m b\\u1ea3o thanh to\\u00e1n an to\\u00e0n:\",\"images\":[]}','2026-05-28 19:05:23','2026-05-28 19:05:23'),(19,'Theme\\Amerce\\Widgets\\FooterMenuWidget','footer_company_sidebar','amerce-ar',0,'{\"name\":\"\\u0634\\u0631\\u0643\\u0629\",\"menu_id\":\"footer-company-ar\"}','2026-05-28 19:05:23','2026-05-28 19:05:24'),(20,'Theme\\Amerce\\Widgets\\FooterMenuWidget','footer_customer_sidebar','amerce-ar',0,'{\"name\":\"\\u0639\\u0645\\u064a\\u0644\",\"menu_id\":\"footer-help-ar\"}','2026-05-28 19:05:23','2026-05-28 19:05:24'),(21,'Theme\\Amerce\\Widgets\\BlogAboutMeWidget','blog_sidebar','amerce-ar',0,'{\"name\":\"\\u0627\\u0641\\u062a\\u062a\\u0627\\u062d\\u064a\\u0629 \\u0623\\u0645\\u064a\\u0631\\u0633\",\"title\":\"\\u0652\\u0639\\u064e\\u0646\\u0651\\u0650\\u064a\",\"image\":null,\"bio\":\"Style notes, product spotlights, and how we curate the catalog \\u2014 written by the Amerce team.\",\"social_links\":[{\"platform\":\"facebook\",\"url\":\"https:\\/\\/facebook.com\"},{\"platform\":\"instagram\",\"url\":\"https:\\/\\/instagram.com\"},{\"platform\":\"tiktok\",\"url\":\"https:\\/\\/tiktok.com\"}]}','2026-05-28 19:05:23','2026-05-28 19:05:24'),(22,'Theme\\Amerce\\Widgets\\BlogSearchWidget','blog_sidebar','amerce-ar',1,'{\"name\":\"\\u064a\\u0628\\u062d\\u062b\",\"placeholder\":\"Search...\"}','2026-05-28 19:05:23','2026-05-28 19:05:24'),(23,'Theme\\Amerce\\Widgets\\BlogCategoriesWidget','blog_sidebar','amerce-ar',2,'{\"name\":\"\\u0641\\u0626\\u0629\",\"title\":\"\\u0641\\u0626\\u0629\",\"display_posts_count\":\"yes\",\"category_ids\":[]}','2026-05-28 19:05:23','2026-05-28 19:05:24'),(24,'Theme\\Amerce\\Widgets\\BlogPostsWidget','blog_sidebar','amerce-ar',3,'{\"name\":\"\\u0645\\u0642\\u0627\\u0644\\u0629 \\u062c\\u062f\\u064a\\u062f\\u0629\",\"title\":\"\\u0645\\u0642\\u0627\\u0644\\u0629 \\u062c\\u062f\\u064a\\u062f\\u0629\",\"type\":\"recent\",\"number_display\":4}','2026-05-28 19:05:23','2026-05-28 19:05:24'),(25,'Theme\\Amerce\\Widgets\\BlogTagsWidget','blog_sidebar','amerce-ar',4,'{\"name\":\"\\u0628\\u0637\\u0627\\u0642\\u0629\",\"title\":\"\\u0627\\u0644\\u0639\\u0644\\u0627\\u0645\\u0627\\u062a \\u0627\\u0644\\u0634\\u0639\\u0628\\u064a\\u0629\",\"number_display\":11}','2026-05-28 19:05:23','2026-05-28 19:05:24'),(26,'Theme\\Amerce\\Widgets\\ProductDeliveryInfoWidget','product_details_sidebar','amerce-ar',0,'{\"name\":\"\\u062a\\u0633\\u0644\\u064a\\u0645 \\u0627\\u0644\\u0645\\u0646\\u062a\\u062c \\u0648\\u0625\\u0639\\u0627\\u062f\\u062a\\u0647\",\"estimated_intl\":\"12-26 Days\",\"estimated_intl_label\":\"International\",\"estimated_local\":\"3-6 Days\",\"estimated_local_label\":\"United States\",\"return_within\":\"45 Days\",\"return_text\":\"of purchase. Duties & taxes are non-refundable.\"}','2026-05-28 19:05:23','2026-05-28 19:05:24'),(27,'Theme\\Amerce\\Widgets\\PaymentMethodsWidget','product_details_sidebar','amerce-ar',1,'{\"name\":\"\\u0637\\u0631\\u064a\\u0642\\u0629 \\u0627\\u0644\\u062f\\u0641\\u0639\",\"title\":\"\\u0627\\u0644\\u062e\\u0631\\u0648\\u062c \\u0627\\u0644\\u0622\\u0645\\u0646 \\u0627\\u0644\\u0645\\u0636\\u0645\\u0648\\u0646:\",\"images\":[]}','2026-05-28 19:05:23','2026-05-28 19:05:24'),(28,'Theme\\Amerce\\Widgets\\FooterMenuWidget','footer_company_sidebar','amerce-fr',0,'{\"name\":\"Entreprise\",\"menu_id\":\"footer-company-fr\"}','2026-05-28 19:05:23','2026-05-28 19:05:24'),(29,'Theme\\Amerce\\Widgets\\FooterMenuWidget','footer_customer_sidebar','amerce-fr',0,'{\"name\":\"Client\",\"menu_id\":\"footer-help-fr\"}','2026-05-28 19:05:23','2026-05-28 19:05:24'),(30,'Theme\\Amerce\\Widgets\\BlogAboutMeWidget','blog_sidebar','amerce-fr',0,'{\"name\":\"\\u00c9ditorial am\\u00e9ricain\",\"title\":\"Sur moi\",\"image\":null,\"bio\":\"Style notes, product spotlights, and how we curate the catalog \\u2014 written by the Amerce team.\",\"social_links\":[{\"platform\":\"facebook\",\"url\":\"https:\\/\\/facebook.com\"},{\"platform\":\"instagram\",\"url\":\"https:\\/\\/instagram.com\"},{\"platform\":\"tiktok\",\"url\":\"https:\\/\\/tiktok.com\"}]}','2026-05-28 19:05:23','2026-05-28 19:05:24'),(31,'Theme\\Amerce\\Widgets\\BlogSearchWidget','blog_sidebar','amerce-fr',1,'{\"name\":\"Recherche\",\"placeholder\":\"Search...\"}','2026-05-28 19:05:23','2026-05-28 19:05:24'),(32,'Theme\\Amerce\\Widgets\\BlogCategoriesWidget','blog_sidebar','amerce-fr',2,'{\"name\":\"Cat\\u00e9gorie\",\"title\":\"Cat\\u00e9gorie\",\"display_posts_count\":\"yes\",\"category_ids\":[]}','2026-05-28 19:05:23','2026-05-28 19:05:24'),(33,'Theme\\Amerce\\Widgets\\BlogPostsWidget','blog_sidebar','amerce-fr',3,'{\"name\":\"Nouvel article\",\"title\":\"Nouvel article\",\"type\":\"recent\",\"number_display\":4}','2026-05-28 19:05:23','2026-05-28 19:05:24'),(34,'Theme\\Amerce\\Widgets\\BlogTagsWidget','blog_sidebar','amerce-fr',4,'{\"name\":\"Carte\",\"title\":\"Balises populaires\",\"number_display\":11}','2026-05-28 19:05:23','2026-05-28 19:05:24'),(35,'Theme\\Amerce\\Widgets\\ProductDeliveryInfoWidget','product_details_sidebar','amerce-fr',0,'{\"name\":\"Livraison et retour du produit\",\"estimated_intl\":\"12-26 Days\",\"estimated_intl_label\":\"International\",\"estimated_local\":\"3-6 Days\",\"estimated_local_label\":\"United States\",\"return_within\":\"45 Days\",\"return_text\":\"of purchase. Duties & taxes are non-refundable.\"}','2026-05-28 19:05:23','2026-05-28 19:05:24'),(36,'Theme\\Amerce\\Widgets\\PaymentMethodsWidget','product_details_sidebar','amerce-fr',1,'{\"name\":\"Mode de paiement\",\"title\":\"Paiement s\\u00e9curis\\u00e9 garanti\\u00a0:\",\"images\":[]}','2026-05-28 19:05:23','2026-05-28 19:05:24'),(37,'Theme\\Amerce\\Widgets\\FooterMenuWidget','footer_company_sidebar','amerce-id',0,'{\"name\":\"Perusahaan\",\"menu_id\":\"footer-company-id\"}','2026-05-28 19:05:23','2026-05-28 19:05:24'),(38,'Theme\\Amerce\\Widgets\\FooterMenuWidget','footer_customer_sidebar','amerce-id',0,'{\"name\":\"Pelanggan\",\"menu_id\":\"footer-help-id\"}','2026-05-28 19:05:23','2026-05-28 19:05:24'),(39,'Theme\\Amerce\\Widgets\\BlogAboutMeWidget','blog_sidebar','amerce-id',0,'{\"name\":\"Editorial Amerika\",\"title\":\"Tentang Saya\",\"image\":null,\"bio\":\"Style notes, product spotlights, and how we curate the catalog \\u2014 written by the Amerce team.\",\"social_links\":[{\"platform\":\"facebook\",\"url\":\"https:\\/\\/facebook.com\"},{\"platform\":\"instagram\",\"url\":\"https:\\/\\/instagram.com\"},{\"platform\":\"tiktok\",\"url\":\"https:\\/\\/tiktok.com\"}]}','2026-05-28 19:05:23','2026-05-28 19:05:24'),(40,'Theme\\Amerce\\Widgets\\BlogSearchWidget','blog_sidebar','amerce-id',1,'{\"name\":\"Mencari\",\"placeholder\":\"Search...\"}','2026-05-28 19:05:23','2026-05-28 19:05:24'),(41,'Theme\\Amerce\\Widgets\\BlogCategoriesWidget','blog_sidebar','amerce-id',2,'{\"name\":\"Kategori\",\"title\":\"Kategori\",\"display_posts_count\":\"yes\",\"category_ids\":[]}','2026-05-28 19:05:23','2026-05-28 19:05:24'),(42,'Theme\\Amerce\\Widgets\\BlogPostsWidget','blog_sidebar','amerce-id',3,'{\"name\":\"Artikel baru\",\"title\":\"Artikel baru\",\"type\":\"recent\",\"number_display\":4}','2026-05-28 19:05:23','2026-05-28 19:05:24'),(43,'Theme\\Amerce\\Widgets\\BlogTagsWidget','blog_sidebar','amerce-id',4,'{\"name\":\"Kartu\",\"title\":\"Tag populer\",\"number_display\":11}','2026-05-28 19:05:23','2026-05-28 19:05:24'),(44,'Theme\\Amerce\\Widgets\\ProductDeliveryInfoWidget','product_details_sidebar','amerce-id',0,'{\"name\":\"Pengiriman & Pengembalian Produk\",\"estimated_intl\":\"12-26 Days\",\"estimated_intl_label\":\"International\",\"estimated_local\":\"3-6 Days\",\"estimated_local_label\":\"United States\",\"return_within\":\"45 Days\",\"return_text\":\"of purchase. Duties & taxes are non-refundable.\"}','2026-05-28 19:05:23','2026-05-28 19:05:24'),(45,'Theme\\Amerce\\Widgets\\PaymentMethodsWidget','product_details_sidebar','amerce-id',1,'{\"name\":\"Metode pembayaran\",\"title\":\"Checkout Aman Terjamin:\",\"images\":[]}','2026-05-28 19:05:23','2026-05-28 19:05:24'),(46,'Theme\\Amerce\\Widgets\\FooterMenuWidget','footer_company_sidebar','amerce-tr',0,'{\"name\":\"\\u015eirket\",\"menu_id\":\"footer-company-tr\"}','2026-05-28 19:05:23','2026-05-28 19:05:24'),(47,'Theme\\Amerce\\Widgets\\FooterMenuWidget','footer_customer_sidebar','amerce-tr',0,'{\"name\":\"M\\u00fc\\u015fteri\",\"menu_id\":\"footer-help-tr\"}','2026-05-28 19:05:23','2026-05-28 19:05:24'),(48,'Theme\\Amerce\\Widgets\\BlogAboutMeWidget','blog_sidebar','amerce-tr',0,'{\"name\":\"Amerce Editoryal\",\"title\":\"Hakk\\u0131mda\",\"image\":null,\"bio\":\"Style notes, product spotlights, and how we curate the catalog \\u2014 written by the Amerce team.\",\"social_links\":[{\"platform\":\"facebook\",\"url\":\"https:\\/\\/facebook.com\"},{\"platform\":\"instagram\",\"url\":\"https:\\/\\/instagram.com\"},{\"platform\":\"tiktok\",\"url\":\"https:\\/\\/tiktok.com\"}]}','2026-05-28 19:05:23','2026-05-28 19:05:24'),(49,'Theme\\Amerce\\Widgets\\BlogSearchWidget','blog_sidebar','amerce-tr',1,'{\"name\":\"Aramak\",\"placeholder\":\"Search...\"}','2026-05-28 19:05:23','2026-05-28 19:05:24'),(50,'Theme\\Amerce\\Widgets\\BlogCategoriesWidget','blog_sidebar','amerce-tr',2,'{\"name\":\"Kategori\",\"title\":\"Kategori\",\"display_posts_count\":\"yes\",\"category_ids\":[]}','2026-05-28 19:05:23','2026-05-28 19:05:24'),(51,'Theme\\Amerce\\Widgets\\BlogPostsWidget','blog_sidebar','amerce-tr',3,'{\"name\":\"Yeni makale\",\"title\":\"Yeni makale\",\"type\":\"recent\",\"number_display\":4}','2026-05-28 19:05:23','2026-05-28 19:05:24'),(52,'Theme\\Amerce\\Widgets\\BlogTagsWidget','blog_sidebar','amerce-tr',4,'{\"name\":\"Kart\",\"title\":\"Pop\\u00fcler etiketler\",\"number_display\":11}','2026-05-28 19:05:23','2026-05-28 19:05:24'),(53,'Theme\\Amerce\\Widgets\\ProductDeliveryInfoWidget','product_details_sidebar','amerce-tr',0,'{\"name\":\"\\u00dcr\\u00fcn Teslimat\\u0131 & \\u0130ade\",\"estimated_intl\":\"12-26 Days\",\"estimated_intl_label\":\"International\",\"estimated_local\":\"3-6 Days\",\"estimated_local_label\":\"United States\",\"return_within\":\"45 Days\",\"return_text\":\"of purchase. Duties & taxes are non-refundable.\"}','2026-05-28 19:05:23','2026-05-28 19:05:24'),(54,'Theme\\Amerce\\Widgets\\PaymentMethodsWidget','product_details_sidebar','amerce-tr',1,'{\"name\":\"\\u00d6deme y\\u00f6ntemi\",\"title\":\"Garantili G\\u00fcvenli \\u00d6deme:\",\"images\":[]}','2026-05-28 19:05:23','2026-05-28 19:05:24');


