--
-- Host: 127.0.0.1    Database: amerce
-- ------------------------------------------------------


--
-- Table structure for table `activations`
--

CREATE TABLE `activations` (
  `id` bigint unsigned NOT NULL AUTO_INCREMENT,
  `user_id` bigint unsigned NOT NULL,
  `code` varchar(120) COLLATE utf8mb4_unicode_ci NOT NULL,
  `completed` tinyint(1) NOT NULL DEFAULT '0',
  `completed_at` timestamp NULL DEFAULT NULL,
  `created_at` timestamp NULL DEFAULT NULL,
  `updated_at` timestamp NULL DEFAULT NULL,
  PRIMARY KEY (`id`),
  KEY `activations_user_id_index` (`user_id`)
) ENGINE=InnoDB AUTO_INCREMENT=2 DEFAULT CHARSET=utf8mb4 COLLATE=utf8mb4_unicode_ci;

--
-- Dumping data for table `activations`
--

INSERT INTO `activations` VALUES (1,1,'ZtsXcWOUHeAFCXrADv2UmXOt50zxZeVs',1,'2026-05-28 19:00:39','2026-05-28 19:00:39','2026-05-28 19:00:39');

--
-- Table structure for table `admin_notifications`
--

CREATE TABLE `admin_notifications` (
  `id` bigint unsigned NOT NULL AUTO_INCREMENT,
  `title` varchar(255) COLLATE utf8mb4_unicode_ci NOT NULL,
  `action_label` varchar(255) COLLATE utf8mb4_unicode_ci DEFAULT NULL,
  `action_url` varchar(255) COLLATE utf8mb4_unicode_ci DEFAULT NULL,
  `description` varchar(400) COLLATE utf8mb4_unicode_ci DEFAULT NULL,
  `read_at` timestamp NULL DEFAULT NULL,
  `created_at` timestamp NULL DEFAULT NULL,
  `updated_at` timestamp NULL DEFAULT NULL,
  `permission` varchar(255) COLLATE utf8mb4_unicode_ci DEFAULT NULL,
  PRIMARY KEY (`id`)
) ENGINE=InnoDB DEFAULT CHARSET=utf8mb4 COLLATE=utf8mb4_unicode_ci;

--
-- Dumping data for table `admin_notifications`
--


--
-- Table structure for table `ads`
--

CREATE TABLE `ads` (
  `id` bigint unsigned NOT NULL AUTO_INCREMENT,
  `name` varchar(255) COLLATE utf8mb4_unicode_ci NOT NULL,
  `expired_at` datetime DEFAULT NULL,
  `location` varchar(120) COLLATE utf8mb4_unicode_ci DEFAULT NULL,
  `key` varchar(120) COLLATE utf8mb4_unicode_ci NOT NULL,
  `image` varchar(255) COLLATE utf8mb4_unicode_ci DEFAULT NULL,
  `url` varchar(255) COLLATE utf8mb4_unicode_ci DEFAULT NULL,
  `clicked` bigint NOT NULL DEFAULT '0',
  `order` int DEFAULT '0',
  `status` varchar(60) COLLATE utf8mb4_unicode_ci NOT NULL DEFAULT 'published',
  `created_at` timestamp NULL DEFAULT NULL,
  `updated_at` timestamp NULL DEFAULT NULL,
  `open_in_new_tab` tinyint(1) NOT NULL DEFAULT '1',
  `tablet_image` varchar(255) COLLATE utf8mb4_unicode_ci DEFAULT NULL,
  `mobile_image` varchar(255) COLLATE utf8mb4_unicode_ci DEFAULT NULL,
  `ads_type` varchar(255) COLLATE utf8mb4_unicode_ci DEFAULT NULL,
  `google_adsense_slot_id` varchar(255) COLLATE utf8mb4_unicode_ci DEFAULT NULL,
  PRIMARY KEY (`id`),
  UNIQUE KEY `ads_key_unique` (`key`)
) ENGINE=InnoDB DEFAULT CHARSET=utf8mb4 COLLATE=utf8mb4_unicode_ci;

--
-- Dumping data for table `ads`
--


--
-- Table structure for table `ads_translations`
--

CREATE TABLE `ads_translations` (
  `lang_code` varchar(255) COLLATE utf8mb4_unicode_ci NOT NULL,
  `ads_id` bigint unsigned NOT NULL,
  `name` varchar(255) COLLATE utf8mb4_unicode_ci DEFAULT NULL,
  `image` varchar(255) COLLATE utf8mb4_unicode_ci DEFAULT NULL,
  `url` varchar(255) COLLATE utf8mb4_unicode_ci DEFAULT NULL,
  `tablet_image` varchar(255) COLLATE utf8mb4_unicode_ci DEFAULT NULL,
  `mobile_image` varchar(255) COLLATE utf8mb4_unicode_ci DEFAULT NULL,
  PRIMARY KEY (`lang_code`,`ads_id`)
) ENGINE=InnoDB DEFAULT CHARSET=utf8mb4 COLLATE=utf8mb4_unicode_ci;

--
-- Dumping data for table `ads_translations`
--


--
-- Table structure for table `announcements`
--

CREATE TABLE `announcements` (
  `id` bigint unsigned NOT NULL AUTO_INCREMENT,
  `name` varchar(255) COLLATE utf8mb4_unicode_ci NOT NULL,
  `content` text COLLATE utf8mb4_unicode_ci NOT NULL,
  `has_action` tinyint(1) NOT NULL DEFAULT '0',
  `action_label` varchar(60) COLLATE utf8mb4_unicode_ci DEFAULT NULL,
  `action_url` varchar(400) COLLATE utf8mb4_unicode_ci DEFAULT NULL,
  `action_open_new_tab` tinyint(1) NOT NULL DEFAULT '0',
  `dismissible` tinyint(1) NOT NULL DEFAULT '0',
  `start_date` datetime DEFAULT NULL,
  `end_date` datetime DEFAULT NULL,
  `is_active` tinyint(1) NOT NULL DEFAULT '1',
  `created_at` timestamp NULL DEFAULT NULL,
  `updated_at` timestamp NULL DEFAULT NULL,
  PRIMARY KEY (`id`)
) ENGINE=InnoDB DEFAULT CHARSET=utf8mb4 COLLATE=utf8mb4_unicode_ci;

--
-- Dumping data for table `announcements`
--


--
-- Table structure for table `announcements_translations`
--

CREATE TABLE `announcements_translations` (
  `lang_code` varchar(255) COLLATE utf8mb4_unicode_ci NOT NULL,
  `announcements_id` bigint unsigned NOT NULL,
  `content` text COLLATE utf8mb4_unicode_ci,
  `action_label` varchar(60) COLLATE utf8mb4_unicode_ci DEFAULT NULL,
  PRIMARY KEY (`lang_code`,`announcements_id`)
) ENGINE=InnoDB DEFAULT CHARSET=utf8mb4 COLLATE=utf8mb4_unicode_ci;

--
-- Dumping data for table `announcements_translations`
--


--
-- Table structure for table `audit_histories`
--

CREATE TABLE `audit_histories` (
  `id` bigint unsigned NOT NULL AUTO_INCREMENT,
  `user_id` bigint unsigned NOT NULL,
  `user_type` varchar(255) COLLATE utf8mb4_unicode_ci DEFAULT 'Botble\\ACL\\Models\\User',
  `module` varchar(60) COLLATE utf8mb4_unicode_ci NOT NULL,
  `request` longtext COLLATE utf8mb4_unicode_ci,
  `action` varchar(120) COLLATE utf8mb4_unicode_ci NOT NULL,
  `user_agent` text COLLATE utf8mb4_unicode_ci,
  `ip_address` varchar(45) COLLATE utf8mb4_unicode_ci DEFAULT NULL,
  `actor_id` bigint unsigned NOT NULL,
  `actor_type` varchar(255) COLLATE utf8mb4_unicode_ci DEFAULT 'Botble\\ACL\\Models\\User',
  `reference_id` bigint unsigned NOT NULL,
  `reference_name` varchar(255) COLLATE utf8mb4_unicode_ci NOT NULL,
  `type` varchar(20) COLLATE utf8mb4_unicode_ci NOT NULL,
  `created_at` timestamp NULL DEFAULT NULL,
  `updated_at` timestamp NULL DEFAULT NULL,
  PRIMARY KEY (`id`),
  KEY `audit_histories_user_id_index` (`user_id`),
  KEY `audit_histories_module_index` (`module`)
) ENGINE=InnoDB DEFAULT CHARSET=utf8mb4 COLLATE=utf8mb4_unicode_ci;

--
-- Dumping data for table `audit_histories`
--


--
-- Table structure for table `cache`
--

CREATE TABLE `cache` (
  `key` varchar(255) COLLATE utf8mb4_unicode_ci NOT NULL,
  `value` mediumtext COLLATE utf8mb4_unicode_ci NOT NULL,
  `expiration` bigint NOT NULL,
  PRIMARY KEY (`key`),
  KEY `cache_expiration_index` (`expiration`)
) ENGINE=InnoDB DEFAULT CHARSET=utf8mb4 COLLATE=utf8mb4_unicode_ci;

--
-- Dumping data for table `cache`
--


--
-- Table structure for table `cache_locks`
--

CREATE TABLE `cache_locks` (
  `key` varchar(255) COLLATE utf8mb4_unicode_ci NOT NULL,
  `owner` varchar(255) COLLATE utf8mb4_unicode_ci NOT NULL,
  `expiration` bigint NOT NULL,
  PRIMARY KEY (`key`),
  KEY `cache_locks_expiration_index` (`expiration`)
) ENGINE=InnoDB DEFAULT CHARSET=utf8mb4 COLLATE=utf8mb4_unicode_ci;

--
-- Dumping data for table `cache_locks`
--


--
-- Table structure for table `categories`
--

CREATE TABLE `categories` (
  `id` bigint unsigned NOT NULL AUTO_INCREMENT,
  `name` varchar(120) COLLATE utf8mb4_unicode_ci NOT NULL,
  `parent_id` bigint unsigned NOT NULL DEFAULT '0',
  `description` text COLLATE utf8mb4_unicode_ci,
  `status` varchar(60) COLLATE utf8mb4_unicode_ci NOT NULL DEFAULT 'published',
  `author_id` bigint unsigned DEFAULT NULL,
  `author_type` varchar(255) COLLATE utf8mb4_unicode_ci NOT NULL DEFAULT 'Botble\\ACL\\Models\\User',
  `icon` varchar(60) COLLATE utf8mb4_unicode_ci DEFAULT NULL,
  `order` int unsigned NOT NULL DEFAULT '0',
  `is_featured` tinyint NOT NULL DEFAULT '0',
  `is_default` tinyint unsigned NOT NULL DEFAULT '0',
  `created_at` timestamp NULL DEFAULT NULL,
  `updated_at` timestamp NULL DEFAULT NULL,
  PRIMARY KEY (`id`),
  KEY `categories_parent_id_index` (`parent_id`),
  KEY `categories_status_index` (`status`),
  KEY `categories_created_at_index` (`created_at`)
) ENGINE=InnoDB AUTO_INCREMENT=6 DEFAULT CHARSET=utf8mb4 COLLATE=utf8mb4_unicode_ci;

--
-- Dumping data for table `categories`
--

INSERT INTO `categories` VALUES (1,'Safety',0,'OSHA standards, PPE selection, and habits that prevent jobsite injuries.','published',1,'Botble\\ACL\\Models\\User',NULL,0,0,1,'2026-05-28 19:00:40','2026-05-28 19:00:40'),(2,'Tools &amp; Equipment',0,'In-depth reviews and care guides for the tools you rely on every day.','published',1,'Botble\\ACL\\Models\\User',NULL,0,1,0,'2026-05-28 19:00:40','2026-05-28 19:00:40'),(3,'Techniques',0,'Trade-tested methods for cutting, drilling, fastening, and finishing.','published',1,'Botble\\ACL\\Models\\User',NULL,0,1,0,'2026-05-28 19:00:40','2026-05-28 19:00:40'),(4,'Project Guides',0,'Step-by-step walkthroughs for common construction and remodel projects.','published',1,'Botble\\ACL\\Models\\User',NULL,0,1,0,'2026-05-28 19:00:40','2026-05-28 19:00:40'),(5,'Trade News',0,'Industry updates, code changes, and material trends for the trades.','published',1,'Botble\\ACL\\Models\\User',NULL,0,1,0,'2026-05-28 19:00:40','2026-05-28 19:00:40');

--
-- Table structure for table `categories_translations`
--

CREATE TABLE `categories_translations` (
  `lang_code` varchar(20) COLLATE utf8mb4_unicode_ci NOT NULL,
  `categories_id` bigint unsigned NOT NULL,
  `name` varchar(255) COLLATE utf8mb4_unicode_ci DEFAULT NULL,
  `description` text COLLATE utf8mb4_unicode_ci,
  PRIMARY KEY (`lang_code`,`categories_id`),
  KEY `idx_categories_trans_categories_id` (`categories_id`),
  KEY `idx_categories_trans_category_lang` (`categories_id`,`lang_code`)
) ENGINE=InnoDB DEFAULT CHARSET=utf8mb4 COLLATE=utf8mb4_unicode_ci;

--
-- Dumping data for table `categories_translations`
--


--
-- Table structure for table `cities`
--

CREATE TABLE `cities` (
  `id` bigint unsigned NOT NULL AUTO_INCREMENT,
  `name` varchar(120) COLLATE utf8mb4_unicode_ci NOT NULL,
  `slug` varchar(120) COLLATE utf8mb4_unicode_ci DEFAULT NULL,
  `state_id` bigint unsigned DEFAULT NULL,
  `country_id` bigint unsigned DEFAULT NULL,
  `record_id` varchar(40) COLLATE utf8mb4_unicode_ci DEFAULT NULL,
  `order` tinyint NOT NULL DEFAULT '0',
  `image` varchar(255) COLLATE utf8mb4_unicode_ci DEFAULT NULL,
  `is_default` tinyint unsigned NOT NULL DEFAULT '0',
  `status` varchar(60) COLLATE utf8mb4_unicode_ci NOT NULL DEFAULT 'published',
  `created_at` timestamp NULL DEFAULT NULL,
  `updated_at` timestamp NULL DEFAULT NULL,
  `zip_code` varchar(20) COLLATE utf8mb4_unicode_ci DEFAULT NULL,
  PRIMARY KEY (`id`),
  UNIQUE KEY `cities_slug_unique` (`slug`),
  KEY `idx_cities_name` (`name`),
  KEY `idx_cities_state_status` (`state_id`,`status`),
  KEY `idx_cities_status` (`status`),
  KEY `idx_cities_state_id` (`state_id`)
) ENGINE=InnoDB DEFAULT CHARSET=utf8mb4 COLLATE=utf8mb4_unicode_ci;

--
-- Dumping data for table `cities`
--


--
-- Table structure for table `cities_translations`
--

CREATE TABLE `cities_translations` (
  `lang_code` varchar(20) COLLATE utf8mb4_unicode_ci NOT NULL,
  `cities_id` bigint unsigned NOT NULL,
  `name` varchar(120) COLLATE utf8mb4_unicode_ci DEFAULT NULL,
  `slug` varchar(120) COLLATE utf8mb4_unicode_ci DEFAULT NULL,
  PRIMARY KEY (`lang_code`,`cities_id`),
  KEY `idx_cities_trans_city_lang` (`cities_id`,`lang_code`),
  KEY `idx_cities_trans_name` (`name`),
  KEY `idx_cities_trans_cities_id` (`cities_id`)
) ENGINE=InnoDB DEFAULT CHARSET=utf8mb4 COLLATE=utf8mb4_unicode_ci;

--
-- Dumping data for table `cities_translations`
--


--
-- Table structure for table `contact_custom_field_options`
--

CREATE TABLE `contact_custom_field_options` (
  `id` bigint unsigned NOT NULL AUTO_INCREMENT,
  `custom_field_id` bigint unsigned NOT NULL,
  `label` varchar(255) COLLATE utf8mb4_unicode_ci DEFAULT NULL,
  `value` varchar(255) COLLATE utf8mb4_unicode_ci NOT NULL,
  `order` int NOT NULL DEFAULT '999',
  `created_at` timestamp NULL DEFAULT NULL,
  `updated_at` timestamp NULL DEFAULT NULL,
  PRIMARY KEY (`id`)
) ENGINE=InnoDB DEFAULT CHARSET=utf8mb4 COLLATE=utf8mb4_unicode_ci;

--
-- Dumping data for table `contact_custom_field_options`
--


--
-- Table structure for table `contact_custom_field_options_translations`
--

CREATE TABLE `contact_custom_field_options_translations` (
  `contact_custom_field_options_id` bigint unsigned NOT NULL,
  `lang_code` varchar(255) COLLATE utf8mb4_unicode_ci NOT NULL,
  `label` varchar(255) COLLATE utf8mb4_unicode_ci DEFAULT NULL,
  `value` varchar(255) COLLATE utf8mb4_unicode_ci DEFAULT NULL,
  PRIMARY KEY (`lang_code`,`contact_custom_field_options_id`),
  KEY `idx_contact_cfo_trans_cfo_id` (`contact_custom_field_options_id`),
  KEY `idx_contact_cfo_trans_cfo_lang` (`contact_custom_field_options_id`,`lang_code`)
) ENGINE=InnoDB DEFAULT CHARSET=utf8mb4 COLLATE=utf8mb4_unicode_ci;

--
-- Dumping data for table `contact_custom_field_options_translations`
--


--
-- Table structure for table `contact_custom_fields`
--

CREATE TABLE `contact_custom_fields` (
  `id` bigint unsigned NOT NULL AUTO_INCREMENT,
  `type` varchar(255) COLLATE utf8mb4_unicode_ci NOT NULL,
  `required` tinyint(1) NOT NULL DEFAULT '0',
  `name` varchar(255) COLLATE utf8mb4_unicode_ci NOT NULL,
  `placeholder` varchar(255) COLLATE utf8mb4_unicode_ci DEFAULT NULL,
  `order` int NOT NULL DEFAULT '999',
  `status` varchar(255) COLLATE utf8mb4_unicode_ci NOT NULL DEFAULT 'published',
  `created_at` timestamp NULL DEFAULT NULL,
  `updated_at` timestamp NULL DEFAULT NULL,
  PRIMARY KEY (`id`)
) ENGINE=InnoDB DEFAULT CHARSET=utf8mb4 COLLATE=utf8mb4_unicode_ci;

--
-- Dumping data for table `contact_custom_fields`
--


--
-- Table structure for table `contact_custom_fields_translations`
--

CREATE TABLE `contact_custom_fields_translations` (
  `contact_custom_fields_id` bigint unsigned NOT NULL,
  `lang_code` varchar(255) COLLATE utf8mb4_unicode_ci NOT NULL,
  `name` varchar(255) COLLATE utf8mb4_unicode_ci DEFAULT NULL,
  `placeholder` varchar(255) COLLATE utf8mb4_unicode_ci DEFAULT NULL,
  PRIMARY KEY (`lang_code`,`contact_custom_fields_id`),
  KEY `idx_contact_cf_trans_cf_id` (`contact_custom_fields_id`),
  KEY `idx_contact_cf_trans_cf_lang` (`contact_custom_fields_id`,`lang_code`)
) ENGINE=InnoDB DEFAULT CHARSET=utf8mb4 COLLATE=utf8mb4_unicode_ci;

--
-- Dumping data for table `contact_custom_fields_translations`
--


--
-- Table structure for table `contact_replies`
--

CREATE TABLE `contact_replies` (
  `id` bigint unsigned NOT NULL AUTO_INCREMENT,
  `message` longtext COLLATE utf8mb4_unicode_ci NOT NULL,
  `contact_id` bigint unsigned NOT NULL,
  `created_at` timestamp NULL DEFAULT NULL,
  `updated_at` timestamp NULL DEFAULT NULL,
  PRIMARY KEY (`id`)
) ENGINE=InnoDB DEFAULT CHARSET=utf8mb4 COLLATE=utf8mb4_unicode_ci;

--
-- Dumping data for table `contact_replies`
--


--
-- Table structure for table `contacts`
--

CREATE TABLE `contacts` (
  `id` bigint unsigned NOT NULL AUTO_INCREMENT,
  `name` varchar(60) COLLATE utf8mb4_unicode_ci NOT NULL,
  `email` varchar(60) COLLATE utf8mb4_unicode_ci DEFAULT NULL,
  `phone` varchar(60) COLLATE utf8mb4_unicode_ci DEFAULT NULL,
  `address` varchar(120) COLLATE utf8mb4_unicode_ci DEFAULT NULL,
  `subject` varchar(120) COLLATE utf8mb4_unicode_ci DEFAULT NULL,
  `content` longtext COLLATE utf8mb4_unicode_ci NOT NULL,
  `custom_fields` text COLLATE utf8mb4_unicode_ci,
  `status` varchar(60) COLLATE utf8mb4_unicode_ci NOT NULL DEFAULT 'unread',
  `created_at` timestamp NULL DEFAULT NULL,
  `updated_at` timestamp NULL DEFAULT NULL,
  PRIMARY KEY (`id`)
) ENGINE=InnoDB AUTO_INCREMENT=4 DEFAULT CHARSET=utf8mb4 COLLATE=utf8mb4_unicode_ci;

--
-- Dumping data for table `contacts`
--

INSERT INTO `contacts` VALUES (1,'Sophia Bennett','sophia.bennett@example.com','+1-415-555-0142','124 Folsom Street, San Francisco, CA','Question about international shipping rates','Hi team — could you tell me whether you ship to Singapore and what the typical delivery window is for the spring outerwear collection? Many thanks.',NULL,'read','2026-05-28 19:00:39','2026-05-28 19:00:39'),(2,'Marcus Tan','marcus.tan@example.com','+44-20-7946-0312','47 Hatton Garden, London EC1N','Wholesale enquiry — boutique partnership','Good morning. I run a curated mens boutique in central London. We would love to discuss stocking a small selection of your accessories range. Could you send over your wholesale lookbook and minimum order quantities?',NULL,'unread','2026-05-28 19:00:39','2026-05-28 19:00:39'),(3,'Elena Rodriguez','elena.rodriguez@example.com','+34-93-555-0188','Carrer de Mallorca 287, Barcelona','Order #AM-10458 — color confirmation','Could you confirm the exact shade of the walnut side table I ordered last week? I want to make sure it matches the rest of my living room before it ships.',NULL,'read','2026-05-28 19:00:39','2026-05-28 19:00:39');

--
-- Table structure for table `countries`
--

CREATE TABLE `countries` (
  `id` bigint unsigned NOT NULL AUTO_INCREMENT,
  `name` varchar(120) COLLATE utf8mb4_unicode_ci NOT NULL,
  `nationality` varchar(120) COLLATE utf8mb4_unicode_ci DEFAULT NULL,
  `order` tinyint NOT NULL DEFAULT '0',
  `image` varchar(255) COLLATE utf8mb4_unicode_ci DEFAULT NULL,
  `is_default` tinyint unsigned NOT NULL DEFAULT '0',
  `status` varchar(60) COLLATE utf8mb4_unicode_ci NOT NULL DEFAULT 'published',
  `created_at` timestamp NULL DEFAULT NULL,
  `updated_at` timestamp NULL DEFAULT NULL,
  `code` varchar(10) COLLATE utf8mb4_unicode_ci DEFAULT NULL,
  PRIMARY KEY (`id`),
  KEY `idx_countries_name` (`name`),
  KEY `idx_countries_status` (`status`)
) ENGINE=InnoDB DEFAULT CHARSET=utf8mb4 COLLATE=utf8mb4_unicode_ci;

--
-- Dumping data for table `countries`
--


--
-- Table structure for table `countries_translations`
--

CREATE TABLE `countries_translations` (
  `lang_code` varchar(20) COLLATE utf8mb4_unicode_ci NOT NULL,
  `countries_id` bigint unsigned NOT NULL,
  `name` varchar(120) COLLATE utf8mb4_unicode_ci DEFAULT NULL,
  `nationality` varchar(120) COLLATE utf8mb4_unicode_ci DEFAULT NULL,
  PRIMARY KEY (`lang_code`,`countries_id`),
  KEY `idx_countries_trans_country_lang` (`countries_id`,`lang_code`),
  KEY `idx_countries_trans_name` (`name`),
  KEY `idx_countries_trans_countries_id` (`countries_id`)
) ENGINE=InnoDB DEFAULT CHARSET=utf8mb4 COLLATE=utf8mb4_unicode_ci;

--
-- Dumping data for table `countries_translations`
--


--
-- Table structure for table `dashboard_widget_settings`
--

CREATE TABLE `dashboard_widget_settings` (
  `id` bigint unsigned NOT NULL AUTO_INCREMENT,
  `settings` text COLLATE utf8mb4_unicode_ci,
  `user_id` bigint unsigned NOT NULL,
  `widget_id` bigint unsigned NOT NULL,
  `order` tinyint unsigned NOT NULL DEFAULT '0',
  `status` tinyint unsigned NOT NULL DEFAULT '1',
  `created_at` timestamp NULL DEFAULT NULL,
  `updated_at` timestamp NULL DEFAULT NULL,
  PRIMARY KEY (`id`),
  KEY `dashboard_widget_settings_user_id_index` (`user_id`),
  KEY `dashboard_widget_settings_widget_id_index` (`widget_id`)
) ENGINE=InnoDB DEFAULT CHARSET=utf8mb4 COLLATE=utf8mb4_unicode_ci;

--
-- Dumping data for table `dashboard_widget_settings`
--


--
-- Table structure for table `dashboard_widgets`
--

CREATE TABLE `dashboard_widgets` (
  `id` bigint unsigned NOT NULL AUTO_INCREMENT,
  `name` varchar(120) COLLATE utf8mb4_unicode_ci NOT NULL,
  `created_at` timestamp NULL DEFAULT NULL,
  `updated_at` timestamp NULL DEFAULT NULL,
  PRIMARY KEY (`id`)
) ENGINE=InnoDB DEFAULT CHARSET=utf8mb4 COLLATE=utf8mb4_unicode_ci;

--
-- Dumping data for table `dashboard_widgets`
--


--
-- Table structure for table `device_tokens`
--

CREATE TABLE `device_tokens` (
  `id` bigint unsigned NOT NULL AUTO_INCREMENT,
  `token` varchar(255) COLLATE utf8mb4_unicode_ci NOT NULL,
  `platform` varchar(255) COLLATE utf8mb4_unicode_ci DEFAULT NULL,
  `app_version` varchar(255) COLLATE utf8mb4_unicode_ci DEFAULT NULL,
  `device_id` varchar(255) COLLATE utf8mb4_unicode_ci DEFAULT NULL,
  `user_type` varchar(255) COLLATE utf8mb4_unicode_ci DEFAULT NULL,
  `user_id` bigint unsigned DEFAULT NULL,
  `is_active` tinyint(1) NOT NULL DEFAULT '1',
  `last_used_at` timestamp NULL DEFAULT NULL,
  `created_at` timestamp NULL DEFAULT NULL,
  `updated_at` timestamp NULL DEFAULT NULL,
  PRIMARY KEY (`id`),
  UNIQUE KEY `device_tokens_token_unique` (`token`),
  KEY `device_tokens_user_type_user_id_index` (`user_type`,`user_id`),
  KEY `device_tokens_platform_is_active_index` (`platform`,`is_active`),
  KEY `device_tokens_is_active_index` (`is_active`)
) ENGINE=InnoDB DEFAULT CHARSET=utf8mb4 COLLATE=utf8mb4_unicode_ci;

--
-- Dumping data for table `device_tokens`
--


--
-- Table structure for table `ec_abandoned_carts`
--

CREATE TABLE `ec_abandoned_carts` (
  `id` bigint unsigned NOT NULL AUTO_INCREMENT,
  `customer_id` bigint unsigned DEFAULT NULL,
  `session_id` varchar(255) COLLATE utf8mb4_unicode_ci DEFAULT NULL,
  `cart_data` json NOT NULL,
  `total_amount` decimal(15,2) NOT NULL DEFAULT '0.00',
  `items_count` int NOT NULL DEFAULT '0',
  `email` varchar(255) COLLATE utf8mb4_unicode_ci DEFAULT NULL,
  `phone` varchar(255) COLLATE utf8mb4_unicode_ci DEFAULT NULL,
  `customer_name` varchar(255) COLLATE utf8mb4_unicode_ci DEFAULT NULL,
  `abandoned_at` timestamp NULL DEFAULT NULL,
  `reminder_sent_at` timestamp NULL DEFAULT NULL,
  `reminders_sent` int NOT NULL DEFAULT '0',
  `last_email_sequence` tinyint unsigned NOT NULL DEFAULT '0',
  `recovery_token` varchar(64) COLLATE utf8mb4_unicode_ci DEFAULT NULL,
  `coupon_code` varchar(32) COLLATE utf8mb4_unicode_ci DEFAULT NULL,
  `clicked_at` timestamp NULL DEFAULT NULL,
  `unsubscribe_token` varchar(64) COLLATE utf8mb4_unicode_ci DEFAULT NULL,
  `unsubscribed_at` timestamp NULL DEFAULT NULL,
  `is_recovered` tinyint(1) NOT NULL DEFAULT '0',
  `recovered_at` timestamp NULL DEFAULT NULL,
  `recovered_order_id` bigint unsigned DEFAULT NULL,
  `created_at` timestamp NULL DEFAULT NULL,
  `updated_at` timestamp NULL DEFAULT NULL,
  PRIMARY KEY (`id`),
  UNIQUE KEY `ec_abandoned_carts_recovery_token_unique` (`recovery_token`),
  UNIQUE KEY `ec_abandoned_carts_unsubscribe_token_unique` (`unsubscribe_token`),
  KEY `ec_abandoned_carts_abandoned_at_is_recovered_index` (`abandoned_at`,`is_recovered`),
  KEY `ec_abandoned_carts_created_at_is_recovered_index` (`created_at`,`is_recovered`),
  KEY `ec_abandoned_carts_customer_id_index` (`customer_id`),
  KEY `ec_abandoned_carts_session_id_index` (`session_id`),
  KEY `ec_abandoned_carts_email_index` (`email`),
  KEY `ec_abandoned_carts_recovered_order_id_index` (`recovered_order_id`)
) ENGINE=InnoDB DEFAULT CHARSET=utf8mb4 COLLATE=utf8mb4_unicode_ci;

--
-- Dumping data for table `ec_abandoned_carts`
--


--
-- Table structure for table `ec_brands`
--

CREATE TABLE `ec_brands` (
  `id` bigint unsigned NOT NULL AUTO_INCREMENT,
  `name` varchar(255) COLLATE utf8mb4_unicode_ci NOT NULL,
  `description` mediumtext COLLATE utf8mb4_unicode_ci,
  `website` varchar(255) COLLATE utf8mb4_unicode_ci DEFAULT NULL,
  `logo` varchar(255) COLLATE utf8mb4_unicode_ci DEFAULT NULL,
  `status` varchar(60) COLLATE utf8mb4_unicode_ci NOT NULL DEFAULT 'published',
  `order` tinyint unsigned NOT NULL DEFAULT '0',
  `is_featured` tinyint unsigned NOT NULL DEFAULT '0',
  `created_at` timestamp NULL DEFAULT NULL,
  `updated_at` timestamp NULL DEFAULT NULL,
  PRIMARY KEY (`id`)
) ENGINE=InnoDB AUTO_INCREMENT=8 DEFAULT CHARSET=utf8mb4 COLLATE=utf8mb4_unicode_ci;

--
-- Dumping data for table `ec_brands`
--

INSERT INTO `ec_brands` VALUES (1,'Bohome','Construction supplies and fasteners trusted by trade professionals.','https://example.com/bohome','brands/bohome.png','published',0,1,'2026-05-28 19:00:41','2026-05-28 19:00:41'),(2,'Living','Safety gear and PPE that meets the toughest workplace standards.','https://example.com/living','brands/living.png','published',1,1,'2026-05-28 19:00:41','2026-05-28 19:00:41'),(3,'West Elm','Durable workshop essentials selected for modern builders.','https://example.com/west-elm','brands/west-elm.png','published',2,1,'2026-05-28 19:00:41','2026-05-28 19:00:41'),(4,'Anthro','Industrial-grade power tools engineered for daily jobsite use.','https://example.com/anthro','brands/anthro.png','published',3,1,'2026-05-28 19:00:41','2026-05-28 19:00:41'),(5,'Stanza','Precision measuring instruments for builders and contractors.','https://example.com/stanza','brands/stanza-2.png','published',4,0,'2026-05-28 19:00:42','2026-05-28 19:00:42'),(6,'Urban','Cutting and drilling consumables sourced for trade reliability.','https://example.com/urban','brands/urban.png','published',5,0,'2026-05-28 19:00:42','2026-05-28 19:00:42'),(7,'Crate','Heavy-duty hand tools and tool storage built to last.','https://example.com/crate','brands/crate.png','published',6,0,'2026-05-28 19:00:42','2026-05-28 19:00:42');

--
-- Table structure for table `ec_brands_translations`
--

CREATE TABLE `ec_brands_translations` (
  `lang_code` varchar(255) COLLATE utf8mb4_unicode_ci NOT NULL,
  `ec_brands_id` bigint unsigned NOT NULL,
  `name` varchar(255) COLLATE utf8mb4_unicode_ci DEFAULT NULL,
  `description` mediumtext COLLATE utf8mb4_unicode_ci,
  PRIMARY KEY (`lang_code`,`ec_brands_id`),
  KEY `idx_brands_fk` (`ec_brands_id`),
  KEY `idx_brands_brands_lang` (`ec_brands_id`,`lang_code`)
) ENGINE=InnoDB DEFAULT CHARSET=utf8mb4 COLLATE=utf8mb4_unicode_ci;

--
-- Dumping data for table `ec_brands_translations`
--


--
-- Table structure for table `ec_cart`
--

CREATE TABLE `ec_cart` (
  `identifier` varchar(60) COLLATE utf8mb4_unicode_ci NOT NULL,
  `instance` varchar(60) COLLATE utf8mb4_unicode_ci NOT NULL,
  `customer_id` bigint unsigned DEFAULT NULL,
  `content` longtext COLLATE utf8mb4_unicode_ci NOT NULL,
  `created_at` timestamp NULL DEFAULT NULL,
  `updated_at` timestamp NULL DEFAULT NULL,
  PRIMARY KEY (`identifier`,`instance`),
  KEY `ec_cart_customer_instance_index` (`customer_id`,`instance`)
) ENGINE=InnoDB DEFAULT CHARSET=utf8mb4 COLLATE=utf8mb4_unicode_ci;

--
-- Dumping data for table `ec_cart`
--


--
-- Table structure for table `ec_currencies`
--

CREATE TABLE `ec_currencies` (
  `id` bigint unsigned NOT NULL AUTO_INCREMENT,
  `title` varchar(255) COLLATE utf8mb4_unicode_ci NOT NULL,
  `symbol` varchar(10) COLLATE utf8mb4_unicode_ci NOT NULL,
  `is_prefix_symbol` tinyint unsigned NOT NULL DEFAULT '0',
  `decimals` tinyint unsigned DEFAULT '0',
  `number_format_style` varchar(50) COLLATE utf8mb4_unicode_ci NOT NULL DEFAULT 'western',
  `space_between_price_and_currency` tinyint(1) NOT NULL DEFAULT '0',
  `order` int unsigned DEFAULT '0',
  `is_default` tinyint NOT NULL DEFAULT '0',
  `exchange_rate` double NOT NULL DEFAULT '1',
  `created_at` timestamp NULL DEFAULT NULL,
  `updated_at` timestamp NULL DEFAULT NULL,
  PRIMARY KEY (`id`)
) ENGINE=InnoDB AUTO_INCREMENT=5 DEFAULT CHARSET=utf8mb4 COLLATE=utf8mb4_unicode_ci;

--
-- Dumping data for table `ec_currencies`
--

INSERT INTO `ec_currencies` VALUES (1,'USD','$',1,2,'western',0,0,1,1,'2026-05-28 19:00:39','2026-05-28 19:00:39'),(2,'EUR','€',0,2,'western',0,1,0,0.84,'2026-05-28 19:00:39','2026-05-28 19:00:39'),(3,'VND','₫',0,0,'western',0,2,0,23203,'2026-05-28 19:00:39','2026-05-28 19:00:39'),(4,'NGN','₦',1,2,'western',0,2,0,895.52,'2026-05-28 19:00:39','2026-05-28 19:00:39');

--
-- Table structure for table `ec_customer_addresses`
--

CREATE TABLE `ec_customer_addresses` (
  `id` bigint unsigned NOT NULL AUTO_INCREMENT,
  `name` varchar(255) COLLATE utf8mb4_unicode_ci NOT NULL,
  `email` varchar(60) COLLATE utf8mb4_unicode_ci DEFAULT NULL,
  `phone` varchar(20) COLLATE utf8mb4_unicode_ci DEFAULT NULL,
  `country` varchar(120) COLLATE utf8mb4_unicode_ci DEFAULT NULL,
  `state` varchar(120) COLLATE utf8mb4_unicode_ci DEFAULT NULL,
  `city` varchar(120) COLLATE utf8mb4_unicode_ci DEFAULT NULL,
  `address` varchar(255) COLLATE utf8mb4_unicode_ci DEFAULT NULL,
  `customer_id` bigint unsigned NOT NULL,
  `is_default` tinyint unsigned NOT NULL DEFAULT '0',
  `created_at` timestamp NULL DEFAULT NULL,
  `updated_at` timestamp NULL DEFAULT NULL,
  `zip_code` varchar(20) COLLATE utf8mb4_unicode_ci DEFAULT NULL,
  PRIMARY KEY (`id`)
) ENGINE=InnoDB DEFAULT CHARSET=utf8mb4 COLLATE=utf8mb4_unicode_ci;

--
-- Dumping data for table `ec_customer_addresses`
--


--
-- Table structure for table `ec_customer_deletion_requests`
--

CREATE TABLE `ec_customer_deletion_requests` (
  `id` bigint unsigned NOT NULL AUTO_INCREMENT,
  `customer_id` bigint unsigned NOT NULL,
  `customer_name` varchar(255) COLLATE utf8mb4_unicode_ci DEFAULT NULL,
  `customer_phone` varchar(255) COLLATE utf8mb4_unicode_ci DEFAULT NULL,
  `customer_email` varchar(255) COLLATE utf8mb4_unicode_ci DEFAULT NULL,
  `token` varchar(255) COLLATE utf8mb4_unicode_ci NOT NULL,
  `verification_code` varchar(6) COLLATE utf8mb4_unicode_ci DEFAULT NULL,
  `code_expires_at` timestamp NULL DEFAULT NULL,
  `status` varchar(50) COLLATE utf8mb4_unicode_ci NOT NULL DEFAULT 'waiting_for_confirmation',
  `reason` text COLLATE utf8mb4_unicode_ci,
  `confirmed_at` datetime DEFAULT NULL,
  `created_at` timestamp NULL DEFAULT NULL,
  `updated_at` timestamp NULL DEFAULT NULL,
  PRIMARY KEY (`id`),
  UNIQUE KEY `ec_customer_deletion_requests_token_unique` (`token`)
) ENGINE=InnoDB DEFAULT CHARSET=utf8mb4 COLLATE=utf8mb4_unicode_ci;

--
-- Dumping data for table `ec_customer_deletion_requests`
--


--
-- Table structure for table `ec_customer_password_resets`
--

CREATE TABLE `ec_customer_password_resets` (
  `email` varchar(255) COLLATE utf8mb4_unicode_ci NOT NULL,
  `token` varchar(255) COLLATE utf8mb4_unicode_ci NOT NULL,
  `created_at` timestamp NULL DEFAULT NULL,
  KEY `ec_customer_password_resets_email_index` (`email`),
  KEY `ec_customer_password_resets_token_index` (`token`)
) ENGINE=InnoDB DEFAULT CHARSET=utf8mb4 COLLATE=utf8mb4_unicode_ci;

--
-- Dumping data for table `ec_customer_password_resets`
--


--
-- Table structure for table `ec_customer_recently_viewed_products`
--

CREATE TABLE `ec_customer_recently_viewed_products` (
  `customer_id` bigint unsigned NOT NULL,
  `product_id` bigint unsigned NOT NULL,
  PRIMARY KEY (`customer_id`,`product_id`)
) ENGINE=InnoDB DEFAULT CHARSET=utf8mb4 COLLATE=utf8mb4_unicode_ci;

--
-- Dumping data for table `ec_customer_recently_viewed_products`
--


--
-- Table structure for table `ec_customer_used_coupons`
--

CREATE TABLE `ec_customer_used_coupons` (
  `discount_id` bigint unsigned NOT NULL,
  `customer_id` bigint unsigned NOT NULL,
  PRIMARY KEY (`discount_id`,`customer_id`)
) ENGINE=InnoDB DEFAULT CHARSET=utf8mb4 COLLATE=utf8mb4_unicode_ci;

--
-- Dumping data for table `ec_customer_used_coupons`
--


--
-- Table structure for table `ec_customers`
--

CREATE TABLE `ec_customers` (
  `id` bigint unsigned NOT NULL AUTO_INCREMENT,
  `name` varchar(255) COLLATE utf8mb4_unicode_ci NOT NULL,
  `email` varchar(255) COLLATE utf8mb4_unicode_ci DEFAULT NULL,
  `password` varchar(255) COLLATE utf8mb4_unicode_ci NOT NULL,
  `avatar` varchar(255) COLLATE utf8mb4_unicode_ci DEFAULT NULL,
  `dob` date DEFAULT NULL,
  `tax_class` varchar(50) COLLATE utf8mb4_unicode_ci NOT NULL DEFAULT 'regular',
  `tax_id` varchar(191) COLLATE utf8mb4_unicode_ci DEFAULT NULL,
  `phone` varchar(20) COLLATE utf8mb4_unicode_ci DEFAULT NULL,
  `remember_token` varchar(100) COLLATE utf8mb4_unicode_ci DEFAULT NULL,
  `created_at` timestamp NULL DEFAULT NULL,
  `updated_at` timestamp NULL DEFAULT NULL,
  `confirmed_at` datetime DEFAULT NULL,
  `email_verify_token` varchar(120) COLLATE utf8mb4_unicode_ci DEFAULT NULL,
  `is_vendor` tinyint(1) NOT NULL DEFAULT '0',
  `vendor_verified_at` datetime DEFAULT NULL,
  `status` varchar(60) COLLATE utf8mb4_unicode_ci NOT NULL DEFAULT 'activated',
  `block_reason` varchar(400) COLLATE utf8mb4_unicode_ci DEFAULT NULL,
  `private_notes` text COLLATE utf8mb4_unicode_ci,
  `stripe_account_id` varchar(255) COLLATE utf8mb4_unicode_ci DEFAULT NULL,
  `stripe_account_active` tinyint(1) NOT NULL DEFAULT '0',
  PRIMARY KEY (`id`),
  KEY `ec_customers_is_vendor_index` (`is_vendor`),
  KEY `ec_customers_vendor_verified_at_index` (`vendor_verified_at`)
) ENGINE=InnoDB DEFAULT CHARSET=utf8mb4 COLLATE=utf8mb4_unicode_ci;

--
-- Dumping data for table `ec_customers`
--


--
-- Table structure for table `ec_discount_customers`
--

CREATE TABLE `ec_discount_customers` (
  `discount_id` bigint unsigned NOT NULL,
  `customer_id` bigint unsigned NOT NULL,
  PRIMARY KEY (`discount_id`,`customer_id`)
) ENGINE=InnoDB DEFAULT CHARSET=utf8mb4 COLLATE=utf8mb4_unicode_ci;

--
-- Dumping data for table `ec_discount_customers`
--


--
-- Table structure for table `ec_discount_product_categories`
--

CREATE TABLE `ec_discount_product_categories` (
  `discount_id` bigint unsigned NOT NULL,
  `product_category_id` bigint unsigned NOT NULL,
  PRIMARY KEY (`discount_id`,`product_category_id`)
) ENGINE=InnoDB DEFAULT CHARSET=utf8mb4 COLLATE=utf8mb4_unicode_ci;

--
-- Dumping data for table `ec_discount_product_categories`
--


--
-- Table structure for table `ec_discount_product_collections`
--

CREATE TABLE `ec_discount_product_collections` (
  `discount_id` bigint unsigned NOT NULL,
  `product_collection_id` bigint unsigned NOT NULL,
  PRIMARY KEY (`discount_id`,`product_collection_id`)
) ENGINE=InnoDB DEFAULT CHARSET=utf8mb4 COLLATE=utf8mb4_unicode_ci;

--
-- Dumping data for table `ec_discount_product_collections`
--


--
-- Table structure for table `ec_discount_products`
--

CREATE TABLE `ec_discount_products` (
  `discount_id` bigint unsigned NOT NULL,
  `product_id` bigint unsigned NOT NULL,
  PRIMARY KEY (`discount_id`,`product_id`)
) ENGINE=InnoDB DEFAULT CHARSET=utf8mb4 COLLATE=utf8mb4_unicode_ci;

--
-- Dumping data for table `ec_discount_products`
--


--
-- Table structure for table `ec_discounts`
--

CREATE TABLE `ec_discounts` (
  `id` bigint unsigned NOT NULL AUTO_INCREMENT,
  `title` varchar(120) COLLATE utf8mb4_unicode_ci DEFAULT NULL,
  `code` varchar(20) COLLATE utf8mb4_unicode_ci DEFAULT NULL,
  `start_date` datetime DEFAULT NULL,
  `end_date` datetime DEFAULT NULL,
  `quantity` int DEFAULT NULL,
  `total_used` int unsigned NOT NULL DEFAULT '0',
  `value` double DEFAULT NULL,
  `type` varchar(60) COLLATE utf8mb4_unicode_ci DEFAULT 'coupon',
  `can_use_with_promotion` tinyint(1) NOT NULL DEFAULT '0',
  `can_use_with_flash_sale` tinyint(1) NOT NULL DEFAULT '0',
  `discount_on` varchar(20) COLLATE utf8mb4_unicode_ci DEFAULT NULL,
  `product_quantity` int unsigned DEFAULT NULL,
  `type_option` varchar(100) COLLATE utf8mb4_unicode_ci NOT NULL DEFAULT 'amount',
  `target` varchar(100) COLLATE utf8mb4_unicode_ci NOT NULL DEFAULT 'all-orders',
  `min_order_price` decimal(15,2) DEFAULT NULL,
  `apply_via_url` tinyint(1) NOT NULL DEFAULT '0',
  `display_at_checkout` tinyint(1) NOT NULL DEFAULT '0',
  `created_at` timestamp NULL DEFAULT NULL,
  `updated_at` timestamp NULL DEFAULT NULL,
  `store_id` bigint unsigned DEFAULT NULL,
  `description` varchar(400) COLLATE utf8mb4_unicode_ci DEFAULT NULL,
  PRIMARY KEY (`id`),
  UNIQUE KEY `ec_discounts_code_unique` (`code`),
  KEY `ec_discounts_store_id_index` (`store_id`)
) ENGINE=InnoDB DEFAULT CHARSET=utf8mb4 COLLATE=utf8mb4_unicode_ci;

--
-- Dumping data for table `ec_discounts`
--


--
-- Table structure for table `ec_flash_sale_products`
--

CREATE TABLE `ec_flash_sale_products` (
  `flash_sale_id` bigint unsigned NOT NULL,
  `product_id` bigint unsigned NOT NULL,
  `price` double unsigned DEFAULT NULL,
  `quantity` int unsigned DEFAULT NULL,
  `sold` int unsigned NOT NULL DEFAULT '0',
  KEY `ec_flash_sale_products_product_id_flash_sale_id_index` (`product_id`,`flash_sale_id`)
) ENGINE=InnoDB DEFAULT CHARSET=utf8mb4 COLLATE=utf8mb4_unicode_ci;

--
-- Dumping data for table `ec_flash_sale_products`
--


--
-- Table structure for table `ec_flash_sales`
--

CREATE TABLE `ec_flash_sales` (
  `id` bigint unsigned NOT NULL AUTO_INCREMENT,
  `name` varchar(255) COLLATE utf8mb4_unicode_ci NOT NULL,
  `end_date` datetime NOT NULL,
  `status` varchar(60) COLLATE utf8mb4_unicode_ci NOT NULL DEFAULT 'published',
  `created_at` timestamp NULL DEFAULT NULL,
  `updated_at` timestamp NULL DEFAULT NULL,
  PRIMARY KEY (`id`)
) ENGINE=InnoDB DEFAULT CHARSET=utf8mb4 COLLATE=utf8mb4_unicode_ci;

--
-- Dumping data for table `ec_flash_sales`
--


--
-- Table structure for table `ec_flash_sales_translations`
--

CREATE TABLE `ec_flash_sales_translations` (
  `lang_code` varchar(255) COLLATE utf8mb4_unicode_ci NOT NULL,
  `ec_flash_sales_id` bigint unsigned NOT NULL,
  `name` varchar(255) COLLATE utf8mb4_unicode_ci DEFAULT NULL,
  PRIMARY KEY (`lang_code`,`ec_flash_sales_id`),
  KEY `idx_flash_sales_fk` (`ec_flash_sales_id`),
  KEY `idx_flash_sales_flash_sales_lang` (`ec_flash_sales_id`,`lang_code`)
) ENGINE=InnoDB DEFAULT CHARSET=utf8mb4 COLLATE=utf8mb4_unicode_ci;

--
-- Dumping data for table `ec_flash_sales_translations`
--


--
-- Table structure for table `ec_global_option_value`
--

CREATE TABLE `ec_global_option_value` (
  `id` bigint unsigned NOT NULL AUTO_INCREMENT,
  `option_id` bigint unsigned NOT NULL COMMENT 'option id',
  `option_value` tinytext COLLATE utf8mb4_unicode_ci COMMENT 'option value',
  `affect_price` double DEFAULT NULL COMMENT 'value of price of this option affect',
  `order` int NOT NULL DEFAULT '9999',
  `affect_type` tinyint NOT NULL DEFAULT '0' COMMENT '0. fixed 1. percent',
  `created_at` timestamp NULL DEFAULT NULL,
  `updated_at` timestamp NULL DEFAULT NULL,
  PRIMARY KEY (`id`)
) ENGINE=InnoDB AUTO_INCREMENT=8 DEFAULT CHARSET=utf8mb4 COLLATE=utf8mb4_unicode_ci;

--
-- Dumping data for table `ec_global_option_value`
--

INSERT INTO `ec_global_option_value` VALUES (1,1,'No gift wrap',0,0,0,'2026-05-28 19:00:39','2026-05-28 19:00:39'),(2,1,'Standard kraft wrap',4.99,1,0,'2026-05-28 19:00:39','2026-05-28 19:00:39'),(3,1,'Premium silk-ribbon wrap',9.99,2,0,'2026-05-28 19:00:39','2026-05-28 19:00:39'),(4,2,'Up to 20 characters',14.99,0,0,'2026-05-28 19:00:39','2026-05-28 19:00:39'),(5,3,'Standard 1-year warranty',0,0,0,'2026-05-28 19:00:39','2026-05-28 19:00:39'),(6,3,'2-year extended warranty',29.99,1,0,'2026-05-28 19:00:39','2026-05-28 19:00:39'),(7,3,'3-year premium care',59.99,2,0,'2026-05-28 19:00:39','2026-05-28 19:00:39');

--
-- Table structure for table `ec_global_option_value_translations`
--

CREATE TABLE `ec_global_option_value_translations` (
  `lang_code` varchar(255) COLLATE utf8mb4_unicode_ci NOT NULL,
  `ec_global_option_value_id` bigint unsigned NOT NULL,
  `option_value` varchar(255) COLLATE utf8mb4_unicode_ci DEFAULT NULL,
  PRIMARY KEY (`lang_code`,`ec_global_option_value_id`),
  KEY `idx_global_option_value_fk` (`ec_global_option_value_id`),
  KEY `idx_global_option_value_global_option_value_lang` (`ec_global_option_value_id`,`lang_code`)
) ENGINE=InnoDB DEFAULT CHARSET=utf8mb4 COLLATE=utf8mb4_unicode_ci;

--
-- Dumping data for table `ec_global_option_value_translations`
--


--
-- Table structure for table `ec_global_options`
--

CREATE TABLE `ec_global_options` (
  `id` bigint unsigned NOT NULL AUTO_INCREMENT,
  `name` varchar(255) COLLATE utf8mb4_unicode_ci NOT NULL COMMENT 'Name of options',
  `option_type` varchar(255) COLLATE utf8mb4_unicode_ci NOT NULL COMMENT 'option type',
  `required` tinyint(1) NOT NULL DEFAULT '0' COMMENT 'Checked if this option is required',
  `price_per_product` tinyint(1) NOT NULL DEFAULT '0',
  `created_at` timestamp NULL DEFAULT NULL,
  `updated_at` timestamp NULL DEFAULT NULL,
  PRIMARY KEY (`id`)
) ENGINE=InnoDB AUTO_INCREMENT=4 DEFAULT CHARSET=utf8mb4 COLLATE=utf8mb4_unicode_ci;

--
-- Dumping data for table `ec_global_options`
--

INSERT INTO `ec_global_options` VALUES (1,'Gift Wrapping','Botble\\Ecommerce\\Option\\OptionType\\Dropdown',0,0,'2026-05-28 19:00:39','2026-05-28 19:00:39'),(2,'Engraving','Botble\\Ecommerce\\Option\\OptionType\\Field',0,0,'2026-05-28 19:00:39','2026-05-28 19:00:39'),(3,'Extended Warranty','Botble\\Ecommerce\\Option\\OptionType\\RadioButton',0,0,'2026-05-28 19:00:39','2026-05-28 19:00:39');

--
-- Table structure for table `ec_global_options_translations`
--

CREATE TABLE `ec_global_options_translations` (
  `lang_code` varchar(255) COLLATE utf8mb4_unicode_ci NOT NULL,
  `ec_global_options_id` bigint unsigned NOT NULL,
  `name` varchar(255) COLLATE utf8mb4_unicode_ci DEFAULT NULL,
  PRIMARY KEY (`lang_code`,`ec_global_options_id`),
  KEY `idx_global_options_fk` (`ec_global_options_id`),
  KEY `idx_global_options_global_options_lang` (`ec_global_options_id`,`lang_code`)
) ENGINE=InnoDB DEFAULT CHARSET=utf8mb4 COLLATE=utf8mb4_unicode_ci;

--
-- Dumping data for table `ec_global_options_translations`
--


--
-- Table structure for table `ec_grouped_products`
--

CREATE TABLE `ec_grouped_products` (
  `id` bigint unsigned NOT NULL AUTO_INCREMENT,
  `parent_product_id` bigint unsigned NOT NULL,
  `product_id` bigint unsigned NOT NULL,
  `fixed_qty` int NOT NULL DEFAULT '1',
  PRIMARY KEY (`id`)
) ENGINE=InnoDB DEFAULT CHARSET=utf8mb4 COLLATE=utf8mb4_unicode_ci;

--
-- Dumping data for table `ec_grouped_products`
--


--
-- Table structure for table `ec_invoice_item_tax_components`
--

CREATE TABLE `ec_invoice_item_tax_components` (
  `id` bigint unsigned NOT NULL AUTO_INCREMENT,
  `invoice_item_id` bigint unsigned NOT NULL,
  `name` varchar(191) COLLATE utf8mb4_unicode_ci NOT NULL,
  `code` varchar(50) COLLATE utf8mb4_unicode_ci NOT NULL,
  `rate` decimal(8,4) NOT NULL DEFAULT '0.0000',
  `amount` decimal(15,2) NOT NULL DEFAULT '0.00',
  `jurisdiction` varchar(191) COLLATE utf8mb4_unicode_ci DEFAULT NULL,
  `metadata` json DEFAULT NULL,
  `created_at` timestamp NULL DEFAULT NULL,
  `updated_at` timestamp NULL DEFAULT NULL,
  PRIMARY KEY (`id`),
  KEY `idx_iitc_invoice_item` (`invoice_item_id`),
  CONSTRAINT `ec_invoice_item_tax_components_invoice_item_id_foreign` FOREIGN KEY (`invoice_item_id`) REFERENCES `ec_invoice_items` (`id`) ON DELETE CASCADE
) ENGINE=InnoDB DEFAULT CHARSET=utf8mb4 COLLATE=utf8mb4_unicode_ci;

--
-- Dumping data for table `ec_invoice_item_tax_components`
--


--
-- Table structure for table `ec_invoice_items`
--

CREATE TABLE `ec_invoice_items` (
  `id` bigint unsigned NOT NULL AUTO_INCREMENT,
  `invoice_id` bigint unsigned NOT NULL,
  `reference_type` varchar(255) COLLATE utf8mb4_unicode_ci NOT NULL,
  `reference_id` bigint unsigned NOT NULL,
  `name` varchar(255) COLLATE utf8mb4_unicode_ci NOT NULL,
  `description` varchar(400) COLLATE utf8mb4_unicode_ci DEFAULT NULL,
  `image` varchar(255) COLLATE utf8mb4_unicode_ci DEFAULT NULL,
  `qty` int unsigned NOT NULL,
  `price` decimal(15,2) NOT NULL DEFAULT '0.00',
  `sub_total` decimal(15,2) unsigned NOT NULL,
  `tax_amount` decimal(15,2) unsigned NOT NULL DEFAULT '0.00',
  `discount_amount` decimal(15,2) unsigned NOT NULL DEFAULT '0.00',
  `amount` decimal(15,2) unsigned NOT NULL,
  `options` text COLLATE utf8mb4_unicode_ci,
  `created_at` timestamp NULL DEFAULT NULL,
  `updated_at` timestamp NULL DEFAULT NULL,
  PRIMARY KEY (`id`),
  KEY `ec_invoice_items_reference_type_reference_id_index` (`reference_type`,`reference_id`)
) ENGINE=InnoDB DEFAULT CHARSET=utf8mb4 COLLATE=utf8mb4_unicode_ci;

--
-- Dumping data for table `ec_invoice_items`
--


--
-- Table structure for table `ec_invoices`
--

CREATE TABLE `ec_invoices` (
  `id` bigint unsigned NOT NULL AUTO_INCREMENT,
  `reference_type` varchar(255) COLLATE utf8mb4_unicode_ci NOT NULL,
  `reference_id` bigint unsigned NOT NULL,
  `code` varchar(255) COLLATE utf8mb4_unicode_ci NOT NULL,
  `customer_name` varchar(255) COLLATE utf8mb4_unicode_ci DEFAULT NULL,
  `company_name` varchar(255) COLLATE utf8mb4_unicode_ci DEFAULT NULL,
  `company_logo` varchar(255) COLLATE utf8mb4_unicode_ci DEFAULT NULL,
  `customer_email` varchar(255) COLLATE utf8mb4_unicode_ci DEFAULT NULL,
  `customer_phone` varchar(255) COLLATE utf8mb4_unicode_ci DEFAULT NULL,
  `customer_address` varchar(255) COLLATE utf8mb4_unicode_ci DEFAULT NULL,
  `customer_country` varchar(255) COLLATE utf8mb4_unicode_ci DEFAULT NULL,
  `customer_state` varchar(255) COLLATE utf8mb4_unicode_ci DEFAULT NULL,
  `customer_city` varchar(255) COLLATE utf8mb4_unicode_ci DEFAULT NULL,
  `customer_zip_code` varchar(255) COLLATE utf8mb4_unicode_ci DEFAULT NULL,
  `customer_address_line` varchar(255) COLLATE utf8mb4_unicode_ci DEFAULT NULL,
  `customer_tax_id` varchar(255) COLLATE utf8mb4_unicode_ci DEFAULT NULL,
  `sub_total` decimal(15,2) unsigned NOT NULL,
  `tax_amount` decimal(15,2) DEFAULT '0.00',
  `shipping_amount` decimal(15,2) unsigned NOT NULL DEFAULT '0.00',
  `shipping_tax_amount` decimal(15,2) DEFAULT '0.00',
  `payment_fee` decimal(15,2) DEFAULT '0.00',
  `discount_amount` decimal(15,2) unsigned NOT NULL DEFAULT '0.00',
  `shipping_option` varchar(60) COLLATE utf8mb4_unicode_ci DEFAULT NULL,
  `shipping_method` varchar(60) COLLATE utf8mb4_unicode_ci NOT NULL DEFAULT 'default',
  `coupon_code` varchar(120) COLLATE utf8mb4_unicode_ci DEFAULT NULL,
  `discount_description` varchar(255) COLLATE utf8mb4_unicode_ci DEFAULT NULL,
  `amount` decimal(15,2) unsigned NOT NULL,
  `description` text COLLATE utf8mb4_unicode_ci,
  `payment_id` bigint unsigned DEFAULT NULL,
  `status` varchar(255) COLLATE utf8mb4_unicode_ci NOT NULL DEFAULT 'pending',
  `paid_at` timestamp NULL DEFAULT NULL,
  `created_at` timestamp NULL DEFAULT NULL,
  `updated_at` timestamp NULL DEFAULT NULL,
  PRIMARY KEY (`id`),
  UNIQUE KEY `ec_invoices_code_unique` (`code`),
  KEY `ec_invoices_reference_type_reference_id_index` (`reference_type`,`reference_id`),
  KEY `ec_invoices_payment_id_index` (`payment_id`),
  KEY `ec_invoices_status_index` (`status`),
  KEY `ec_invoices_reference_id_reference_type_index` (`reference_id`,`reference_type`)
) ENGINE=InnoDB DEFAULT CHARSET=utf8mb4 COLLATE=utf8mb4_unicode_ci;

--
-- Dumping data for table `ec_invoices`
--


--
-- Table structure for table `ec_option_value`
--

CREATE TABLE `ec_option_value` (
  `id` bigint unsigned NOT NULL AUTO_INCREMENT,
  `option_id` bigint unsigned NOT NULL COMMENT 'option id',
  `option_value` tinytext COLLATE utf8mb4_unicode_ci COMMENT 'option value',
  `affect_price` double DEFAULT NULL COMMENT 'value of price of this option affect',
  `order` int NOT NULL DEFAULT '9999',
  `affect_type` tinyint NOT NULL DEFAULT '0' COMMENT '0. fixed 1. percent',
  `created_at` timestamp NULL DEFAULT NULL,
  `updated_at` timestamp NULL DEFAULT NULL,
  PRIMARY KEY (`id`)
) ENGINE=InnoDB DEFAULT CHARSET=utf8mb4 COLLATE=utf8mb4_unicode_ci;

--
-- Dumping data for table `ec_option_value`
--


--
-- Table structure for table `ec_option_value_translations`
--

CREATE TABLE `ec_option_value_translations` (
  `lang_code` varchar(255) COLLATE utf8mb4_unicode_ci NOT NULL,
  `ec_option_value_id` bigint unsigned NOT NULL,
  `option_value` varchar(255) COLLATE utf8mb4_unicode_ci DEFAULT NULL,
  PRIMARY KEY (`lang_code`,`ec_option_value_id`),
  KEY `idx_option_value_fk` (`ec_option_value_id`),
  KEY `idx_option_value_option_value_lang` (`ec_option_value_id`,`lang_code`)
) ENGINE=InnoDB DEFAULT CHARSET=utf8mb4 COLLATE=utf8mb4_unicode_ci;

--
-- Dumping data for table `ec_option_value_translations`
--


--
-- Table structure for table `ec_options`
--

CREATE TABLE `ec_options` (
  `id` bigint unsigned NOT NULL AUTO_INCREMENT,
  `name` varchar(255) COLLATE utf8mb4_unicode_ci NOT NULL COMMENT 'Name of options',
  `option_type` varchar(255) COLLATE utf8mb4_unicode_ci DEFAULT NULL COMMENT 'option type',
  `product_id` bigint unsigned NOT NULL DEFAULT '0',
  `order` int NOT NULL DEFAULT '9999',
  `required` tinyint(1) NOT NULL DEFAULT '0' COMMENT 'Checked if this option is required',
  `price_per_product` tinyint(1) NOT NULL DEFAULT '0',
  `created_at` timestamp NULL DEFAULT NULL,
  `updated_at` timestamp NULL DEFAULT NULL,
  PRIMARY KEY (`id`)
) ENGINE=InnoDB DEFAULT CHARSET=utf8mb4 COLLATE=utf8mb4_unicode_ci;

--
-- Dumping data for table `ec_options`
--


--
-- Table structure for table `ec_options_translations`
--

CREATE TABLE `ec_options_translations` (
  `lang_code` varchar(255) COLLATE utf8mb4_unicode_ci NOT NULL,
  `ec_options_id` bigint unsigned NOT NULL,
  `name` varchar(255) COLLATE utf8mb4_unicode_ci DEFAULT NULL,
  PRIMARY KEY (`lang_code`,`ec_options_id`),
  KEY `idx_options_fk` (`ec_options_id`),
  KEY `idx_options_options_lang` (`ec_options_id`,`lang_code`)
) ENGINE=InnoDB DEFAULT CHARSET=utf8mb4 COLLATE=utf8mb4_unicode_ci;

--
-- Dumping data for table `ec_options_translations`
--


--
-- Table structure for table `ec_order_addresses`
--

CREATE TABLE `ec_order_addresses` (
  `id` bigint unsigned NOT NULL AUTO_INCREMENT,
  `name` varchar(255) COLLATE utf8mb4_unicode_ci NOT NULL,
  `phone` varchar(20) COLLATE utf8mb4_unicode_ci DEFAULT NULL,
  `email` varchar(255) COLLATE utf8mb4_unicode_ci DEFAULT NULL,
  `country` varchar(120) COLLATE utf8mb4_unicode_ci DEFAULT NULL,
  `state` varchar(120) COLLATE utf8mb4_unicode_ci DEFAULT NULL,
  `city` varchar(120) COLLATE utf8mb4_unicode_ci DEFAULT NULL,
  `address` varchar(255) COLLATE utf8mb4_unicode_ci DEFAULT NULL,
  `order_id` bigint unsigned NOT NULL,
  `zip_code` varchar(20) COLLATE utf8mb4_unicode_ci DEFAULT NULL,
  `type` varchar(60) COLLATE utf8mb4_unicode_ci NOT NULL DEFAULT 'shipping_address',
  PRIMARY KEY (`id`),
  UNIQUE KEY `ec_order_addresses_order_id_type_unique` (`order_id`,`type`)
) ENGINE=InnoDB DEFAULT CHARSET=utf8mb4 COLLATE=utf8mb4_unicode_ci;

--
-- Dumping data for table `ec_order_addresses`
--


--
-- Table structure for table `ec_order_histories`
--

CREATE TABLE `ec_order_histories` (
  `id` bigint unsigned NOT NULL AUTO_INCREMENT,
  `action` varchar(120) COLLATE utf8mb4_unicode_ci NOT NULL,
  `description` varchar(400) COLLATE utf8mb4_unicode_ci DEFAULT NULL,
  `user_id` bigint unsigned DEFAULT NULL,
  `order_id` bigint unsigned NOT NULL,
  `extras` text COLLATE utf8mb4_unicode_ci,
  `created_at` timestamp NULL DEFAULT NULL,
  `updated_at` timestamp NULL DEFAULT NULL,
  PRIMARY KEY (`id`)
) ENGINE=InnoDB DEFAULT CHARSET=utf8mb4 COLLATE=utf8mb4_unicode_ci;

--
-- Dumping data for table `ec_order_histories`
--


--
-- Table structure for table `ec_order_metadata`
--

CREATE TABLE `ec_order_metadata` (
  `id` bigint unsigned NOT NULL AUTO_INCREMENT,
  `order_id` bigint unsigned NOT NULL,
  `meta_key` varchar(255) COLLATE utf8mb4_unicode_ci NOT NULL,
  `meta_value` text COLLATE utf8mb4_unicode_ci,
  `created_at` timestamp NULL DEFAULT NULL,
  `updated_at` timestamp NULL DEFAULT NULL,
  PRIMARY KEY (`id`),
  KEY `ec_order_metadata_order_id_meta_key_index` (`order_id`,`meta_key`),
  KEY `ec_order_metadata_order_id_index` (`order_id`)
) ENGINE=InnoDB DEFAULT CHARSET=utf8mb4 COLLATE=utf8mb4_unicode_ci;

--
-- Dumping data for table `ec_order_metadata`
--


--
-- Table structure for table `ec_order_product`
--

CREATE TABLE `ec_order_product` (
  `id` bigint unsigned NOT NULL AUTO_INCREMENT,
  `order_id` bigint unsigned NOT NULL,
  `qty` int NOT NULL,
  `price` decimal(15,2) NOT NULL,
  `tax_amount` decimal(15,2) DEFAULT '0.00',
  `tax_breakdown` json DEFAULT NULL,
  `options` text COLLATE utf8mb4_unicode_ci,
  `product_options` text COLLATE utf8mb4_unicode_ci COMMENT 'product option data',
  `product_id` bigint unsigned DEFAULT NULL,
  `product_name` varchar(255) COLLATE utf8mb4_unicode_ci NOT NULL,
  `product_image` varchar(255) COLLATE utf8mb4_unicode_ci DEFAULT NULL,
  `weight` double DEFAULT '0',
  `restock_quantity` int unsigned DEFAULT '0',
  `created_at` timestamp NULL DEFAULT NULL,
  `updated_at` timestamp NULL DEFAULT NULL,
  `product_type` varchar(60) COLLATE utf8mb4_unicode_ci NOT NULL DEFAULT 'physical',
  `times_downloaded` int NOT NULL DEFAULT '0',
  `license_code` text COLLATE utf8mb4_unicode_ci,
  `downloaded_at` timestamp NULL DEFAULT NULL,
  PRIMARY KEY (`id`),
  KEY `ec_order_product_order_id_product_id_index` (`order_id`,`product_id`)
) ENGINE=InnoDB DEFAULT CHARSET=utf8mb4 COLLATE=utf8mb4_unicode_ci;

--
-- Dumping data for table `ec_order_product`
--


--
-- Table structure for table `ec_order_product_tax_components`
--

CREATE TABLE `ec_order_product_tax_components` (
  `id` bigint unsigned NOT NULL AUTO_INCREMENT,
  `order_product_id` bigint unsigned NOT NULL,
  `name` varchar(191) COLLATE utf8mb4_unicode_ci NOT NULL,
  `code` varchar(50) COLLATE utf8mb4_unicode_ci NOT NULL,
  `rate` decimal(8,4) NOT NULL DEFAULT '0.0000',
  `amount` decimal(15,2) NOT NULL DEFAULT '0.00',
  `jurisdiction` varchar(191) COLLATE utf8mb4_unicode_ci DEFAULT NULL,
  `metadata` json DEFAULT NULL,
  `created_at` timestamp NULL DEFAULT NULL,
  `updated_at` timestamp NULL DEFAULT NULL,
  PRIMARY KEY (`id`),
  KEY `idx_opt_order_product` (`order_product_id`),
  KEY `idx_opt_order_product_code` (`order_product_id`,`code`)
) ENGINE=InnoDB DEFAULT CHARSET=utf8mb4 COLLATE=utf8mb4_unicode_ci;

--
-- Dumping data for table `ec_order_product_tax_components`
--


--
-- Table structure for table `ec_order_referrals`
--

CREATE TABLE `ec_order_referrals` (
  `id` bigint unsigned NOT NULL AUTO_INCREMENT,
  `ip` varchar(39) COLLATE utf8mb4_unicode_ci DEFAULT NULL,
  `landing_domain` varchar(255) COLLATE utf8mb4_unicode_ci DEFAULT NULL,
  `landing_page` varchar(255) COLLATE utf8mb4_unicode_ci DEFAULT NULL,
  `landing_params` varchar(255) COLLATE utf8mb4_unicode_ci DEFAULT NULL,
  `referral` varchar(255) COLLATE utf8mb4_unicode_ci DEFAULT NULL,
  `gclid` varchar(255) COLLATE utf8mb4_unicode_ci DEFAULT NULL,
  `fclid` varchar(255) COLLATE utf8mb4_unicode_ci DEFAULT NULL,
  `utm_source` varchar(255) COLLATE utf8mb4_unicode_ci DEFAULT NULL,
  `utm_campaign` varchar(255) COLLATE utf8mb4_unicode_ci DEFAULT NULL,
  `utm_medium` varchar(255) COLLATE utf8mb4_unicode_ci DEFAULT NULL,
  `utm_term` varchar(255) COLLATE utf8mb4_unicode_ci DEFAULT NULL,
  `utm_content` varchar(255) COLLATE utf8mb4_unicode_ci DEFAULT NULL,
  `referrer_url` text COLLATE utf8mb4_unicode_ci,
  `referrer_domain` varchar(255) COLLATE utf8mb4_unicode_ci DEFAULT NULL,
  `order_id` bigint unsigned DEFAULT NULL,
  `created_at` timestamp NULL DEFAULT NULL,
  `updated_at` timestamp NULL DEFAULT NULL,
  PRIMARY KEY (`id`),
  KEY `ec_order_referrals_order_id_index` (`order_id`)
) ENGINE=InnoDB DEFAULT CHARSET=utf8mb4 COLLATE=utf8mb4_unicode_ci;

--
-- Dumping data for table `ec_order_referrals`
--


--
-- Table structure for table `ec_order_return_histories`
--

CREATE TABLE `ec_order_return_histories` (
  `id` bigint unsigned NOT NULL AUTO_INCREMENT,
  `user_id` bigint unsigned DEFAULT NULL,
  `order_return_id` bigint unsigned NOT NULL,
  `action` varchar(255) COLLATE utf8mb4_unicode_ci NOT NULL,
  `description` varchar(400) COLLATE utf8mb4_unicode_ci DEFAULT NULL,
  `reason` varchar(255) COLLATE utf8mb4_unicode_ci DEFAULT NULL,
  `created_at` timestamp NULL DEFAULT NULL,
  `updated_at` timestamp NULL DEFAULT NULL,
  PRIMARY KEY (`id`)
) ENGINE=InnoDB DEFAULT CHARSET=utf8mb4 COLLATE=utf8mb4_unicode_ci;

--
-- Dumping data for table `ec_order_return_histories`
--


--
-- Table structure for table `ec_order_return_items`
--

CREATE TABLE `ec_order_return_items` (
  `id` bigint unsigned NOT NULL AUTO_INCREMENT,
  `order_return_id` bigint unsigned NOT NULL COMMENT 'Order return id',
  `order_product_id` bigint unsigned NOT NULL COMMENT 'Order product id',
  `product_id` bigint unsigned NOT NULL COMMENT 'Product id',
  `product_name` varchar(255) COLLATE utf8mb4_unicode_ci NOT NULL,
  `product_image` varchar(255) COLLATE utf8mb4_unicode_ci DEFAULT NULL,
  `qty` int NOT NULL COMMENT 'Quantity return',
  `price` decimal(15,2) NOT NULL COMMENT 'Price Product',
  `reason` text COLLATE utf8mb4_unicode_ci,
  `created_at` timestamp NULL DEFAULT NULL,
  `updated_at` timestamp NULL DEFAULT NULL,
  `refund_amount` decimal(12,2) DEFAULT '0.00',
  PRIMARY KEY (`id`)
) ENGINE=InnoDB DEFAULT CHARSET=utf8mb4 COLLATE=utf8mb4_unicode_ci;

--
-- Dumping data for table `ec_order_return_items`
--


--
-- Table structure for table `ec_order_returns`
--

CREATE TABLE `ec_order_returns` (
  `id` bigint unsigned NOT NULL AUTO_INCREMENT,
  `code` varchar(255) COLLATE utf8mb4_unicode_ci DEFAULT NULL,
  `order_id` bigint unsigned NOT NULL COMMENT 'Order ID',
  `store_id` bigint unsigned DEFAULT NULL COMMENT 'Store ID',
  `user_id` bigint unsigned NOT NULL COMMENT 'Customer ID',
  `reason` text COLLATE utf8mb4_unicode_ci COMMENT 'Reason return order',
  `images` json DEFAULT NULL,
  `order_status` varchar(255) COLLATE utf8mb4_unicode_ci DEFAULT NULL COMMENT 'Order current status',
  `return_status` varchar(255) COLLATE utf8mb4_unicode_ci NOT NULL COMMENT 'Return status',
  `created_at` timestamp NULL DEFAULT NULL,
  `updated_at` timestamp NULL DEFAULT NULL,
  PRIMARY KEY (`id`),
  UNIQUE KEY `ec_order_returns_code_unique` (`code`)
) ENGINE=InnoDB DEFAULT CHARSET=utf8mb4 COLLATE=utf8mb4_unicode_ci;

--
-- Dumping data for table `ec_order_returns`
--


--
-- Table structure for table `ec_order_tax_information`
--

CREATE TABLE `ec_order_tax_information` (
  `id` bigint unsigned NOT NULL AUTO_INCREMENT,
  `order_id` bigint unsigned NOT NULL,
  `company_name` varchar(120) COLLATE utf8mb4_unicode_ci NOT NULL,
  `company_address` varchar(255) COLLATE utf8mb4_unicode_ci NOT NULL,
  `company_tax_code` varchar(20) COLLATE utf8mb4_unicode_ci NOT NULL,
  `company_email` varchar(60) COLLATE utf8mb4_unicode_ci NOT NULL,
  `created_at` timestamp NULL DEFAULT NULL,
  `updated_at` timestamp NULL DEFAULT NULL,
  PRIMARY KEY (`id`),
  KEY `ec_order_tax_information_order_id_index` (`order_id`)
) ENGINE=InnoDB DEFAULT CHARSET=utf8mb4 COLLATE=utf8mb4_unicode_ci;

--
-- Dumping data for table `ec_order_tax_information`
--


--
-- Table structure for table `ec_orders`
--

CREATE TABLE `ec_orders` (
  `id` bigint unsigned NOT NULL AUTO_INCREMENT,
  `code` varchar(255) COLLATE utf8mb4_unicode_ci DEFAULT NULL,
  `user_id` bigint unsigned DEFAULT NULL,
  `shipping_option` varchar(60) COLLATE utf8mb4_unicode_ci DEFAULT NULL,
  `shipping_method` varchar(60) COLLATE utf8mb4_unicode_ci NOT NULL DEFAULT 'default',
  `status` varchar(120) COLLATE utf8mb4_unicode_ci NOT NULL DEFAULT 'pending',
  `amount` decimal(15,2) NOT NULL,
  `tax_amount` decimal(15,2) DEFAULT '0.00',
  `shipping_amount` decimal(15,2) DEFAULT NULL,
  `shipping_tax_amount` decimal(15,2) DEFAULT '0.00',
  `payment_fee` decimal(15,2) DEFAULT '0.00',
  `description` text COLLATE utf8mb4_unicode_ci,
  `coupon_code` varchar(120) COLLATE utf8mb4_unicode_ci DEFAULT NULL,
  `discount_amount` decimal(15,2) DEFAULT NULL,
  `sub_total` decimal(15,2) NOT NULL,
  `is_confirmed` tinyint(1) NOT NULL DEFAULT '0',
  `discount_description` varchar(255) COLLATE utf8mb4_unicode_ci DEFAULT NULL,
  `is_finished` tinyint(1) DEFAULT '0',
  `cancellation_reason` varchar(255) COLLATE utf8mb4_unicode_ci DEFAULT NULL,
  `cancellation_reason_description` varchar(255) COLLATE utf8mb4_unicode_ci DEFAULT NULL,
  `completed_at` timestamp NULL DEFAULT NULL,
  `token` varchar(120) COLLATE utf8mb4_unicode_ci DEFAULT NULL,
  `payment_id` bigint unsigned DEFAULT NULL,
  `created_at` timestamp NULL DEFAULT NULL,
  `updated_at` timestamp NULL DEFAULT NULL,
  `store_id` bigint unsigned DEFAULT NULL,
  `proof_file` varchar(255) COLLATE utf8mb4_unicode_ci DEFAULT NULL,
  `private_notes` text COLLATE utf8mb4_unicode_ci,
  PRIMARY KEY (`id`),
  UNIQUE KEY `ec_orders_code_unique` (`code`),
  KEY `ec_orders_user_id_status_created_at_index` (`user_id`,`status`,`created_at`),
  KEY `ec_orders_store_id_index` (`store_id`),
  KEY `ec_orders_store_finished_index` (`store_id`,`is_finished`),
  KEY `ec_orders_status_created_at_index` (`status`,`created_at`),
  KEY `ec_orders_user_id_is_finished_index` (`user_id`,`is_finished`)
) ENGINE=InnoDB DEFAULT CHARSET=utf8mb4 COLLATE=utf8mb4_unicode_ci;

--
-- Dumping data for table `ec_orders`
--


--
-- Table structure for table `ec_product_attribute_sets`
--

CREATE TABLE `ec_product_attribute_sets` (
  `id` bigint unsigned NOT NULL AUTO_INCREMENT,
  `title` varchar(120) COLLATE utf8mb4_unicode_ci NOT NULL,
  `slug` varchar(120) COLLATE utf8mb4_unicode_ci DEFAULT NULL,
  `display_layout` varchar(255) COLLATE utf8mb4_unicode_ci NOT NULL DEFAULT 'dropdown',
  `is_searchable` tinyint unsigned NOT NULL DEFAULT '1',
  `is_comparable` tinyint unsigned NOT NULL DEFAULT '1',
  `is_use_in_product_listing` tinyint unsigned NOT NULL DEFAULT '0',
  `status` varchar(60) COLLATE utf8mb4_unicode_ci NOT NULL DEFAULT 'published',
  `order` tinyint unsigned NOT NULL DEFAULT '0',
  `created_at` timestamp NULL DEFAULT NULL,
  `updated_at` timestamp NULL DEFAULT NULL,
  `use_image_from_product_variation` tinyint unsigned NOT NULL DEFAULT '0',
  PRIMARY KEY (`id`),
  KEY `idx_order_id` (`order`,`id`)
) ENGINE=InnoDB AUTO_INCREMENT=4 DEFAULT CHARSET=utf8mb4 COLLATE=utf8mb4_unicode_ci;

--
-- Dumping data for table `ec_product_attribute_sets`
--

INSERT INTO `ec_product_attribute_sets` VALUES (1,'Color','color','visual',1,1,1,'published',0,'2026-05-28 19:00:39','2026-05-28 19:00:39',1),(2,'Size','size','text',1,1,1,'published',1,'2026-05-28 19:00:39','2026-05-28 19:00:39',0),(3,'Material','material','text',1,1,1,'published',2,'2026-05-28 19:00:39','2026-05-28 19:00:39',0);

--
-- Table structure for table `ec_product_attribute_sets_translations`
--

CREATE TABLE `ec_product_attribute_sets_translations` (
  `lang_code` varchar(255) COLLATE utf8mb4_unicode_ci NOT NULL,
  `ec_product_attribute_sets_id` bigint unsigned NOT NULL,
  `title` varchar(255) COLLATE utf8mb4_unicode_ci DEFAULT NULL,
  PRIMARY KEY (`lang_code`,`ec_product_attribute_sets_id`),
  KEY `idx_product_attribute_sets_fk` (`ec_product_attribute_sets_id`),
  KEY `idx_product_attribute_sets_product_attribute_sets_lang` (`ec_product_attribute_sets_id`,`lang_code`)
) ENGINE=InnoDB DEFAULT CHARSET=utf8mb4 COLLATE=utf8mb4_unicode_ci;

--
-- Dumping data for table `ec_product_attribute_sets_translations`
--


--
-- Table structure for table `ec_product_attributes`
--

CREATE TABLE `ec_product_attributes` (
  `id` bigint unsigned NOT NULL AUTO_INCREMENT,
  `attribute_set_id` bigint unsigned NOT NULL,
  `title` varchar(120) COLLATE utf8mb4_unicode_ci NOT NULL,
  `slug` varchar(120) COLLATE utf8mb4_unicode_ci DEFAULT NULL,
  `color` varchar(120) COLLATE utf8mb4_unicode_ci DEFAULT NULL,
  `image` varchar(255) COLLATE utf8mb4_unicode_ci DEFAULT NULL,
  `is_default` tinyint unsigned NOT NULL DEFAULT '0',
  `order` tinyint unsigned NOT NULL DEFAULT '0',
  `created_at` timestamp NULL DEFAULT NULL,
  `updated_at` timestamp NULL DEFAULT NULL,
  PRIMARY KEY (`id`),
  KEY `attribute_set_status_index` (`attribute_set_id`),
  KEY `idx_attribute_set_id` (`attribute_set_id`),
  KEY `idx_attribute_set_order_id` (`attribute_set_id`,`order`,`id`)
) ENGINE=InnoDB AUTO_INCREMENT=25 DEFAULT CHARSET=utf8mb4 COLLATE=utf8mb4_unicode_ci;

--
-- Dumping data for table `ec_product_attributes`
--

INSERT INTO `ec_product_attributes` VALUES (1,1,'Black','black','#000000',NULL,1,0,'2026-05-28 19:00:39','2026-05-28 19:00:39'),(2,1,'White','white','#FFFFFF',NULL,0,1,'2026-05-28 19:00:39','2026-05-28 19:00:39'),(3,1,'Beige','beige','#D6BFA0',NULL,0,2,'2026-05-28 19:00:39','2026-05-28 19:00:39'),(4,1,'Olive','olive','#6B7843',NULL,0,3,'2026-05-28 19:00:39','2026-05-28 19:00:39'),(5,1,'Navy','navy','#10243F',NULL,0,4,'2026-05-28 19:00:39','2026-05-28 19:00:39'),(6,1,'Burgundy','burgundy','#7B1F2B',NULL,0,5,'2026-05-28 19:00:39','2026-05-28 19:00:39'),(7,1,'Charcoal','charcoal','#374049',NULL,0,6,'2026-05-28 19:00:39','2026-05-28 19:00:39'),(8,1,'Cream','cream','#F1E8D7',NULL,0,7,'2026-05-28 19:00:39','2026-05-28 19:00:39'),(9,1,'Pink','pink','#F2C2BB',NULL,0,8,'2026-05-28 19:00:39','2026-05-28 19:00:39'),(10,1,'Brown','brown','#905D5D',NULL,0,9,'2026-05-28 19:00:39','2026-05-28 19:00:39'),(11,1,'Green','green','#B2BD9F',NULL,0,10,'2026-05-28 19:00:39','2026-05-28 19:00:39'),(12,1,'Blue','blue','#87CEEB',NULL,0,11,'2026-05-28 19:00:39','2026-05-28 19:00:39'),(13,2,'XS','xs',NULL,NULL,1,0,'2026-05-28 19:00:39','2026-05-28 19:00:39'),(14,2,'S','s',NULL,NULL,0,1,'2026-05-28 19:00:39','2026-05-28 19:00:39'),(15,2,'M','m',NULL,NULL,0,2,'2026-05-28 19:00:39','2026-05-28 19:00:39'),(16,2,'L','l',NULL,NULL,0,3,'2026-05-28 19:00:39','2026-05-28 19:00:39'),(17,2,'XL','xl',NULL,NULL,0,4,'2026-05-28 19:00:39','2026-05-28 19:00:39'),(18,2,'XXL','xxl',NULL,NULL,0,5,'2026-05-28 19:00:39','2026-05-28 19:00:39'),(19,3,'Cotton','cotton',NULL,NULL,1,0,'2026-05-28 19:00:39','2026-05-28 19:00:39'),(20,3,'Linen','linen',NULL,NULL,0,1,'2026-05-28 19:00:39','2026-05-28 19:00:39'),(21,3,'Wool','wool',NULL,NULL,0,2,'2026-05-28 19:00:39','2026-05-28 19:00:39'),(22,3,'Tencel','tencel',NULL,NULL,0,3,'2026-05-28 19:00:39','2026-05-28 19:00:39'),(23,3,'Recycled Polyester','recycled-polyester',NULL,NULL,0,4,'2026-05-28 19:00:39','2026-05-28 19:00:39'),(24,3,'Full-Grain Leather','full-grain-leather',NULL,NULL,0,5,'2026-05-28 19:00:39','2026-05-28 19:00:39');

--
-- Table structure for table `ec_product_attributes_translations`
--

CREATE TABLE `ec_product_attributes_translations` (
  `lang_code` varchar(255) COLLATE utf8mb4_unicode_ci NOT NULL,
  `ec_product_attributes_id` bigint unsigned NOT NULL,
  `title` varchar(255) COLLATE utf8mb4_unicode_ci DEFAULT NULL,
  PRIMARY KEY (`lang_code`,`ec_product_attributes_id`),
  KEY `idx_product_attributes_fk` (`ec_product_attributes_id`),
  KEY `idx_product_attributes_product_attributes_lang` (`ec_product_attributes_id`,`lang_code`)
) ENGINE=InnoDB DEFAULT CHARSET=utf8mb4 COLLATE=utf8mb4_unicode_ci;

--
-- Dumping data for table `ec_product_attributes_translations`
--


--
-- Table structure for table `ec_product_categories`
--

CREATE TABLE `ec_product_categories` (
  `id` bigint unsigned NOT NULL AUTO_INCREMENT,
  `name` varchar(255) COLLATE utf8mb4_unicode_ci NOT NULL,
  `slug` varchar(255) COLLATE utf8mb4_unicode_ci DEFAULT NULL,
  `parent_id` bigint unsigned NOT NULL DEFAULT '0',
  `description` mediumtext COLLATE utf8mb4_unicode_ci,
  `status` varchar(60) COLLATE utf8mb4_unicode_ci NOT NULL DEFAULT 'published',
  `order` int unsigned NOT NULL DEFAULT '0',
  `image` varchar(255) COLLATE utf8mb4_unicode_ci DEFAULT NULL,
  `is_featured` tinyint unsigned NOT NULL DEFAULT '0',
  `created_at` timestamp NULL DEFAULT NULL,
  `updated_at` timestamp NULL DEFAULT NULL,
  `icon` varchar(255) COLLATE utf8mb4_unicode_ci DEFAULT NULL,
  `icon_image` varchar(255) COLLATE utf8mb4_unicode_ci DEFAULT NULL,
  PRIMARY KEY (`id`),
  KEY `ec_product_categories_parent_id_status_created_at_index` (`parent_id`,`status`,`created_at`),
  KEY `ec_product_categories_parent_id_status_index` (`parent_id`,`status`),
  KEY `idx_categories_status_order` (`status`,`order`),
  KEY `idx_categories_order` (`order`),
  KEY `ec_product_categories_slug_index` (`slug`),
  KEY `idx_ec_product_categories_status` (`status`),
  KEY `idx_ec_product_categories_parent_id` (`parent_id`),
  KEY `idx_ec_product_categories_status_parent_order` (`status`,`parent_id`,`order`),
  KEY `idx_ec_product_categories_is_featured` (`is_featured`),
  KEY `idx_ec_product_categories_name` (`name`),
  KEY `idx_ec_product_categories_slug` (`slug`)
) ENGINE=InnoDB DEFAULT CHARSET=utf8mb4 COLLATE=utf8mb4_unicode_ci;

--
-- Dumping data for table `ec_product_categories`
--


--
-- Table structure for table `ec_product_categories_translations`
--

CREATE TABLE `ec_product_categories_translations` (
  `lang_code` varchar(255) COLLATE utf8mb4_unicode_ci NOT NULL,
  `ec_product_categories_id` bigint unsigned NOT NULL,
  `name` varchar(255) COLLATE utf8mb4_unicode_ci DEFAULT NULL,
  `slug` varchar(255) COLLATE utf8mb4_unicode_ci DEFAULT NULL,
  `description` mediumtext COLLATE utf8mb4_unicode_ci,
  PRIMARY KEY (`lang_code`,`ec_product_categories_id`),
  KEY `idx_product_categories_fk` (`ec_product_categories_id`),
  KEY `idx_product_categories_product_categories_lang` (`ec_product_categories_id`,`lang_code`)
) ENGINE=InnoDB DEFAULT CHARSET=utf8mb4 COLLATE=utf8mb4_unicode_ci;

--
-- Dumping data for table `ec_product_categories_translations`
--


--
-- Table structure for table `ec_product_categorizables`
--

CREATE TABLE `ec_product_categorizables` (
  `category_id` bigint unsigned NOT NULL,
  `reference_id` bigint unsigned NOT NULL,
  `reference_type` varchar(120) COLLATE utf8mb4_unicode_ci NOT NULL,
  PRIMARY KEY (`category_id`,`reference_id`,`reference_type`),
  KEY `ec_product_categorizables_category_id_index` (`category_id`),
  KEY `ec_product_categorizables_reference_id_index` (`reference_id`),
  KEY `ec_product_categorizables_reference_type_index` (`reference_type`)
) ENGINE=InnoDB DEFAULT CHARSET=utf8mb4 COLLATE=utf8mb4_unicode_ci;

--
-- Dumping data for table `ec_product_categorizables`
--


--
-- Table structure for table `ec_product_category_product`
--

CREATE TABLE `ec_product_category_product` (
  `category_id` bigint unsigned NOT NULL,
  `product_id` bigint unsigned NOT NULL,
  PRIMARY KEY (`product_id`,`category_id`),
  KEY `ec_product_category_product_category_id_index` (`category_id`),
  KEY `ec_product_category_product_product_id_index` (`product_id`),
  KEY `idx_product_category_composite` (`product_id`,`category_id`),
  KEY `idx_product_category` (`product_id`,`category_id`),
  KEY `idx_product_id_category_id` (`product_id`,`category_id`)
) ENGINE=InnoDB DEFAULT CHARSET=utf8mb4 COLLATE=utf8mb4_unicode_ci;

--
-- Dumping data for table `ec_product_category_product`
--


--
-- Table structure for table `ec_product_collection_products`
--

CREATE TABLE `ec_product_collection_products` (
  `product_collection_id` bigint unsigned NOT NULL,
  `product_id` bigint unsigned NOT NULL,
  PRIMARY KEY (`product_id`,`product_collection_id`),
  KEY `ec_product_collection_products_product_collection_id_index` (`product_collection_id`),
  KEY `ec_product_collection_products_product_id_index` (`product_id`),
  KEY `idx_product_id_collection_id` (`product_id`,`product_collection_id`)
) ENGINE=InnoDB DEFAULT CHARSET=utf8mb4 COLLATE=utf8mb4_unicode_ci;

--
-- Dumping data for table `ec_product_collection_products`
--


--
-- Table structure for table `ec_product_collections`
--

CREATE TABLE `ec_product_collections` (
  `id` bigint unsigned NOT NULL AUTO_INCREMENT,
  `name` varchar(255) COLLATE utf8mb4_unicode_ci NOT NULL,
  `slug` varchar(255) COLLATE utf8mb4_unicode_ci NOT NULL,
  `description` varchar(400) COLLATE utf8mb4_unicode_ci DEFAULT NULL,
  `image` varchar(255) COLLATE utf8mb4_unicode_ci DEFAULT NULL,
  `status` varchar(60) COLLATE utf8mb4_unicode_ci NOT NULL DEFAULT 'published',
  `created_at` timestamp NULL DEFAULT NULL,
  `updated_at` timestamp NULL DEFAULT NULL,
  `is_featured` tinyint unsigned NOT NULL DEFAULT '0',
  PRIMARY KEY (`id`)
) ENGINE=InnoDB DEFAULT CHARSET=utf8mb4 COLLATE=utf8mb4_unicode_ci;

--
-- Dumping data for table `ec_product_collections`
--


--
-- Table structure for table `ec_product_collections_translations`
--

CREATE TABLE `ec_product_collections_translations` (
  `lang_code` varchar(255) COLLATE utf8mb4_unicode_ci NOT NULL,
  `ec_product_collections_id` bigint unsigned NOT NULL,
  `name` varchar(255) COLLATE utf8mb4_unicode_ci DEFAULT NULL,
  `description` varchar(400) COLLATE utf8mb4_unicode_ci DEFAULT NULL,
  PRIMARY KEY (`lang_code`,`ec_product_collections_id`),
  KEY `idx_product_collections_fk` (`ec_product_collections_id`),
  KEY `idx_product_collections_product_collections_lang` (`ec_product_collections_id`,`lang_code`)
) ENGINE=InnoDB DEFAULT CHARSET=utf8mb4 COLLATE=utf8mb4_unicode_ci;

--
-- Dumping data for table `ec_product_collections_translations`
--


--
-- Table structure for table `ec_product_cross_sale_relations`
--

CREATE TABLE `ec_product_cross_sale_relations` (
  `from_product_id` bigint unsigned NOT NULL,
  `to_product_id` bigint unsigned NOT NULL,
  `is_variant` tinyint(1) NOT NULL DEFAULT '0',
  `price` decimal(15,2) DEFAULT '0.00',
  `price_type` varchar(255) COLLATE utf8mb4_unicode_ci NOT NULL DEFAULT 'fixed',
  `apply_to_all_variations` tinyint(1) NOT NULL DEFAULT '1',
  PRIMARY KEY (`from_product_id`,`to_product_id`),
  KEY `ec_product_cross_sale_relations_from_product_id_index` (`from_product_id`),
  KEY `ec_product_cross_sale_relations_to_product_id_index` (`to_product_id`),
  KEY `idx_product_cross_sale` (`from_product_id`,`to_product_id`)
) ENGINE=InnoDB DEFAULT CHARSET=utf8mb4 COLLATE=utf8mb4_unicode_ci;

--
-- Dumping data for table `ec_product_cross_sale_relations`
--


--
-- Table structure for table `ec_product_files`
--

CREATE TABLE `ec_product_files` (
  `id` bigint unsigned NOT NULL AUTO_INCREMENT,
  `product_id` bigint unsigned DEFAULT NULL,
  `url` varchar(400) COLLATE utf8mb4_unicode_ci DEFAULT NULL,
  `extras` mediumtext COLLATE utf8mb4_unicode_ci,
  `created_at` timestamp NULL DEFAULT NULL,
  `updated_at` timestamp NULL DEFAULT NULL,
  PRIMARY KEY (`id`),
  KEY `ec_product_files_product_id_index` (`product_id`)
) ENGINE=InnoDB DEFAULT CHARSET=utf8mb4 COLLATE=utf8mb4_unicode_ci;

--
-- Dumping data for table `ec_product_files`
--


--
-- Table structure for table `ec_product_label_products`
--

CREATE TABLE `ec_product_label_products` (
  `product_label_id` bigint unsigned NOT NULL,
  `product_id` bigint unsigned NOT NULL,
  PRIMARY KEY (`product_label_id`,`product_id`),
  KEY `ec_product_label_products_product_label_id_index` (`product_label_id`),
  KEY `ec_product_label_products_product_id_index` (`product_id`)
) ENGINE=InnoDB DEFAULT CHARSET=utf8mb4 COLLATE=utf8mb4_unicode_ci;

--
-- Dumping data for table `ec_product_label_products`
--


--
-- Table structure for table `ec_product_labels`
--

CREATE TABLE `ec_product_labels` (
  `id` bigint unsigned NOT NULL AUTO_INCREMENT,
  `name` varchar(255) COLLATE utf8mb4_unicode_ci NOT NULL,
  `color` varchar(120) COLLATE utf8mb4_unicode_ci DEFAULT NULL,
  `status` varchar(60) COLLATE utf8mb4_unicode_ci NOT NULL DEFAULT 'published',
  `created_at` timestamp NULL DEFAULT NULL,
  `updated_at` timestamp NULL DEFAULT NULL,
  `text_color` varchar(120) COLLATE utf8mb4_unicode_ci DEFAULT NULL,
  PRIMARY KEY (`id`),
  KEY `ec_product_labels_status_index` (`status`)
) ENGINE=InnoDB AUTO_INCREMENT=7 DEFAULT CHARSET=utf8mb4 COLLATE=utf8mb4_unicode_ci;

--
-- Dumping data for table `ec_product_labels`
--

INSERT INTO `ec_product_labels` VALUES (1,'Hot','#F0460E','published','2026-05-28 19:00:39','2026-05-28 19:00:39','#FFFFFF'),(2,'New','#22C55E','published','2026-05-28 19:00:39','2026-05-28 19:00:39','#FFFFFF'),(3,'Sale','#EF4444','published','2026-05-28 19:00:39','2026-05-28 19:00:39','#FFFFFF'),(4,'Best Seller','#1E1E1E','published','2026-05-28 19:00:39','2026-05-28 19:00:39','#FFFFFF'),(5,'Limited','#7B1F2B','published','2026-05-28 19:00:39','2026-05-28 19:00:39','#FFFFFF'),(6,'Eco','#6B7843','published','2026-05-28 19:00:39','2026-05-28 19:00:39','#FFFFFF');

--
-- Table structure for table `ec_product_labels_translations`
--

CREATE TABLE `ec_product_labels_translations` (
  `lang_code` varchar(255) COLLATE utf8mb4_unicode_ci NOT NULL,
  `ec_product_labels_id` bigint unsigned NOT NULL,
  `name` varchar(255) COLLATE utf8mb4_unicode_ci DEFAULT NULL,
  `description` varchar(400) COLLATE utf8mb4_unicode_ci DEFAULT NULL,
  PRIMARY KEY (`lang_code`,`ec_product_labels_id`),
  KEY `idx_product_labels_fk` (`ec_product_labels_id`),
  KEY `idx_product_labels_product_labels_lang` (`ec_product_labels_id`,`lang_code`)
) ENGINE=InnoDB DEFAULT CHARSET=utf8mb4 COLLATE=utf8mb4_unicode_ci;

--
-- Dumping data for table `ec_product_labels_translations`
--


--
-- Table structure for table `ec_product_license_codes`
--

CREATE TABLE `ec_product_license_codes` (
  `id` bigint unsigned NOT NULL AUTO_INCREMENT,
  `product_id` bigint unsigned NOT NULL,
  `license_code` text COLLATE utf8mb4_unicode_ci NOT NULL,
  `status` varchar(60) COLLATE utf8mb4_unicode_ci NOT NULL DEFAULT 'available',
  `assigned_order_product_id` bigint unsigned DEFAULT NULL,
  `assigned_at` timestamp NULL DEFAULT NULL,
  `created_at` timestamp NULL DEFAULT NULL,
  `updated_at` timestamp NULL DEFAULT NULL,
  PRIMARY KEY (`id`),
  KEY `ec_product_license_codes_product_id_status_index` (`product_id`,`status`)
) ENGINE=InnoDB DEFAULT CHARSET=utf8mb4 COLLATE=utf8mb4_unicode_ci;

--
-- Dumping data for table `ec_product_license_codes`
--


--
-- Table structure for table `ec_product_related_relations`
--

CREATE TABLE `ec_product_related_relations` (
  `from_product_id` bigint unsigned NOT NULL,
  `to_product_id` bigint unsigned NOT NULL,
  PRIMARY KEY (`from_product_id`,`to_product_id`),
  KEY `ec_product_related_relations_from_product_id_index` (`from_product_id`),
  KEY `ec_product_related_relations_to_product_id_index` (`to_product_id`)
) ENGINE=InnoDB DEFAULT CHARSET=utf8mb4 COLLATE=utf8mb4_unicode_ci;

--
-- Dumping data for table `ec_product_related_relations`
--


--
-- Table structure for table `ec_product_specification_attribute`
--

CREATE TABLE `ec_product_specification_attribute` (
  `product_id` bigint unsigned NOT NULL,
  `attribute_id` bigint unsigned NOT NULL,
  `value` text COLLATE utf8mb4_unicode_ci,
  `hidden` tinyint(1) NOT NULL DEFAULT '0',
  `order` tinyint NOT NULL DEFAULT '0',
  PRIMARY KEY (`product_id`,`attribute_id`)
) ENGINE=InnoDB DEFAULT CHARSET=utf8mb4 COLLATE=utf8mb4_unicode_ci;

--
-- Dumping data for table `ec_product_specification_attribute`
--


--
-- Table structure for table `ec_product_specification_attribute_translations`
--

CREATE TABLE `ec_product_specification_attribute_translations` (
  `id` bigint unsigned NOT NULL AUTO_INCREMENT,
  `product_id` bigint unsigned NOT NULL,
  `attribute_id` bigint unsigned NOT NULL,
  `lang_code` varchar(20) COLLATE utf8mb4_unicode_ci NOT NULL,
  `value` text COLLATE utf8mb4_unicode_ci,
  `created_at` timestamp NULL DEFAULT NULL,
  `updated_at` timestamp NULL DEFAULT NULL,
  PRIMARY KEY (`id`),
  UNIQUE KEY `psat_unique` (`product_id`,`attribute_id`,`lang_code`),
  KEY `psat_product_attribute_index` (`product_id`,`attribute_id`),
  KEY `psat_product_id_index` (`product_id`),
  KEY `psat_attribute_id_index` (`attribute_id`)
) ENGINE=InnoDB DEFAULT CHARSET=utf8mb4 COLLATE=utf8mb4_unicode_ci;

--
-- Dumping data for table `ec_product_specification_attribute_translations`
--


--
-- Table structure for table `ec_product_tag_product`
--

CREATE TABLE `ec_product_tag_product` (
  `product_id` bigint unsigned NOT NULL,
  `tag_id` bigint unsigned NOT NULL,
  PRIMARY KEY (`product_id`,`tag_id`),
  KEY `ec_product_tag_product_product_id_index` (`product_id`),
  KEY `ec_product_tag_product_tag_id_index` (`tag_id`)
) ENGINE=InnoDB DEFAULT CHARSET=utf8mb4 COLLATE=utf8mb4_unicode_ci;

--
-- Dumping data for table `ec_product_tag_product`
--


--
-- Table structure for table `ec_product_tags`
--

CREATE TABLE `ec_product_tags` (
  `id` bigint unsigned NOT NULL AUTO_INCREMENT,
  `name` varchar(120) COLLATE utf8mb4_unicode_ci NOT NULL,
  `description` varchar(400) COLLATE utf8mb4_unicode_ci DEFAULT NULL,
  `content` mediumtext COLLATE utf8mb4_unicode_ci,
  `status` varchar(60) COLLATE utf8mb4_unicode_ci NOT NULL DEFAULT 'published',
  `created_at` timestamp NULL DEFAULT NULL,
  `updated_at` timestamp NULL DEFAULT NULL,
  PRIMARY KEY (`id`)
) ENGINE=InnoDB AUTO_INCREMENT=16 DEFAULT CHARSET=utf8mb4 COLLATE=utf8mb4_unicode_ci;

--
-- Dumping data for table `ec_product_tags`
--

INSERT INTO `ec_product_tags` VALUES (1,'Cotton','Products tagged with Cotton.',NULL,'published','2026-05-28 19:00:39','2026-05-28 19:00:39'),(2,'Linen','Products tagged with Linen.',NULL,'published','2026-05-28 19:00:39','2026-05-28 19:00:39'),(3,'Wool','Products tagged with Wool.',NULL,'published','2026-05-28 19:00:39','2026-05-28 19:00:39'),(4,'Leather','Products tagged with Leather.',NULL,'published','2026-05-28 19:00:39','2026-05-28 19:00:39'),(5,'Tencel','Products tagged with Tencel.',NULL,'published','2026-05-28 19:00:39','2026-05-28 19:00:39'),(6,'Recycled','Products tagged with Recycled.',NULL,'published','2026-05-28 19:00:39','2026-05-28 19:00:39'),(7,'Made in Portugal','Products tagged with Made in Portugal.',NULL,'published','2026-05-28 19:00:39','2026-05-28 19:00:39'),(8,'Made in Italy','Products tagged with Made in Italy.',NULL,'published','2026-05-28 19:00:39','2026-05-28 19:00:39'),(9,'Hand-Crafted','Products tagged with Hand-Crafted.',NULL,'published','2026-05-28 19:00:39','2026-05-28 19:00:39'),(10,'Vegan','Products tagged with Vegan.',NULL,'published','2026-05-28 19:00:39','2026-05-28 19:00:39'),(11,'Limited Run','Products tagged with Limited Run.',NULL,'published','2026-05-28 19:00:39','2026-05-28 19:00:39'),(12,'Best Seller','Products tagged with Best Seller.',NULL,'published','2026-05-28 19:00:39','2026-05-28 19:00:39'),(13,'New Arrival','Products tagged with New Arrival.',NULL,'published','2026-05-28 19:00:39','2026-05-28 19:00:39'),(14,'Editor Pick','Products tagged with Editor Pick.',NULL,'published','2026-05-28 19:00:39','2026-05-28 19:00:39'),(15,'Eco-Friendly','Products tagged with Eco-Friendly.',NULL,'published','2026-05-28 19:00:39','2026-05-28 19:00:39');

--
-- Table structure for table `ec_product_tags_translations`
--

CREATE TABLE `ec_product_tags_translations` (
  `lang_code` varchar(255) COLLATE utf8mb4_unicode_ci NOT NULL,
  `ec_product_tags_id` bigint unsigned NOT NULL,
  `name` varchar(255) COLLATE utf8mb4_unicode_ci DEFAULT NULL,
  `content` mediumtext COLLATE utf8mb4_unicode_ci,
  PRIMARY KEY (`lang_code`,`ec_product_tags_id`),
  KEY `idx_product_tags_fk` (`ec_product_tags_id`),
  KEY `idx_product_tags_product_tags_lang` (`ec_product_tags_id`,`lang_code`)
) ENGINE=InnoDB DEFAULT CHARSET=utf8mb4 COLLATE=utf8mb4_unicode_ci;

--
-- Dumping data for table `ec_product_tags_translations`
--


--
-- Table structure for table `ec_product_up_sale_relations`
--

CREATE TABLE `ec_product_up_sale_relations` (
  `from_product_id` bigint unsigned NOT NULL,
  `to_product_id` bigint unsigned NOT NULL,
  `is_variant` tinyint(1) NOT NULL DEFAULT '0',
  `price` decimal(15,2) DEFAULT '0.00',
  `price_type` varchar(255) COLLATE utf8mb4_unicode_ci NOT NULL DEFAULT 'fixed',
  `apply_to_all_variations` tinyint(1) NOT NULL DEFAULT '1',
  PRIMARY KEY (`from_product_id`,`to_product_id`),
  KEY `ec_product_up_sale_relations_from_product_id_index` (`from_product_id`),
  KEY `ec_product_up_sale_relations_to_product_id_index` (`to_product_id`)
) ENGINE=InnoDB DEFAULT CHARSET=utf8mb4 COLLATE=utf8mb4_unicode_ci;

--
-- Dumping data for table `ec_product_up_sale_relations`
--


--
-- Table structure for table `ec_product_variation_items`
--

CREATE TABLE `ec_product_variation_items` (
  `id` bigint unsigned NOT NULL AUTO_INCREMENT,
  `attribute_id` bigint unsigned NOT NULL,
  `variation_id` bigint unsigned NOT NULL,
  PRIMARY KEY (`id`),
  UNIQUE KEY `ec_product_variation_items_attribute_id_variation_id_unique` (`attribute_id`,`variation_id`),
  KEY `attribute_variation_index` (`attribute_id`,`variation_id`),
  KEY `idx_variation_id` (`variation_id`),
  KEY `idx_variation_attribute_covering` (`variation_id`,`attribute_id`),
  KEY `ec_product_variation_items_variation_id_attribute_id_index` (`variation_id`,`attribute_id`)
) ENGINE=InnoDB DEFAULT CHARSET=utf8mb4 COLLATE=utf8mb4_unicode_ci;

--
-- Dumping data for table `ec_product_variation_items`
--


--
-- Table structure for table `ec_product_variations`
--

CREATE TABLE `ec_product_variations` (
  `id` bigint unsigned NOT NULL AUTO_INCREMENT,
  `product_id` bigint unsigned DEFAULT NULL,
  `configurable_product_id` bigint unsigned NOT NULL,
  `is_default` tinyint NOT NULL DEFAULT '0',
  PRIMARY KEY (`id`),
  UNIQUE KEY `ec_product_variations_product_id_configurable_product_id_unique` (`product_id`,`configurable_product_id`),
  KEY `configurable_product_index` (`product_id`,`configurable_product_id`),
  KEY `idx_configurable_product_id` (`configurable_product_id`),
  KEY `idx_product_variations_config` (`configurable_product_id`,`is_default`),
  KEY `ec_product_variations_product_id_index` (`product_id`),
  KEY `ec_product_variations_configurable_product_id_index` (`configurable_product_id`)
) ENGINE=InnoDB DEFAULT CHARSET=utf8mb4 COLLATE=utf8mb4_unicode_ci;

--
-- Dumping data for table `ec_product_variations`
--


--
-- Table structure for table `ec_product_views`
--

CREATE TABLE `ec_product_views` (
  `id` bigint unsigned NOT NULL AUTO_INCREMENT,
  `product_id` bigint unsigned NOT NULL,
  `views` int NOT NULL DEFAULT '1',
  `date` date NOT NULL DEFAULT '2026-05-29',
  PRIMARY KEY (`id`),
  UNIQUE KEY `ec_product_views_product_id_date_unique` (`product_id`,`date`),
  KEY `ec_product_views_product_id_index` (`product_id`)
) ENGINE=InnoDB DEFAULT CHARSET=utf8mb4 COLLATE=utf8mb4_unicode_ci;

--
-- Dumping data for table `ec_product_views`
--


--
-- Table structure for table `ec_product_with_attribute_set`
--

CREATE TABLE `ec_product_with_attribute_set` (
  `attribute_set_id` bigint unsigned NOT NULL,
  `product_id` bigint unsigned NOT NULL,
  `order` tinyint unsigned NOT NULL DEFAULT '0',
  PRIMARY KEY (`product_id`,`attribute_set_id`)
) ENGINE=InnoDB DEFAULT CHARSET=utf8mb4 COLLATE=utf8mb4_unicode_ci;

--
-- Dumping data for table `ec_product_with_attribute_set`
--


--
-- Table structure for table `ec_products`
--

CREATE TABLE `ec_products` (
  `id` bigint unsigned NOT NULL AUTO_INCREMENT,
  `name` varchar(255) COLLATE utf8mb4_unicode_ci NOT NULL,
  `slug` varchar(255) COLLATE utf8mb4_unicode_ci DEFAULT NULL,
  `description` text COLLATE utf8mb4_unicode_ci,
  `content` longtext COLLATE utf8mb4_unicode_ci,
  `status` varchar(60) COLLATE utf8mb4_unicode_ci NOT NULL DEFAULT 'published',
  `images` text COLLATE utf8mb4_unicode_ci,
  `video_media` text COLLATE utf8mb4_unicode_ci,
  `sku` varchar(255) COLLATE utf8mb4_unicode_ci DEFAULT NULL,
  `order` int unsigned NOT NULL DEFAULT '0',
  `quantity` int unsigned DEFAULT NULL,
  `allow_checkout_when_out_of_stock` tinyint unsigned NOT NULL DEFAULT '0',
  `with_storehouse_management` tinyint unsigned NOT NULL DEFAULT '0',
  `stock_status` varchar(255) COLLATE utf8mb4_unicode_ci DEFAULT 'in_stock',
  `is_featured` tinyint unsigned NOT NULL DEFAULT '0',
  `is_new_until` date DEFAULT NULL,
  `brand_id` bigint unsigned DEFAULT NULL,
  `is_variation` tinyint NOT NULL DEFAULT '0',
  `variations_count` int unsigned NOT NULL DEFAULT '0',
  `reviews_count` int unsigned NOT NULL DEFAULT '0',
  `reviews_avg` decimal(3,2) NOT NULL DEFAULT '0.00',
  `sale_type` tinyint NOT NULL DEFAULT '0',
  `price` double unsigned DEFAULT NULL,
  `sale_price` double unsigned DEFAULT NULL,
  `start_date` timestamp NULL DEFAULT NULL,
  `end_date` timestamp NULL DEFAULT NULL,
  `length` double DEFAULT NULL,
  `wide` double DEFAULT NULL,
  `height` double DEFAULT NULL,
  `weight` double DEFAULT NULL,
  `tax_id` bigint unsigned DEFAULT NULL,
  `tax_class` varchar(50) COLLATE utf8mb4_unicode_ci NOT NULL DEFAULT 'standard',
  `views` bigint NOT NULL DEFAULT '0',
  `created_at` timestamp NULL DEFAULT NULL,
  `updated_at` timestamp NULL DEFAULT NULL,
  `store_id` bigint unsigned DEFAULT NULL,
  `created_by_id` bigint unsigned DEFAULT '0',
  `created_by_type` varchar(255) COLLATE utf8mb4_unicode_ci NOT NULL DEFAULT 'Botble\\ACL\\Models\\User',
  `approved_by` bigint unsigned DEFAULT '0',
  `image` varchar(255) COLLATE utf8mb4_unicode_ci DEFAULT NULL,
  `product_type` varchar(60) COLLATE utf8mb4_unicode_ci DEFAULT 'physical',
  `barcode` varchar(150) COLLATE utf8mb4_unicode_ci DEFAULT NULL,
  `cost_per_item` double DEFAULT NULL,
  `currency_code` varchar(10) COLLATE utf8mb4_unicode_ci DEFAULT NULL,
  `price_includes_tax` tinyint(1) NOT NULL DEFAULT '0',
  `generate_license_code` tinyint(1) NOT NULL DEFAULT '0',
  `license_code_type` enum('auto_generate','pick_from_list') COLLATE utf8mb4_unicode_ci NOT NULL DEFAULT 'auto_generate',
  `minimum_order_quantity` int unsigned DEFAULT '0',
  `maximum_order_quantity` int unsigned DEFAULT '0',
  `notify_attachment_updated` tinyint(1) NOT NULL DEFAULT '0',
  `specification_table_id` bigint unsigned DEFAULT NULL,
  PRIMARY KEY (`id`),
  KEY `ec_products_brand_id_status_is_variation_created_at_index` (`brand_id`,`status`,`is_variation`,`created_at`),
  KEY `sale_type_index` (`sale_type`),
  KEY `start_date_index` (`start_date`),
  KEY `end_date_index` (`end_date`),
  KEY `sale_price_index` (`sale_price`),
  KEY `is_variation_index` (`is_variation`),
  KEY `ec_products_sku_index` (`sku`),
  KEY `idx_products_export` (`id`,`is_variation`),
  KEY `idx_store_variation_status` (`store_id`,`is_variation`,`status`),
  KEY `idx_variation_name_id` (`is_variation`,`name`,`id`),
  KEY `ec_products_variations_count_index` (`variations_count`),
  KEY `ec_products_slug_index` (`slug`),
  KEY `idx_products_status_variation` (`status`,`is_variation`,`id`),
  KEY `idx_products_price_sale` (`sale_type`,`sale_price`,`price`),
  KEY `idx_products_order_created` (`order`,`created_at`),
  KEY `idx_products_stock` (`with_storehouse_management`,`stock_status`,`quantity`),
  KEY `ec_products_reviews_count_index` (`reviews_count`),
  KEY `ec_products_reviews_avg_index` (`reviews_avg`),
  KEY `ec_products_status_is_variation_index` (`status`,`is_variation`),
  KEY `ec_products_storehouse_quantity_index` (`with_storehouse_management`,`quantity`),
  KEY `ec_products_currency_code_index` (`currency_code`)
) ENGINE=InnoDB DEFAULT CHARSET=utf8mb4 COLLATE=utf8mb4_unicode_ci;

--
-- Dumping data for table `ec_products`
--


--
-- Table structure for table `ec_products_translations`
--

CREATE TABLE `ec_products_translations` (
  `lang_code` varchar(255) COLLATE utf8mb4_unicode_ci NOT NULL,
  `ec_products_id` bigint unsigned NOT NULL,
  `name` varchar(255) COLLATE utf8mb4_unicode_ci DEFAULT NULL,
  `slug` varchar(255) COLLATE utf8mb4_unicode_ci DEFAULT NULL,
  `description` text COLLATE utf8mb4_unicode_ci,
  `content` text COLLATE utf8mb4_unicode_ci,
  PRIMARY KEY (`lang_code`,`ec_products_id`),
  KEY `idx_products_fk` (`ec_products_id`),
  KEY `idx_products_products_lang` (`ec_products_id`,`lang_code`)
) ENGINE=InnoDB DEFAULT CHARSET=utf8mb4 COLLATE=utf8mb4_unicode_ci;

--
-- Dumping data for table `ec_products_translations`
--


--
-- Table structure for table `ec_review_replies`
--

CREATE TABLE `ec_review_replies` (
  `id` bigint unsigned NOT NULL AUTO_INCREMENT,
  `user_id` bigint unsigned DEFAULT NULL,
  `customer_id` bigint unsigned DEFAULT NULL,
  `review_id` bigint unsigned NOT NULL,
  `message` text COLLATE utf8mb4_unicode_ci NOT NULL,
  `created_at` timestamp NULL DEFAULT NULL,
  `updated_at` timestamp NULL DEFAULT NULL,
  PRIMARY KEY (`id`),
  UNIQUE KEY `ec_review_replies_review_id_unique` (`review_id`)
) ENGINE=InnoDB DEFAULT CHARSET=utf8mb4 COLLATE=utf8mb4_unicode_ci;

--
-- Dumping data for table `ec_review_replies`
--


--
-- Table structure for table `ec_reviews`
--

CREATE TABLE `ec_reviews` (
  `id` bigint unsigned NOT NULL AUTO_INCREMENT,
  `customer_id` bigint unsigned DEFAULT NULL,
  `customer_name` varchar(255) COLLATE utf8mb4_unicode_ci DEFAULT NULL,
  `customer_email` varchar(255) COLLATE utf8mb4_unicode_ci DEFAULT NULL,
  `product_id` bigint unsigned NOT NULL,
  `star` double NOT NULL,
  `comment` text COLLATE utf8mb4_unicode_ci,
  `status` varchar(60) COLLATE utf8mb4_unicode_ci NOT NULL DEFAULT 'published',
  `badge_type` varchar(30) COLLATE utf8mb4_unicode_ci NOT NULL DEFAULT 'auto',
  `created_at` timestamp NULL DEFAULT NULL,
  `updated_at` timestamp NULL DEFAULT NULL,
  `images` text COLLATE utf8mb4_unicode_ci,
  PRIMARY KEY (`id`),
  UNIQUE KEY `ec_reviews_product_id_customer_id_unique` (`product_id`,`customer_id`),
  KEY `ec_reviews_product_id_customer_id_status_created_at_index` (`product_id`,`customer_id`,`status`,`created_at`),
  KEY `review_relation_index` (`product_id`,`customer_id`,`status`),
  KEY `ec_reviews_product_id_status_index` (`product_id`,`status`),
  KEY `ec_reviews_customer_id_status_index` (`customer_id`,`status`)
) ENGINE=InnoDB DEFAULT CHARSET=utf8mb4 COLLATE=utf8mb4_unicode_ci;

--
-- Dumping data for table `ec_reviews`
--


--
-- Table structure for table `ec_shared_wishlists`
--

CREATE TABLE `ec_shared_wishlists` (
  `id` bigint unsigned NOT NULL AUTO_INCREMENT,
  `code` varchar(255) COLLATE utf8mb4_unicode_ci NOT NULL,
  `product_ids` text COLLATE utf8mb4_unicode_ci,
  `created_at` timestamp NULL DEFAULT NULL,
  `updated_at` timestamp NULL DEFAULT NULL,
  PRIMARY KEY (`id`),
  UNIQUE KEY `ec_shared_wishlists_code_unique` (`code`)
) ENGINE=InnoDB DEFAULT CHARSET=utf8mb4 COLLATE=utf8mb4_unicode_ci;

--
-- Dumping data for table `ec_shared_wishlists`
--


--
-- Table structure for table `ec_shipment_histories`
--

CREATE TABLE `ec_shipment_histories` (
  `id` bigint unsigned NOT NULL AUTO_INCREMENT,
  `action` varchar(120) COLLATE utf8mb4_unicode_ci NOT NULL,
  `description` varchar(400) COLLATE utf8mb4_unicode_ci DEFAULT NULL,
  `user_id` bigint unsigned DEFAULT NULL,
  `shipment_id` bigint unsigned NOT NULL,
  `order_id` bigint unsigned NOT NULL,
  `created_at` timestamp NULL DEFAULT NULL,
  `updated_at` timestamp NULL DEFAULT NULL,
  `user_type` varchar(255) COLLATE utf8mb4_unicode_ci NOT NULL DEFAULT 'Botble\\ACL\\Models\\User',
  PRIMARY KEY (`id`)
) ENGINE=InnoDB DEFAULT CHARSET=utf8mb4 COLLATE=utf8mb4_unicode_ci;

--
-- Dumping data for table `ec_shipment_histories`
--


--
-- Table structure for table `ec_shipments`
--

CREATE TABLE `ec_shipments` (
  `id` bigint unsigned NOT NULL AUTO_INCREMENT,
  `order_id` bigint unsigned NOT NULL,
  `user_id` bigint unsigned DEFAULT NULL,
  `weight` double DEFAULT '0',
  `shipment_id` varchar(120) COLLATE utf8mb4_unicode_ci DEFAULT NULL,
  `rate_id` varchar(120) COLLATE utf8mb4_unicode_ci DEFAULT NULL,
  `note` text COLLATE utf8mb4_unicode_ci,
  `status` varchar(120) COLLATE utf8mb4_unicode_ci NOT NULL DEFAULT 'pending',
  `cod_amount` decimal(15,2) DEFAULT '0.00',
  `cod_status` varchar(60) COLLATE utf8mb4_unicode_ci NOT NULL DEFAULT 'pending',
  `cross_checking_status` varchar(60) COLLATE utf8mb4_unicode_ci NOT NULL DEFAULT 'pending',
  `price` decimal(15,2) DEFAULT '0.00',
  `store_id` bigint unsigned DEFAULT NULL,
  `created_at` timestamp NULL DEFAULT NULL,
  `updated_at` timestamp NULL DEFAULT NULL,
  `tracking_id` varchar(255) COLLATE utf8mb4_unicode_ci DEFAULT NULL,
  `shipping_company_name` varchar(255) COLLATE utf8mb4_unicode_ci DEFAULT NULL,
  `tracking_link` varchar(255) COLLATE utf8mb4_unicode_ci DEFAULT NULL,
  `estimate_date_shipped` datetime DEFAULT NULL,
  `date_shipped` datetime DEFAULT NULL,
  `customer_delivered_confirmed_at` timestamp NULL DEFAULT NULL,
  `label_url` text COLLATE utf8mb4_unicode_ci,
  `metadata` mediumtext COLLATE utf8mb4_unicode_ci,
  PRIMARY KEY (`id`),
  UNIQUE KEY `ec_shipments_order_id_unique` (`order_id`)
) ENGINE=InnoDB DEFAULT CHARSET=utf8mb4 COLLATE=utf8mb4_unicode_ci;

--
-- Dumping data for table `ec_shipments`
--


--
-- Table structure for table `ec_shipping`
--

CREATE TABLE `ec_shipping` (
  `id` bigint unsigned NOT NULL AUTO_INCREMENT,
  `title` varchar(255) COLLATE utf8mb4_unicode_ci DEFAULT NULL,
  `country` varchar(120) COLLATE utf8mb4_unicode_ci DEFAULT NULL,
  `created_at` timestamp NULL DEFAULT NULL,
  `updated_at` timestamp NULL DEFAULT NULL,
  PRIMARY KEY (`id`)
) ENGINE=InnoDB DEFAULT CHARSET=utf8mb4 COLLATE=utf8mb4_unicode_ci;

--
-- Dumping data for table `ec_shipping`
--


--
-- Table structure for table `ec_shipping_rule_items`
--

CREATE TABLE `ec_shipping_rule_items` (
  `id` bigint unsigned NOT NULL AUTO_INCREMENT,
  `shipping_rule_id` bigint unsigned NOT NULL,
  `name` varchar(120) COLLATE utf8mb4_unicode_ci DEFAULT NULL,
  `country` varchar(120) COLLATE utf8mb4_unicode_ci DEFAULT NULL,
  `state` varchar(120) COLLATE utf8mb4_unicode_ci DEFAULT NULL,
  `city` varchar(120) COLLATE utf8mb4_unicode_ci DEFAULT NULL,
  `zip_code` varchar(20) COLLATE utf8mb4_unicode_ci DEFAULT NULL,
  `zip_code_from` varchar(20) COLLATE utf8mb4_unicode_ci DEFAULT NULL,
  `zip_code_to` varchar(20) COLLATE utf8mb4_unicode_ci DEFAULT NULL,
  `adjustment_price` decimal(15,2) DEFAULT '0.00',
  `is_enabled` tinyint(1) NOT NULL DEFAULT '1',
  `created_at` timestamp NULL DEFAULT NULL,
  `updated_at` timestamp NULL DEFAULT NULL,
  PRIMARY KEY (`id`),
  KEY `idx_zip_range` (`zip_code_from`,`zip_code_to`)
) ENGINE=InnoDB DEFAULT CHARSET=utf8mb4 COLLATE=utf8mb4_unicode_ci;

--
-- Dumping data for table `ec_shipping_rule_items`
--


--
-- Table structure for table `ec_shipping_rules`
--

CREATE TABLE `ec_shipping_rules` (
  `id` bigint unsigned NOT NULL AUTO_INCREMENT,
  `name` varchar(120) COLLATE utf8mb4_unicode_ci NOT NULL,
  `shipping_id` bigint unsigned NOT NULL,
  `type` varchar(24) COLLATE utf8mb4_unicode_ci DEFAULT 'based_on_price',
  `from` decimal(15,2) DEFAULT '0.00',
  `to` decimal(15,2) DEFAULT '0.00',
  `price` decimal(15,2) DEFAULT '0.00',
  `created_at` timestamp NULL DEFAULT NULL,
  `updated_at` timestamp NULL DEFAULT NULL,
  PRIMARY KEY (`id`)
) ENGINE=InnoDB DEFAULT CHARSET=utf8mb4 COLLATE=utf8mb4_unicode_ci;

--
-- Dumping data for table `ec_shipping_rules`
--


--
-- Table structure for table `ec_specification_attributes`
--

CREATE TABLE `ec_specification_attributes` (
  `id` bigint unsigned NOT NULL AUTO_INCREMENT,
  `group_id` bigint unsigned NOT NULL,
  `name` varchar(255) COLLATE utf8mb4_unicode_ci NOT NULL,
  `type` varchar(20) COLLATE utf8mb4_unicode_ci NOT NULL,
  `options` text COLLATE utf8mb4_unicode_ci,
  `default_value` varchar(255) COLLATE utf8mb4_unicode_ci DEFAULT NULL,
  `created_at` timestamp NULL DEFAULT NULL,
  `updated_at` timestamp NULL DEFAULT NULL,
  `author_type` varchar(255) COLLATE utf8mb4_unicode_ci DEFAULT NULL,
  `author_id` bigint unsigned DEFAULT NULL,
  PRIMARY KEY (`id`),
  KEY `author_index` (`author_type`,`author_id`)
) ENGINE=InnoDB AUTO_INCREMENT=7 DEFAULT CHARSET=utf8mb4 COLLATE=utf8mb4_unicode_ci;

--
-- Dumping data for table `ec_specification_attributes`
--

INSERT INTO `ec_specification_attributes` VALUES (1,1,'Composition','text',NULL,'55% Polyester, 30% Acrylic, 13% Polyamide, 2% Elastane','2026-05-28 19:00:39','2026-05-28 19:00:39',NULL,NULL),(2,1,'Origin','text',NULL,'Made in Portugal','2026-05-28 19:00:39','2026-05-28 19:00:39',NULL,NULL),(3,1,'Care','text',NULL,'Machine wash cold. Tumble dry low. Do not bleach.','2026-05-28 19:00:39','2026-05-28 19:00:39',NULL,NULL),(4,2,'Designed In','text',NULL,'Barcelona, Spain','2026-05-28 19:00:39','2026-05-28 19:00:39',NULL,NULL),(5,2,'Warranty','text',NULL,'12 months manufacturer warranty','2026-05-28 19:00:39','2026-05-28 19:00:39',NULL,NULL),(6,2,'Made From Recycled Materials','checkbox',NULL,'1','2026-05-28 19:00:39','2026-05-28 19:00:39',NULL,NULL);

--
-- Table structure for table `ec_specification_attributes_translations`
--

CREATE TABLE `ec_specification_attributes_translations` (
  `lang_code` varchar(20) COLLATE utf8mb4_unicode_ci NOT NULL,
  `ec_specification_attributes_id` bigint unsigned NOT NULL,
  `name` varchar(255) COLLATE utf8mb4_unicode_ci DEFAULT NULL,
  `options` text COLLATE utf8mb4_unicode_ci,
  `default_value` varchar(255) COLLATE utf8mb4_unicode_ci DEFAULT NULL,
  PRIMARY KEY (`lang_code`,`ec_specification_attributes_id`),
  KEY `idx_specification_attributes_fk` (`ec_specification_attributes_id`),
  KEY `idx_specification_attributes_specification_attributes_lang` (`ec_specification_attributes_id`,`lang_code`)
) ENGINE=InnoDB DEFAULT CHARSET=utf8mb4 COLLATE=utf8mb4_unicode_ci;

--
-- Dumping data for table `ec_specification_attributes_translations`
--


--
-- Table structure for table `ec_specification_groups`
--

CREATE TABLE `ec_specification_groups` (
  `id` bigint unsigned NOT NULL AUTO_INCREMENT,
  `name` varchar(255) COLLATE utf8mb4_unicode_ci NOT NULL,
  `description` varchar(400) COLLATE utf8mb4_unicode_ci DEFAULT NULL,
  `created_at` timestamp NULL DEFAULT NULL,
  `updated_at` timestamp NULL DEFAULT NULL,
  `author_type` varchar(255) COLLATE utf8mb4_unicode_ci DEFAULT NULL,
  `author_id` bigint unsigned DEFAULT NULL,
  PRIMARY KEY (`id`),
  KEY `author_index` (`author_type`,`author_id`)
) ENGINE=InnoDB AUTO_INCREMENT=3 DEFAULT CHARSET=utf8mb4 COLLATE=utf8mb4_unicode_ci;

--
-- Dumping data for table `ec_specification_groups`
--

INSERT INTO `ec_specification_groups` VALUES (1,'Material & Composition','Fibre breakdown, origin and care guidance.','2026-05-28 19:00:39','2026-05-28 19:00:39',NULL,NULL),(2,'Product Details','Provenance, warranty and sustainability.','2026-05-28 19:00:39','2026-05-28 19:00:39',NULL,NULL);

--
-- Table structure for table `ec_specification_groups_translations`
--

CREATE TABLE `ec_specification_groups_translations` (
  `lang_code` varchar(20) COLLATE utf8mb4_unicode_ci NOT NULL,
  `ec_specification_groups_id` bigint unsigned NOT NULL,
  `name` varchar(255) COLLATE utf8mb4_unicode_ci DEFAULT NULL,
  `description` varchar(400) COLLATE utf8mb4_unicode_ci DEFAULT NULL,
  PRIMARY KEY (`lang_code`,`ec_specification_groups_id`)
) ENGINE=InnoDB DEFAULT CHARSET=utf8mb4 COLLATE=utf8mb4_unicode_ci;

--
-- Dumping data for table `ec_specification_groups_translations`
--


--
-- Table structure for table `ec_specification_table_group`
--

CREATE TABLE `ec_specification_table_group` (
  `table_id` bigint unsigned NOT NULL,
  `group_id` bigint unsigned NOT NULL,
  `order` tinyint NOT NULL DEFAULT '0',
  PRIMARY KEY (`table_id`,`group_id`)
) ENGINE=InnoDB DEFAULT CHARSET=utf8mb4 COLLATE=utf8mb4_unicode_ci;

--
-- Dumping data for table `ec_specification_table_group`
--

INSERT INTO `ec_specification_table_group` VALUES (1,1,0),(1,2,1);

--
-- Table structure for table `ec_specification_tables`
--

CREATE TABLE `ec_specification_tables` (
  `id` bigint unsigned NOT NULL AUTO_INCREMENT,
  `name` varchar(255) COLLATE utf8mb4_unicode_ci NOT NULL,
  `description` varchar(400) COLLATE utf8mb4_unicode_ci DEFAULT NULL,
  `created_at` timestamp NULL DEFAULT NULL,
  `updated_at` timestamp NULL DEFAULT NULL,
  `author_type` varchar(255) COLLATE utf8mb4_unicode_ci DEFAULT NULL,
  `author_id` bigint unsigned DEFAULT NULL,
  PRIMARY KEY (`id`),
  KEY `author_index` (`author_type`,`author_id`)
) ENGINE=InnoDB AUTO_INCREMENT=2 DEFAULT CHARSET=utf8mb4 COLLATE=utf8mb4_unicode_ci;

--
-- Dumping data for table `ec_specification_tables`
--

INSERT INTO `ec_specification_tables` VALUES (1,'Default Specifications','Default specification layout applied to all products.','2026-05-28 19:00:39','2026-05-28 19:00:39',NULL,NULL);

--
-- Table structure for table `ec_specification_tables_translations`
--

CREATE TABLE `ec_specification_tables_translations` (
  `lang_code` varchar(20) COLLATE utf8mb4_unicode_ci NOT NULL,
  `ec_specification_tables_id` bigint unsigned NOT NULL,
  `name` varchar(255) COLLATE utf8mb4_unicode_ci DEFAULT NULL,
  `description` varchar(400) COLLATE utf8mb4_unicode_ci DEFAULT NULL,
  PRIMARY KEY (`lang_code`,`ec_specification_tables_id`)
) ENGINE=InnoDB DEFAULT CHARSET=utf8mb4 COLLATE=utf8mb4_unicode_ci;

--
-- Dumping data for table `ec_specification_tables_translations`
--


--
-- Table structure for table `ec_store_locators`
--

CREATE TABLE `ec_store_locators` (
  `id` bigint unsigned NOT NULL AUTO_INCREMENT,
  `name` varchar(60) COLLATE utf8mb4_unicode_ci NOT NULL,
  `email` varchar(60) COLLATE utf8mb4_unicode_ci DEFAULT NULL,
  `phone` varchar(20) COLLATE utf8mb4_unicode_ci NOT NULL,
  `address` varchar(255) COLLATE utf8mb4_unicode_ci NOT NULL,
  `country` varchar(120) COLLATE utf8mb4_unicode_ci DEFAULT NULL,
  `state` varchar(120) COLLATE utf8mb4_unicode_ci DEFAULT NULL,
  `city` varchar(120) COLLATE utf8mb4_unicode_ci DEFAULT NULL,
  `is_primary` tinyint(1) DEFAULT '0',
  `is_shipping_location` tinyint(1) DEFAULT '1',
  `created_at` timestamp NULL DEFAULT NULL,
  `updated_at` timestamp NULL DEFAULT NULL,
  `zip_code` varchar(20) COLLATE utf8mb4_unicode_ci DEFAULT NULL,
  PRIMARY KEY (`id`)
) ENGINE=InnoDB DEFAULT CHARSET=utf8mb4 COLLATE=utf8mb4_unicode_ci;

--
-- Dumping data for table `ec_store_locators`
--


--
-- Table structure for table `ec_tax_products`
--

CREATE TABLE `ec_tax_products` (
  `tax_id` bigint unsigned NOT NULL,
  `product_id` bigint unsigned NOT NULL,
  PRIMARY KEY (`product_id`,`tax_id`),
  KEY `ec_tax_products_tax_id_index` (`tax_id`),
  KEY `ec_tax_products_product_id_index` (`product_id`)
) ENGINE=InnoDB DEFAULT CHARSET=utf8mb4 COLLATE=utf8mb4_unicode_ci;

--
-- Dumping data for table `ec_tax_products`
--


--
-- Table structure for table `ec_tax_rules`
--

CREATE TABLE `ec_tax_rules` (
  `id` bigint unsigned NOT NULL AUTO_INCREMENT,
  `tax_id` bigint unsigned NOT NULL,
  `country` varchar(120) COLLATE utf8mb4_unicode_ci DEFAULT NULL,
  `state` varchar(120) COLLATE utf8mb4_unicode_ci DEFAULT NULL,
  `city` varchar(120) COLLATE utf8mb4_unicode_ci DEFAULT NULL,
  `zip_code` varchar(20) COLLATE utf8mb4_unicode_ci DEFAULT NULL,
  `priority` int DEFAULT NULL,
  `is_enabled` tinyint(1) NOT NULL DEFAULT '1',
  `created_at` timestamp NULL DEFAULT NULL,
  `updated_at` timestamp NULL DEFAULT NULL,
  `percentage` float DEFAULT NULL,
  PRIMARY KEY (`id`)
) ENGINE=InnoDB DEFAULT CHARSET=utf8mb4 COLLATE=utf8mb4_unicode_ci;

--
-- Dumping data for table `ec_tax_rules`
--


--
-- Table structure for table `ec_taxes`
--

CREATE TABLE `ec_taxes` (
  `id` bigint unsigned NOT NULL AUTO_INCREMENT,
  `title` varchar(255) COLLATE utf8mb4_unicode_ci DEFAULT NULL,
  `percentage` float DEFAULT NULL,
  `priority` int DEFAULT NULL,
  `status` varchar(60) COLLATE utf8mb4_unicode_ci NOT NULL DEFAULT 'published',
  `created_at` timestamp NULL DEFAULT NULL,
  `updated_at` timestamp NULL DEFAULT NULL,
  PRIMARY KEY (`id`)
) ENGINE=InnoDB DEFAULT CHARSET=utf8mb4 COLLATE=utf8mb4_unicode_ci;

--
-- Dumping data for table `ec_taxes`
--


--
-- Table structure for table `ec_taxes_translations`
--

CREATE TABLE `ec_taxes_translations` (
  `lang_code` varchar(255) COLLATE utf8mb4_unicode_ci NOT NULL,
  `ec_taxes_id` bigint unsigned NOT NULL,
  `title` varchar(255) COLLATE utf8mb4_unicode_ci DEFAULT NULL,
  PRIMARY KEY (`lang_code`,`ec_taxes_id`)
) ENGINE=InnoDB DEFAULT CHARSET=utf8mb4 COLLATE=utf8mb4_unicode_ci;

--
-- Dumping data for table `ec_taxes_translations`
--


--
-- Table structure for table `ec_wish_lists`
--

CREATE TABLE `ec_wish_lists` (
  `customer_id` bigint unsigned NOT NULL,
  `product_id` bigint unsigned NOT NULL,
  `created_at` timestamp NULL DEFAULT NULL,
  `updated_at` timestamp NULL DEFAULT NULL,
  PRIMARY KEY (`customer_id`,`product_id`),
  KEY `wishlist_relation_index` (`product_id`,`customer_id`)
) ENGINE=InnoDB DEFAULT CHARSET=utf8mb4 COLLATE=utf8mb4_unicode_ci;

--
-- Dumping data for table `ec_wish_lists`
--


--
-- Table structure for table `failed_jobs`
--

CREATE TABLE `failed_jobs` (
  `id` bigint unsigned NOT NULL AUTO_INCREMENT,
  `uuid` varchar(255) COLLATE utf8mb4_unicode_ci NOT NULL,
  `connection` text COLLATE utf8mb4_unicode_ci NOT NULL,
  `queue` text COLLATE utf8mb4_unicode_ci NOT NULL,
  `payload` longtext COLLATE utf8mb4_unicode_ci NOT NULL,
  `exception` longtext COLLATE utf8mb4_unicode_ci NOT NULL,
  `failed_at` timestamp NOT NULL DEFAULT CURRENT_TIMESTAMP,
  PRIMARY KEY (`id`),
  UNIQUE KEY `failed_jobs_uuid_unique` (`uuid`)
) ENGINE=InnoDB DEFAULT CHARSET=utf8mb4 COLLATE=utf8mb4_unicode_ci;

--
-- Dumping data for table `failed_jobs`
--


--
-- Table structure for table `faq_categories`
--

CREATE TABLE `faq_categories` (
  `id` bigint unsigned NOT NULL AUTO_INCREMENT,
  `name` varchar(120) COLLATE utf8mb4_unicode_ci NOT NULL,
  `order` tinyint NOT NULL DEFAULT '0',
  `status` varchar(60) COLLATE utf8mb4_unicode_ci NOT NULL DEFAULT 'published',
  `created_at` timestamp NULL DEFAULT NULL,
  `updated_at` timestamp NULL DEFAULT NULL,
  `description` varchar(400) COLLATE utf8mb4_unicode_ci DEFAULT NULL,
  PRIMARY KEY (`id`)
) ENGINE=InnoDB AUTO_INCREMENT=5 DEFAULT CHARSET=utf8mb4 COLLATE=utf8mb4_unicode_ci;

--
-- Dumping data for table `faq_categories`
--

INSERT INTO `faq_categories` VALUES (1,'Orders &amp; Shipping',0,'published','2026-05-28 19:00:39','2026-05-28 19:00:39','Everything about placing, tracking, and receiving your order.'),(2,'Returns &amp; Refunds',1,'published','2026-05-28 19:00:39','2026-05-28 19:00:39','Our 30-day return policy and how to start a return.'),(3,'Products &amp; Stock',2,'published','2026-05-28 19:00:39','2026-05-28 19:00:39','Sizing, materials, restocks, and product care.'),(4,'Account &amp; Payment',3,'published','2026-05-28 19:00:39','2026-05-28 19:00:39','Managing your account and accepted payment methods.');

--
-- Table structure for table `faq_categories_translations`
--

CREATE TABLE `faq_categories_translations` (
  `lang_code` varchar(20) COLLATE utf8mb4_unicode_ci NOT NULL,
  `faq_categories_id` bigint unsigned NOT NULL,
  `name` varchar(120) COLLATE utf8mb4_unicode_ci DEFAULT NULL,
  PRIMARY KEY (`lang_code`,`faq_categories_id`),
  KEY `idx_faq_cat_trans_faq_cat_id` (`faq_categories_id`),
  KEY `idx_faq_cat_trans_faq_cat_lang` (`faq_categories_id`,`lang_code`)
) ENGINE=InnoDB DEFAULT CHARSET=utf8mb4 COLLATE=utf8mb4_unicode_ci;

--
-- Dumping data for table `faq_categories_translations`
--


--
-- Table structure for table `faqs`
--

CREATE TABLE `faqs` (
  `id` bigint unsigned NOT NULL AUTO_INCREMENT,
  `question` text COLLATE utf8mb4_unicode_ci NOT NULL,
  `answer` text COLLATE utf8mb4_unicode_ci NOT NULL,
  `category_id` bigint unsigned NOT NULL,
  `status` varchar(60) COLLATE utf8mb4_unicode_ci NOT NULL DEFAULT 'published',
  `created_at` timestamp NULL DEFAULT NULL,
  `updated_at` timestamp NULL DEFAULT NULL,
  PRIMARY KEY (`id`)
) ENGINE=InnoDB AUTO_INCREMENT=14 DEFAULT CHARSET=utf8mb4 COLLATE=utf8mb4_unicode_ci;

--
-- Dumping data for table `faqs`
--

INSERT INTO `faqs` VALUES (1,'How long does standard shipping take?','Standard shipping arrives within 3-5 business days for domestic orders and 7-12 business days for international destinations. Express options are available at checkout.',1,'published','2026-05-28 19:00:39','2026-05-28 19:00:39'),(2,'Do you offer free shipping?','Yes — orders above $99 ship free within the continental US. International free-shipping thresholds vary by destination and are shown at checkout.',1,'published','2026-05-28 19:00:39','2026-05-28 19:00:39'),(3,'How can I track my order?','You will receive a tracking link by email as soon as your order is dispatched. You can also follow the parcel from your account dashboard under My Orders.',1,'published','2026-05-28 19:00:39','2026-05-28 19:00:39'),(4,'Can I change the shipping address after I place my order?','Address changes are possible if your order has not yet entered fulfilment. Contact us within two hours of placing the order for the best chance of a successful update.',1,'published','2026-05-28 19:00:39','2026-05-28 19:00:39'),(5,'What is your return policy?','We offer 30 days from delivery to return any unworn item in its original condition. Sale items and intimate apparel are final sale.',2,'published','2026-05-28 19:00:39','2026-05-28 19:00:39'),(6,'How do I start a return?','Start a return from your account dashboard or email returns@amerce.test with your order number. We will send a prepaid return label for domestic orders.',2,'published','2026-05-28 19:00:39','2026-05-28 19:00:39'),(7,'When will I receive my refund?','Refunds are processed within 3-5 business days of us receiving your return. The funds typically appear on your statement within an additional 5-7 days, depending on your bank.',2,'published','2026-05-28 19:00:39','2026-05-28 19:00:39'),(8,'How do I find the right size?','Each product page includes a size chart based on actual garment measurements. If you are between sizes, we generally recommend sizing up for our knitwear and outerwear.',3,'published','2026-05-28 19:00:39','2026-05-28 19:00:39'),(9,'When will sold-out items be restocked?','Most styles restock within 2-4 weeks. Click the Notify Me button on any sold-out variant to be alerted by email the moment it returns.',3,'published','2026-05-28 19:00:39','2026-05-28 19:00:39'),(10,'Are your products ethically sourced?','Yes. We work only with manufacturing partners who meet our supplier code of conduct, covering fair wages, safe conditions, and verified material provenance.',3,'published','2026-05-28 19:00:39','2026-05-28 19:00:39'),(11,'Which payment methods do you accept?','We accept Visa, Mastercard, American Express, Apple Pay, Google Pay, PayPal, and Klarna for eligible markets.',4,'published','2026-05-28 19:00:39','2026-05-28 19:00:39'),(12,'Is it safe to enter my card details?','All payments are processed by PCI-DSS Level 1 certified providers using TLS 1.3 encryption. We never store full card numbers on our servers.',4,'published','2026-05-28 19:00:39','2026-05-28 19:00:39'),(13,'How do I reset my password?','Use the Forgot Password link on the login page. A reset link will be sent to your registered email address and is valid for 30 minutes.',4,'published','2026-05-28 19:00:39','2026-05-28 19:00:39');

--
-- Table structure for table `faqs_translations`
--

CREATE TABLE `faqs_translations` (
  `lang_code` varchar(20) COLLATE utf8mb4_unicode_ci NOT NULL,
  `faqs_id` bigint unsigned NOT NULL,
  `question` text COLLATE utf8mb4_unicode_ci,
  `answer` text COLLATE utf8mb4_unicode_ci,
  PRIMARY KEY (`lang_code`,`faqs_id`),
  KEY `idx_faqs_trans_faqs_id` (`faqs_id`),
  KEY `idx_faqs_trans_faq_lang` (`faqs_id`,`lang_code`)
) ENGINE=InnoDB DEFAULT CHARSET=utf8mb4 COLLATE=utf8mb4_unicode_ci;

--
-- Dumping data for table `faqs_translations`
--


--
-- Table structure for table `fob_product_size_guide_relations`
--

CREATE TABLE `fob_product_size_guide_relations` (
  `id` bigint unsigned NOT NULL AUTO_INCREMENT,
  `size_guide_id` bigint unsigned NOT NULL,
  `reference_id` bigint unsigned NOT NULL,
  `reference_type` varchar(60) COLLATE utf8mb4_unicode_ci NOT NULL,
  `created_at` timestamp NULL DEFAULT NULL,
  `updated_at` timestamp NULL DEFAULT NULL,
  PRIMARY KEY (`id`),
  KEY `fob_psg_relations_size_guide_id_idx` (`size_guide_id`),
  KEY `fob_psg_relations_ref_idx` (`reference_id`,`reference_type`),
  CONSTRAINT `fob_product_size_guide_relations_size_guide_id_foreign` FOREIGN KEY (`size_guide_id`) REFERENCES `fob_product_size_guides` (`id`) ON DELETE CASCADE
) ENGINE=InnoDB DEFAULT CHARSET=utf8mb4 COLLATE=utf8mb4_unicode_ci;

--
-- Dumping data for table `fob_product_size_guide_relations`
--


--
-- Table structure for table `fob_product_size_guides`
--

CREATE TABLE `fob_product_size_guides` (
  `id` bigint unsigned NOT NULL AUTO_INCREMENT,
  `name` varchar(255) COLLATE utf8mb4_unicode_ci NOT NULL,
  `description` text COLLATE utf8mb4_unicode_ci,
  `image` varchar(255) COLLATE utf8mb4_unicode_ci DEFAULT NULL,
  `table_headers` json DEFAULT NULL,
  `table_rows` json DEFAULT NULL,
  `status` varchar(60) COLLATE utf8mb4_unicode_ci NOT NULL DEFAULT 'published',
  `order` int NOT NULL DEFAULT '0',
  `created_at` timestamp NULL DEFAULT NULL,
  `updated_at` timestamp NULL DEFAULT NULL,
  PRIMARY KEY (`id`),
  KEY `fob_psg_status_idx` (`status`),
  KEY `fob_psg_order_idx` (`order`)
) ENGINE=InnoDB AUTO_INCREMENT=2 DEFAULT CHARSET=utf8mb4 COLLATE=utf8mb4_unicode_ci;

--
-- Dumping data for table `fob_product_size_guides`
--

INSERT INTO `fob_product_size_guides` VALUES (1,'Default Size Chart','<h6>Bust</h6><p>Measure around the fullest part of your bust.</p><h6>Waist</h6><p>Measure around the narrowest part of your torso.</p><h6>Low Hip</h6><p>With your feet together measure around the fullest part of your hips/rear.</p>',NULL,'[\"size\", \"us\", \"bust\", \"waist\", \"low-hip\"]','[[\"XS\", \"2\", \"32\", \"24 - 25\", \"33 - 34\"], [\"S\", \"4\", \"34 - 35\", \"26 - 27\", \"35 - 26\"], [\"M\", \"6\", \"36 - 37\", \"28 - 29\", \"38 - 40\"], [\"L\", \"8\", \"38 - 29\", \"30 - 31\", \"42 - 44\"], [\"XL\", \"10\", \"40 - 41\", \"32 - 33\", \"45 - 47\"], [\"XXL\", \"12\", \"42 - 43\", \"34 - 35\", \"48 - 50\"]]','published',0,'2026-05-28 19:00:39','2026-05-28 19:00:39');

--
-- Table structure for table `fob_size_guide_headers`
--

CREATE TABLE `fob_size_guide_headers` (
  `id` bigint unsigned NOT NULL AUTO_INCREMENT,
  `name` varchar(255) COLLATE utf8mb4_unicode_ci NOT NULL,
  `slug` varchar(255) COLLATE utf8mb4_unicode_ci NOT NULL,
  `category` varchar(60) COLLATE utf8mb4_unicode_ci NOT NULL DEFAULT 'general',
  `order` int NOT NULL DEFAULT '0',
  `status` varchar(60) COLLATE utf8mb4_unicode_ci NOT NULL DEFAULT 'published',
  `created_at` timestamp NULL DEFAULT NULL,
  `updated_at` timestamp NULL DEFAULT NULL,
  PRIMARY KEY (`id`),
  UNIQUE KEY `fob_size_guide_headers_slug_unique` (`slug`),
  KEY `fob_psg_headers_status_idx` (`status`),
  KEY `fob_psg_headers_category_idx` (`category`),
  KEY `fob_psg_headers_order_idx` (`order`)
) ENGINE=InnoDB AUTO_INCREMENT=6 DEFAULT CHARSET=utf8mb4 COLLATE=utf8mb4_unicode_ci;

--
-- Dumping data for table `fob_size_guide_headers`
--

INSERT INTO `fob_size_guide_headers` VALUES (1,'Size','size','general',0,'published','2026-05-28 19:00:39','2026-05-28 19:00:39'),(2,'US','us','general',1,'published','2026-05-28 19:00:39','2026-05-28 19:00:39'),(3,'Bust','bust','general',2,'published','2026-05-28 19:00:39','2026-05-28 19:00:39'),(4,'Waist','waist','general',3,'published','2026-05-28 19:00:39','2026-05-28 19:00:39'),(5,'Low Hip','low-hip','general',4,'published','2026-05-28 19:00:39','2026-05-28 19:00:39');

--
-- Table structure for table `fob_size_guide_headers_translations`
--

CREATE TABLE `fob_size_guide_headers_translations` (
  `lang_code` varchar(20) COLLATE utf8mb4_unicode_ci NOT NULL,
  `fob_size_guide_headers_id` bigint unsigned NOT NULL,
  `name` varchar(255) COLLATE utf8mb4_unicode_ci DEFAULT NULL,
  PRIMARY KEY (`lang_code`,`fob_size_guide_headers_id`)
) ENGINE=InnoDB DEFAULT CHARSET=utf8mb4 COLLATE=utf8mb4_unicode_ci;

--
-- Dumping data for table `fob_size_guide_headers_translations`
--


--
-- Table structure for table `galleries`
--

CREATE TABLE `galleries` (
  `id` bigint unsigned NOT NULL AUTO_INCREMENT,
  `name` varchar(120) COLLATE utf8mb4_unicode_ci NOT NULL,
  `description` longtext COLLATE utf8mb4_unicode_ci NOT NULL,
  `is_featured` tinyint unsigned NOT NULL DEFAULT '0',
  `order` tinyint unsigned NOT NULL DEFAULT '0',
  `image` varchar(255) COLLATE utf8mb4_unicode_ci DEFAULT NULL,
  `user_id` bigint unsigned DEFAULT NULL,
  `status` varchar(60) COLLATE utf8mb4_unicode_ci NOT NULL DEFAULT 'published',
  `created_at` timestamp NULL DEFAULT NULL,
  `updated_at` timestamp NULL DEFAULT NULL,
  PRIMARY KEY (`id`),
  KEY `galleries_user_id_index` (`user_id`)
) ENGINE=InnoDB DEFAULT CHARSET=utf8mb4 COLLATE=utf8mb4_unicode_ci;

--
-- Dumping data for table `galleries`
--


--
-- Table structure for table `galleries_translations`
--

CREATE TABLE `galleries_translations` (
  `lang_code` varchar(20) COLLATE utf8mb4_unicode_ci NOT NULL,
  `galleries_id` bigint unsigned NOT NULL,
  `name` varchar(255) COLLATE utf8mb4_unicode_ci DEFAULT NULL,
  `description` longtext COLLATE utf8mb4_unicode_ci,
  PRIMARY KEY (`lang_code`,`galleries_id`),
  KEY `idx_galleries_trans_galleries_id` (`galleries_id`),
  KEY `idx_galleries_trans_gallery_lang` (`galleries_id`,`lang_code`)
) ENGINE=InnoDB DEFAULT CHARSET=utf8mb4 COLLATE=utf8mb4_unicode_ci;

--
-- Dumping data for table `galleries_translations`
--


--
-- Table structure for table `gallery_meta`
--

CREATE TABLE `gallery_meta` (
  `id` bigint unsigned NOT NULL AUTO_INCREMENT,
  `images` text COLLATE utf8mb4_unicode_ci,
  `reference_id` bigint unsigned NOT NULL,
  `reference_type` varchar(120) COLLATE utf8mb4_unicode_ci NOT NULL,
  `created_at` timestamp NULL DEFAULT NULL,
  `updated_at` timestamp NULL DEFAULT NULL,
  PRIMARY KEY (`id`),
  KEY `gallery_meta_reference_id_index` (`reference_id`)
) ENGINE=InnoDB DEFAULT CHARSET=utf8mb4 COLLATE=utf8mb4_unicode_ci;

--
-- Dumping data for table `gallery_meta`
--


--
-- Table structure for table `gallery_meta_translations`
--

CREATE TABLE `gallery_meta_translations` (
  `lang_code` varchar(20) COLLATE utf8mb4_unicode_ci NOT NULL,
  `gallery_meta_id` bigint unsigned NOT NULL,
  `images` text COLLATE utf8mb4_unicode_ci,
  PRIMARY KEY (`lang_code`,`gallery_meta_id`),
  KEY `idx_gallery_meta_trans_gm_id` (`gallery_meta_id`),
  KEY `idx_gallery_meta_trans_gm_lang` (`gallery_meta_id`,`lang_code`)
) ENGINE=InnoDB DEFAULT CHARSET=utf8mb4 COLLATE=utf8mb4_unicode_ci;

--
-- Dumping data for table `gallery_meta_translations`
--


--
-- Table structure for table `jobs`
--

CREATE TABLE `jobs` (
  `id` bigint unsigned NOT NULL AUTO_INCREMENT,
  `queue` varchar(255) COLLATE utf8mb4_unicode_ci NOT NULL,
  `payload` longtext COLLATE utf8mb4_unicode_ci NOT NULL,
  `attempts` tinyint unsigned NOT NULL,
  `reserved_at` int unsigned DEFAULT NULL,
  `available_at` int unsigned NOT NULL,
  `created_at` int unsigned NOT NULL,
  PRIMARY KEY (`id`),
  KEY `jobs_queue_index` (`queue`)
) ENGINE=InnoDB DEFAULT CHARSET=utf8mb4 COLLATE=utf8mb4_unicode_ci;

--
-- Dumping data for table `jobs`
--


--
-- Table structure for table `language_meta`
--

CREATE TABLE `language_meta` (
  `lang_meta_id` bigint unsigned NOT NULL AUTO_INCREMENT,
  `lang_meta_code` varchar(20) COLLATE utf8mb4_unicode_ci DEFAULT NULL,
  `lang_meta_origin` varchar(32) COLLATE utf8mb4_unicode_ci NOT NULL,
  `reference_id` bigint unsigned NOT NULL,
  `reference_type` varchar(120) COLLATE utf8mb4_unicode_ci NOT NULL,
  PRIMARY KEY (`lang_meta_id`),
  KEY `language_meta_reference_id_index` (`reference_id`),
  KEY `meta_code_index` (`lang_meta_code`),
  KEY `meta_origin_index` (`lang_meta_origin`),
  KEY `meta_reference_type_index` (`reference_type`)
) ENGINE=InnoDB AUTO_INCREMENT=7 DEFAULT CHARSET=utf8mb4 COLLATE=utf8mb4_unicode_ci;

--
-- Dumping data for table `language_meta`
--

INSERT INTO `language_meta` VALUES (1,'en','e7b51c6aa122c027b614ea509b86c61d',1,'Botble\\Menu\\Models\\MenuLocation'),(2,'en','efe4a5101afed5602ae5106598a22ef9',1,'Botble\\Menu\\Models\\Menu'),(3,'en','0b603d7c1f41874de687126fcda88ca7',2,'Botble\\Menu\\Models\\MenuLocation'),(4,'en','7df94c0119925c32a6127747ea65fbc6',2,'Botble\\Menu\\Models\\Menu'),(5,'en','46b587941da84b1158d95a20e3a814be',3,'Botble\\Menu\\Models\\MenuLocation'),(6,'en','f6a8cacb1cc104c7d66bccbe8838d852',3,'Botble\\Menu\\Models\\Menu');

--
-- Table structure for table `languages`
--

CREATE TABLE `languages` (
  `lang_id` bigint unsigned NOT NULL AUTO_INCREMENT,
  `lang_name` varchar(120) COLLATE utf8mb4_unicode_ci NOT NULL,
  `lang_locale` varchar(20) COLLATE utf8mb4_unicode_ci NOT NULL,
  `lang_code` varchar(20) COLLATE utf8mb4_unicode_ci NOT NULL,
  `lang_flag` varchar(20) COLLATE utf8mb4_unicode_ci DEFAULT NULL,
  `lang_is_default` tinyint unsigned NOT NULL DEFAULT '0',
  `lang_order` int NOT NULL DEFAULT '0',
  `lang_is_rtl` tinyint unsigned NOT NULL DEFAULT '0',
  PRIMARY KEY (`lang_id`),
  KEY `lang_locale_index` (`lang_locale`),
  KEY `lang_code_index` (`lang_code`),
  KEY `lang_is_default_index` (`lang_is_default`)
) ENGINE=InnoDB AUTO_INCREMENT=7 DEFAULT CHARSET=utf8mb4 COLLATE=utf8mb4_unicode_ci;

--
-- Dumping data for table `languages`
--

INSERT INTO `languages` VALUES (1,'English','en','en','us',1,0,0),(2,'Tiếng Việt','vi','vi','vn',0,1,0),(3,'العربية','ar','ar','sa',0,2,1),(4,'Français','fr','fr','fr',0,3,0),(5,'Bahasa Indonesia','id','id','id',0,4,0),(6,'Türkçe','tr','tr','tr',0,5,0);

--
-- Table structure for table `media_files`
--

CREATE TABLE `media_files` (
  `id` bigint unsigned NOT NULL AUTO_INCREMENT,
  `user_id` bigint unsigned NOT NULL,
  `name` varchar(255) COLLATE utf8mb4_unicode_ci NOT NULL,
  `alt` varchar(255) COLLATE utf8mb4_unicode_ci DEFAULT NULL,
  `folder_id` bigint unsigned NOT NULL DEFAULT '0',
  `mime_type` varchar(120) COLLATE utf8mb4_unicode_ci NOT NULL,
  `size` int NOT NULL,
  `url` varchar(255) COLLATE utf8mb4_unicode_ci NOT NULL,
  `options` text COLLATE utf8mb4_unicode_ci,
  `created_at` timestamp NULL DEFAULT NULL,
  `updated_at` timestamp NULL DEFAULT NULL,
  `deleted_at` timestamp NULL DEFAULT NULL,
  `visibility` varchar(255) COLLATE utf8mb4_unicode_ci NOT NULL DEFAULT 'public',
  PRIMARY KEY (`id`),
  KEY `media_files_user_id_index` (`user_id`),
  KEY `media_files_index` (`folder_id`,`user_id`,`created_at`),
  KEY `media_files_folder_deleted_name` (`folder_id`,`deleted_at`,`name`)
) ENGINE=InnoDB AUTO_INCREMENT=19 DEFAULT CHARSET=utf8mb4 COLLATE=utf8mb4_unicode_ci;

--
-- Dumping data for table `media_files`
--

INSERT INTO `media_files` VALUES (1,0,'cod','cod',1,'image/png',12121,'payments/cod-5.png','[]','2026-05-28 19:00:37','2026-05-28 19:00:37',NULL,'public'),(2,0,'bank-transfer','bank-transfer',1,'image/png',29089,'payments/bank-transfer-5.png','[]','2026-05-28 19:00:37','2026-05-28 19:00:37',NULL,'public'),(3,0,'stripe','stripe',1,'image/webp',7516,'payments/stripe-5.webp','[]','2026-05-28 19:00:37','2026-05-28 19:00:37',NULL,'public'),(4,0,'paypal','paypal',1,'image/png',3001,'payments/paypal-5.png','[]','2026-05-28 19:00:38','2026-05-28 19:00:38',NULL,'public'),(5,0,'mollie','mollie',1,'image/png',8968,'payments/mollie-5.png','[]','2026-05-28 19:00:38','2026-05-28 19:00:38',NULL,'public'),(6,0,'paystack','paystack',1,'image/png',31015,'payments/paystack-5.png','[]','2026-05-28 19:00:38','2026-05-28 19:00:38',NULL,'public'),(7,0,'razorpay','razorpay',1,'image/png',8489,'payments/razorpay-5.png','[]','2026-05-28 19:00:38','2026-05-28 19:00:38',NULL,'public'),(8,0,'sslcommerz','sslcommerz',1,'image/png',3482,'payments/sslcommerz-5.png','[]','2026-05-28 19:00:39','2026-05-28 19:00:39',NULL,'public'),(9,0,'slider-34','slider-34',2,'image/jpeg',29394,'slider/slider-34.jpg','[]','2026-05-28 19:00:40','2026-05-28 19:00:40',NULL,'public'),(10,0,'slider-35','slider-35',2,'image/jpeg',29394,'slider/slider-35.jpg','[]','2026-05-28 19:00:40','2026-05-28 19:00:40',NULL,'public'),(11,0,'slider-36','slider-36',2,'image/jpeg',29394,'slider/slider-36.jpg','[]','2026-05-28 19:00:40','2026-05-28 19:00:40',NULL,'public'),(12,0,'blog-35','blog-35',3,'image/jpeg',15306,'blog/blog-35.jpg','[]','2026-05-28 19:00:40','2026-05-28 19:00:40',NULL,'public'),(13,0,'blog-36','blog-36',3,'image/jpeg',15306,'blog/blog-36.jpg','[]','2026-05-28 19:00:41','2026-05-28 19:00:41',NULL,'public'),(14,0,'blog-37','blog-37',3,'image/jpeg',15306,'blog/blog-37.jpg','[]','2026-05-28 19:00:41','2026-05-28 19:00:41',NULL,'public'),(15,0,'living','living',4,'image/png',1954,'brands/living.png','[]','2026-05-28 19:00:41','2026-05-28 19:00:41',NULL,'public'),(16,0,'west-elm','west-elm',4,'image/png',1954,'brands/west-elm.png','[]','2026-05-28 19:00:41','2026-05-28 19:00:41',NULL,'public'),(17,0,'stanza-2','stanza-2',4,'image/png',1954,'brands/stanza-2.png','[]','2026-05-28 19:00:41','2026-05-28 19:00:41',NULL,'public'),(18,0,'urban','urban',4,'image/png',1954,'brands/urban.png','[]','2026-05-28 19:00:42','2026-05-28 19:00:42',NULL,'public');

--
-- Table structure for table `media_folder_permissions`
--

CREATE TABLE `media_folder_permissions` (
  `id` bigint unsigned NOT NULL AUTO_INCREMENT,
  `folder_id` bigint unsigned NOT NULL,
  `user_id` bigint unsigned NOT NULL,
  `permission` varchar(20) COLLATE utf8mb4_unicode_ci NOT NULL DEFAULT 'view',
  `granted_by` bigint unsigned DEFAULT NULL,
  `created_at` timestamp NULL DEFAULT NULL,
  `updated_at` timestamp NULL DEFAULT NULL,
  PRIMARY KEY (`id`),
  UNIQUE KEY `media_folder_permissions_folder_id_user_id_unique` (`folder_id`,`user_id`),
  KEY `media_folder_permissions_folder_id_index` (`folder_id`),
  KEY `media_folder_permissions_user_id_index` (`user_id`)
) ENGINE=InnoDB DEFAULT CHARSET=utf8mb4 COLLATE=utf8mb4_unicode_ci;

--
-- Dumping data for table `media_folder_permissions`
--


--
-- Table structure for table `media_folders`
--

CREATE TABLE `media_folders` (
  `id` bigint unsigned NOT NULL AUTO_INCREMENT,
  `user_id` bigint unsigned NOT NULL,
  `name` varchar(255) COLLATE utf8mb4_unicode_ci DEFAULT NULL,
  `color` varchar(255) COLLATE utf8mb4_unicode_ci DEFAULT NULL,
  `slug` varchar(255) COLLATE utf8mb4_unicode_ci DEFAULT NULL,
  `parent_id` bigint unsigned NOT NULL DEFAULT '0',
  `created_at` timestamp NULL DEFAULT NULL,
  `updated_at` timestamp NULL DEFAULT NULL,
  `deleted_at` timestamp NULL DEFAULT NULL,
  PRIMARY KEY (`id`),
  KEY `media_folders_user_id_index` (`user_id`),
  KEY `media_folders_index` (`parent_id`,`user_id`,`created_at`)
) ENGINE=InnoDB AUTO_INCREMENT=5 DEFAULT CHARSET=utf8mb4 COLLATE=utf8mb4_unicode_ci;

--
-- Dumping data for table `media_folders`
--

INSERT INTO `media_folders` VALUES (1,0,'payments',NULL,'payments',0,'2026-05-28 19:00:37','2026-05-28 19:00:37',NULL),(2,0,'slider',NULL,'slider',0,'2026-05-28 19:00:40','2026-05-28 19:00:40',NULL),(3,0,'blog',NULL,'blog',0,'2026-05-28 19:00:40','2026-05-28 19:00:40',NULL),(4,0,'brands',NULL,'brands',0,'2026-05-28 19:00:41','2026-05-28 19:00:41',NULL);

--
-- Table structure for table `media_settings`
--

CREATE TABLE `media_settings` (
  `id` bigint unsigned NOT NULL AUTO_INCREMENT,
  `key` varchar(120) COLLATE utf8mb4_unicode_ci NOT NULL,
  `value` text COLLATE utf8mb4_unicode_ci,
  `media_id` bigint unsigned DEFAULT NULL,
  `user_id` bigint unsigned DEFAULT NULL,
  `created_at` timestamp NULL DEFAULT NULL,
  `updated_at` timestamp NULL DEFAULT NULL,
  PRIMARY KEY (`id`)
) ENGINE=InnoDB DEFAULT CHARSET=utf8mb4 COLLATE=utf8mb4_unicode_ci;

--
-- Dumping data for table `media_settings`
--


--
-- Table structure for table `menu_locations`
--

CREATE TABLE `menu_locations` (
  `id` bigint unsigned NOT NULL AUTO_INCREMENT,
  `menu_id` bigint unsigned NOT NULL,
  `location` varchar(255) COLLATE utf8mb4_unicode_ci NOT NULL,
  `created_at` timestamp NULL DEFAULT NULL,
  `updated_at` timestamp NULL DEFAULT NULL,
  PRIMARY KEY (`id`),
  KEY `menu_locations_menu_id_created_at_index` (`menu_id`,`created_at`)
) ENGINE=InnoDB AUTO_INCREMENT=4 DEFAULT CHARSET=utf8mb4 COLLATE=utf8mb4_unicode_ci;

--
-- Dumping data for table `menu_locations`
--

INSERT INTO `menu_locations` VALUES (1,1,'main-menu','2026-05-28 19:00:39','2026-05-28 19:00:39'),(2,2,'footer-menu-1','2026-05-28 19:00:40','2026-05-28 19:00:40'),(3,3,'footer-menu-2','2026-05-28 19:00:40','2026-05-28 19:00:40');

--
-- Table structure for table `menu_nodes`
--

CREATE TABLE `menu_nodes` (
  `id` bigint unsigned NOT NULL AUTO_INCREMENT,
  `menu_id` bigint unsigned NOT NULL,
  `parent_id` bigint unsigned NOT NULL DEFAULT '0',
  `reference_id` bigint unsigned DEFAULT NULL,
  `reference_type` varchar(255) COLLATE utf8mb4_unicode_ci DEFAULT NULL,
  `url` varchar(255) COLLATE utf8mb4_unicode_ci DEFAULT NULL,
  `icon_font` varchar(255) COLLATE utf8mb4_unicode_ci DEFAULT NULL,
  `position` tinyint unsigned NOT NULL DEFAULT '0',
  `title` varchar(255) COLLATE utf8mb4_unicode_ci DEFAULT NULL,
  `css_class` varchar(255) COLLATE utf8mb4_unicode_ci DEFAULT NULL,
  `target` varchar(20) COLLATE utf8mb4_unicode_ci NOT NULL DEFAULT '_self',
  `has_child` tinyint unsigned NOT NULL DEFAULT '0',
  `created_at` timestamp NULL DEFAULT NULL,
  `updated_at` timestamp NULL DEFAULT NULL,
  PRIMARY KEY (`id`),
  KEY `menu_nodes_menu_id_index` (`menu_id`),
  KEY `menu_nodes_parent_id_index` (`parent_id`),
  KEY `reference_id` (`reference_id`),
  KEY `reference_type` (`reference_type`)
) ENGINE=InnoDB AUTO_INCREMENT=71 DEFAULT CHARSET=utf8mb4 COLLATE=utf8mb4_unicode_ci;

--
-- Dumping data for table `menu_nodes`
--

INSERT INTO `menu_nodes` VALUES (1,1,0,NULL,NULL,'https://amerce.botble.com',NULL,0,'Home','has-mega-menu','_self',1,'2026-05-28 19:00:39','2026-05-28 19:00:39'),(2,1,1,NULL,NULL,'https://amerce.botble.com',NULL,0,'Main Demo',NULL,'_self',0,'2026-05-28 19:00:39','2026-05-28 19:00:39'),(3,1,1,NULL,NULL,'https://amerce-mental.botble.com',NULL,1,'Home Mental',NULL,'_self',0,'2026-05-28 19:00:39','2026-05-28 19:00:39'),(4,1,1,NULL,NULL,'https://amerce-electronics.botble.com',NULL,2,'Home Electronics',NULL,'_self',0,'2026-05-28 19:00:39','2026-05-28 19:00:39'),(5,1,1,NULL,NULL,'https://amerce-pod.botble.com',NULL,3,'Home POD',NULL,'_self',0,'2026-05-28 19:00:39','2026-05-28 19:00:39'),(6,1,1,NULL,NULL,'https://amerce-pet-care.botble.com',NULL,4,'Home Pet Care',NULL,'_self',0,'2026-05-28 19:00:39','2026-05-28 19:00:39'),(7,1,1,NULL,NULL,'https://amerce-baby.botble.com',NULL,5,'Home Baby',NULL,'_self',0,'2026-05-28 19:00:39','2026-05-28 19:00:39'),(8,1,1,NULL,NULL,'https://amerce-auto.botble.com',NULL,6,'Home Auto',NULL,'_self',0,'2026-05-28 19:00:39','2026-05-28 19:00:39'),(9,1,1,NULL,NULL,'https://amerce-decor.botble.com',NULL,7,'Home Decor',NULL,'_self',0,'2026-05-28 19:00:39','2026-05-28 19:00:39'),(10,1,1,NULL,NULL,'https://amerce-cosmetic.botble.com',NULL,8,'Home Cosmetic',NULL,'_self',0,'2026-05-28 19:00:39','2026-05-28 19:00:39'),(11,1,1,NULL,NULL,'https://amerce-organic.botble.com',NULL,9,'Home Organic',NULL,'_self',0,'2026-05-28 19:00:39','2026-05-28 19:00:39'),(12,1,1,NULL,NULL,'https://amerce-fashion.botble.com',NULL,10,'Home Fashion',NULL,'_self',0,'2026-05-28 19:00:39','2026-05-28 19:00:39'),(13,1,1,NULL,NULL,'https://amerce-headphone.botble.com',NULL,11,'Home Headphone',NULL,'_self',0,'2026-05-28 19:00:39','2026-05-28 19:00:39'),(14,1,1,NULL,NULL,'https://amerce-jewelry.botble.com',NULL,12,'Home Jewelry',NULL,'_self',0,'2026-05-28 19:00:39','2026-05-28 19:00:39'),(15,1,1,NULL,NULL,'https://amerce-garden.botble.com',NULL,13,'Home Garden',NULL,'_self',0,'2026-05-28 19:00:39','2026-05-28 19:00:39'),(16,1,1,NULL,NULL,'https://amerce-construct.botble.com',NULL,14,'Home Construct',NULL,'_self',0,'2026-05-28 19:00:39','2026-05-28 19:00:39'),(17,1,1,NULL,NULL,'https://amerce-furniture.botble.com',NULL,15,'Home Furniture',NULL,'_self',0,'2026-05-28 19:00:39','2026-05-28 19:00:39'),(18,1,1,NULL,NULL,'https://amerce-fashion-2.botble.com',NULL,16,'Home Fashion 2',NULL,'_self',0,'2026-05-28 19:00:39','2026-05-28 19:00:39'),(19,1,1,NULL,NULL,'https://amerce-bag.botble.com',NULL,17,'Home Bag',NULL,'_self',0,'2026-05-28 19:00:39','2026-05-28 19:00:39'),(20,1,1,NULL,NULL,'https://amerce-sport.botble.com',NULL,18,'Home Sport',NULL,'_self',0,'2026-05-28 19:00:39','2026-05-28 19:00:39'),(21,1,1,NULL,NULL,'https://amerce-office.botble.com',NULL,19,'Home Office',NULL,'_self',0,'2026-05-28 19:00:39','2026-05-28 19:00:39'),(22,1,1,NULL,NULL,'https://amerce-sneaker.botble.com',NULL,20,'Home Sneaker',NULL,'_self',0,'2026-05-28 19:00:39','2026-05-28 19:00:39'),(23,1,0,NULL,NULL,'/products',NULL,1,'Shop','has-mega-menu','_self',1,'2026-05-28 19:00:39','2026-05-28 19:00:39'),(24,1,23,NULL,NULL,'#',NULL,0,'Shop Layout',NULL,'_self',1,'2026-05-28 19:00:39','2026-05-28 19:00:39'),(25,1,24,NULL,NULL,'/products',NULL,0,'Default',NULL,'_self',0,'2026-05-28 19:00:39','2026-05-28 19:00:39'),(26,1,24,NULL,NULL,'/products?layout=left-sidebar',NULL,1,'Left Sidebar',NULL,'_self',0,'2026-05-28 19:00:39','2026-05-28 19:00:39'),(27,1,24,NULL,NULL,'/products?layout=right-sidebar',NULL,2,'Right Sidebar',NULL,'_self',0,'2026-05-28 19:00:39','2026-05-28 19:00:39'),(28,1,24,NULL,NULL,'/products?layout=full-width',NULL,3,'Full Width',NULL,'_self',0,'2026-05-28 19:00:39','2026-05-28 19:00:39'),(29,1,24,NULL,NULL,'/products?layout=sub-collection',NULL,4,'Sub Collection',NULL,'_self',0,'2026-05-28 19:00:39','2026-05-28 19:00:39'),(30,1,24,NULL,NULL,'/collections',NULL,5,'Collection List',NULL,'_self',0,'2026-05-28 19:00:39','2026-05-28 19:00:39'),(31,1,23,NULL,NULL,'#',NULL,1,'View Style',NULL,'_self',1,'2026-05-28 19:00:39','2026-05-28 19:00:39'),(32,1,31,NULL,NULL,'/products',NULL,0,'Default',NULL,'_self',0,'2026-05-28 19:00:39','2026-05-28 19:00:39'),(33,1,31,NULL,NULL,'/products?layout=grid',NULL,1,'Grid View',NULL,'_self',0,'2026-05-28 19:00:39','2026-05-28 19:00:39'),(34,1,31,NULL,NULL,'/products?layout=list',NULL,2,'List View',NULL,'_self',0,'2026-05-28 19:00:39','2026-05-28 19:00:39'),(35,1,23,NULL,NULL,'#',NULL,2,'Browse',NULL,'_self',1,'2026-05-28 19:00:39','2026-05-28 19:00:39'),(36,1,35,NULL,NULL,'/products',NULL,0,'All Products',NULL,'_self',0,'2026-05-28 19:00:39','2026-05-28 19:00:39'),(37,1,35,NULL,NULL,'/products?source=latest',NULL,1,'New Arrivals',NULL,'_self',0,'2026-05-28 19:00:39','2026-05-28 19:00:39'),(38,1,35,NULL,NULL,'/products?sort=best-seller',NULL,2,'Best Sellers',NULL,'_self',0,'2026-05-28 19:00:39','2026-05-28 19:00:39'),(39,1,35,NULL,NULL,'/products?source=featured',NULL,3,'Featured',NULL,'_self',0,'2026-05-28 19:00:39','2026-05-28 19:00:39'),(40,1,35,NULL,NULL,'/products?on_sale=1',NULL,4,'On Sale',NULL,'_self',0,'2026-05-28 19:00:39','2026-05-28 19:00:39'),(41,1,0,NULL,NULL,'/products',NULL,2,'Product','has-mega-menu','_self',1,'2026-05-28 19:00:39','2026-05-28 19:00:39'),(42,1,41,NULL,NULL,'#',NULL,0,'Product Layout',NULL,'_self',1,'2026-05-28 19:00:39','2026-05-28 19:00:39'),(43,1,42,NULL,NULL,'/products',NULL,0,'Default',NULL,'_self',0,'2026-05-28 19:00:39','2026-05-28 19:00:39'),(44,1,42,NULL,NULL,'/products?layout=right-thumbnail',NULL,1,'Right Thumbnail',NULL,'_self',0,'2026-05-28 19:00:39','2026-05-28 19:00:39'),(45,1,42,NULL,NULL,'/products?layout=bottom-thumbnail',NULL,2,'Bottom Thumbnail',NULL,'_self',0,'2026-05-28 19:00:39','2026-05-28 19:00:39'),(46,1,42,NULL,NULL,'/products?layout=grid',NULL,3,'Product Grid',NULL,'_self',0,'2026-05-28 19:00:39','2026-05-28 19:00:39'),(47,1,42,NULL,NULL,'/products?layout=grid-2',NULL,4,'Product Grid 2',NULL,'_self',0,'2026-05-28 19:00:39','2026-05-28 19:00:39'),(48,1,42,NULL,NULL,'/products?layout=stacked',NULL,5,'Product Stacked',NULL,'_self',0,'2026-05-28 19:00:39','2026-05-28 19:00:39'),(49,1,42,NULL,NULL,'/products?layout=description-accordion',NULL,6,'Description Accordion',NULL,'_self',0,'2026-05-28 19:00:39','2026-05-28 19:00:39'),(50,1,0,NULL,NULL,'/blog',NULL,3,'Blog',NULL,'_self',1,'2026-05-28 19:00:39','2026-05-28 19:00:39'),(51,1,50,NULL,NULL,'/blog',NULL,0,'Blog',NULL,'_self',0,'2026-05-28 19:00:39','2026-05-28 19:00:39'),(52,1,50,NULL,NULL,'/blog',NULL,1,'Blog Single',NULL,'_self',0,'2026-05-28 19:00:39','2026-05-28 19:00:39'),(53,1,0,NULL,NULL,'/about',NULL,4,'Pages',NULL,'_self',1,'2026-05-28 19:00:39','2026-05-28 19:00:39'),(54,1,53,NULL,NULL,'/about',NULL,0,'About Us',NULL,'_self',0,'2026-05-28 19:00:39','2026-05-28 19:00:39'),(55,1,53,NULL,NULL,'/contact',NULL,1,'Contact Us',NULL,'_self',0,'2026-05-28 19:00:39','2026-05-28 19:00:39'),(56,1,53,NULL,NULL,'/our-stores',NULL,2,'Our Store',NULL,'_self',0,'2026-05-28 19:00:39','2026-05-28 19:00:39'),(57,1,53,NULL,NULL,'/orders/tracking',NULL,3,'Invoice',NULL,'_self',0,'2026-05-28 19:00:39','2026-05-28 19:00:39'),(58,1,53,NULL,NULL,'/page-not-found',NULL,4,'404',NULL,'_self',0,'2026-05-28 19:00:39','2026-05-28 19:00:39'),(59,1,53,NULL,NULL,'/compare',NULL,5,'Compare',NULL,'_self',0,'2026-05-28 19:00:39','2026-05-28 19:00:39'),(60,1,53,NULL,NULL,'/customer/overview',NULL,6,'My Account',NULL,'_self',0,'2026-05-28 19:00:40','2026-05-28 19:00:40'),(61,2,0,NULL,NULL,'/shipping',NULL,0,'Shipping',NULL,'_self',0,'2026-05-28 19:00:40','2026-05-28 19:00:40'),(62,2,0,NULL,NULL,'/returns-refunds',NULL,1,'Return & Refund',NULL,'_self',0,'2026-05-28 19:00:40','2026-05-28 19:00:40'),(63,2,0,NULL,NULL,'/privacy-policy',NULL,2,'Privacy Policy',NULL,'_self',0,'2026-05-28 19:00:40','2026-05-28 19:00:40'),(64,2,0,NULL,NULL,'/terms-of-service',NULL,3,'Terms & Conditions',NULL,'_self',0,'2026-05-28 19:00:40','2026-05-28 19:00:40'),(65,2,0,NULL,NULL,'/faq',NULL,4,'Orders FAQs',NULL,'_self',0,'2026-05-28 19:00:40','2026-05-28 19:00:40'),(66,3,0,NULL,NULL,'/about',NULL,0,'About Us',NULL,'_self',0,'2026-05-28 19:00:40','2026-05-28 19:00:40'),(67,3,0,NULL,NULL,'/our-stores',NULL,1,'Our Stories',NULL,'_self',0,'2026-05-28 19:00:40','2026-05-28 19:00:40'),(68,3,0,NULL,NULL,'/contact',NULL,2,'Contact us',NULL,'_self',0,'2026-05-28 19:00:40','2026-05-28 19:00:40'),(69,3,0,NULL,NULL,'/blog',NULL,3,'Latest New',NULL,'_self',0,'2026-05-28 19:00:40','2026-05-28 19:00:40'),(70,3,0,NULL,NULL,'/customer/overview',NULL,4,'My Account',NULL,'_self',0,'2026-05-28 19:00:40','2026-05-28 19:00:40');

--
-- Table structure for table `menus`
--

CREATE TABLE `menus` (
  `id` bigint unsigned NOT NULL AUTO_INCREMENT,
  `name` varchar(120) COLLATE utf8mb4_unicode_ci NOT NULL,
  `slug` varchar(120) COLLATE utf8mb4_unicode_ci DEFAULT NULL,
  `status` varchar(60) COLLATE utf8mb4_unicode_ci NOT NULL DEFAULT 'published',
  `created_at` timestamp NULL DEFAULT NULL,
  `updated_at` timestamp NULL DEFAULT NULL,
  PRIMARY KEY (`id`),
  UNIQUE KEY `menus_slug_unique` (`slug`)
) ENGINE=InnoDB AUTO_INCREMENT=4 DEFAULT CHARSET=utf8mb4 COLLATE=utf8mb4_unicode_ci;

--
-- Dumping data for table `menus`
--

INSERT INTO `menus` VALUES (1,'Main Menu','main-menu','published','2026-05-28 19:00:39','2026-05-28 19:00:39'),(2,'Footer Help','footer-help','published','2026-05-28 19:00:40','2026-05-28 19:00:40'),(3,'Footer Company','footer-company','published','2026-05-28 19:00:40','2026-05-28 19:00:40');

--
-- Table structure for table `meta_boxes`
--

CREATE TABLE `meta_boxes` (
  `id` bigint unsigned NOT NULL AUTO_INCREMENT,
  `meta_key` varchar(255) COLLATE utf8mb4_unicode_ci NOT NULL,
  `meta_value` text COLLATE utf8mb4_unicode_ci,
  `reference_id` bigint unsigned NOT NULL,
  `reference_type` varchar(120) COLLATE utf8mb4_unicode_ci NOT NULL,
  `created_at` timestamp NULL DEFAULT NULL,
  `updated_at` timestamp NULL DEFAULT NULL,
  PRIMARY KEY (`id`),
  KEY `meta_boxes_reference_id_index` (`reference_id`),
  KEY `meta_boxes_ref_idx` (`reference_id`,`reference_type`)
) ENGINE=InnoDB AUTO_INCREMENT=46 DEFAULT CHARSET=utf8mb4 COLLATE=utf8mb4_unicode_ci;

--
-- Dumping data for table `meta_boxes`
--

INSERT INTO `meta_boxes` VALUES (1,'subtitle','[\"BUILT TO LAST\"]',1,'Botble\\SimpleSlider\\Models\\SimpleSliderItem','2026-05-28 19:00:40','2026-05-28 19:00:40'),(2,'button_label','[\"Explore More\"]',1,'Botble\\SimpleSlider\\Models\\SimpleSliderItem','2026-05-28 19:00:40','2026-05-28 19:00:40'),(3,'alignment','[\"left\"]',1,'Botble\\SimpleSlider\\Models\\SimpleSliderItem','2026-05-28 19:00:40','2026-05-28 19:00:40'),(4,'text_color','[\"dark\"]',1,'Botble\\SimpleSlider\\Models\\SimpleSliderItem','2026-05-28 19:00:40','2026-05-28 19:00:40'),(5,'button_style','[\"animate-dark\"]',1,'Botble\\SimpleSlider\\Models\\SimpleSliderItem','2026-05-28 19:00:40','2026-05-28 19:00:40'),(6,'title_tag','[\"div\"]',1,'Botble\\SimpleSlider\\Models\\SimpleSliderItem','2026-05-28 19:00:40','2026-05-28 19:00:40'),(7,'subtitle_tag','[\"h6\"]',1,'Botble\\SimpleSlider\\Models\\SimpleSliderItem','2026-05-28 19:00:40','2026-05-28 19:00:40'),(8,'subtitle_class','[\"mb-12\"]',1,'Botble\\SimpleSlider\\Models\\SimpleSliderItem','2026-05-28 19:00:40','2026-05-28 19:00:40'),(9,'title_class','[\"h1 mb-20 cl-text-main\"]',1,'Botble\\SimpleSlider\\Models\\SimpleSliderItem','2026-05-28 19:00:40','2026-05-28 19:00:40'),(10,'description_class','[\"text-body-1 mb-32 cl-text-main\"]',1,'Botble\\SimpleSlider\\Models\\SimpleSliderItem','2026-05-28 19:00:40','2026-05-28 19:00:40'),(11,'image_class','[\"lazyload scale-item scale-item-1\"]',1,'Botble\\SimpleSlider\\Models\\SimpleSliderItem','2026-05-28 19:00:40','2026-05-28 19:00:40'),(12,'image_width','[1770]',1,'Botble\\SimpleSlider\\Models\\SimpleSliderItem','2026-05-28 19:00:40','2026-05-28 19:00:40'),(13,'image_height','[680]',1,'Botble\\SimpleSlider\\Models\\SimpleSliderItem','2026-05-28 19:00:40','2026-05-28 19:00:40'),(14,'content_container','[\"no\"]',1,'Botble\\SimpleSlider\\Models\\SimpleSliderItem','2026-05-28 19:00:40','2026-05-28 19:00:40'),(15,'slide_wrapper_class','[\"slider-wrap rounded-20 overflow-hidden\"]',1,'Botble\\SimpleSlider\\Models\\SimpleSliderItem','2026-05-28 19:00:40','2026-05-28 19:00:40'),(16,'subtitle','[\"PRECISION IN CONTROL\"]',2,'Botble\\SimpleSlider\\Models\\SimpleSliderItem','2026-05-28 19:00:40','2026-05-28 19:00:40'),(17,'button_label','[\"Explore More\"]',2,'Botble\\SimpleSlider\\Models\\SimpleSliderItem','2026-05-28 19:00:40','2026-05-28 19:00:40'),(18,'alignment','[\"left\"]',2,'Botble\\SimpleSlider\\Models\\SimpleSliderItem','2026-05-28 19:00:40','2026-05-28 19:00:40'),(19,'text_color','[\"white\"]',2,'Botble\\SimpleSlider\\Models\\SimpleSliderItem','2026-05-28 19:00:40','2026-05-28 19:00:40'),(20,'button_style','[\"animate-dark\"]',2,'Botble\\SimpleSlider\\Models\\SimpleSliderItem','2026-05-28 19:00:40','2026-05-28 19:00:40'),(21,'title_tag','[\"div\"]',2,'Botble\\SimpleSlider\\Models\\SimpleSliderItem','2026-05-28 19:00:40','2026-05-28 19:00:40'),(22,'subtitle_tag','[\"h6\"]',2,'Botble\\SimpleSlider\\Models\\SimpleSliderItem','2026-05-28 19:00:40','2026-05-28 19:00:40'),(23,'subtitle_class','[\"mb-12\"]',2,'Botble\\SimpleSlider\\Models\\SimpleSliderItem','2026-05-28 19:00:40','2026-05-28 19:00:40'),(24,'title_class','[\"h1 mb-12\"]',2,'Botble\\SimpleSlider\\Models\\SimpleSliderItem','2026-05-28 19:00:40','2026-05-28 19:00:40'),(25,'description_class','[\"text-body-1 mb-32\"]',2,'Botble\\SimpleSlider\\Models\\SimpleSliderItem','2026-05-28 19:00:40','2026-05-28 19:00:40'),(26,'image_class','[\"lazyload scale-item scale-item-1\"]',2,'Botble\\SimpleSlider\\Models\\SimpleSliderItem','2026-05-28 19:00:40','2026-05-28 19:00:40'),(27,'image_width','[1770]',2,'Botble\\SimpleSlider\\Models\\SimpleSliderItem','2026-05-28 19:00:40','2026-05-28 19:00:40'),(28,'image_height','[680]',2,'Botble\\SimpleSlider\\Models\\SimpleSliderItem','2026-05-28 19:00:40','2026-05-28 19:00:40'),(29,'content_container','[\"no\"]',2,'Botble\\SimpleSlider\\Models\\SimpleSliderItem','2026-05-28 19:00:40','2026-05-28 19:00:40'),(30,'slide_wrapper_class','[\"slider-wrap rounded-20 overflow-hidden\"]',2,'Botble\\SimpleSlider\\Models\\SimpleSliderItem','2026-05-28 19:00:40','2026-05-28 19:00:40'),(31,'subtitle','[\"ENGINEERED FOR CONTROL\"]',3,'Botble\\SimpleSlider\\Models\\SimpleSliderItem','2026-05-28 19:00:40','2026-05-28 19:00:40'),(32,'button_label','[\"Explore More\"]',3,'Botble\\SimpleSlider\\Models\\SimpleSliderItem','2026-05-28 19:00:40','2026-05-28 19:00:40'),(33,'alignment','[\"left\"]',3,'Botble\\SimpleSlider\\Models\\SimpleSliderItem','2026-05-28 19:00:40','2026-05-28 19:00:40'),(34,'text_color','[\"dark\"]',3,'Botble\\SimpleSlider\\Models\\SimpleSliderItem','2026-05-28 19:00:40','2026-05-28 19:00:40'),(35,'button_style','[\"animate-dark\"]',3,'Botble\\SimpleSlider\\Models\\SimpleSliderItem','2026-05-28 19:00:40','2026-05-28 19:00:40'),(36,'title_tag','[\"div\"]',3,'Botble\\SimpleSlider\\Models\\SimpleSliderItem','2026-05-28 19:00:40','2026-05-28 19:00:40'),(37,'subtitle_tag','[\"h6\"]',3,'Botble\\SimpleSlider\\Models\\SimpleSliderItem','2026-05-28 19:00:40','2026-05-28 19:00:40'),(38,'subtitle_class','[\"mb-12\"]',3,'Botble\\SimpleSlider\\Models\\SimpleSliderItem','2026-05-28 19:00:40','2026-05-28 19:00:40'),(39,'title_class','[\"h1 mb-20 cl-text-main\"]',3,'Botble\\SimpleSlider\\Models\\SimpleSliderItem','2026-05-28 19:00:40','2026-05-28 19:00:40'),(40,'description_class','[\"text-body-1 mb-32 cl-text-main\"]',3,'Botble\\SimpleSlider\\Models\\SimpleSliderItem','2026-05-28 19:00:40','2026-05-28 19:00:40'),(41,'image_class','[\"lazyload scale-item scale-item-1\"]',3,'Botble\\SimpleSlider\\Models\\SimpleSliderItem','2026-05-28 19:00:40','2026-05-28 19:00:40'),(42,'image_width','[1770]',3,'Botble\\SimpleSlider\\Models\\SimpleSliderItem','2026-05-28 19:00:40','2026-05-28 19:00:40'),(43,'image_height','[680]',3,'Botble\\SimpleSlider\\Models\\SimpleSliderItem','2026-05-28 19:00:40','2026-05-28 19:00:40'),(44,'content_container','[\"no\"]',3,'Botble\\SimpleSlider\\Models\\SimpleSliderItem','2026-05-28 19:00:40','2026-05-28 19:00:40'),(45,'slide_wrapper_class','[\"slider-wrap rounded-20 overflow-hidden\"]',3,'Botble\\SimpleSlider\\Models\\SimpleSliderItem','2026-05-28 19:00:40','2026-05-28 19:00:40');

--
-- Table structure for table `migrations`
--

CREATE TABLE `migrations` (
  `id` int unsigned NOT NULL AUTO_INCREMENT,
  `migration` varchar(255) COLLATE utf8mb4_unicode_ci NOT NULL,
  `batch` int NOT NULL,
  PRIMARY KEY (`id`)
) ENGINE=InnoDB AUTO_INCREMENT=335 DEFAULT CHARSET=utf8mb4 COLLATE=utf8mb4_unicode_ci;

--
-- Dumping data for table `migrations`
--

INSERT INTO `migrations` VALUES (1,'0001_01_01_000001_create_cache_table',1),(2,'2013_04_09_032329_create_base_tables',1),(3,'2013_04_09_062329_create_revisions_table',1),(4,'2014_10_12_000000_create_users_table',1),(5,'2014_10_12_100000_create_password_reset_tokens_table',1),(6,'2015_06_18_033822_create_blog_table',1),(7,'2015_06_29_025744_create_audit_history',1),(8,'2016_05_28_112028_create_system_request_logs_table',1),(9,'2016_06_10_230148_create_acl_tables',1),(10,'2016_06_14_230857_create_menus_table',1),(11,'2016_06_17_091537_create_contacts_table',1),(12,'2016_06_28_221418_create_pages_table',1),(13,'2016_10_03_032336_create_languages_table',1),(14,'2016_10_05_074239_create_setting_table',1),(15,'2016_10_07_193005_create_translations_table',1),(16,'2016_10_13_150201_create_galleries_table',1),(17,'2016_11_28_032840_create_dashboard_widget_tables',1),(18,'2016_12_16_084601_create_widgets_table',1),(19,'2017_05_09_070343_create_media_tables',1),(20,'2017_05_18_080441_create_payment_tables',1),(21,'2017_07_11_140018_create_simple_slider_table',1),(22,'2017_10_24_154832_create_newsletter_table',1),(23,'2017_11_03_070450_create_slug_table',1),(24,'2018_07_09_214610_create_testimonial_table',1),(25,'2018_07_09_221238_create_faq_table',1),(26,'2019_01_05_053554_create_jobs_table',1),(27,'2019_08_19_000000_create_failed_jobs_table',1),(28,'2019_11_18_061011_create_country_table',1),(29,'2019_12_14_000001_create_personal_access_tokens_table',1),(30,'2020_03_05_041139_create_ecommerce_tables',1),(31,'2020_11_18_150916_ads_create_ads_table',1),(32,'2021_01_01_044147_ecommerce_create_flash_sale_table',1),(33,'2021_01_17_082713_add_column_is_featured_to_product_collections_table',1),(34,'2021_01_18_024333_add_zip_code_into_table_customer_addresses',1),(35,'2021_02_16_092633_remove_default_value_for_author_type',1),(36,'2021_02_18_073505_update_table_ec_reviews',1),(37,'2021_03_10_024419_add_column_confirmed_at_to_table_ec_customers',1),(38,'2021_03_10_025153_change_column_tax_amount',1),(39,'2021_03_20_033103_add_column_availability_to_table_ec_products',1),(40,'2021_03_27_144913_add_customer_type_into_table_payments',1),(41,'2021_04_28_074008_ecommerce_create_product_label_table',1),(42,'2021_05_24_034720_make_column_currency_nullable',1),(43,'2021_05_31_173037_ecommerce_create_ec_products_translations',1),(44,'2021_07_06_030002_create_marketplace_table',1),(45,'2021_08_09_161302_add_metadata_column_to_payments_table',1),(46,'2021_08_17_105016_remove_column_currency_id_in_some_tables',1),(47,'2021_08_30_142128_add_images_column_to_ec_reviews_table',1),(48,'2021_09_04_150137_add_vendor_verified_at_to_ec_customers_table',1),(49,'2021_10_04_030050_add_column_created_by_to_table_ec_products',1),(50,'2021_10_04_033903_add_column_approved_by_into_table_ec_products',1),(51,'2021_10_05_122616_add_status_column_to_ec_customers_table',1),(52,'2021_10_06_124943_add_transaction_id_column_to_mp_customer_withdrawals_table',1),(53,'2021_10_10_054216_add_columns_to_mp_customer_revenues_table',1),(54,'2021_10_19_020859_update_metadata_field',1),(55,'2021_10_25_021023_fix-priority-load-for-language-advanced',1),(56,'2021_11_03_025806_nullable_phone_number_in_ec_customer_addresses',1),(57,'2021_11_23_071403_correct_languages_for_product_variations',1),(58,'2021_11_28_031808_add_product_tags_translations',1),(59,'2021_12_01_031123_add_featured_image_to_ec_products',1),(60,'2021_12_02_035301_add_ads_translations_table',1),(61,'2021_12_03_030600_create_blog_translations',1),(62,'2021_12_03_075608_create_page_translations',1),(63,'2021_12_03_082134_create_faq_translations',1),(64,'2021_12_03_082953_create_gallery_translations',1),(65,'2021_12_03_083642_create_testimonials_translations',1),(66,'2021_12_03_084118_create_location_translations',1),(67,'2021_12_03_094518_migrate_old_location_data',1),(68,'2021_12_06_031304_update_table_mp_customer_revenues',1),(69,'2021_12_10_034440_switch_plugin_location_to_use_language_advanced',1),(70,'2022_01_01_033107_update_table_ec_shipments',1),(71,'2022_01_16_085908_improve_plugin_location',1),(72,'2022_02_16_042457_improve_product_attribute_sets',1),(73,'2022_03_22_075758_correct_product_name',1),(74,'2022_04_19_113334_add_index_to_ec_products',1),(75,'2022_04_19_113923_add_index_to_table_posts',1),(76,'2022_04_20_100851_add_index_to_media_table',1),(77,'2022_04_20_101046_add_index_to_menu_table',1),(78,'2022_04_28_144405_remove_unused_table',1),(79,'2022_04_30_034048_create_gallery_meta_translations_table',1),(80,'2022_05_05_115015_create_ec_customer_recently_viewed_products_table',1),(81,'2022_05_18_143720_add_index_to_table_ec_product_categories',1),(82,'2022_06_16_095633_add_index_to_some_tables',1),(83,'2022_06_28_151901_activate_paypal_stripe_plugin',1),(84,'2022_06_30_035148_create_order_referrals_table',1),(85,'2022_07_07_153354_update_charge_id_in_table_payments',1),(86,'2022_07_10_034813_move_lang_folder_to_root',1),(87,'2022_07_24_153815_add_completed_at_to_ec_orders_table',1),(88,'2022_08_04_051940_add_missing_column_expires_at',1),(89,'2022_08_04_052122_delete_location_backup_tables',1),(90,'2022_08_14_032836_create_ec_order_returns_table',1),(91,'2022_08_14_033554_create_ec_order_return_items_table',1),(92,'2022_08_15_040324_add_billing_address',1),(93,'2022_08_30_091114_support_digital_products_table',1),(94,'2022_09_01_000001_create_admin_notifications_tables',1),(95,'2022_09_13_095744_create_options_table',1),(96,'2022_09_13_104347_create_option_value_table',1),(97,'2022_10_05_163518_alter_table_ec_order_product',1),(98,'2022_10_12_041517_create_invoices_table',1),(99,'2022_10_12_142226_update_orders_table',1),(100,'2022_10_13_024916_update_table_order_returns',1),(101,'2022_10_14_024629_drop_column_is_featured',1),(102,'2022_10_19_152916_add_columns_to_mp_stores_table',1),(103,'2022_10_20_062849_create_mp_category_sale_commissions_table',1),(104,'2022_10_21_030830_update_columns_in_ec_shipments_table',1),(105,'2022_10_28_021046_update_columns_in_ec_shipments_table',1),(106,'2022_11_02_071413_add_more_info_for_store',1),(107,'2022_11_02_080444_add_tax_info',1),(108,'2022_11_16_034522_update_type_column_in_ec_shipping_rules_table',1),(109,'2022_11_18_063357_add_missing_timestamp_in_table_settings',1),(110,'2022_11_19_041643_add_ec_tax_product_table',1),(111,'2022_12_02_093615_update_slug_index_columns',1),(112,'2022_12_12_063830_update_tax_defadult_in_ec_tax_products_table',1),(113,'2022_12_17_041532_fix_address_in_order_invoice',1),(114,'2022_12_26_070329_create_ec_product_views_table',1),(115,'2023_01_04_033051_fix_product_categories',1),(116,'2023_01_09_050400_add_ec_global_options_translations_table',1),(117,'2023_01_10_093754_add_missing_option_value_id',1),(118,'2023_01_17_082713_add_column_barcode_and_cost_per_item_to_product_table',1),(119,'2023_01_26_021854_add_ec_customer_used_coupons_table',1),(120,'2023_01_30_024431_add_alt_to_media_table',1),(121,'2023_02_01_062030_add_store_translations',1),(122,'2023_02_08_015900_update_options_column_in_ec_order_product_table',1),(123,'2023_02_13_032133_update_fee_column_mp_customer_revenues_table',1),(124,'2023_02_16_042611_drop_table_password_resets',1),(125,'2023_02_17_023648_fix_store_prefix',1),(126,'2023_02_27_095752_remove_duplicate_reviews',1),(127,'2023_03_20_115757_add_user_type_column_to_ec_shipment_histories_table',1),(128,'2023_04_17_062645_add_open_in_new_tab',1),(129,'2023_04_21_082427_create_ec_product_categorizables_table',1),(130,'2023_04_23_005903_add_column_permissions_to_admin_notifications',1),(131,'2023_04_23_061847_increase_state_translations_abbreviation_column',1),(132,'2023_05_03_011331_add_missing_column_price_into_invoice_items_table',1),(133,'2023_05_10_075124_drop_column_id_in_role_users_table',1),(134,'2023_05_17_025812_fix_invoice_issue',1),(135,'2023_05_26_073140_move_option_make_phone_field_optional_at_checkout_page_to_mandatory_fields',1),(136,'2023_05_27_144611_fix_exchange_rate_setting',1),(137,'2023_06_22_084331_add_generate_license_code_to_ec_products_table',1),(138,'2023_06_30_042512_create_ec_order_tax_information_table',1),(139,'2023_07_06_011444_create_slug_translations_table',1),(140,'2023_07_14_022724_remove_column_id_from_ec_product_collection_products',1),(141,'2023_07_26_041451_add_more_columns_to_location_table',1),(142,'2023_07_27_041451_add_more_columns_to_location_translation_table',1),(143,'2023_08_09_012940_remove_column_status_in_ec_product_attributes',1),(144,'2023_08_11_060908_create_announcements_table',1),(145,'2023_08_15_064505_create_ec_tax_rules_table',1),(146,'2023_08_15_073307_drop_unique_in_states_cities_translations',1),(147,'2023_08_21_021819_make_column_address_in_ec_customer_addresses_nullable',1),(148,'2023_08_21_090810_make_page_content_nullable',1),(149,'2023_08_22_094114_drop_unique_for_barcode',1),(150,'2023_08_29_074620_make_column_author_id_nullable',1),(151,'2023_08_29_075308_make_column_user_id_nullable',1),(152,'2023_08_30_031811_add_apply_via_url_column_to_ec_discounts_table',1),(153,'2023_09_07_094312_add_index_to_product_sku_and_translations',1),(154,'2023_09_14_021936_update_index_for_slugs_table',1),(155,'2023_09_14_022423_add_index_for_language_table',1),(156,'2023_09_19_024955_create_discount_product_categories_table',1),(157,'2023_10_17_070728_add_icon_and_icon_image_to_product_categories_table',1),(158,'2023_10_21_065016_make_state_id_in_table_cities_nullable',1),(159,'2023_11_07_023805_add_tablet_mobile_image',1),(160,'2023_11_10_080225_migrate_contact_blacklist_email_domains_to_core',1),(161,'2023_11_14_033417_change_request_column_in_table_audit_histories',1),(162,'2023_11_17_063408_add_description_column_to_faq_categories_table',1),(163,'2023_11_22_154643_add_unique_in_table_ec_products_variations',1),(164,'2023_11_27_032313_add_price_columns_to_ec_product_cross_sale_relations_table',1),(165,'2023_12_06_023945_add_display_on_checkout_column_to_ec_discounts_table',1),(166,'2023_12_07_095130_add_color_column_to_media_folders_table',1),(167,'2023_12_12_105220_drop_translations_table',1),(168,'2023_12_17_162208_make_sure_column_color_in_media_folders_nullable',1),(169,'2023_12_25_040604_ec_create_review_replies_table',1),(170,'2023_12_26_090340_add_private_notes_column_to_ec_customers_table',1),(171,'2024_01_15_000001_create_fob_product_size_guides_table',1),(172,'2024_01_15_000002_create_fob_product_size_guide_relations_table',1),(173,'2024_01_15_000003_create_fob_size_guide_headers_table',1),(174,'2024_01_15_000004_create_fob_size_guide_headers_translations_table',1),(175,'2024_01_16_070706_fix_translation_tables',1),(176,'2024_01_23_075227_add_proof_file_to_ec_orders_table',1),(177,'2024_03_14_041050_migrate_lazy_load_theme_options',1),(178,'2024_03_20_080001_migrate_change_attribute_email_to_nullable_form_contacts_table',1),(179,'2024_03_21_100334_update_section_title_shape',1),(180,'2024_03_25_000001_update_captcha_settings_for_contact',1),(181,'2024_03_25_000001_update_captcha_settings_for_newsletter',1),(182,'2024_03_26_041531_add_cancel_reason_to_ec_orders_table',1),(183,'2024_03_27_062402_create_ec_customer_deletion_requests_table',1),(184,'2024_03_29_042242_migrate_old_captcha_settings',1),(185,'2024_03_29_093946_create_ec_order_return_histories_table',1),(186,'2024_04_01_043317_add_google_adsense_slot_id_to_ads_table',1),(187,'2024_04_01_063523_add_customer_columns_to_ec_reviews_table',1),(188,'2024_04_03_062451_add_cover_image_to_table_mp_stores',1),(189,'2024_04_04_110758_update_value_column_in_user_meta_table',1),(190,'2024_04_15_092654_migrate_ecommerce_google_tag_manager_code_setting',1),(191,'2024_04_16_035713_add_min_max_order_quantity_columns_to_products_table',1),(192,'2024_04_19_063914_create_custom_fields_table',1),(193,'2024_04_27_100730_improve_analytics_setting',1),(194,'2024_05_07_073153_improve_table_wishlist',1),(195,'2024_05_07_082630_create_mp_messages_table',1),(196,'2024_05_07_093703_add_missing_zip_code_into_table_store_locators',1),(197,'2024_05_12_091229_add_column_visibility_to_table_media_files',1),(198,'2024_05_15_021503_fix_invoice_path',1),(199,'2024_06_20_160724_create_ec_shared_wishlists_table',1),(200,'2024_06_28_025104_add_notify_attachment_updated_column_to_ec_products_table',1),(201,'2024_07_03_030900_add_downloaded_at_column_to_ec_order_product_table',1),(202,'2024_07_04_083133_create_payment_logs_table',1),(203,'2024_07_07_091316_fix_column_url_in_menu_nodes_table',1),(204,'2024_07_12_100000_change_random_hash_for_media',1),(205,'2024_07_14_071826_make_customer_email_nullable',1),(206,'2024_07_15_104916_add_video_media_column_to_ec_products_table',1),(207,'2024_07_19_131849_add_documents_to_mp_stores_table',1),(208,'2024_07_26_052530_add_percentage_to_tax_rules_table',1),(209,'2024_07_30_091615_fix_order_column_in_categories_table',1),(210,'2024_08_14_123028_add_customer_delivered_confirmed_at_column_to_ec_shipments_table',1),(211,'2024_08_17_094600_add_image_into_countries',1),(212,'2024_08_18_083119_add_tax_id_column_to_mp_stores_table',1),(213,'2024_08_19_132849_create_specification_tables',1),(214,'2024_08_27_141244_add_block_reason_to_ec_customers_table',1),(215,'2024_09_07_060744_add_author_column_to_specification_tables',1),(216,'2024_09_14_064023_add_can_use_with_flash_sale_column_to_ec_discounts_table',1),(217,'2024_09_14_100108_add_stripe_connect_details_to_ec_customers_table',1),(218,'2024_09_17_125408_add_square_logo_to_stores_table',1),(219,'2024_09_25_073928_remove_wrong_product_slugs',1),(220,'2024_09_30_024515_create_sessions_table',1),(221,'2024_12_01_000000_add_indexes_to_blog_translations_tables',1),(222,'2024_12_01_000000_add_indexes_to_contact_translations_tables',1),(223,'2024_12_01_000000_add_indexes_to_ecommerce_translations_tables',1),(224,'2024_12_01_000000_add_indexes_to_faq_translations_tables',1),(225,'2024_12_01_000000_add_indexes_to_gallery_translations_tables',1),(226,'2024_12_01_000000_add_indexes_to_pages_translations_table',1),(227,'2024_12_01_000000_add_indexes_to_slugs_translations_table',1),(228,'2024_12_01_000000_add_indexes_to_testimonials_translations_table',1),(229,'2024_12_01_000000_add_key_prefix_index_to_slugs_table',1),(230,'2024_12_19_000001_create_device_tokens_table',1),(231,'2024_12_19_000002_create_push_notifications_table',1),(232,'2024_12_19_000003_create_push_notification_recipients_table',1),(233,'2024_12_30_000001_create_user_settings_table',1),(234,'2025_01_06_033807_add_default_value_for_categories_author_type',1),(235,'2025_01_08_093652_add_zip_code_to_cities',1),(236,'2025_01_10_000000_fix_order_invoice_rounding_issues',1),(237,'2025_01_12_094943_correct_blog_posts_images',1),(238,'2025_01_15_050230_migrate_old_theme_options',1),(239,'2025_01_15_optimize_products_export_index',1),(240,'2025_01_17_082713_correct_column_barcode_and_cost_per_item_to_product_table',1),(241,'2025_01_24_044641_migrate_old_country_data',1),(242,'2025_01_28_233602_add_private_notes_into_ec_orders_table',1),(243,'2025_02_11_153025_add_action_label_to_announcement_translations',1),(244,'2025_02_13_021247_add_tax_translations',1),(245,'2025_02_24_152621_add_text_color_to_product_labels_table',1),(246,'2025_04_08_040931_create_social_logins_table',1),(247,'2025_04_12_000001_add_payment_fee_to_ec_orders_table',1),(248,'2025_04_12_000002_add_payment_fee_to_ec_invoices_table',1),(249,'2025_04_12_000003_add_payment_fee_to_payments_table',1),(250,'2025_04_21_000000_add_tablet_mobile_image_to_ads_translations_table',1),(251,'2025_05_05_000001_add_user_type_to_audit_histories_table',1),(252,'2025_05_05_092036_make_user_id_and_tax_amount_nullable',1),(253,'2025_05_15_082342_drop_email_unique_index_in_ec_customers_table',1),(254,'2025_05_22_000001_add_payment_fee_type_to_settings_table',1),(255,'2025_06_07_081731_add_translations_for_specification_groups_and_tables',1),(256,'2025_06_17_091813_increase_note_in_shipments_table',1),(257,'2025_06_24_000001_create_ec_product_license_codes_table',1),(258,'2025_06_24_080427_add_license_code_type_to_products_table',1),(259,'2025_07_06_030754_add_phone_to_users_table',1),(260,'2025_07_06_062402_create_ec_customer_deletion_requests_table',1),(261,'2025_07_07_161729_change_license_code_to_text_in_ec_product_license_codes_table',1),(262,'2025_07_08_162756_increase_license_code_column_size_in_ec_order_product_table',1),(263,'2025_07_09_000001_add_customer_address_fields_to_ec_invoices_table',1),(264,'2025_07_15_090809_create_ec_abandoned_carts_table',1),(265,'2025_07_24_120510_increase_barcode_column_length_in_ec_products_table',1),(266,'2025_07_31_021805_add_indexes_for_vendor_categories_optimization',1),(267,'2025_07_31_083459_add_indexes_for_location_search_performance',1),(268,'2025_07_31_133600_add_performance_indexes_to_ec_product_categories_table',1),(269,'2025_07_31_add_performance_indexes_to_slugs_table',1),(270,'2025_08_01_161205_optimize_product_variation_query_indexes',1),(271,'2025_08_07_073854_add_verification_fields_to_mp_stores_table',1),(272,'2025_08_08_145059_correct_tax_amount_in_order_and_invoice_tables',1),(273,'2025_09_05_025247_create_ec_product_specification_attribute_translations_table',1),(274,'2025_09_08_025516_add_variations_count_to_ec_products_table',1),(275,'2025_09_08_080248_add_slug_column_to_ec_product_categories_table',1),(276,'2025_09_08_080330_add_slug_column_to_ec_product_categories_translations_table',1),(277,'2025_09_08_080443_populate_slug_column_for_product_categories',1),(278,'2025_09_08_081216_add_slug_column_to_ec_products_table',1),(279,'2025_09_08_081237_add_slug_column_to_ec_products_translations_table',1),(280,'2025_09_08_081321_populate_slug_column_for_products',1),(281,'2025_09_10_073321_add_performance_indexes_to_ecommerce_tables',1),(282,'2025_09_18_093922_fix_tax_rounding_in_order_products_and_invoices',1),(283,'2025_09_21_030756_add_reviews_cache_to_ec_products_table',1),(284,'2025_09_30_090432_add_performance_indexes_to_ec_product_categories_table',1),(285,'2025_10_10_090331_add_number_format_style_to_ec_currencies_table',1),(286,'2025_10_10_092235_add_space_between_price_and_currency_to_ec_currencies_table',1),(287,'2025_10_11_074318_add_price_includes_tax_to_ec_products_table',1),(288,'2025_10_13_043527_generate_slugs_for_product_collections',1),(289,'2025_10_22_020518_add_verification_code_to_ec_customer_deletion_requests_table',1),(290,'2025_10_22_090000_remove_duplicate_order_addresses',1),(291,'2025_10_28_133220_add_unique_order_id_to_shipments_table',1),(292,'2025_10_28_134738_fix_order_payment_shipment_discount_data_issues',1),(293,'2025_11_05_000001_add_indexes_for_marketplace_performance_optimization',1),(294,'2025_11_05_032148_add_performance_indexes_to_ecommerce_tables',1),(295,'2025_11_07_000001_add_actor_type_to_audit_histories_table',1),(296,'2025_11_10_000000_cleanup_duplicate_widgets',1),(297,'2025_11_10_100000_create_ec_order_metadata_table',1),(298,'2025_11_12_100000_improve_ec_customer_recently_viewed_products_table',1),(299,'2025_11_18_214150_add_covering_indexes_to_product_relation_tables',1),(300,'2025_12_02_045049_add_index_to_product_labels_table',1),(301,'2025_12_12_150000_add_sequence_columns_to_abandoned_carts',1),(302,'2025_12_16_160000_add_is_new_until_to_ec_products_table',1),(303,'2025_12_28_000628_add_images_column_to_ec_order_returns_table',1),(304,'2026_01_05_162601_update_missing_slugs_for_ec_product_categories_table',1),(305,'2026_01_09_024811_add_currency_code_to_ec_products_table',1),(306,'2026_01_10_000001_add_status_to_simple_slider_items_table',1),(307,'2026_01_11_221755_add_price_columns_to_ec_product_up_sale_relations_table',1),(308,'2026_01_14_035001_add_customer_id_to_ec_cart_table',1),(309,'2026_01_26_084750_add_customer_id_to_ec_review_replies_table',1),(310,'2026_01_31_144854_add_zip_code_range_to_ec_shipping_rule_items_table',1),(311,'2026_02_02_090000_add_tax_location_to_mp_stores_table',1),(312,'2026_02_02_090000_create_ec_order_product_tax_components_table',1),(313,'2026_02_02_090001_create_ec_invoice_item_tax_components_table',1),(314,'2026_02_02_090002_add_tax_class_to_ec_customers_table',1),(315,'2026_02_02_090003_add_tax_class_to_ec_products_table',1),(316,'2026_02_02_090004_add_tax_breakdown_to_ec_order_product_table',1),(317,'2026_02_03_090000_drop_foreign_key_from_ec_order_product_tax_components_table',1),(318,'2026_02_07_090000_remove_duplicate_product_variation_records',1),(319,'2026_02_11_090000_add_price_per_product_to_options_tables',1),(320,'2026_02_11_090000_add_shipping_tax_amount_to_ec_orders_and_invoices_table',1),(321,'2026_02_11_160300_convert_specification_options_to_id_based_format',1),(322,'2026_03_03_150041_add_content_to_ec_product_tags_table',1),(323,'2026_03_04_000001_add_name_to_ec_shipping_rule_items_table',1),(324,'2026_03_04_000002_normalize_zip_codes_in_ec_shipping_rule_items_table',1),(325,'2026_03_06_020547_make_comment_nullable_in_ec_reviews_table',1),(326,'2026_03_06_020805_fix_empty_status_in_ec_invoices_table',1),(327,'2026_03_07_153100_add_index_to_meta_boxes_table',1),(328,'2026_03_10_105000_add_badge_type_to_ec_reviews_table',1),(329,'2026_03_23_000000_create_media_folder_permissions_table',1),(330,'2026_03_27_085220_add_folder_deleted_name_index_to_media_files_table',1),(331,'2026_04_20_000000_add_sessions_invalidated_at_to_users_table',1),(332,'2026_04_24_000001_reconcile_payment_amount_with_order_total',1),(333,'2026_04_25_000001_backfill_missing_order_shipping_addresses',1),(334,'2026_05_12_000000_change_description_column_type_in_blog_tables',1);

--
-- Table structure for table `mp_category_sale_commissions`
--

CREATE TABLE `mp_category_sale_commissions` (
  `id` bigint unsigned NOT NULL AUTO_INCREMENT,
  `product_category_id` bigint unsigned NOT NULL,
  `commission_percentage` decimal(8,2) NOT NULL DEFAULT '0.00',
  PRIMARY KEY (`id`),
  UNIQUE KEY `mp_category_sale_commissions_product_category_id_unique` (`product_category_id`)
) ENGINE=InnoDB DEFAULT CHARSET=utf8mb4 COLLATE=utf8mb4_unicode_ci;

--
-- Dumping data for table `mp_category_sale_commissions`
--


--
-- Table structure for table `mp_customer_revenues`
--

CREATE TABLE `mp_customer_revenues` (
  `id` bigint unsigned NOT NULL AUTO_INCREMENT,
  `customer_id` bigint unsigned DEFAULT NULL,
  `order_id` bigint unsigned DEFAULT NULL,
  `sub_amount` decimal(15,2) DEFAULT '0.00',
  `fee` decimal(15,2) unsigned DEFAULT '0.00',
  `amount` decimal(15,2) DEFAULT '0.00',
  `current_balance` decimal(15,2) DEFAULT '0.00',
  `currency` varchar(120) COLLATE utf8mb4_unicode_ci DEFAULT NULL,
  `description` text COLLATE utf8mb4_unicode_ci,
  `created_at` timestamp NULL DEFAULT NULL,
  `updated_at` timestamp NULL DEFAULT NULL,
  `user_id` bigint unsigned NOT NULL DEFAULT '0',
  `type` varchar(60) COLLATE utf8mb4_unicode_ci DEFAULT NULL,
  PRIMARY KEY (`id`),
  KEY `mp_customer_revenues_customer_id_index` (`customer_id`),
  KEY `mp_customer_revenues_order_id_index` (`order_id`)
) ENGINE=InnoDB DEFAULT CHARSET=utf8mb4 COLLATE=utf8mb4_unicode_ci;

--
-- Dumping data for table `mp_customer_revenues`
--


--
-- Table structure for table `mp_customer_withdrawals`
--

CREATE TABLE `mp_customer_withdrawals` (
  `id` bigint unsigned NOT NULL AUTO_INCREMENT,
  `customer_id` bigint unsigned DEFAULT NULL,
  `fee` decimal(15,2) unsigned DEFAULT '0.00',
  `amount` decimal(15,2) unsigned DEFAULT '0.00',
  `current_balance` decimal(15,2) unsigned DEFAULT '0.00',
  `currency` varchar(120) COLLATE utf8mb4_unicode_ci DEFAULT NULL,
  `description` text COLLATE utf8mb4_unicode_ci,
  `bank_info` text COLLATE utf8mb4_unicode_ci,
  `payment_channel` varchar(60) COLLATE utf8mb4_unicode_ci DEFAULT NULL,
  `user_id` bigint unsigned NOT NULL DEFAULT '0',
  `status` varchar(60) COLLATE utf8mb4_unicode_ci NOT NULL DEFAULT 'pending',
  `images` text COLLATE utf8mb4_unicode_ci,
  `created_at` timestamp NULL DEFAULT NULL,
  `updated_at` timestamp NULL DEFAULT NULL,
  `transaction_id` varchar(60) COLLATE utf8mb4_unicode_ci DEFAULT NULL,
  PRIMARY KEY (`id`),
  KEY `mp_customer_withdrawals_customer_id_index` (`customer_id`),
  KEY `mp_customer_withdrawals_status_index` (`status`)
) ENGINE=InnoDB DEFAULT CHARSET=utf8mb4 COLLATE=utf8mb4_unicode_ci;

--
-- Dumping data for table `mp_customer_withdrawals`
--


--
-- Table structure for table `mp_messages`
--

CREATE TABLE `mp_messages` (
  `id` bigint unsigned NOT NULL AUTO_INCREMENT,
  `store_id` bigint unsigned NOT NULL,
  `customer_id` bigint unsigned DEFAULT NULL,
  `name` varchar(60) COLLATE utf8mb4_unicode_ci NOT NULL,
  `email` varchar(60) COLLATE utf8mb4_unicode_ci NOT NULL,
  `content` longtext COLLATE utf8mb4_unicode_ci NOT NULL,
  `created_at` timestamp NULL DEFAULT NULL,
  `updated_at` timestamp NULL DEFAULT NULL,
  PRIMARY KEY (`id`)
) ENGINE=InnoDB DEFAULT CHARSET=utf8mb4 COLLATE=utf8mb4_unicode_ci;

--
-- Dumping data for table `mp_messages`
--


--
-- Table structure for table `mp_stores`
--

CREATE TABLE `mp_stores` (
  `id` bigint unsigned NOT NULL AUTO_INCREMENT,
  `name` varchar(255) COLLATE utf8mb4_unicode_ci NOT NULL,
  `email` varchar(60) COLLATE utf8mb4_unicode_ci DEFAULT NULL,
  `phone` varchar(20) COLLATE utf8mb4_unicode_ci DEFAULT NULL,
  `address` varchar(255) COLLATE utf8mb4_unicode_ci DEFAULT NULL,
  `country` varchar(120) COLLATE utf8mb4_unicode_ci DEFAULT NULL,
  `state` varchar(120) COLLATE utf8mb4_unicode_ci DEFAULT NULL,
  `city` varchar(120) COLLATE utf8mb4_unicode_ci DEFAULT NULL,
  `customer_id` bigint unsigned DEFAULT NULL,
  `logo` varchar(255) COLLATE utf8mb4_unicode_ci DEFAULT NULL,
  `logo_square` varchar(255) COLLATE utf8mb4_unicode_ci DEFAULT NULL,
  `cover_image` varchar(255) COLLATE utf8mb4_unicode_ci DEFAULT NULL,
  `description` varchar(400) COLLATE utf8mb4_unicode_ci DEFAULT NULL,
  `content` longtext COLLATE utf8mb4_unicode_ci,
  `status` varchar(60) COLLATE utf8mb4_unicode_ci NOT NULL DEFAULT 'published',
  `is_verified` tinyint(1) NOT NULL DEFAULT '0',
  `verified_at` timestamp NULL DEFAULT NULL,
  `verified_by` bigint unsigned DEFAULT NULL,
  `verification_note` text COLLATE utf8mb4_unicode_ci,
  `vendor_verified_at` datetime DEFAULT NULL,
  `created_at` timestamp NULL DEFAULT NULL,
  `updated_at` timestamp NULL DEFAULT NULL,
  `zip_code` varchar(20) COLLATE utf8mb4_unicode_ci DEFAULT NULL,
  `company` varchar(255) COLLATE utf8mb4_unicode_ci DEFAULT NULL,
  `tax_id` varchar(255) COLLATE utf8mb4_unicode_ci DEFAULT NULL,
  `tax_country` varchar(120) COLLATE utf8mb4_unicode_ci DEFAULT NULL,
  `tax_state` varchar(120) COLLATE utf8mb4_unicode_ci DEFAULT NULL,
  `certificate_file` varchar(255) COLLATE utf8mb4_unicode_ci DEFAULT NULL,
  `government_id_file` varchar(255) COLLATE utf8mb4_unicode_ci DEFAULT NULL,
  PRIMARY KEY (`id`),
  KEY `mp_stores_customer_id_index` (`customer_id`),
  KEY `mp_stores_status_index` (`status`)
) ENGINE=InnoDB DEFAULT CHARSET=utf8mb4 COLLATE=utf8mb4_unicode_ci;

--
-- Dumping data for table `mp_stores`
--


--
-- Table structure for table `mp_stores_translations`
--

CREATE TABLE `mp_stores_translations` (
  `lang_code` varchar(255) COLLATE utf8mb4_unicode_ci NOT NULL,
  `mp_stores_id` bigint unsigned NOT NULL,
  `name` varchar(255) COLLATE utf8mb4_unicode_ci DEFAULT NULL,
  `description` varchar(400) COLLATE utf8mb4_unicode_ci DEFAULT NULL,
  `content` longtext COLLATE utf8mb4_unicode_ci,
  `address` varchar(255) COLLATE utf8mb4_unicode_ci DEFAULT NULL,
  `company` varchar(255) COLLATE utf8mb4_unicode_ci DEFAULT NULL,
  `cover_image` varchar(255) COLLATE utf8mb4_unicode_ci DEFAULT NULL,
  PRIMARY KEY (`lang_code`,`mp_stores_id`)
) ENGINE=InnoDB DEFAULT CHARSET=utf8mb4 COLLATE=utf8mb4_unicode_ci;

--
-- Dumping data for table `mp_stores_translations`
--


--
-- Table structure for table `mp_vendor_info`
--

CREATE TABLE `mp_vendor_info` (
  `id` bigint unsigned NOT NULL AUTO_INCREMENT,
  `customer_id` bigint unsigned NOT NULL DEFAULT '0',
  `balance` decimal(15,2) NOT NULL DEFAULT '0.00',
  `total_fee` decimal(15,2) NOT NULL DEFAULT '0.00',
  `total_revenue` decimal(15,2) NOT NULL DEFAULT '0.00',
  `signature` varchar(255) COLLATE utf8mb4_unicode_ci DEFAULT NULL,
  `bank_info` text COLLATE utf8mb4_unicode_ci,
  `created_at` timestamp NULL DEFAULT NULL,
  `updated_at` timestamp NULL DEFAULT NULL,
  `payout_payment_method` varchar(120) COLLATE utf8mb4_unicode_ci DEFAULT 'bank_transfer',
  `tax_info` text COLLATE utf8mb4_unicode_ci,
  PRIMARY KEY (`id`),
  KEY `mp_vendor_info_customer_id_index` (`customer_id`)
) ENGINE=InnoDB DEFAULT CHARSET=utf8mb4 COLLATE=utf8mb4_unicode_ci;

--
-- Dumping data for table `mp_vendor_info`
--


--
-- Table structure for table `newsletters`
--

CREATE TABLE `newsletters` (
  `id` bigint unsigned NOT NULL AUTO_INCREMENT,
  `email` varchar(120) COLLATE utf8mb4_unicode_ci NOT NULL,
  `name` varchar(120) COLLATE utf8mb4_unicode_ci DEFAULT NULL,
  `status` varchar(60) COLLATE utf8mb4_unicode_ci NOT NULL DEFAULT 'subscribed',
  `created_at` timestamp NULL DEFAULT NULL,
  `updated_at` timestamp NULL DEFAULT NULL,
  PRIMARY KEY (`id`)
) ENGINE=InnoDB DEFAULT CHARSET=utf8mb4 COLLATE=utf8mb4_unicode_ci;

--
-- Dumping data for table `newsletters`
--


--
-- Table structure for table `pages`
--

CREATE TABLE `pages` (
  `id` bigint unsigned NOT NULL AUTO_INCREMENT,
  `name` varchar(120) COLLATE utf8mb4_unicode_ci NOT NULL,
  `content` longtext COLLATE utf8mb4_unicode_ci,
  `user_id` bigint unsigned DEFAULT NULL,
  `image` varchar(255) COLLATE utf8mb4_unicode_ci DEFAULT NULL,
  `template` varchar(60) COLLATE utf8mb4_unicode_ci DEFAULT NULL,
  `description` varchar(400) COLLATE utf8mb4_unicode_ci DEFAULT NULL,
  `status` varchar(60) COLLATE utf8mb4_unicode_ci NOT NULL DEFAULT 'published',
  `created_at` timestamp NULL DEFAULT NULL,
  `updated_at` timestamp NULL DEFAULT NULL,
  PRIMARY KEY (`id`),
  KEY `pages_user_id_index` (`user_id`)
) ENGINE=InnoDB DEFAULT CHARSET=utf8mb4 COLLATE=utf8mb4_unicode_ci;

--
-- Dumping data for table `pages`
--


--
-- Table structure for table `pages_translations`
--

CREATE TABLE `pages_translations` (
  `lang_code` varchar(20) COLLATE utf8mb4_unicode_ci NOT NULL,
  `pages_id` bigint unsigned NOT NULL,
  `name` varchar(255) COLLATE utf8mb4_unicode_ci DEFAULT NULL,
  `description` varchar(400) COLLATE utf8mb4_unicode_ci DEFAULT NULL,
  `content` longtext COLLATE utf8mb4_unicode_ci,
  PRIMARY KEY (`lang_code`,`pages_id`),
  KEY `idx_pages_trans_pages_id` (`pages_id`),
  KEY `idx_pages_trans_page_lang` (`pages_id`,`lang_code`)
) ENGINE=InnoDB DEFAULT CHARSET=utf8mb4 COLLATE=utf8mb4_unicode_ci;

--
-- Dumping data for table `pages_translations`
--


--
-- Table structure for table `password_reset_tokens`
--

CREATE TABLE `password_reset_tokens` (
  `email` varchar(255) COLLATE utf8mb4_unicode_ci NOT NULL,
  `token` varchar(255) COLLATE utf8mb4_unicode_ci NOT NULL,
  `created_at` timestamp NULL DEFAULT NULL,
  PRIMARY KEY (`email`)
) ENGINE=InnoDB DEFAULT CHARSET=utf8mb4 COLLATE=utf8mb4_unicode_ci;

--
-- Dumping data for table `password_reset_tokens`
--


--
-- Table structure for table `payment_logs`
--

CREATE TABLE `payment_logs` (
  `id` bigint unsigned NOT NULL AUTO_INCREMENT,
  `payment_method` varchar(255) COLLATE utf8mb4_unicode_ci NOT NULL,
  `request` longtext COLLATE utf8mb4_unicode_ci,
  `response` longtext COLLATE utf8mb4_unicode_ci,
  `ip_address` varchar(45) COLLATE utf8mb4_unicode_ci NOT NULL,
  `created_at` timestamp NULL DEFAULT NULL,
  `updated_at` timestamp NULL DEFAULT NULL,
  PRIMARY KEY (`id`)
) ENGINE=InnoDB DEFAULT CHARSET=utf8mb4 COLLATE=utf8mb4_unicode_ci;

--
-- Dumping data for table `payment_logs`
--


--
-- Table structure for table `payments`
--

CREATE TABLE `payments` (
  `id` bigint unsigned NOT NULL AUTO_INCREMENT,
  `currency` varchar(120) COLLATE utf8mb4_unicode_ci DEFAULT NULL,
  `user_id` bigint unsigned NOT NULL DEFAULT '0',
  `charge_id` varchar(255) COLLATE utf8mb4_unicode_ci DEFAULT NULL,
  `payment_channel` varchar(60) COLLATE utf8mb4_unicode_ci DEFAULT NULL,
  `description` varchar(400) COLLATE utf8mb4_unicode_ci DEFAULT NULL,
  `amount` decimal(15,2) unsigned NOT NULL,
  `payment_fee` decimal(15,2) DEFAULT '0.00',
  `order_id` bigint unsigned DEFAULT NULL,
  `status` varchar(60) COLLATE utf8mb4_unicode_ci DEFAULT 'pending',
  `payment_type` varchar(255) COLLATE utf8mb4_unicode_ci DEFAULT 'confirm',
  `customer_id` bigint unsigned DEFAULT NULL,
  `refunded_amount` decimal(15,2) unsigned DEFAULT NULL,
  `refund_note` varchar(255) COLLATE utf8mb4_unicode_ci DEFAULT NULL,
  `created_at` timestamp NULL DEFAULT NULL,
  `updated_at` timestamp NULL DEFAULT NULL,
  `customer_type` varchar(255) COLLATE utf8mb4_unicode_ci DEFAULT NULL,
  `metadata` mediumtext COLLATE utf8mb4_unicode_ci,
  PRIMARY KEY (`id`)
) ENGINE=InnoDB DEFAULT CHARSET=utf8mb4 COLLATE=utf8mb4_unicode_ci;

--
-- Dumping data for table `payments`
--


--
-- Table structure for table `personal_access_tokens`
--

CREATE TABLE `personal_access_tokens` (
  `id` bigint unsigned NOT NULL AUTO_INCREMENT,
  `tokenable_type` varchar(255) COLLATE utf8mb4_unicode_ci NOT NULL,
  `tokenable_id` bigint unsigned NOT NULL,
  `name` varchar(255) COLLATE utf8mb4_unicode_ci NOT NULL,
  `token` varchar(64) COLLATE utf8mb4_unicode_ci NOT NULL,
  `abilities` text COLLATE utf8mb4_unicode_ci,
  `last_used_at` timestamp NULL DEFAULT NULL,
  `expires_at` timestamp NULL DEFAULT NULL,
  `created_at` timestamp NULL DEFAULT NULL,
  `updated_at` timestamp NULL DEFAULT NULL,
  PRIMARY KEY (`id`),
  UNIQUE KEY `personal_access_tokens_token_unique` (`token`),
  KEY `personal_access_tokens_tokenable_type_tokenable_id_index` (`tokenable_type`,`tokenable_id`)
) ENGINE=InnoDB DEFAULT CHARSET=utf8mb4 COLLATE=utf8mb4_unicode_ci;

--
-- Dumping data for table `personal_access_tokens`
--


--
-- Table structure for table `post_categories`
--

CREATE TABLE `post_categories` (
  `category_id` bigint unsigned NOT NULL,
  `post_id` bigint unsigned NOT NULL,
  KEY `post_categories_category_id_index` (`category_id`),
  KEY `post_categories_post_id_index` (`post_id`)
) ENGINE=InnoDB DEFAULT CHARSET=utf8mb4 COLLATE=utf8mb4_unicode_ci;

--
-- Dumping data for table `post_categories`
--

INSERT INTO `post_categories` VALUES (1,1),(4,1),(3,2),(3,3),(4,3);

--
-- Table structure for table `post_tags`
--

CREATE TABLE `post_tags` (
  `tag_id` bigint unsigned NOT NULL,
  `post_id` bigint unsigned NOT NULL,
  KEY `post_tags_tag_id_index` (`tag_id`),
  KEY `post_tags_post_id_index` (`post_id`)
) ENGINE=InnoDB DEFAULT CHARSET=utf8mb4 COLLATE=utf8mb4_unicode_ci;

--
-- Dumping data for table `post_tags`
--

INSERT INTO `post_tags` VALUES (4,1),(8,1),(9,2),(3,2),(2,2),(7,3),(2,3),(4,3);

--
-- Table structure for table `posts`
--

CREATE TABLE `posts` (
  `id` bigint unsigned NOT NULL AUTO_INCREMENT,
  `name` varchar(255) COLLATE utf8mb4_unicode_ci NOT NULL,
  `description` text COLLATE utf8mb4_unicode_ci,
  `content` longtext COLLATE utf8mb4_unicode_ci,
  `status` varchar(60) COLLATE utf8mb4_unicode_ci NOT NULL DEFAULT 'published',
  `author_id` bigint unsigned DEFAULT NULL,
  `author_type` varchar(255) COLLATE utf8mb4_unicode_ci NOT NULL,
  `is_featured` tinyint unsigned NOT NULL DEFAULT '0',
  `image` varchar(255) COLLATE utf8mb4_unicode_ci DEFAULT NULL,
  `views` int unsigned NOT NULL DEFAULT '0',
  `format_type` varchar(30) COLLATE utf8mb4_unicode_ci DEFAULT NULL,
  `created_at` timestamp NULL DEFAULT NULL,
  `updated_at` timestamp NULL DEFAULT NULL,
  PRIMARY KEY (`id`),
  KEY `posts_status_index` (`status`),
  KEY `posts_author_id_index` (`author_id`),
  KEY `posts_author_type_index` (`author_type`),
  KEY `posts_created_at_index` (`created_at`)
) ENGINE=InnoDB AUTO_INCREMENT=4 DEFAULT CHARSET=utf8mb4 COLLATE=utf8mb4_unicode_ci;

--
-- Dumping data for table `posts`
--

INSERT INTO `posts` VALUES (1,'How To Keep Your Pet Calm And Happy At Home','Simple daily routines to ease anxiety, strengthen trust, and create a peaceful bond between you.','<p>Simple routines, predictable feeding times, and a quiet retreat help pets feel secure at home. Gentle play and positive reinforcement build trust while reducing daily stress.</p>','published',1,'Botble\\ACL\\Models\\User',1,'blog/blog-35.jpg',1434,NULL,'2026-08-13 02:00:00','2026-08-13 02:00:00'),(2,'Choosing The Right Food For Your Active, Growing Dog','A complete guide to balanced nutrition, portion control, taste preferences, and how to support energy.','<p>Active dogs need balanced meals with the right protein, fat, and portion size. Track energy levels, weight, and digestion to adjust food choices as they grow.</p>','published',1,'Botble\\ACL\\Models\\User',1,'blog/blog-36.jpg',1274,NULL,'2026-08-15 02:00:00','2026-08-15 02:00:00'),(3,'Why Your Playful Cat Needs More Fun Every Day','Discover how regular play improves health, strengthens your bond, and keeps your cat curious.','<p>Short play sessions sharpen instincts, prevent boredom, and support healthy movement. Rotate toys often and end each session with calm affection.</p>','published',1,'Botble\\ACL\\Models\\User',1,'blog/blog-37.jpg',1168,NULL,'2026-08-18 02:00:00','2026-08-18 02:00:00');

--
-- Table structure for table `posts_translations`
--

CREATE TABLE `posts_translations` (
  `lang_code` varchar(20) COLLATE utf8mb4_unicode_ci NOT NULL,
  `posts_id` bigint unsigned NOT NULL,
  `name` varchar(255) COLLATE utf8mb4_unicode_ci DEFAULT NULL,
  `description` text COLLATE utf8mb4_unicode_ci,
  `content` longtext COLLATE utf8mb4_unicode_ci,
  PRIMARY KEY (`lang_code`,`posts_id`),
  KEY `idx_posts_trans_posts_id` (`posts_id`),
  KEY `idx_posts_trans_post_lang` (`posts_id`,`lang_code`)
) ENGINE=InnoDB DEFAULT CHARSET=utf8mb4 COLLATE=utf8mb4_unicode_ci;

--
-- Dumping data for table `posts_translations`
--


--
-- Table structure for table `push_notification_recipients`
--

CREATE TABLE `push_notification_recipients` (
  `id` bigint unsigned NOT NULL AUTO_INCREMENT,
  `push_notification_id` bigint unsigned NOT NULL,
  `user_type` varchar(50) COLLATE utf8mb4_unicode_ci NOT NULL,
  `user_id` bigint unsigned NOT NULL,
  `device_token` varchar(255) COLLATE utf8mb4_unicode_ci DEFAULT NULL,
  `platform` varchar(20) COLLATE utf8mb4_unicode_ci DEFAULT NULL,
  `status` varchar(20) COLLATE utf8mb4_unicode_ci NOT NULL DEFAULT 'sent',
  `sent_at` timestamp NULL DEFAULT NULL,
  `delivered_at` timestamp NULL DEFAULT NULL,
  `read_at` timestamp NULL DEFAULT NULL,
  `clicked_at` timestamp NULL DEFAULT NULL,
  `fcm_response` json DEFAULT NULL,
  `error_message` varchar(255) COLLATE utf8mb4_unicode_ci DEFAULT NULL,
  `created_at` timestamp NULL DEFAULT NULL,
  `updated_at` timestamp NULL DEFAULT NULL,
  PRIMARY KEY (`id`),
  KEY `pnr_notification_user_index` (`push_notification_id`,`user_type`,`user_id`),
  KEY `pnr_user_status_index` (`user_type`,`user_id`,`status`),
  KEY `pnr_user_read_index` (`user_type`,`user_id`,`read_at`),
  KEY `pnr_status_index` (`status`)
) ENGINE=InnoDB DEFAULT CHARSET=utf8mb4 COLLATE=utf8mb4_unicode_ci;

--
-- Dumping data for table `push_notification_recipients`
--


--
-- Table structure for table `push_notifications`
--

CREATE TABLE `push_notifications` (
  `id` bigint unsigned NOT NULL AUTO_INCREMENT,
  `title` varchar(255) COLLATE utf8mb4_unicode_ci NOT NULL,
  `message` text COLLATE utf8mb4_unicode_ci NOT NULL,
  `type` varchar(255) COLLATE utf8mb4_unicode_ci NOT NULL DEFAULT 'general',
  `target_type` varchar(255) COLLATE utf8mb4_unicode_ci DEFAULT NULL,
  `target_value` varchar(255) COLLATE utf8mb4_unicode_ci DEFAULT NULL,
  `action_url` varchar(255) COLLATE utf8mb4_unicode_ci DEFAULT NULL,
  `image_url` varchar(255) COLLATE utf8mb4_unicode_ci DEFAULT NULL,
  `data` json DEFAULT NULL,
  `status` varchar(255) COLLATE utf8mb4_unicode_ci NOT NULL DEFAULT 'sent',
  `sent_count` int NOT NULL DEFAULT '0',
  `failed_count` int NOT NULL DEFAULT '0',
  `delivered_count` int NOT NULL DEFAULT '0',
  `read_count` int NOT NULL DEFAULT '0',
  `scheduled_at` timestamp NULL DEFAULT NULL,
  `sent_at` timestamp NULL DEFAULT NULL,
  `created_by` bigint unsigned DEFAULT NULL,
  `created_at` timestamp NULL DEFAULT NULL,
  `updated_at` timestamp NULL DEFAULT NULL,
  PRIMARY KEY (`id`),
  KEY `push_notifications_type_created_at_index` (`type`,`created_at`),
  KEY `push_notifications_status_scheduled_at_index` (`status`,`scheduled_at`),
  KEY `push_notifications_created_by_index` (`created_by`)
) ENGINE=InnoDB DEFAULT CHARSET=utf8mb4 COLLATE=utf8mb4_unicode_ci;

--
-- Dumping data for table `push_notifications`
--


--
-- Table structure for table `request_logs`
--

CREATE TABLE `request_logs` (
  `id` bigint unsigned NOT NULL AUTO_INCREMENT,
  `status_code` int DEFAULT NULL,
  `url` varchar(255) COLLATE utf8mb4_unicode_ci DEFAULT NULL,
  `count` int unsigned NOT NULL DEFAULT '0',
  `user_id` varchar(255) COLLATE utf8mb4_unicode_ci DEFAULT NULL,
  `referrer` text COLLATE utf8mb4_unicode_ci,
  `created_at` timestamp NULL DEFAULT NULL,
  `updated_at` timestamp NULL DEFAULT NULL,
  PRIMARY KEY (`id`)
) ENGINE=InnoDB DEFAULT CHARSET=utf8mb4 COLLATE=utf8mb4_unicode_ci;

--
-- Dumping data for table `request_logs`
--


--
-- Table structure for table `revisions`
--

CREATE TABLE `revisions` (
  `id` bigint unsigned NOT NULL AUTO_INCREMENT,
  `revisionable_type` varchar(255) COLLATE utf8mb4_unicode_ci NOT NULL,
  `revisionable_id` bigint unsigned NOT NULL,
  `user_id` bigint unsigned DEFAULT NULL,
  `key` varchar(120) COLLATE utf8mb4_unicode_ci NOT NULL,
  `old_value` text COLLATE utf8mb4_unicode_ci,
  `new_value` text COLLATE utf8mb4_unicode_ci,
  `created_at` timestamp NULL DEFAULT NULL,
  `updated_at` timestamp NULL DEFAULT NULL,
  PRIMARY KEY (`id`),
  KEY `revisions_revisionable_id_revisionable_type_index` (`revisionable_id`,`revisionable_type`)
) ENGINE=InnoDB DEFAULT CHARSET=utf8mb4 COLLATE=utf8mb4_unicode_ci;

--
-- Dumping data for table `revisions`
--


--
-- Table structure for table `role_users`
--

CREATE TABLE `role_users` (
  `user_id` bigint unsigned NOT NULL,
  `role_id` bigint unsigned NOT NULL,
  `created_at` timestamp NULL DEFAULT NULL,
  `updated_at` timestamp NULL DEFAULT NULL,
  PRIMARY KEY (`user_id`,`role_id`),
  KEY `role_users_user_id_index` (`user_id`),
  KEY `role_users_role_id_index` (`role_id`)
) ENGINE=InnoDB DEFAULT CHARSET=utf8mb4 COLLATE=utf8mb4_unicode_ci;

--
-- Dumping data for table `role_users`
--


--
-- Table structure for table `roles`
--

CREATE TABLE `roles` (
  `id` bigint unsigned NOT NULL AUTO_INCREMENT,
  `slug` varchar(120) COLLATE utf8mb4_unicode_ci NOT NULL,
  `name` varchar(120) COLLATE utf8mb4_unicode_ci NOT NULL,
  `permissions` text COLLATE utf8mb4_unicode_ci,
  `description` varchar(400) COLLATE utf8mb4_unicode_ci DEFAULT NULL,
  `is_default` tinyint unsigned NOT NULL DEFAULT '0',
  `created_by` bigint unsigned NOT NULL,
  `updated_by` bigint unsigned NOT NULL,
  `created_at` timestamp NULL DEFAULT NULL,
  `updated_at` timestamp NULL DEFAULT NULL,
  PRIMARY KEY (`id`),
  UNIQUE KEY `roles_slug_unique` (`slug`),
  KEY `roles_created_by_index` (`created_by`),
  KEY `roles_updated_by_index` (`updated_by`)
) ENGINE=InnoDB AUTO_INCREMENT=2 DEFAULT CHARSET=utf8mb4 COLLATE=utf8mb4_unicode_ci;

--
-- Dumping data for table `roles`
--

INSERT INTO `roles` VALUES (1,'admin','Admin','{\"users.index\":true,\"users.create\":true,\"users.edit\":true,\"users.destroy\":true,\"roles.index\":true,\"roles.create\":true,\"roles.edit\":true,\"roles.destroy\":true,\"core.system\":true,\"core.cms\":true,\"core.manage.license\":true,\"systems.cronjob\":true,\"core.tools\":true,\"tools.data-synchronize\":true,\"media.index\":true,\"files.index\":true,\"files.create\":true,\"files.edit\":true,\"files.trash\":true,\"files.destroy\":true,\"folders.index\":true,\"folders.create\":true,\"folders.edit\":true,\"folders.trash\":true,\"folders.destroy\":true,\"settings.index\":true,\"settings.common\":true,\"settings.options\":true,\"settings.email\":true,\"settings.media\":true,\"settings.admin-appearance\":true,\"settings.cache\":true,\"settings.datatables\":true,\"settings.email.rules\":true,\"settings.phone-number\":true,\"settings.others\":true,\"menus.index\":true,\"menus.create\":true,\"menus.edit\":true,\"menus.destroy\":true,\"optimize.settings\":true,\"pages.index\":true,\"pages.create\":true,\"pages.edit\":true,\"pages.destroy\":true,\"pages.export\":true,\"pages.import\":true,\"plugins.index\":true,\"plugins.edit\":true,\"plugins.remove\":true,\"plugins.marketplace\":true,\"sitemap.settings\":true,\"core.appearance\":true,\"theme.index\":true,\"theme.activate\":true,\"theme.remove\":true,\"theme.options\":true,\"theme.custom-css\":true,\"theme.custom-js\":true,\"theme.custom-html\":true,\"theme.robots-txt\":true,\"settings.website-tracking\":true,\"widgets.index\":true,\"ads.index\":true,\"ads.create\":true,\"ads.edit\":true,\"ads.destroy\":true,\"ads.settings\":true,\"analytics.general\":true,\"analytics.page\":true,\"analytics.browser\":true,\"analytics.referrer\":true,\"analytics.settings\":true,\"announcements.index\":true,\"announcements.create\":true,\"announcements.edit\":true,\"announcements.destroy\":true,\"announcements.settings\":true,\"audit-log.index\":true,\"audit-log.destroy\":true,\"backups.index\":true,\"backups.create\":true,\"backups.restore\":true,\"backups.destroy\":true,\"plugins.blog\":true,\"posts.index\":true,\"posts.create\":true,\"posts.edit\":true,\"posts.destroy\":true,\"categories.index\":true,\"categories.create\":true,\"categories.edit\":true,\"categories.destroy\":true,\"tags.index\":true,\"blog.reports\":true,\"tags.create\":true,\"tags.edit\":true,\"tags.destroy\":true,\"blog.settings\":true,\"posts.export\":true,\"posts.import\":true,\"captcha.settings\":true,\"contacts.index\":true,\"contacts.edit\":true,\"contacts.destroy\":true,\"contact.custom-fields\":true,\"contact.settings\":true,\"plugins.ecommerce\":true,\"ecommerce.report.index\":true,\"products.index\":true,\"products.create\":true,\"products.edit\":true,\"products.destroy\":true,\"products.duplicate\":true,\"ecommerce.product-prices.index\":true,\"ecommerce.product-prices.edit\":true,\"ecommerce.product-inventory.index\":true,\"ecommerce.product-inventory.edit\":true,\"product-categories.index\":true,\"product-categories.create\":true,\"product-categories.edit\":true,\"product-categories.destroy\":true,\"product-tag.index\":true,\"product-tag.create\":true,\"product-tag.edit\":true,\"product-tag.destroy\":true,\"brands.index\":true,\"brands.create\":true,\"brands.edit\":true,\"brands.destroy\":true,\"product-collections.index\":true,\"product-collections.create\":true,\"product-collections.edit\":true,\"product-collections.destroy\":true,\"product-attribute-sets.index\":true,\"product-attribute-sets.create\":true,\"product-attribute-sets.edit\":true,\"product-attribute-sets.destroy\":true,\"product-attributes.index\":true,\"product-attributes.create\":true,\"product-attributes.edit\":true,\"product-attributes.destroy\":true,\"tax.index\":true,\"tax.create\":true,\"tax.edit\":true,\"tax.destroy\":true,\"reviews.index\":true,\"reviews.create\":true,\"reviews.destroy\":true,\"reviews.publish\":true,\"reviews.reply\":true,\"ecommerce.shipments.index\":true,\"ecommerce.shipments.create\":true,\"ecommerce.shipments.edit\":true,\"ecommerce.shipments.destroy\":true,\"orders.index\":true,\"orders.create\":true,\"orders.edit\":true,\"orders.destroy\":true,\"discounts.index\":true,\"discounts.create\":true,\"discounts.edit\":true,\"discounts.destroy\":true,\"customers.index\":true,\"customers.create\":true,\"customers.edit\":true,\"customers.destroy\":true,\"ecommerce.customers.import\":true,\"ecommerce.customers.export\":true,\"ecommerce.customer-carts.index\":true,\"ecommerce.customer-carts.destroy\":true,\"flash-sale.index\":true,\"flash-sale.create\":true,\"flash-sale.edit\":true,\"flash-sale.destroy\":true,\"product-label.index\":true,\"product-label.create\":true,\"product-label.edit\":true,\"product-label.destroy\":true,\"ecommerce.import.products.index\":true,\"ecommerce.export.products.index\":true,\"order_returns.index\":true,\"order_returns.edit\":true,\"order_returns.destroy\":true,\"global-option.index\":true,\"global-option.create\":true,\"global-option.edit\":true,\"global-option.destroy\":true,\"ecommerce.invoice.index\":true,\"ecommerce.invoice.edit\":true,\"ecommerce.invoice.destroy\":true,\"ecommerce.settings\":true,\"ecommerce.settings.general\":true,\"ecommerce.invoice-template.index\":true,\"ecommerce.settings.currencies\":true,\"ecommerce.settings.products\":true,\"ecommerce.settings.product-search\":true,\"ecommerce.settings.digital-products\":true,\"ecommerce.settings.store-locators\":true,\"ecommerce.settings.invoices\":true,\"ecommerce.settings.product-reviews\":true,\"ecommerce.settings.customers\":true,\"ecommerce.settings.shopping\":true,\"ecommerce.settings.taxes\":true,\"ecommerce.settings.shipping\":true,\"ecommerce.shipping-rule-items.index\":true,\"ecommerce.shipping-rule-items.create\":true,\"ecommerce.shipping-rule-items.edit\":true,\"ecommerce.shipping-rule-items.destroy\":true,\"ecommerce.shipping-rule-items.bulk-import\":true,\"ecommerce.settings.tracking\":true,\"ecommerce.settings.standard-and-format\":true,\"ecommerce.settings.checkout\":true,\"ecommerce.settings.return\":true,\"ecommerce.settings.flash-sale\":true,\"ecommerce.settings.pending-orders\":true,\"ecommerce.settings.product-specification\":true,\"product-categories.export\":true,\"product-categories.import\":true,\"product-license-codes.import\":true,\"orders.export\":true,\"ecommerce.product-specification.index\":true,\"ecommerce.specification-groups.index\":true,\"ecommerce.specification-groups.create\":true,\"ecommerce.specification-groups.edit\":true,\"ecommerce.specification-groups.destroy\":true,\"ecommerce.specification-attributes.index\":true,\"ecommerce.specification-attributes.create\":true,\"ecommerce.specification-attributes.edit\":true,\"ecommerce.specification-attributes.destroy\":true,\"ecommerce.specification-tables.index\":true,\"ecommerce.specification-tables.create\":true,\"ecommerce.specification-tables.edit\":true,\"ecommerce.specification-tables.destroy\":true,\"ecommerce.product-specifications.import\":true,\"ecommerce.product-specifications.export\":true,\"plugin.faq\":true,\"faq.index\":true,\"faq.create\":true,\"faq.edit\":true,\"faq.destroy\":true,\"faq_category.index\":true,\"faq_category.create\":true,\"faq_category.edit\":true,\"faq_category.destroy\":true,\"faqs.settings\":true,\"product-size-guide.index\":true,\"product-size-guide.create\":true,\"product-size-guide.edit\":true,\"product-size-guide.destroy\":true,\"size-guide-headers.index\":true,\"size-guide-headers.create\":true,\"size-guide-headers.edit\":true,\"size-guide-headers.destroy\":true,\"product-size-guide.settings\":true,\"galleries.index\":true,\"galleries.create\":true,\"galleries.edit\":true,\"galleries.destroy\":true,\"languages.index\":true,\"languages.create\":true,\"languages.edit\":true,\"languages.destroy\":true,\"translations.import\":true,\"translations.export\":true,\"property-translations.import\":true,\"property-translations.export\":true,\"page-translations.export\":true,\"page-translations.import\":true,\"plugin.location\":true,\"country.index\":true,\"country.create\":true,\"country.edit\":true,\"country.destroy\":true,\"state.index\":true,\"state.create\":true,\"state.edit\":true,\"state.destroy\":true,\"city.index\":true,\"city.create\":true,\"city.edit\":true,\"city.destroy\":true,\"marketplace.index\":true,\"marketplace.store.index\":true,\"marketplace.store.create\":true,\"marketplace.store.edit\":true,\"marketplace.store.destroy\":true,\"marketplace.store.view\":true,\"marketplace.store.revenue.create\":true,\"marketplace.withdrawal.index\":true,\"marketplace.withdrawal.edit\":true,\"marketplace.withdrawal.destroy\":true,\"marketplace.withdrawal.invoice\":true,\"marketplace.vendors.index\":true,\"marketplace.unverified-vendors.index\":true,\"marketplace.vendors.control\":true,\"marketplace.unverified-vendors.edit\":true,\"marketplace.reports\":true,\"marketplace.settings\":true,\"marketplace.messages.index\":true,\"marketplace.messages.edit\":true,\"marketplace.messages.destroy\":true,\"newsletter.index\":true,\"newsletter.destroy\":true,\"newsletter.settings\":true,\"payment.index\":true,\"payments.settings\":true,\"payment.destroy\":true,\"payments.logs\":true,\"payments.logs.show\":true,\"payments.logs.destroy\":true,\"request-log.index\":true,\"request-log.destroy\":true,\"sale-popup.settings\":true,\"simple-slider.index\":true,\"simple-slider.create\":true,\"simple-slider.edit\":true,\"simple-slider.destroy\":true,\"simple-slider-item.index\":true,\"simple-slider-item.create\":true,\"simple-slider-item.edit\":true,\"simple-slider-item.destroy\":true,\"social-login.settings\":true,\"testimonial.index\":true,\"testimonial.create\":true,\"testimonial.edit\":true,\"testimonial.destroy\":true,\"plugins.translation\":true,\"translations.locales\":true,\"translations.theme-translations\":true,\"translations.index\":true,\"theme-translations.export\":true,\"other-translations.export\":true,\"theme-translations.import\":true,\"other-translations.import\":true,\"api.settings\":true,\"api.sanctum-token.index\":true,\"api.sanctum-token.create\":true,\"api.sanctum-token.destroy\":true}','Admin users role',1,1,1,'2026-05-28 19:00:39','2026-05-28 19:00:39');

--
-- Table structure for table `sessions`
--

CREATE TABLE `sessions` (
  `id` varchar(255) COLLATE utf8mb4_unicode_ci NOT NULL,
  `user_id` bigint unsigned DEFAULT NULL,
  `ip_address` varchar(45) COLLATE utf8mb4_unicode_ci DEFAULT NULL,
  `user_agent` text COLLATE utf8mb4_unicode_ci,
  `payload` longtext COLLATE utf8mb4_unicode_ci NOT NULL,
  `last_activity` int NOT NULL,
  PRIMARY KEY (`id`),
  KEY `sessions_user_id_index` (`user_id`),
  KEY `sessions_last_activity_index` (`last_activity`)
) ENGINE=InnoDB DEFAULT CHARSET=utf8mb4 COLLATE=utf8mb4_unicode_ci;

--
-- Dumping data for table `sessions`
--


--
-- Table structure for table `settings`
--

CREATE TABLE `settings` (
  `id` bigint unsigned NOT NULL AUTO_INCREMENT,
  `key` varchar(255) COLLATE utf8mb4_unicode_ci NOT NULL,
  `value` text COLLATE utf8mb4_unicode_ci,
  `created_at` timestamp NULL DEFAULT NULL,
  `updated_at` timestamp NULL DEFAULT NULL,
  PRIMARY KEY (`id`),
  UNIQUE KEY `settings_key_unique` (`key`)
) ENGINE=InnoDB AUTO_INCREMENT=69 DEFAULT CHARSET=utf8mb4 COLLATE=utf8mb4_unicode_ci;

--
-- Dumping data for table `settings`
--

INSERT INTO `settings` VALUES (2,'api_enabled','0',NULL,'2026-05-28 19:00:42'),(3,'activated_plugins','[\"language\",\"language-advanced\",\"ads\",\"analytics\",\"announcement\",\"audit-log\",\"backup\",\"blog\",\"captcha\",\"contact\",\"cookie-consent\",\"ecommerce\",\"faq\",\"fob-product-size-guide\",\"gallery\",\"location\",\"marketplace\",\"mollie\",\"newsletter\",\"payment\",\"paypal\",\"paypal-payout\",\"paystack\",\"razorpay\",\"request-log\",\"sale-popup\",\"shippo\",\"simple-slider\",\"social-login\",\"sslcommerz\",\"stripe\",\"stripe-connect\",\"testimonial\",\"translation\"]',NULL,'2026-05-28 19:00:42'),(8,'media_random_hash','e763446310a565469d709ca560c83f9a',NULL,'2026-05-28 19:00:42'),(9,'theme','amerce',NULL,'2026-05-28 19:00:42'),(10,'show_admin_bar','1',NULL,'2026-05-28 19:00:42'),(11,'admin_email.0','support@amerce.test',NULL,'2026-05-28 19:00:42'),(12,'admin_logo',NULL,NULL,'2026-05-28 19:00:42'),(13,'admin_favicon',NULL,NULL,'2026-05-28 19:00:42'),(14,'admin_title','Amerce',NULL,'2026-05-28 19:00:42'),(15,'enable_change_admin_theme','1',NULL,'2026-05-28 19:00:42'),(16,'language_hide_default','1',NULL,'2026-05-28 19:00:42'),(17,'language_switcher_display','dropdown',NULL,'2026-05-28 19:00:42'),(18,'language_display','all',NULL,'2026-05-28 19:00:42'),(19,'language_hide_languages','[]',NULL,'2026-05-28 19:00:42'),(20,'locale','en',NULL,'2026-05-28 19:00:42'),(21,'locale_direction','ltr',NULL,'2026-05-28 19:00:42'),(22,'enable_send_error_reporting_via_email','0',NULL,'2026-05-28 19:00:42'),(23,'enable_https','0',NULL,'2026-05-28 19:00:42'),(24,'enable_cache','0',NULL,'2026-05-28 19:00:42'),(25,'cache_admin_menu_enable','1',NULL,'2026-05-28 19:00:42'),(26,'cache_time_site_map','3600',NULL,'2026-05-28 19:00:42'),(27,'enable_send_mail_when_new_user_registered','0',NULL,'2026-05-28 19:00:42'),(28,'enable_send_mail_user_registered_to_admin','0',NULL,'2026-05-28 19:00:42'),(29,'enable_change_password','1',NULL,'2026-05-28 19:00:42'),(30,'enable_register','1',NULL,'2026-05-28 19:00:42'),(31,'enable_recaptcha','0',NULL,'2026-05-28 19:00:42'),(32,'enable_captcha','0',NULL,'2026-05-28 19:00:42'),(33,'show_site_name_when_logged_in','1',NULL,'2026-05-28 19:00:42'),(34,'time_zone','UTC',NULL,'2026-05-28 19:00:42'),(35,'enable_multi_language_in_admin','0',NULL,'2026-05-28 19:00:42'),(36,'media_chunk_enabled','0',NULL,'2026-05-28 19:00:42'),(37,'media_chunk_size','1048576',NULL,'2026-05-28 19:00:42'),(38,'media_max_upload_filesize',NULL,NULL,'2026-05-28 19:00:42'),(39,'media_aws_use_signed_urls','0',NULL,'2026-05-28 19:00:42'),(40,'media_aws_signed_url_expiry','60',NULL,'2026-05-28 19:00:42'),(41,'enable_geo_ip','0',NULL,'2026-05-28 19:00:42'),(42,'enable_audit_log','1',NULL,'2026-05-28 19:00:42'),(43,'payment_cod_status','1',NULL,'2026-05-28 19:00:42'),(44,'payment_bank_transfer_status','1',NULL,'2026-05-28 19:00:42'),(45,'payment_cod_description','Please pay money directly to the postman, if you choose cash on delivery method (COD).',NULL,'2026-05-28 19:00:42'),(46,'payment_bank_transfer_description','Please send money to our bank account: AMERCE - 0123 4567 8901.',NULL,'2026-05-28 19:00:42'),(47,'payment_stripe_payment_type','stripe_checkout',NULL,'2026-05-28 19:00:42'),(48,'plugins_ecommerce_customer_new_order_status','0',NULL,'2026-05-28 19:00:42'),(49,'plugins_ecommerce_admin_new_order_status','0',NULL,'2026-05-28 19:00:42'),(50,'ecommerce_is_enabled_support_digital_products','1',NULL,'2026-05-28 19:00:42'),(51,'ecommerce_enable_license_codes_for_digital_products','1',NULL,'2026-05-28 19:00:42'),(52,'ecommerce_auto_complete_digital_orders_after_payment','1',NULL,'2026-05-28 19:00:42'),(53,'ecommerce_load_countries_states_cities_from_location_plugin','0',NULL,'2026-05-28 19:00:42'),(54,'ecommerce_product_sku_format','AM-%s%s%s%s',NULL,'2026-05-28 19:00:42'),(55,'ecommerce_store_order_prefix','AM',NULL,'2026-05-28 19:00:42'),(56,'ecommerce_enable_product_specification','1',NULL,'2026-05-28 19:00:42'),(57,'payment_bank_transfer_display_bank_info_at_the_checkout_success_page','1',NULL,'2026-05-28 19:00:42'),(58,'payment_cod_logo','payments/cod.png',NULL,'2026-05-28 19:00:42'),(59,'payment_bank_transfer_logo','payments/bank-transfer.png',NULL,'2026-05-28 19:00:42'),(60,'payment_stripe_logo','payments/stripe.webp',NULL,'2026-05-28 19:00:42'),(61,'payment_paypal_logo','payments/paypal.png',NULL,'2026-05-28 19:00:42'),(62,'payment_mollie_logo','payments/mollie.png',NULL,'2026-05-28 19:00:42'),(63,'payment_paystack_logo','payments/paystack.png',NULL,'2026-05-28 19:00:42'),(64,'payment_razorpay_logo','payments/razorpay.png',NULL,'2026-05-28 19:00:42'),(65,'payment_sslcommerz_logo','payments/sslcommerz.png',NULL,'2026-05-28 19:00:42'),(66,'product_size_guide_display_mode','popup',NULL,'2026-05-28 19:00:42'),(67,'media_sizes_hero-sm_height','0',NULL,'2026-05-28 19:00:42'),(68,'media_sizes_hero-md_height','0',NULL,NULL);

--
-- Table structure for table `simple_slider_items`
--

CREATE TABLE `simple_slider_items` (
  `id` bigint unsigned NOT NULL AUTO_INCREMENT,
  `simple_slider_id` bigint unsigned NOT NULL,
  `title` varchar(255) COLLATE utf8mb4_unicode_ci DEFAULT NULL,
  `image` varchar(255) COLLATE utf8mb4_unicode_ci NOT NULL,
  `link` varchar(255) COLLATE utf8mb4_unicode_ci DEFAULT NULL,
  `description` text COLLATE utf8mb4_unicode_ci,
  `order` int unsigned NOT NULL DEFAULT '0',
  `status` varchar(60) COLLATE utf8mb4_unicode_ci NOT NULL DEFAULT 'published',
  `created_at` timestamp NULL DEFAULT NULL,
  `updated_at` timestamp NULL DEFAULT NULL,
  PRIMARY KEY (`id`)
) ENGINE=InnoDB AUTO_INCREMENT=4 DEFAULT CHARSET=utf8mb4 COLLATE=utf8mb4_unicode_ci;

--
-- Dumping data for table `simple_slider_items`
--

INSERT INTO `simple_slider_items` VALUES (1,1,'Products Crafted To Withstand Time','slider/slider-34.jpg','/products','Durable materials with reliable performance, helping every build stand stronger, safer, and confidently on schedule.',0,'published','2026-05-28 19:00:40','2026-05-28 19:00:40'),(2,1,'Electrical Meters Built for the Job','slider/slider-35.jpg','/products','Reliable readings of voltage, current, and more — helping professionals work safer, faster, and with total confidence.',1,'published','2026-05-28 19:00:40','2026-05-28 19:00:40'),(3,1,'Strong Tools For Serious Work','slider/slider-36.jpg','/products','Durable steel tools delivering strong grip and reliable performance on every job.',2,'published','2026-05-28 19:00:40','2026-05-28 19:00:40');

--
-- Table structure for table `simple_sliders`
--

CREATE TABLE `simple_sliders` (
  `id` bigint unsigned NOT NULL AUTO_INCREMENT,
  `name` varchar(120) COLLATE utf8mb4_unicode_ci NOT NULL,
  `key` varchar(120) COLLATE utf8mb4_unicode_ci NOT NULL,
  `description` varchar(400) COLLATE utf8mb4_unicode_ci DEFAULT NULL,
  `status` varchar(60) COLLATE utf8mb4_unicode_ci NOT NULL DEFAULT 'published',
  `created_at` timestamp NULL DEFAULT NULL,
  `updated_at` timestamp NULL DEFAULT NULL,
  PRIMARY KEY (`id`)
) ENGINE=InnoDB AUTO_INCREMENT=2 DEFAULT CHARSET=utf8mb4 COLLATE=utf8mb4_unicode_ci;

--
-- Dumping data for table `simple_sliders`
--

INSERT INTO `simple_sliders` VALUES (1,'Homepage Hero','home-hero','Hero slider for the home-construction preset.','published','2026-05-28 19:00:40','2026-05-28 19:00:40');

--
-- Table structure for table `slugs`
--

CREATE TABLE `slugs` (
  `id` bigint unsigned NOT NULL AUTO_INCREMENT,
  `key` varchar(255) COLLATE utf8mb4_unicode_ci NOT NULL,
  `reference_id` bigint unsigned NOT NULL,
  `reference_type` varchar(255) COLLATE utf8mb4_unicode_ci NOT NULL,
  `prefix` varchar(120) COLLATE utf8mb4_unicode_ci DEFAULT '',
  `created_at` timestamp NULL DEFAULT NULL,
  `updated_at` timestamp NULL DEFAULT NULL,
  PRIMARY KEY (`id`),
  KEY `slugs_reference_id_index` (`reference_id`),
  KEY `slugs_key_index` (`key`),
  KEY `slugs_prefix_index` (`prefix`),
  KEY `slugs_reference_index` (`reference_id`,`reference_type`),
  KEY `idx_key_prefix` (`key`,`prefix`),
  KEY `idx_slugs_reference` (`reference_type`,`reference_id`)
) ENGINE=InnoDB AUTO_INCREMENT=21 DEFAULT CHARSET=utf8mb4 COLLATE=utf8mb4_unicode_ci;

--
-- Dumping data for table `slugs`
--

INSERT INTO `slugs` VALUES (1,'trends',1,'Botble\\Blog\\Models\\Tag','tag','2026-05-28 19:00:39','2026-05-28 19:00:39'),(2,'styling-tips',2,'Botble\\Blog\\Models\\Tag','tag','2026-05-28 19:00:39','2026-05-28 19:00:39'),(3,'sustainable',3,'Botble\\Blog\\Models\\Tag','tag','2026-05-28 19:00:39','2026-05-28 19:00:39'),(4,'new-arrivals',4,'Botble\\Blog\\Models\\Tag','tag','2026-05-28 19:00:39','2026-05-28 19:00:39'),(5,'limited-edition',5,'Botble\\Blog\\Models\\Tag','tag','2026-05-28 19:00:39','2026-05-28 19:00:39'),(6,'behind-the-scenes',6,'Botble\\Blog\\Models\\Tag','tag','2026-05-28 19:00:39','2026-05-28 19:00:39'),(7,'buyer-guide',7,'Botble\\Blog\\Models\\Tag','tag','2026-05-28 19:00:39','2026-05-28 19:00:39'),(8,'care-tips',8,'Botble\\Blog\\Models\\Tag','tag','2026-05-28 19:00:39','2026-05-28 19:00:39'),(9,'capsule-wardrobe',9,'Botble\\Blog\\Models\\Tag','tag','2026-05-28 19:00:39','2026-05-28 19:00:39'),(10,'material-stories',10,'Botble\\Blog\\Models\\Tag','tag','2026-05-28 19:00:39','2026-05-28 19:00:39'),(11,'holiday-gifting',11,'Botble\\Blog\\Models\\Tag','tag','2026-05-28 19:00:39','2026-05-28 19:00:39'),(12,'editor-picks',12,'Botble\\Blog\\Models\\Tag','tag','2026-05-28 19:00:39','2026-05-28 19:00:39'),(13,'safety',1,'Botble\\Blog\\Models\\Category','','2026-05-28 19:00:40','2026-05-28 19:00:40'),(14,'tools-equipment',2,'Botble\\Blog\\Models\\Category','','2026-05-28 19:00:40','2026-05-28 19:00:40'),(15,'techniques',3,'Botble\\Blog\\Models\\Category','','2026-05-28 19:00:40','2026-05-28 19:00:40'),(16,'project-guides',4,'Botble\\Blog\\Models\\Category','','2026-05-28 19:00:40','2026-05-28 19:00:40'),(17,'trade-news',5,'Botble\\Blog\\Models\\Category','','2026-05-28 19:00:40','2026-05-28 19:00:40'),(18,'how-to-keep-your-pet-calm-and-happy-at-home',1,'Botble\\Blog\\Models\\Post','','2026-05-28 19:00:41','2026-05-28 19:00:41'),(19,'choosing-the-right-food-for-your-active-growing-dog',2,'Botble\\Blog\\Models\\Post','','2026-05-28 19:00:41','2026-05-28 19:00:41'),(20,'why-your-playful-cat-needs-more-fun-every-day',3,'Botble\\Blog\\Models\\Post','','2026-05-28 19:00:41','2026-05-28 19:00:41');

--
-- Table structure for table `slugs_translations`
--

CREATE TABLE `slugs_translations` (
  `lang_code` varchar(20) COLLATE utf8mb4_unicode_ci NOT NULL,
  `slugs_id` bigint unsigned NOT NULL,
  `key` varchar(255) COLLATE utf8mb4_unicode_ci DEFAULT NULL,
  `prefix` varchar(120) COLLATE utf8mb4_unicode_ci DEFAULT '',
  PRIMARY KEY (`lang_code`,`slugs_id`),
  KEY `idx_slugid_key_prefix` (`slugs_id`,`key`,`prefix`)
) ENGINE=InnoDB DEFAULT CHARSET=utf8mb4 COLLATE=utf8mb4_unicode_ci;

--
-- Dumping data for table `slugs_translations`
--


--
-- Table structure for table `social_logins`
--

CREATE TABLE `social_logins` (
  `id` bigint unsigned NOT NULL AUTO_INCREMENT,
  `user_type` varchar(255) COLLATE utf8mb4_unicode_ci NOT NULL,
  `user_id` bigint unsigned NOT NULL,
  `provider` varchar(255) COLLATE utf8mb4_unicode_ci NOT NULL,
  `provider_id` varchar(255) COLLATE utf8mb4_unicode_ci NOT NULL,
  `token` text COLLATE utf8mb4_unicode_ci,
  `refresh_token` text COLLATE utf8mb4_unicode_ci,
  `token_expires_at` timestamp NULL DEFAULT NULL,
  `provider_data` json DEFAULT NULL,
  `created_at` timestamp NULL DEFAULT NULL,
  `updated_at` timestamp NULL DEFAULT NULL,
  PRIMARY KEY (`id`),
  UNIQUE KEY `social_logins_provider_provider_id_unique` (`provider`,`provider_id`),
  KEY `social_logins_user_type_user_id_index` (`user_type`,`user_id`),
  KEY `social_logins_user_id_user_type_index` (`user_id`,`user_type`)
) ENGINE=InnoDB DEFAULT CHARSET=utf8mb4 COLLATE=utf8mb4_unicode_ci;

--
-- Dumping data for table `social_logins`
--


--
-- Table structure for table `states`
--

CREATE TABLE `states` (
  `id` bigint unsigned NOT NULL AUTO_INCREMENT,
  `name` varchar(120) COLLATE utf8mb4_unicode_ci NOT NULL,
  `slug` varchar(120) COLLATE utf8mb4_unicode_ci DEFAULT NULL,
  `abbreviation` varchar(10) COLLATE utf8mb4_unicode_ci DEFAULT NULL,
  `country_id` bigint unsigned DEFAULT NULL,
  `order` tinyint NOT NULL DEFAULT '0',
  `image` varchar(255) COLLATE utf8mb4_unicode_ci DEFAULT NULL,
  `is_default` tinyint unsigned NOT NULL DEFAULT '0',
  `status` varchar(60) COLLATE utf8mb4_unicode_ci NOT NULL DEFAULT 'published',
  `created_at` timestamp NULL DEFAULT NULL,
  `updated_at` timestamp NULL DEFAULT NULL,
  PRIMARY KEY (`id`),
  UNIQUE KEY `states_slug_unique` (`slug`),
  KEY `idx_states_name` (`name`),
  KEY `idx_states_status` (`status`),
  KEY `idx_states_country_id` (`country_id`)
) ENGINE=InnoDB DEFAULT CHARSET=utf8mb4 COLLATE=utf8mb4_unicode_ci;

--
-- Dumping data for table `states`
--


--
-- Table structure for table `states_translations`
--

CREATE TABLE `states_translations` (
  `lang_code` varchar(20) COLLATE utf8mb4_unicode_ci NOT NULL,
  `states_id` bigint unsigned NOT NULL,
  `name` varchar(120) COLLATE utf8mb4_unicode_ci DEFAULT NULL,
  `slug` varchar(120) COLLATE utf8mb4_unicode_ci DEFAULT NULL,
  `abbreviation` varchar(10) COLLATE utf8mb4_unicode_ci DEFAULT NULL,
  PRIMARY KEY (`lang_code`,`states_id`),
  KEY `idx_states_trans_state_lang` (`states_id`,`lang_code`),
  KEY `idx_states_trans_name` (`name`),
  KEY `idx_states_trans_states_id` (`states_id`)
) ENGINE=InnoDB DEFAULT CHARSET=utf8mb4 COLLATE=utf8mb4_unicode_ci;

--
-- Dumping data for table `states_translations`
--


--
-- Table structure for table `tags`
--

CREATE TABLE `tags` (
  `id` bigint unsigned NOT NULL AUTO_INCREMENT,
  `name` varchar(120) COLLATE utf8mb4_unicode_ci NOT NULL,
  `author_id` bigint unsigned DEFAULT NULL,
  `author_type` varchar(255) COLLATE utf8mb4_unicode_ci NOT NULL,
  `description` text COLLATE utf8mb4_unicode_ci,
  `status` varchar(60) COLLATE utf8mb4_unicode_ci NOT NULL DEFAULT 'published',
  `created_at` timestamp NULL DEFAULT NULL,
  `updated_at` timestamp NULL DEFAULT NULL,
  PRIMARY KEY (`id`)
) ENGINE=InnoDB AUTO_INCREMENT=13 DEFAULT CHARSET=utf8mb4 COLLATE=utf8mb4_unicode_ci;

--
-- Dumping data for table `tags`
--

INSERT INTO `tags` VALUES (1,'Trends',1,'Botble\\ACL\\Models\\User','Articles tagged with Trends.','published','2026-05-28 19:00:39','2026-05-28 19:00:39'),(2,'Styling Tips',1,'Botble\\ACL\\Models\\User','Articles tagged with Styling Tips.','published','2026-05-28 19:00:39','2026-05-28 19:00:39'),(3,'Sustainable',1,'Botble\\ACL\\Models\\User','Articles tagged with Sustainable.','published','2026-05-28 19:00:39','2026-05-28 19:00:39'),(4,'New Arrivals',1,'Botble\\ACL\\Models\\User','Articles tagged with New Arrivals.','published','2026-05-28 19:00:39','2026-05-28 19:00:39'),(5,'Limited Edition',1,'Botble\\ACL\\Models\\User','Articles tagged with Limited Edition.','published','2026-05-28 19:00:39','2026-05-28 19:00:39'),(6,'Behind the Scenes',1,'Botble\\ACL\\Models\\User','Articles tagged with Behind the Scenes.','published','2026-05-28 19:00:39','2026-05-28 19:00:39'),(7,'Buyer Guide',1,'Botble\\ACL\\Models\\User','Articles tagged with Buyer Guide.','published','2026-05-28 19:00:39','2026-05-28 19:00:39'),(8,'Care Tips',1,'Botble\\ACL\\Models\\User','Articles tagged with Care Tips.','published','2026-05-28 19:00:39','2026-05-28 19:00:39'),(9,'Capsule Wardrobe',1,'Botble\\ACL\\Models\\User','Articles tagged with Capsule Wardrobe.','published','2026-05-28 19:00:39','2026-05-28 19:00:39'),(10,'Material Stories',1,'Botble\\ACL\\Models\\User','Articles tagged with Material Stories.','published','2026-05-28 19:00:39','2026-05-28 19:00:39'),(11,'Holiday Gifting',1,'Botble\\ACL\\Models\\User','Articles tagged with Holiday Gifting.','published','2026-05-28 19:00:39','2026-05-28 19:00:39'),(12,'Editor Picks',1,'Botble\\ACL\\Models\\User','Articles tagged with Editor Picks.','published','2026-05-28 19:00:39','2026-05-28 19:00:39');

--
-- Table structure for table `tags_translations`
--

CREATE TABLE `tags_translations` (
  `lang_code` varchar(20) COLLATE utf8mb4_unicode_ci NOT NULL,
  `tags_id` bigint unsigned NOT NULL,
  `name` varchar(255) COLLATE utf8mb4_unicode_ci DEFAULT NULL,
  `description` text COLLATE utf8mb4_unicode_ci,
  PRIMARY KEY (`lang_code`,`tags_id`),
  KEY `idx_tags_trans_tags_id` (`tags_id`),
  KEY `idx_tags_trans_tag_lang` (`tags_id`,`lang_code`)
) ENGINE=InnoDB DEFAULT CHARSET=utf8mb4 COLLATE=utf8mb4_unicode_ci;

--
-- Dumping data for table `tags_translations`
--


--
-- Table structure for table `testimonials`
--

CREATE TABLE `testimonials` (
  `id` bigint unsigned NOT NULL AUTO_INCREMENT,
  `name` varchar(120) COLLATE utf8mb4_unicode_ci NOT NULL,
  `content` text COLLATE utf8mb4_unicode_ci NOT NULL,
  `image` varchar(255) COLLATE utf8mb4_unicode_ci DEFAULT NULL,
  `company` varchar(120) COLLATE utf8mb4_unicode_ci DEFAULT NULL,
  `status` varchar(60) COLLATE utf8mb4_unicode_ci NOT NULL DEFAULT 'published',
  `created_at` timestamp NULL DEFAULT NULL,
  `updated_at` timestamp NULL DEFAULT NULL,
  PRIMARY KEY (`id`)
) ENGINE=InnoDB AUTO_INCREMENT=7 DEFAULT CHARSET=utf8mb4 COLLATE=utf8mb4_unicode_ci;

--
-- Dumping data for table `testimonials`
--

INSERT INTO `testimonials` VALUES (1,'Olivia Carter','The walnut side table has lived in my apartment for three years and looks better than the day it arrived. The construction quality is genuinely heirloom level.','testimonials/avatar-1.jpg','Editor — Modern Living Magazine','published','2026-05-28 19:00:39','2026-05-28 19:00:39'),(2,'James Whitfield','I have ordered three pairs of the linen trousers across two seasons. The fit is consistent, the fabric breathes beautifully, and the customer service is unmatched.','testimonials/avatar-2.jpg','Founder — Fieldnotes Studio','published','2026-05-28 19:00:39','2026-05-28 19:00:39'),(3,'Priya Khurana','Amerce is my first stop for thoughtful gifting. The packaging makes every order feel like an occasion and the curation never disappoints.','testimonials/avatar-3.jpg','Lead Designer — Studio Eight','published','2026-05-28 19:00:39','2026-05-28 19:00:39'),(4,'Daniel Reyes','Quick shipping, immaculate packaging, and the headphones are easily the best I have owned. Their support team helped me pair them with my mixer in under five minutes.','testimonials/avatar-4.jpg','Photographer','published','2026-05-28 19:00:39','2026-05-28 19:00:39'),(5,'Hannah Lindstrom','The activewear pieces hold up to every class without losing shape. I have washed them seventy times and the fabric still looks brand new.','testimonials/avatar-5.jpg','Yoga Instructor','published','2026-05-28 19:00:39','2026-05-28 19:00:39'),(6,'Kenji Sato','I shipped a coffee table to Tokyo and it arrived perfectly packed with full insurance documentation. International logistics handled flawlessly.','testimonials/avatar-6.jpg','Architect — Tokyo','published','2026-05-28 19:00:39','2026-05-28 19:00:39');

--
-- Table structure for table `testimonials_translations`
--

CREATE TABLE `testimonials_translations` (
  `lang_code` varchar(20) COLLATE utf8mb4_unicode_ci NOT NULL,
  `testimonials_id` bigint unsigned NOT NULL,
  `name` varchar(255) COLLATE utf8mb4_unicode_ci DEFAULT NULL,
  `content` text COLLATE utf8mb4_unicode_ci,
  `company` varchar(120) COLLATE utf8mb4_unicode_ci DEFAULT NULL,
  PRIMARY KEY (`lang_code`,`testimonials_id`),
  KEY `idx_testimonials_trans_testimonials_id` (`testimonials_id`),
  KEY `idx_testimonials_trans_testimonial_lang` (`testimonials_id`,`lang_code`)
) ENGINE=InnoDB DEFAULT CHARSET=utf8mb4 COLLATE=utf8mb4_unicode_ci;

--
-- Dumping data for table `testimonials_translations`
--


--
-- Table structure for table `user_meta`
--

CREATE TABLE `user_meta` (
  `id` bigint unsigned NOT NULL AUTO_INCREMENT,
  `key` varchar(120) COLLATE utf8mb4_unicode_ci DEFAULT NULL,
  `value` text COLLATE utf8mb4_unicode_ci,
  `user_id` bigint unsigned NOT NULL,
  `created_at` timestamp NULL DEFAULT NULL,
  `updated_at` timestamp NULL DEFAULT NULL,
  PRIMARY KEY (`id`),
  KEY `user_meta_user_id_index` (`user_id`)
) ENGINE=InnoDB DEFAULT CHARSET=utf8mb4 COLLATE=utf8mb4_unicode_ci;

--
-- Dumping data for table `user_meta`
--


--
-- Table structure for table `user_settings`
--

CREATE TABLE `user_settings` (
  `id` bigint unsigned NOT NULL AUTO_INCREMENT,
  `user_type` varchar(50) COLLATE utf8mb4_unicode_ci NOT NULL,
  `user_id` bigint unsigned NOT NULL,
  `key` varchar(100) COLLATE utf8mb4_unicode_ci NOT NULL,
  `value` json NOT NULL,
  `created_at` timestamp NULL DEFAULT NULL,
  `updated_at` timestamp NULL DEFAULT NULL,
  PRIMARY KEY (`id`),
  UNIQUE KEY `user_settings_user_type_user_id_key_unique` (`user_type`,`user_id`,`key`),
  KEY `user_settings_user_type_user_id_index` (`user_type`,`user_id`),
  KEY `user_settings_key_index` (`key`)
) ENGINE=InnoDB DEFAULT CHARSET=utf8mb4 COLLATE=utf8mb4_unicode_ci;

--
-- Dumping data for table `user_settings`
--


--
-- Table structure for table `users`
--

CREATE TABLE `users` (
  `id` bigint unsigned NOT NULL AUTO_INCREMENT,
  `email` varchar(255) COLLATE utf8mb4_unicode_ci NOT NULL,
  `phone` varchar(20) COLLATE utf8mb4_unicode_ci DEFAULT NULL,
  `email_verified_at` timestamp NULL DEFAULT NULL,
  `password` varchar(120) COLLATE utf8mb4_unicode_ci DEFAULT NULL,
  `remember_token` varchar(100) COLLATE utf8mb4_unicode_ci DEFAULT NULL,
  `created_at` timestamp NULL DEFAULT NULL,
  `updated_at` timestamp NULL DEFAULT NULL,
  `first_name` varchar(120) COLLATE utf8mb4_unicode_ci DEFAULT NULL,
  `last_name` varchar(120) COLLATE utf8mb4_unicode_ci DEFAULT NULL,
  `username` varchar(60) COLLATE utf8mb4_unicode_ci DEFAULT NULL,
  `avatar_id` bigint unsigned DEFAULT NULL,
  `super_user` tinyint(1) NOT NULL DEFAULT '0',
  `manage_supers` tinyint(1) NOT NULL DEFAULT '0',
  `permissions` text COLLATE utf8mb4_unicode_ci,
  `last_login` timestamp NULL DEFAULT NULL,
  `sessions_invalidated_at` timestamp NULL DEFAULT NULL,
  PRIMARY KEY (`id`),
  UNIQUE KEY `users_email_unique` (`email`),
  UNIQUE KEY `users_username_unique` (`username`)
) ENGINE=InnoDB AUTO_INCREMENT=2 DEFAULT CHARSET=utf8mb4 COLLATE=utf8mb4_unicode_ci;

--
-- Dumping data for table `users`
--

INSERT INTO `users` VALUES (1,'admin@company.com',NULL,NULL,'$2y$12$VHoLnRQjISkw8YyNi4ytO..dfSeY9QdevNhqJDxe96fM3N6Ff9ybW',NULL,'2026-05-28 19:00:39','2026-05-28 19:00:39','System','Admin','admin',NULL,1,1,NULL,NULL,NULL);

--
-- Table structure for table `widgets`
--

CREATE TABLE `widgets` (
  `id` bigint unsigned NOT NULL AUTO_INCREMENT,
  `widget_id` varchar(120) COLLATE utf8mb4_unicode_ci NOT NULL,
  `sidebar_id` varchar(120) COLLATE utf8mb4_unicode_ci NOT NULL,
  `theme` varchar(120) COLLATE utf8mb4_unicode_ci NOT NULL,
  `position` tinyint unsigned NOT NULL DEFAULT '0',
  `data` text COLLATE utf8mb4_unicode_ci,
  `created_at` timestamp NULL DEFAULT NULL,
  `updated_at` timestamp NULL DEFAULT NULL,
  PRIMARY KEY (`id`),
  UNIQUE KEY `widgets_unique_index` (`theme`,`sidebar_id`,`widget_id`,`position`)
) ENGINE=InnoDB AUTO_INCREMENT=10 DEFAULT CHARSET=utf8mb4 COLLATE=utf8mb4_unicode_ci;

--
-- Dumping data for table `widgets`
--

INSERT INTO `widgets` VALUES (1,'Theme\\Amerce\\Widgets\\FooterMenuWidget','footer_company_sidebar','amerce',0,'{\"name\":\"Company\",\"menu_id\":\"footer-company\"}','2026-05-28 19:00:40','2026-05-28 19:00:40'),(2,'Theme\\Amerce\\Widgets\\FooterMenuWidget','footer_customer_sidebar','amerce',0,'{\"name\":\"Customer\",\"menu_id\":\"footer-help\"}','2026-05-28 19:00:40','2026-05-28 19:00:40'),(3,'Theme\\Amerce\\Widgets\\BlogAboutMeWidget','blog_sidebar','amerce',0,'{\"name\":\"Amerce Editorial\",\"title\":\"About Me\",\"image\":null,\"bio\":\"Style notes, product spotlights, and how we curate the catalog \\u2014 written by the Amerce team.\",\"social_links\":[{\"platform\":\"facebook\",\"url\":\"https:\\/\\/facebook.com\"},{\"platform\":\"instagram\",\"url\":\"https:\\/\\/instagram.com\"},{\"platform\":\"tiktok\",\"url\":\"https:\\/\\/tiktok.com\"}]}','2026-05-28 19:00:40','2026-05-28 19:00:40'),(4,'Theme\\Amerce\\Widgets\\BlogSearchWidget','blog_sidebar','amerce',1,'{\"name\":\"Search\",\"placeholder\":\"Search...\"}','2026-05-28 19:00:40','2026-05-28 19:00:40'),(5,'Theme\\Amerce\\Widgets\\BlogCategoriesWidget','blog_sidebar','amerce',2,'{\"name\":\"Categories\",\"title\":\"Categories\",\"display_posts_count\":\"yes\",\"category_ids\":[]}','2026-05-28 19:00:40','2026-05-28 19:00:40'),(6,'Theme\\Amerce\\Widgets\\BlogPostsWidget','blog_sidebar','amerce',3,'{\"name\":\"Recent Posts\",\"title\":\"Recent Posts\",\"type\":\"recent\",\"number_display\":4}','2026-05-28 19:00:40','2026-05-28 19:00:40'),(7,'Theme\\Amerce\\Widgets\\BlogTagsWidget','blog_sidebar','amerce',4,'{\"name\":\"Tags\",\"title\":\"Popular Tags\",\"number_display\":11}','2026-05-28 19:00:40','2026-05-28 19:00:40'),(8,'Theme\\Amerce\\Widgets\\ProductDeliveryInfoWidget','product_details_sidebar','amerce',0,'{\"name\":\"Product Delivery & Return\",\"estimated_intl\":\"12-26 Days\",\"estimated_intl_label\":\"International\",\"estimated_local\":\"3-6 Days\",\"estimated_local_label\":\"United States\",\"return_within\":\"45 Days\",\"return_text\":\"of purchase. Duties & taxes are non-refundable.\"}','2026-05-28 19:00:40','2026-05-28 19:00:40'),(9,'Theme\\Amerce\\Widgets\\PaymentMethodsWidget','product_details_sidebar','amerce',1,'{\"name\":\"Payment Methods\",\"title\":\"Guaranteed Safe Checkout:\",\"images\":[]}','2026-05-28 19:00:40','2026-05-28 19:00:40');


